197.136.0.6 - - [03/Aug/2025:17:17:31 +0300] "GET /wp-content/themes/martfury/fonts/ionicons.woff2 HTTP/2" 200 85612 "https://silvercommercialkitchen.com/" "Mozilla/5.0 (Windows NT 10.0; Win64; x64) AppleWebKit/537.36 (KHTML, like Gecko) Chrome/121.0.0.0 Safari/537.36"
197.136.0.6 - - [03/Aug/2025:17:17:29 +0300] "GET /wp-content/uploads/2025/02/Copy-of-SK-Logo-160-x-40-px.png HTTP/2" 200 13278 "https://silvercommercialkitchen.com/" "Mozilla/5.0 (Windows NT 10.0; Win64; x64) AppleWebKit/537.36 (KHTML, like Gecko) Chrome/121.0.0.0 Safari/537.36"
197.136.0.6 - - [03/Aug/2025:17:17:30 +0300] "GET /wp-content/uploads/2025/06/Steel-Water-Tower-Fabrication-300x300.png HTTP/2" 200 13687 "https://silvercommercialkitchen.com/" "Mozilla/5.0 (Windows NT 10.0; Win64; x64) AppleWebKit/537.36 (KHTML, like Gecko) Chrome/121.0.0.0 Safari/537.36"
197.136.0.6 - - [03/Aug/2025:17:17:32 +0300] "GET /wp-content/uploads/2025/06/Grease-Trap-300x300.png HTTP/2" 200 24392 "https://silvercommercialkitchen.com/" "Mozilla/5.0 (Windows NT 10.0; Win64; x64) AppleWebKit/537.36 (KHTML, like Gecko) Chrome/121.0.0.0 Safari/537.36"
197.136.0.6 - - [03/Aug/2025:17:17:32 +0300] "GET /wp-content/plugins/woocommerce/assets/client/blocks/wc-blocks.css?ver=wc-10.0.4 HTTP/2" 200 2357 "https://silvercommercialkitchen.com/" "Mozilla/5.0 (Windows NT 10.0; Win64; x64) AppleWebKit/537.36 (KHTML, like Gecko) Chrome/121.0.0.0 Safari/537.36"
197.136.0.6 - - [03/Aug/2025:17:17:33 +0300] "GET /wp-content/plugins/elementor/assets/css/widget-icon-box.min.css?ver=3.30.4 HTTP/2" 200 656 "https://silvercommercialkitchen.com/" "Mozilla/5.0 (Windows NT 10.0; Win64; x64) AppleWebKit/537.36 (KHTML, like Gecko) Chrome/121.0.0.0 Safari/537.36"
197.136.0.6 - - [03/Aug/2025:17:17:33 +0300] "GET /wp-content/plugins/elementor/assets/css/widget-divider.min.css?ver=3.30.4 HTTP/2" 200 705 "https://silvercommercialkitchen.com/" "Mozilla/5.0 (Windows NT 10.0; Win64; x64) AppleWebKit/537.36 (KHTML, like Gecko) Chrome/121.0.0.0 Safari/537.36"
197.155.95.4 - - [03/Aug/2025:17:17:31 +0300] "GET /wp-content/uploads/2025/06/Grease-Trap-300x300.png HTTP/2" 200 24392 "https://silvercommercialkitchen.com/" "Mozilla/5.0 (Windows NT 10.0; Win64; x64) AppleWebKit/537.36 (KHTML, like Gecko) Chrome/138.0.0.0 Safari/537.36"
66.249.79.37 - - [03/Aug/2025:17:17:31 +0300] "GET /shopdetail/28864811/ HTTP/1.1" 200 21922 "-" "Mozilla/5.0 (compatible; Googlebot/2.1; +http://www.google.com/bot.html)"
66.249.79.37 - - [03/Aug/2025:17:17:31 +0300] "GET /shopdetail/25236011/ HTTP/1.1" 200 22102 "-" "Mozilla/5.0 (compatible; Googlebot/2.1; +http://www.google.com/bot.html)"
197.155.95.4 - - [03/Aug/2025:17:17:31 +0300] "GET /wp-content/plugins/woocommerce/assets/client/blocks/wc-blocks.css?ver=wc-10.0.4 HTTP/2" 200 2357 "https://silvercommercialkitchen.com/" "Mozilla/5.0 (Windows NT 10.0; Win64; x64) AppleWebKit/537.36 (KHTML, like Gecko) Chrome/138.0.0.0 Safari/537.36"
197.155.95.4 - - [03/Aug/2025:17:17:32 +0300] "GET /wp-content/plugins/elementor/assets/css/widget-icon-box.min.css?ver=3.30.4 HTTP/2" 200 656 "https://silvercommercialkitchen.com/" "Mozilla/5.0 (Windows NT 10.0; Win64; x64) AppleWebKit/537.36 (KHTML, like Gecko) Chrome/138.0.0.0 Safari/537.36"
197.155.95.4 - - [03/Aug/2025:17:17:34 +0300] "GET /wp-content/plugins/elementor/assets/css/widget-divider.min.css?ver=3.30.4 HTTP/2" 200 705 "https://silvercommercialkitchen.com/" "Mozilla/5.0 (Windows NT 10.0; Win64; x64) AppleWebKit/537.36 (KHTML, like Gecko) Chrome/138.0.0.0 Safari/537.36"
197.155.95.4 - - [03/Aug/2025:17:17:34 +0300] "GET /wp-content/plugins/elementor/assets/css/widget-heading.min.css?ver=3.30.4 HTTP/2" 200 154 "https://silvercommercialkitchen.com/" "Mozilla/5.0 (Windows NT 10.0; Win64; x64) AppleWebKit/537.36 (KHTML, like Gecko) Chrome/138.0.0.0 Safari/537.36"
57.141.6.21 - - [03/Aug/2025:17:17:31 +0300] "GET /shopdetail/4874555/ HTTP/2" 404 105046 "-" "meta-externalagent/1.1 (+https://developers.facebook.com/docs/sharing/webmasters/crawler)"
197.155.95.4 - - [03/Aug/2025:17:17:35 +0300] "GET /wp-content/plugins/elementor/assets/css/widget-social-icons.min.css?ver=3.30.4 HTTP/2" 200 1069 "https://silvercommercialkitchen.com/" "Mozilla/5.0 (Windows NT 10.0; Win64; x64) AppleWebKit/537.36 (KHTML, like Gecko) Chrome/138.0.0.0 Safari/537.36"
66.249.79.35 - - [03/Aug/2025:17:17:35 +0300] "GET /shopdetail/29354855/ HTTP/1.1" 200 21830 "-" "Mozilla/5.0 (compatible; Googlebot/2.1; +http://www.google.com/bot.html)"
197.155.95.4 - - [03/Aug/2025:17:17:35 +0300] "GET /wp-content/plugins/elementor/assets/css/conditionals/apple-webkit.min.css?ver=3.30.4 HTTP/2" 200 472 "https://silvercommercialkitchen.com/" "Mozilla/5.0 (Windows NT 10.0; Win64; x64) AppleWebKit/537.36 (KHTML, like Gecko) Chrome/138.0.0.0 Safari/537.36"
197.155.95.4 - - [03/Aug/2025:17:17:36 +0300] "GET /wp-content/plugins/elementor/assets/css/widget-image.min.css?ver=3.30.4 HTTP/2" 200 119 "https://silvercommercialkitchen.com/" "Mozilla/5.0 (Windows NT 10.0; Win64; x64) AppleWebKit/537.36 (KHTML, like Gecko) Chrome/138.0.0.0 Safari/537.36"
66.249.79.35 - - [03/Aug/2025:17:17:36 +0300] "GET /shopdetail/26744233/ HTTP/1.1" 200 22090 "-" "Mozilla/5.0 (compatible; Googlebot/2.1; +http://www.google.com/bot.html)"
197.155.95.4 - - [03/Aug/2025:17:17:36 +0300] "GET /wp-content/plugins/wcboost-products-compare/assets/js/compare.min.js?ver=1.0.8 HTTP/2" 200 2498 "https://silvercommercialkitchen.com/" "Mozilla/5.0 (Windows NT 10.0; Win64; x64) AppleWebKit/537.36 (KHTML, like Gecko) Chrome/138.0.0.0 Safari/537.36"
197.155.95.4 - - [03/Aug/2025:17:17:36 +0300] "GET /wp-content/plugins/wcboost-products-compare/assets/js/compare-fragments.min.js?ver=1.0.8 HTTP/2" 200 1294 "https://silvercommercialkitchen.com/" "Mozilla/5.0 (Windows NT 10.0; Win64; x64) AppleWebKit/537.36 (KHTML, like Gecko) Chrome/138.0.0.0 Safari/537.36"
197.136.0.6 - - [03/Aug/2025:17:17:33 +0300] "GET /wp-content/plugins/elementor/assets/css/widget-heading.min.css?ver=3.30.4 HTTP/2" 200 154 "https://silvercommercialkitchen.com/" "Mozilla/5.0 (Windows NT 10.0; Win64; x64) AppleWebKit/537.36 (KHTML, like Gecko) Chrome/121.0.0.0 Safari/537.36"
197.136.0.6 - - [03/Aug/2025:17:17:33 +0300] "GET /wp-content/plugins/elementor/assets/css/widget-social-icons.min.css?ver=3.30.4 HTTP/2" 200 1069 "https://silvercommercialkitchen.com/" "Mozilla/5.0 (Windows NT 10.0; Win64; x64) AppleWebKit/537.36 (KHTML, like Gecko) Chrome/121.0.0.0 Safari/537.36"
66.249.79.36 - - [03/Aug/2025:17:17:33 +0300] "GET /shopdetail/20151299/ HTTP/1.1" 200 22332 "-" "Mozilla/5.0 (compatible; Googlebot/2.1; +http://www.google.com/bot.html)"
197.136.0.6 - - [03/Aug/2025:17:17:34 +0300] "GET /wp-content/plugins/elementor/assets/css/conditionals/apple-webkit.min.css?ver=3.30.4 HTTP/2" 200 472 "https://silvercommercialkitchen.com/" "Mozilla/5.0 (Windows NT 10.0; Win64; x64) AppleWebKit/537.36 (KHTML, like Gecko) Chrome/121.0.0.0 Safari/537.36"
197.136.0.6 - - [03/Aug/2025:17:17:34 +0300] "GET /wp-content/plugins/elementor/assets/css/widget-image.min.css?ver=3.30.4 HTTP/2" 200 119 "https://silvercommercialkitchen.com/" "Mozilla/5.0 (Windows NT 10.0; Win64; x64) AppleWebKit/537.36 (KHTML, like Gecko) Chrome/121.0.0.0 Safari/537.36"
197.136.0.6 - - [03/Aug/2025:17:17:34 +0300] "GET /wp-content/plugins/wcboost-products-compare/assets/js/compare.min.js?ver=1.0.8 HTTP/2" 200 2498 "https://silvercommercialkitchen.com/" "Mozilla/5.0 (Windows NT 10.0; Win64; x64) AppleWebKit/537.36 (KHTML, like Gecko) Chrome/121.0.0.0 Safari/537.36"
197.136.0.6 - - [03/Aug/2025:17:17:35 +0300] "GET /wp-content/plugins/wcboost-products-compare/assets/js/compare-fragments.min.js?ver=1.0.8 HTTP/2" 200 1294 "https://silvercommercialkitchen.com/" "Mozilla/5.0 (Windows NT 10.0; Win64; x64) AppleWebKit/537.36 (KHTML, like Gecko) Chrome/121.0.0.0 Safari/537.36"
66.249.79.36 - - [03/Aug/2025:17:17:35 +0300] "GET /shopdetail/25976144/ HTTP/1.1" 200 22509 "-" "Mozilla/5.0 (compatible; Googlebot/2.1; +http://www.google.com/bot.html)"
197.136.0.6 - - [03/Aug/2025:17:17:35 +0300] "GET /wp-content/plugins/wcboost-variation-swatches/assets/js/frontend.min.js?ver=1.1.2 HTTP/2" 200 1111 "https://silvercommercialkitchen.com/" "Mozilla/5.0 (Windows NT 10.0; Win64; x64) AppleWebKit/537.36 (KHTML, like Gecko) Chrome/121.0.0.0 Safari/537.36"
197.136.0.6 - - [03/Aug/2025:17:17:35 +0300] "GET /wp-content/plugins/wcboost-wishlist/assets/js/wishlist.min.js?ver=1.2.1 HTTP/2" 200 2936 "https://silvercommercialkitchen.com/" "Mozilla/5.0 (Windows NT 10.0; Win64; x64) AppleWebKit/537.36 (KHTML, like Gecko) Chrome/121.0.0.0 Safari/537.36"
197.136.0.6 - - [03/Aug/2025:17:17:35 +0300] "GET /wp-content/plugins/wcboost-wishlist/assets/js/wishlist-fragments.min.js?ver=1.2.1 HTTP/2" 200 1441 "https://silvercommercialkitchen.com/" "Mozilla/5.0 (Windows NT 10.0; Win64; x64) AppleWebKit/537.36 (KHTML, like Gecko) Chrome/121.0.0.0 Safari/537.36"
197.136.0.6 - - [03/Aug/2025:17:17:36 +0300] "GET /wp-includes/js/imagesloaded.min.js?ver=5.0.0 HTTP/2" 200 1687 "https://silvercommercialkitchen.com/" "Mozilla/5.0 (Windows NT 10.0; Win64; x64) AppleWebKit/537.36 (KHTML, like Gecko) Chrome/121.0.0.0 Safari/537.36"
197.136.0.6 - - [03/Aug/2025:17:17:36 +0300] "GET /wp-content/plugins/martfury-addons//assets/js/elementor.js?ver=20221030 HTTP/2" 200 5294 "https://silvercommercialkitchen.com/" "Mozilla/5.0 (Windows NT 10.0; Win64; x64) AppleWebKit/537.36 (KHTML, like Gecko) Chrome/121.0.0.0 Safari/537.36"
197.136.0.6 - - [03/Aug/2025:17:17:37 +0300] "GET /wp-content/plugins/elementor/assets/js/webpack.runtime.min.js?ver=3.30.4 HTTP/2" 200 2319 "https://silvercommercialkitchen.com/" "Mozilla/5.0 (Windows NT 10.0; Win64; x64) AppleWebKit/537.36 (KHTML, like Gecko) Chrome/121.0.0.0 Safari/537.36"
197.136.0.6 - - [03/Aug/2025:17:17:37 +0300] "GET /wp-content/plugins/elementor/assets/js/frontend-modules.min.js?ver=3.30.4 HTTP/2" 200 14423 "https://silvercommercialkitchen.com/" "Mozilla/5.0 (Windows NT 10.0; Win64; x64) AppleWebKit/537.36 (KHTML, like Gecko) Chrome/121.0.0.0 Safari/537.36"
197.136.0.6 - - [03/Aug/2025:17:17:37 +0300] "GET /wp-includes/js/jquery/ui/core.min.js?ver=1.13.3 HTTP/2" 200 6812 "https://silvercommercialkitchen.com/" "Mozilla/5.0 (Windows NT 10.0; Win64; x64) AppleWebKit/537.36 (KHTML, like Gecko) Chrome/121.0.0.0 Safari/537.36"
197.136.0.6 - - [03/Aug/2025:17:17:38 +0300] "GET /wp-content/plugins/elementor/assets/js/frontend.min.js?ver=3.30.4 HTTP/2" 200 10288 "https://silvercommercialkitchen.com/" "Mozilla/5.0 (Windows NT 10.0; Win64; x64) AppleWebKit/537.36 (KHTML, like Gecko) Chrome/121.0.0.0 Safari/537.36"
66.249.79.32 - - [03/Aug/2025:17:17:37 +0300] "GET /shopdetail/1773622/ HTTP/1.1" 200 21995 "-" "Mozilla/5.0 (compatible; Googlebot/2.1; +http://www.google.com/bot.html)"
66.249.79.37 - - [03/Aug/2025:17:17:38 +0300] "GET /shopdetail/1779611/ HTTP/1.1" 200 22518 "-" "Mozilla/5.0 (compatible; Googlebot/2.1; +http://www.google.com/bot.html)"
197.136.0.6 - - [03/Aug/2025:17:17:38 +0300] "GET /wp-content/plugins/woo-order-on-whatsapp//assets/js/front-js.min.js?ver=2.4.1 HTTP/2" 200 255 "https://silvercommercialkitchen.com/" "Mozilla/5.0 (Windows NT 10.0; Win64; x64) AppleWebKit/537.36 (KHTML, like Gecko) Chrome/121.0.0.0 Safari/537.36"
197.136.0.6 - - [03/Aug/2025:17:17:39 +0300] "GET /wp-content/plugins/woocommerce/assets/js/photoswipe/photoswipe.min.js?ver=4.1.1-wc.10.0.4 HTTP/2" 200 11652 "https://silvercommercialkitchen.com/" "Mozilla/5.0 (Windows NT 10.0; Win64; x64) AppleWebKit/537.36 (KHTML, like Gecko) Chrome/121.0.0.0 Safari/537.36"
66.249.79.32 - - [03/Aug/2025:17:17:39 +0300] "GET /shopdetail/26127744/ HTTP/1.1" 200 22639 "-" "Mozilla/5.0 (compatible; Googlebot/2.1; +http://www.google.com/bot.html)"
197.136.0.6 - - [03/Aug/2025:17:17:39 +0300] "GET /wp-content/themes/martfury/js/plugins/photoswipe-ui.min.js?ver=4.1.1 HTTP/2" 200 3564 "https://silvercommercialkitchen.com/" "Mozilla/5.0 (Windows NT 10.0; Win64; x64) AppleWebKit/537.36 (KHTML, like Gecko) Chrome/121.0.0.0 Safari/537.36"
197.136.0.6 - - [03/Aug/2025:17:17:39 +0300] "GET /wp-includes/js/jquery/ui/tooltip.min.js?ver=1.13.3 HTTP/2" 200 2019 "https://silvercommercialkitchen.com/" "Mozilla/5.0 (Windows NT 10.0; Win64; x64) AppleWebKit/537.36 (KHTML, like Gecko) Chrome/121.0.0.0 Safari/537.36"
197.136.0.6 - - [03/Aug/2025:17:17:40 +0300] "GET /wp-content/themes/martfury/js/plugins/jquery.lazyload.min.js?ver=1.9.7 HTTP/2" 200 1183 "https://silvercommercialkitchen.com/" "Mozilla/5.0 (Windows NT 10.0; Win64; x64) AppleWebKit/537.36 (KHTML, like Gecko) Chrome/121.0.0.0 Safari/537.36"
197.136.0.6 - - [03/Aug/2025:17:17:40 +0300] "GET /wp-content/themes/martfury/js/plugins/jquery.fitvids.js?ver=1.1.0 HTTP/2" 200 1121 "https://silvercommercialkitchen.com/" "Mozilla/5.0 (Windows NT 10.0; Win64; x64) AppleWebKit/537.36 (KHTML, like Gecko) Chrome/121.0.0.0 Safari/537.36"
197.136.0.6 - - [03/Aug/2025:17:17:40 +0300] "GET /wp-content/themes/martfury/js/plugins/isInViewport.min.js?ver=1.0.0 HTTP/2" 200 1036 "https://silvercommercialkitchen.com/" "Mozilla/5.0 (Windows NT 10.0; Win64; x64) AppleWebKit/537.36 (KHTML, like Gecko) Chrome/121.0.0.0 Safari/537.36"
66.249.79.32 - - [03/Aug/2025:17:17:40 +0300] "GET /shopdetail/22030222/ HTTP/1.1" 200 22113 "-" "Mozilla/5.0 (Linux; Android 6.0.1; Nexus 5X Build/MMB29P) AppleWebKit/537.36 (KHTML, like Gecko) Chrome/138.0.7204.183 Mobile Safari/537.36 (compatible; GoogleOther)"
197.136.0.6 - - [03/Aug/2025:17:17:41 +0300] "GET /wp-content/themes/martfury/js/plugins/jquery.coundown.js?ver=1.0.0 HTTP/2" 200 437 "https://silvercommercialkitchen.com/" "Mozilla/5.0 (Windows NT 10.0; Win64; x64) AppleWebKit/537.36 (KHTML, like Gecko) Chrome/121.0.0.0 Safari/537.36"
197.155.95.4 - - [03/Aug/2025:17:17:36 +0300] "GET /wp-content/plugins/wcboost-variation-swatches/assets/js/frontend.min.js?ver=1.1.2 HTTP/2" 200 1111 "https://silvercommercialkitchen.com/" "Mozilla/5.0 (Windows NT 10.0; Win64; x64) AppleWebKit/537.36 (KHTML, like Gecko) Chrome/138.0.0.0 Safari/537.36"
197.155.95.4 - - [03/Aug/2025:17:17:37 +0300] "GET /wp-content/plugins/wcboost-wishlist/assets/js/wishlist.min.js?ver=1.2.1 HTTP/2" 200 2936 "https://silvercommercialkitchen.com/" "Mozilla/5.0 (Windows NT 10.0; Win64; x64) AppleWebKit/537.36 (KHTML, like Gecko) Chrome/138.0.0.0 Safari/537.36"
197.155.95.4 - - [03/Aug/2025:17:17:37 +0300] "GET /wp-content/plugins/wcboost-wishlist/assets/js/wishlist-fragments.min.js?ver=1.2.1 HTTP/2" 200 1441 "https://silvercommercialkitchen.com/" "Mozilla/5.0 (Windows NT 10.0; Win64; x64) AppleWebKit/537.36 (KHTML, like Gecko) Chrome/138.0.0.0 Safari/537.36"
197.155.95.4 - - [03/Aug/2025:17:17:38 +0300] "GET /wp-includes/js/imagesloaded.min.js?ver=5.0.0 HTTP/2" 200 1687 "https://silvercommercialkitchen.com/" "Mozilla/5.0 (Windows NT 10.0; Win64; x64) AppleWebKit/537.36 (KHTML, like Gecko) Chrome/138.0.0.0 Safari/537.36"
197.155.95.4 - - [03/Aug/2025:17:17:38 +0300] "GET /wp-content/plugins/martfury-addons//assets/js/elementor.js?ver=20221030 HTTP/2" 200 5294 "https://silvercommercialkitchen.com/" "Mozilla/5.0 (Windows NT 10.0; Win64; x64) AppleWebKit/537.36 (KHTML, like Gecko) Chrome/138.0.0.0 Safari/537.36"
197.155.95.4 - - [03/Aug/2025:17:17:38 +0300] "GET /wp-content/plugins/elementor/assets/js/webpack.runtime.min.js?ver=3.30.4 HTTP/2" 200 2319 "https://silvercommercialkitchen.com/" "Mozilla/5.0 (Windows NT 10.0; Win64; x64) AppleWebKit/537.36 (KHTML, like Gecko) Chrome/138.0.0.0 Safari/537.36"
197.155.95.4 - - [03/Aug/2025:17:17:39 +0300] "GET /wp-content/plugins/elementor/assets/js/frontend-modules.min.js?ver=3.30.4 HTTP/2" 200 14423 "https://silvercommercialkitchen.com/" "Mozilla/5.0 (Windows NT 10.0; Win64; x64) AppleWebKit/537.36 (KHTML, like Gecko) Chrome/138.0.0.0 Safari/537.36"
197.155.95.4 - - [03/Aug/2025:17:17:39 +0300] "GET /wp-includes/js/jquery/ui/core.min.js?ver=1.13.3 HTTP/2" 200 6812 "https://silvercommercialkitchen.com/" "Mozilla/5.0 (Windows NT 10.0; Win64; x64) AppleWebKit/537.36 (KHTML, like Gecko) Chrome/138.0.0.0 Safari/537.36"
197.155.95.4 - - [03/Aug/2025:17:17:40 +0300] "GET /wp-content/plugins/elementor/assets/js/frontend.min.js?ver=3.30.4 HTTP/2" 200 10288 "https://silvercommercialkitchen.com/" "Mozilla/5.0 (Windows NT 10.0; Win64; x64) AppleWebKit/537.36 (KHTML, like Gecko) Chrome/138.0.0.0 Safari/537.36"
197.155.95.4 - - [03/Aug/2025:17:17:41 +0300] "GET /wp-content/plugins/woo-order-on-whatsapp//assets/js/front-js.min.js?ver=2.4.1 HTTP/2" 200 255 "https://silvercommercialkitchen.com/" "Mozilla/5.0 (Windows NT 10.0; Win64; x64) AppleWebKit/537.36 (KHTML, like Gecko) Chrome/138.0.0.0 Safari/537.36"
197.155.95.4 - - [03/Aug/2025:17:17:41 +0300] "GET /wp-content/plugins/woocommerce/assets/js/photoswipe/photoswipe.min.js?ver=4.1.1-wc.10.0.4 HTTP/2" 200 11652 "https://silvercommercialkitchen.com/" "Mozilla/5.0 (Windows NT 10.0; Win64; x64) AppleWebKit/537.36 (KHTML, like Gecko) Chrome/138.0.0.0 Safari/537.36"
197.155.95.4 - - [03/Aug/2025:17:17:41 +0300] "GET /wp-content/themes/martfury/js/plugins/photoswipe-ui.min.js?ver=4.1.1 HTTP/2" 200 3564 "https://silvercommercialkitchen.com/" "Mozilla/5.0 (Windows NT 10.0; Win64; x64) AppleWebKit/537.36 (KHTML, like Gecko) Chrome/138.0.0.0 Safari/537.36"
66.249.79.35 - - [03/Aug/2025:17:17:41 +0300] "GET /shopdetail/3144322/ HTTP/1.1" 200 22172 "-" "Mozilla/5.0 (compatible; Googlebot/2.1; +http://www.google.com/bot.html)"
197.155.95.4 - - [03/Aug/2025:17:17:41 +0300] "GET /wp-includes/js/jquery/ui/tooltip.min.js?ver=1.13.3 HTTP/2" 200 2019 "https://silvercommercialkitchen.com/" "Mozilla/5.0 (Windows NT 10.0; Win64; x64) AppleWebKit/537.36 (KHTML, like Gecko) Chrome/138.0.0.0 Safari/537.36"
197.136.0.6 - - [03/Aug/2025:17:17:41 +0300] "GET /wp-content/themes/martfury/js/plugins/jquery.counterup.min.js?ver=1.0.0 HTTP/2" 200 809 "https://silvercommercialkitchen.com/" "Mozilla/5.0 (Windows NT 10.0; Win64; x64) AppleWebKit/537.36 (KHTML, like Gecko) Chrome/121.0.0.0 Safari/537.36"
197.136.0.6 - - [03/Aug/2025:17:17:41 +0300] "GET /wp-content/themes/martfury/js/plugins/jquery.tabs.js?ver=1.0.0 HTTP/2" 200 376 "https://silvercommercialkitchen.com/" "Mozilla/5.0 (Windows NT 10.0; Win64; x64) AppleWebKit/537.36 (KHTML, like Gecko) Chrome/121.0.0.0 Safari/537.36"
66.249.79.32 - - [03/Aug/2025:17:17:41 +0300] "GET /shopdetail/21712088/ HTTP/1.1" 200 22238 "-" "Mozilla/5.0 (compatible; Googlebot/2.1; +http://www.google.com/bot.html)"
197.136.0.6 - - [03/Aug/2025:17:17:41 +0300] "GET /wp-content/themes/martfury/js/plugins/nprogress.js?ver=1.0.0 HTTP/2" 200 3393 "https://silvercommercialkitchen.com/" "Mozilla/5.0 (Windows NT 10.0; Win64; x64) AppleWebKit/537.36 (KHTML, like Gecko) Chrome/121.0.0.0 Safari/537.36"
197.136.0.6 - - [03/Aug/2025:17:17:42 +0300] "GET /wp-content/themes/martfury/js/plugins/slick.min.js?ver=1.6.0 HTTP/2" 200 10103 "https://silvercommercialkitchen.com/" "Mozilla/5.0 (Windows NT 10.0; Win64; x64) AppleWebKit/537.36 (KHTML, like Gecko) Chrome/121.0.0.0 Safari/537.36"
197.136.0.6 - - [03/Aug/2025:17:17:42 +0300] "GET /wp-content/themes/martfury/js/plugins/notify.min.js?ver=1.0.0 HTTP/2" 200 7000 "https://silvercommercialkitchen.com/" "Mozilla/5.0 (Windows NT 10.0; Win64; x64) AppleWebKit/537.36 (KHTML, like Gecko) Chrome/121.0.0.0 Safari/537.36"
197.136.0.6 - - [03/Aug/2025:17:17:42 +0300] "GET /wp-content/themes/martfury/js/scripts.js?ver=20201224 HTTP/2" 200 16761 "https://silvercommercialkitchen.com/" "Mozilla/5.0 (Windows NT 10.0; Win64; x64) AppleWebKit/537.36 (KHTML, like Gecko) Chrome/121.0.0.0 Safari/537.36"
66.249.79.32 - - [03/Aug/2025:17:17:42 +0300] "GET /shopdetail/3284088/ HTTP/1.1" 200 22374 "-" "Mozilla/5.0 (compatible; Googlebot/2.1; +http://www.google.com/bot.html)"
197.136.0.6 - - [03/Aug/2025:17:17:43 +0300] "GET /wp-content/plugins/woocommerce-deals/assets/js/tawc-deals.js?ver=1.0.0 HTTP/2" 200 397 "https://silvercommercialkitchen.com/" "Mozilla/5.0 (Windows NT 10.0; Win64; x64) AppleWebKit/537.36 (KHTML, like Gecko) Chrome/121.0.0.0 Safari/537.36"
197.136.0.6 - - [03/Aug/2025:17:17:43 +0300] "GET /wp-content/plugins/woocommerce/assets/js/sourcebuster/sourcebuster.min.js?ver=10.0.4 HTTP/2" 200 4609 "https://silvercommercialkitchen.com/" "Mozilla/5.0 (Windows NT 10.0; Win64; x64) AppleWebKit/537.36 (KHTML, like Gecko) Chrome/121.0.0.0 Safari/537.36"
66.249.79.32 - - [03/Aug/2025:17:17:43 +0300] "GET /shopdetail/17226155/ HTTP/1.1" 200 21845 "-" "Mozilla/5.0 (compatible; Googlebot/2.1; +http://www.google.com/bot.html)"
197.136.0.6 - - [03/Aug/2025:17:17:44 +0300] "GET /wp-content/plugins/woocommerce/assets/js/frontend/order-attribution.min.js?ver=10.0.4 HTTP/2" 200 998 "https://silvercommercialkitchen.com/" "Mozilla/5.0 (Windows NT 10.0; Win64; x64) AppleWebKit/537.36 (KHTML, like Gecko) Chrome/121.0.0.0 Safari/537.36"
197.136.0.6 - - [03/Aug/2025:17:17:44 +0300] "GET /wp-content/plugins/woocommerce/assets/js/jquery-blockui/jquery.blockUI.min.js?ver=2.7.0-wc.10.0.4 HTTP/2" 200 3277 "https://silvercommercialkitchen.com/" "Mozilla/5.0 (Windows NT 10.0; Win64; x64) AppleWebKit/537.36 (KHTML, like Gecko) Chrome/121.0.0.0 Safari/537.36"
197.136.0.6 - - [03/Aug/2025:17:17:44 +0300] "GET /wp-content/plugins/woocommerce/assets/js/frontend/add-to-cart.min.js?ver=10.0.4 HTTP/2" 200 1266 "https://silvercommercialkitchen.com/" "Mozilla/5.0 (Windows NT 10.0; Win64; x64) AppleWebKit/537.36 (KHTML, like Gecko) Chrome/121.0.0.0 Safari/537.36"
197.136.0.6 - - [03/Aug/2025:17:17:44 +0300] "GET /wp-content/plugins/woocommerce/assets/js/js-cookie/js.cookie.min.js?ver=2.1.4-wc.10.0.4 HTTP/2" 200 760 "https://silvercommercialkitchen.com/" "Mozilla/5.0 (Windows NT 10.0; Win64; x64) AppleWebKit/537.36 (KHTML, like Gecko) Chrome/121.0.0.0 Safari/537.36"
197.155.95.4 - - [03/Aug/2025:17:17:42 +0300] "GET /wp-content/themes/martfury/js/plugins/jquery.lazyload.min.js?ver=1.9.7 HTTP/2" 200 1183 "https://silvercommercialkitchen.com/" "Mozilla/5.0 (Windows NT 10.0; Win64; x64) AppleWebKit/537.36 (KHTML, like Gecko) Chrome/138.0.0.0 Safari/537.36"
197.155.95.4 - - [03/Aug/2025:17:17:42 +0300] "GET /wp-content/themes/martfury/js/plugins/jquery.fitvids.js?ver=1.1.0 HTTP/2" 200 1121 "https://silvercommercialkitchen.com/" "Mozilla/5.0 (Windows NT 10.0; Win64; x64) AppleWebKit/537.36 (KHTML, like Gecko) Chrome/138.0.0.0 Safari/537.36"
197.155.95.4 - - [03/Aug/2025:17:17:42 +0300] "GET /wp-content/themes/martfury/js/plugins/isInViewport.min.js?ver=1.0.0 HTTP/2" 200 1036 "https://silvercommercialkitchen.com/" "Mozilla/5.0 (Windows NT 10.0; Win64; x64) AppleWebKit/537.36 (KHTML, like Gecko) Chrome/138.0.0.0 Safari/537.36"
197.155.95.4 - - [03/Aug/2025:17:17:42 +0300] "GET /wp-content/themes/martfury/js/plugins/jquery.coundown.js?ver=1.0.0 HTTP/2" 200 437 "https://silvercommercialkitchen.com/" "Mozilla/5.0 (Windows NT 10.0; Win64; x64) AppleWebKit/537.36 (KHTML, like Gecko) Chrome/138.0.0.0 Safari/537.36"
197.155.95.4 - - [03/Aug/2025:17:17:43 +0300] "GET /wp-content/themes/martfury/js/plugins/jquery.counterup.min.js?ver=1.0.0 HTTP/2" 200 809 "https://silvercommercialkitchen.com/" "Mozilla/5.0 (Windows NT 10.0; Win64; x64) AppleWebKit/537.36 (KHTML, like Gecko) Chrome/138.0.0.0 Safari/537.36"
197.155.95.4 - - [03/Aug/2025:17:17:43 +0300] "GET /wp-content/themes/martfury/js/plugins/jquery.tabs.js?ver=1.0.0 HTTP/2" 200 376 "https://silvercommercialkitchen.com/" "Mozilla/5.0 (Windows NT 10.0; Win64; x64) AppleWebKit/537.36 (KHTML, like Gecko) Chrome/138.0.0.0 Safari/537.36"
197.155.95.4 - - [03/Aug/2025:17:17:44 +0300] "GET /wp-content/themes/martfury/js/plugins/nprogress.js?ver=1.0.0 HTTP/2" 200 3393 "https://silvercommercialkitchen.com/" "Mozilla/5.0 (Windows NT 10.0; Win64; x64) AppleWebKit/537.36 (KHTML, like Gecko) Chrome/138.0.0.0 Safari/537.36"
197.155.95.4 - - [03/Aug/2025:17:17:44 +0300] "GET /wp-content/themes/martfury/js/plugins/slick.min.js?ver=1.6.0 HTTP/2" 200 10103 "https://silvercommercialkitchen.com/" "Mozilla/5.0 (Windows NT 10.0; Win64; x64) AppleWebKit/537.36 (KHTML, like Gecko) Chrome/138.0.0.0 Safari/537.36"
197.155.95.4 - - [03/Aug/2025:17:17:44 +0300] "GET /wp-content/themes/martfury/js/plugins/notify.min.js?ver=1.0.0 HTTP/2" 200 7000 "https://silvercommercialkitchen.com/" "Mozilla/5.0 (Windows NT 10.0; Win64; x64) AppleWebKit/537.36 (KHTML, like Gecko) Chrome/138.0.0.0 Safari/537.36"
197.155.95.4 - - [03/Aug/2025:17:17:44 +0300] "GET /wp-content/themes/martfury/js/scripts.js?ver=20201224 HTTP/2" 200 16761 "https://silvercommercialkitchen.com/" "Mozilla/5.0 (Windows NT 10.0; Win64; x64) AppleWebKit/537.36 (KHTML, like Gecko) Chrome/138.0.0.0 Safari/537.36"
197.155.95.4 - - [03/Aug/2025:17:17:45 +0300] "GET /wp-content/plugins/woocommerce-deals/assets/js/tawc-deals.js?ver=1.0.0 HTTP/2" 200 397 "https://silvercommercialkitchen.com/" "Mozilla/5.0 (Windows NT 10.0; Win64; x64) AppleWebKit/537.36 (KHTML, like Gecko) Chrome/138.0.0.0 Safari/537.36"
197.155.95.4 - - [03/Aug/2025:17:17:45 +0300] "GET /wp-content/plugins/woocommerce/assets/js/sourcebuster/sourcebuster.min.js?ver=10.0.4 HTTP/2" 200 4609 "https://silvercommercialkitchen.com/" "Mozilla/5.0 (Windows NT 10.0; Win64; x64) AppleWebKit/537.36 (KHTML, like Gecko) Chrome/138.0.0.0 Safari/537.36"
197.155.95.4 - - [03/Aug/2025:17:17:45 +0300] "GET /wp-content/plugins/woocommerce/assets/js/frontend/order-attribution.min.js?ver=10.0.4 HTTP/2" 200 998 "https://silvercommercialkitchen.com/" "Mozilla/5.0 (Windows NT 10.0; Win64; x64) AppleWebKit/537.36 (KHTML, like Gecko) Chrome/138.0.0.0 Safari/537.36"
197.155.95.4 - - [03/Aug/2025:17:17:46 +0300] "GET /wp-content/plugins/woocommerce/assets/js/jquery-blockui/jquery.blockUI.min.js?ver=2.7.0-wc.10.0.4 HTTP/2" 200 3277 "https://silvercommercialkitchen.com/" "Mozilla/5.0 (Windows NT 10.0; Win64; x64) AppleWebKit/537.36 (KHTML, like Gecko) Chrome/138.0.0.0 Safari/537.36"
197.136.0.6 - - [03/Aug/2025:17:17:45 +0300] "GET /wp-content/plugins/woocommerce/assets/js/frontend/woocommerce.min.js?ver=10.0.4 HTTP/2" 200 1332 "https://silvercommercialkitchen.com/" "Mozilla/5.0 (Windows NT 10.0; Win64; x64) AppleWebKit/537.36 (KHTML, like Gecko) Chrome/121.0.0.0 Safari/537.36"
66.249.79.37 - - [03/Aug/2025:17:17:45 +0300] "GET /shopdetail/27077066/ HTTP/1.1" 200 22594 "-" "Mozilla/5.0 (compatible; Googlebot/2.1; +http://www.google.com/bot.html)"
197.136.0.6 - - [03/Aug/2025:17:17:45 +0300] "GET /wp-content/plugins/woocommerce/assets/js/frontend/add-to-cart-variation.min.js?ver=10.0.4 HTTP/2" 200 3712 "https://silvercommercialkitchen.com/" "Mozilla/5.0 (Windows NT 10.0; Win64; x64) AppleWebKit/537.36 (KHTML, like Gecko) Chrome/121.0.0.0 Safari/537.36"
197.136.0.6 - - [03/Aug/2025:17:17:45 +0300] "GET /wp-content/plugins/woocommerce/assets/js/frontend/cart-fragments.min.js?ver=10.0.4 HTTP/2" 200 943 "https://silvercommercialkitchen.com/" "Mozilla/5.0 (Windows NT 10.0; Win64; x64) AppleWebKit/537.36 (KHTML, like Gecko) Chrome/121.0.0.0 Safari/537.36"
197.136.0.6 - - [03/Aug/2025:17:17:46 +0300] "GET /wp-content/uploads/2025/03/1.png HTTP/2" 200 21242 "https://silvercommercialkitchen.com/" "Mozilla/5.0 (Windows NT 10.0; Win64; x64) AppleWebKit/537.36 (KHTML, like Gecko) Chrome/121.0.0.0 Safari/537.36"
197.136.0.6 - - [03/Aug/2025:17:17:46 +0300] "GET /wp-content/uploads/2025/03/2.png HTTP/2" 200 23506 "https://silvercommercialkitchen.com/" "Mozilla/5.0 (Windows NT 10.0; Win64; x64) AppleWebKit/537.36 (KHTML, like Gecko) Chrome/121.0.0.0 Safari/537.36"
66.249.79.37 - - [03/Aug/2025:17:17:46 +0300] "GET /shopdetail/27253811/ HTTP/1.1" 200 21721 "-" "Mozilla/5.0 (compatible; Googlebot/2.1; +http://www.google.com/bot.html)"
197.136.0.6 - - [03/Aug/2025:17:17:47 +0300] "GET /wp-content/uploads/2025/07/7.png HTTP/2" 200 62953 "https://silvercommercialkitchen.com/wp-content/uploads/elementor/css/post-4057.css?ver=1753147997" "Mozilla/5.0 (Windows NT 10.0; Win64; x64) AppleWebKit/537.36 (KHTML, like Gecko) Chrome/121.0.0.0 Safari/537.36"
197.136.0.6 - - [03/Aug/2025:17:17:48 +0300] "GET /wp-content/uploads/elementor/google-fonts/fonts/mavenpro-7au9p_aqnywwaxw2wk3gzwqi.woff2 HTTP/2" 200 20140 "https://silvercommercialkitchen.com/wp-content/uploads/elementor/google-fonts/css/mavenpro.css?ver=1743488070" "Mozilla/5.0 (Windows NT 10.0; Win64; x64) AppleWebKit/537.36 (KHTML, like Gecko) Chrome/121.0.0.0 Safari/537.36"
197.136.0.6 - - [03/Aug/2025:17:17:48 +0300] "GET /wp-content/fonts/maven-pro/7Au9p_AqnyWWAxW2Wk3GzWQI.woff2 HTTP/2" 200 20140 "https://silvercommercialkitchen.com/" "Mozilla/5.0 (Windows NT 10.0; Win64; x64) AppleWebKit/537.36 (KHTML, like Gecko) Chrome/121.0.0.0 Safari/537.36"
197.136.0.6 - - [03/Aug/2025:17:17:48 +0300] "GET /wp-content/uploads/elementor/google-fonts/fonts/ubuntu-4icv6kvjbnbylgocxcvjsgyn.woff2 HTTP/2" 200 29752 "https://silvercommercialkitchen.com/wp-content/uploads/elementor/google-fonts/css/ubuntu.css?ver=1750070375" "Mozilla/5.0 (Windows NT 10.0; Win64; x64) AppleWebKit/537.36 (KHTML, like Gecko) Chrome/121.0.0.0 Safari/537.36"
197.136.0.6 - - [03/Aug/2025:17:17:48 +0300] "GET /wp-content/plugins/martfury-addons/assets/fonts/Linearicons.woff2 HTTP/2" 200 146536 "https://silvercommercialkitchen.com/wp-content/plugins/martfury-addons/assets/css/linearicons.min.css?ver=1.0.0" "Mozilla/5.0 (Windows NT 10.0; Win64; x64) AppleWebKit/537.36 (KHTML, like Gecko) Chrome/121.0.0.0 Safari/537.36"
197.136.0.6 - - [03/Aug/2025:17:17:48 +0300] "GET /wp-content/uploads/2025/07/Karisma-Banner-2-1-1.png HTTP/2" 200 26763 "https://silvercommercialkitchen.com/wp-content/uploads/elementor/css/post-4057.css?ver=1753147997" "Mozilla/5.0 (Windows NT 10.0; Win64; x64) AppleWebKit/537.36 (KHTML, like Gecko) Chrome/121.0.0.0 Safari/537.36"
197.155.95.4 - - [03/Aug/2025:17:17:46 +0300] "GET /wp-content/plugins/woocommerce/assets/js/frontend/add-to-cart.min.js?ver=10.0.4 HTTP/2" 200 1266 "https://silvercommercialkitchen.com/" "Mozilla/5.0 (Windows NT 10.0; Win64; x64) AppleWebKit/537.36 (KHTML, like Gecko) Chrome/138.0.0.0 Safari/537.36"
197.155.95.4 - - [03/Aug/2025:17:17:46 +0300] "GET /wp-content/plugins/woocommerce/assets/js/js-cookie/js.cookie.min.js?ver=2.1.4-wc.10.0.4 HTTP/2" 200 760 "https://silvercommercialkitchen.com/" "Mozilla/5.0 (Windows NT 10.0; Win64; x64) AppleWebKit/537.36 (KHTML, like Gecko) Chrome/138.0.0.0 Safari/537.36"
197.155.95.4 - - [03/Aug/2025:17:17:47 +0300] "GET /wp-content/plugins/woocommerce/assets/js/frontend/woocommerce.min.js?ver=10.0.4 HTTP/2" 200 1332 "https://silvercommercialkitchen.com/" "Mozilla/5.0 (Windows NT 10.0; Win64; x64) AppleWebKit/537.36 (KHTML, like Gecko) Chrome/138.0.0.0 Safari/537.36"
197.155.95.4 - - [03/Aug/2025:17:17:47 +0300] "GET /wp-content/plugins/woocommerce/assets/js/frontend/add-to-cart-variation.min.js?ver=10.0.4 HTTP/2" 200 3712 "https://silvercommercialkitchen.com/" "Mozilla/5.0 (Windows NT 10.0; Win64; x64) AppleWebKit/537.36 (KHTML, like Gecko) Chrome/138.0.0.0 Safari/537.36"
197.155.95.4 - - [03/Aug/2025:17:17:47 +0300] "GET /wp-content/plugins/woocommerce/assets/js/frontend/cart-fragments.min.js?ver=10.0.4 HTTP/2" 200 943 "https://silvercommercialkitchen.com/" "Mozilla/5.0 (Windows NT 10.0; Win64; x64) AppleWebKit/537.36 (KHTML, like Gecko) Chrome/138.0.0.0 Safari/537.36"
197.155.95.4 - - [03/Aug/2025:17:17:48 +0300] "GET /wp-content/uploads/2025/03/1.png HTTP/2" 200 21242 "https://silvercommercialkitchen.com/" "Mozilla/5.0 (Windows NT 10.0; Win64; x64) AppleWebKit/537.36 (KHTML, like Gecko) Chrome/138.0.0.0 Safari/537.36"
197.155.95.4 - - [03/Aug/2025:17:17:48 +0300] "GET /wp-content/uploads/2025/03/2.png HTTP/2" 200 23506 "https://silvercommercialkitchen.com/" "Mozilla/5.0 (Windows NT 10.0; Win64; x64) AppleWebKit/537.36 (KHTML, like Gecko) Chrome/138.0.0.0 Safari/537.36"
66.249.79.32 - - [03/Aug/2025:17:17:49 +0300] "GET /shopdetail/2367311/ HTTP/1.1" 200 22854 "-" "Mozilla/5.0 (compatible; Googlebot/2.1; +http://www.google.com/bot.html)"
197.155.95.4 - - [03/Aug/2025:17:17:49 +0300] "GET /wp-content/uploads/2025/07/7.png HTTP/2" 200 62953 "https://silvercommercialkitchen.com/wp-content/uploads/elementor/css/post-4057.css?ver=1753147997" "Mozilla/5.0 (Windows NT 10.0; Win64; x64) AppleWebKit/537.36 (KHTML, like Gecko) Chrome/138.0.0.0 Safari/537.36"
197.155.95.4 - - [03/Aug/2025:17:17:49 +0300] "GET /wp-content/uploads/2025/07/Karisma-Banner-2-1-1.png HTTP/2" 200 26763 "https://silvercommercialkitchen.com/wp-content/uploads/elementor/css/post-4057.css?ver=1753147997" "Mozilla/5.0 (Windows NT 10.0; Win64; x64) AppleWebKit/537.36 (KHTML, like Gecko) Chrome/138.0.0.0 Safari/537.36"
197.155.95.4 - - [03/Aug/2025:17:17:49 +0300] "GET /wp-content/uploads/2025/07/9.png HTTP/2" 200 47186 "https://silvercommercialkitchen.com/wp-content/uploads/elementor/css/post-4057.css?ver=1753147997" "Mozilla/5.0 (Windows NT 10.0; Win64; x64) AppleWebKit/537.36 (KHTML, like Gecko) Chrome/138.0.0.0 Safari/537.36"
197.155.95.4 - - [03/Aug/2025:17:17:49 +0300] "GET /wp-content/uploads/2025/07/12.png HTTP/2" 200 54343 "https://silvercommercialkitchen.com/wp-content/uploads/elementor/css/post-4057.css?ver=1753147997" "Mozilla/5.0 (Windows NT 10.0; Win64; x64) AppleWebKit/537.36 (KHTML, like Gecko) Chrome/138.0.0.0 Safari/537.36"
197.155.95.4 - - [03/Aug/2025:17:17:49 +0300] "GET /wp-content/uploads/2025/07/10.png HTTP/2" 200 41285 "https://silvercommercialkitchen.com/wp-content/uploads/elementor/css/post-4057.css?ver=1753147997" "Mozilla/5.0 (Windows NT 10.0; Win64; x64) AppleWebKit/537.36 (KHTML, like Gecko) Chrome/138.0.0.0 Safari/537.36"
197.155.95.4 - - [03/Aug/2025:17:17:49 +0300] "GET /wp-content/uploads/2025/07/8.png HTTP/2" 200 41134 "https://silvercommercialkitchen.com/wp-content/uploads/elementor/css/post-4057.css?ver=1753147997" "Mozilla/5.0 (Windows NT 10.0; Win64; x64) AppleWebKit/537.36 (KHTML, like Gecko) Chrome/138.0.0.0 Safari/537.36"
197.155.95.4 - - [03/Aug/2025:17:17:49 +0300] "GET /wp-content/uploads/2025/07/11.png HTTP/2" 200 45963 "https://silvercommercialkitchen.com/wp-content/uploads/elementor/css/post-4057.css?ver=1753147997" "Mozilla/5.0 (Windows NT 10.0; Win64; x64) AppleWebKit/537.36 (KHTML, like Gecko) Chrome/138.0.0.0 Safari/537.36"
197.155.95.4 - - [03/Aug/2025:17:17:49 +0300] "GET /wp-content/uploads/2025/02/SK-BG-1.png HTTP/2" 200 38625 "https://silvercommercialkitchen.com/wp-content/uploads/elementor/css/post-4057.css?ver=1753147997" "Mozilla/5.0 (Windows NT 10.0; Win64; x64) AppleWebKit/537.36 (KHTML, like Gecko) Chrome/138.0.0.0 Safari/537.36"
197.155.95.4 - - [03/Aug/2025:17:17:50 +0300] "GET /wp-content/uploads/elementor/google-fonts/fonts/mavenpro-7au9p_aqnywwaxw2wk3gzwqi.woff2 HTTP/2" 200 20140 "https://silvercommercialkitchen.com/wp-content/uploads/elementor/google-fonts/css/mavenpro.css?ver=1743488070" "Mozilla/5.0 (Windows NT 10.0; Win64; x64) AppleWebKit/537.36 (KHTML, like Gecko) Chrome/138.0.0.0 Safari/537.36"
197.155.95.4 - - [03/Aug/2025:17:17:50 +0300] "GET /wp-content/fonts/maven-pro/7Au9p_AqnyWWAxW2Wk3GzWQI.woff2 HTTP/2" 200 20140 "https://silvercommercialkitchen.com/" "Mozilla/5.0 (Windows NT 10.0; Win64; x64) AppleWebKit/537.36 (KHTML, like Gecko) Chrome/138.0.0.0 Safari/537.36"
197.155.95.4 - - [03/Aug/2025:17:17:50 +0300] "GET /wp-content/uploads/elementor/google-fonts/fonts/ubuntu-4icv6kvjbnbylgocxcvjsgyn.woff2 HTTP/2" 200 29752 "https://silvercommercialkitchen.com/wp-content/uploads/elementor/google-fonts/css/ubuntu.css?ver=1750070375" "Mozilla/5.0 (Windows NT 10.0; Win64; x64) AppleWebKit/537.36 (KHTML, like Gecko) Chrome/138.0.0.0 Safari/537.36"
197.155.95.4 - - [03/Aug/2025:17:17:50 +0300] "GET /wp-content/plugins/martfury-addons/assets/fonts/Linearicons.woff2 HTTP/2" 200 146536 "https://silvercommercialkitchen.com/wp-content/plugins/martfury-addons/assets/css/linearicons.min.css?ver=1.0.0" "Mozilla/5.0 (Windows NT 10.0; Win64; x64) AppleWebKit/537.36 (KHTML, like Gecko) Chrome/138.0.0.0 Safari/537.36"
66.249.79.36 - - [03/Aug/2025:17:17:50 +0300] "GET /shopdetail/23567100/ HTTP/1.1" 200 22406 "-" "Mozilla/5.0 (compatible; Googlebot/2.1; +http://www.google.com/bot.html)"
66.249.79.35 - - [03/Aug/2025:17:17:51 +0300] "GET /shopdetail/28088233/ HTTP/1.1" 200 22169 "-" "Mozilla/5.0 (compatible; Googlebot/2.1; +http://www.google.com/bot.html)"
66.249.79.32 - - [03/Aug/2025:17:17:52 +0300] "GET /shopdetail/1835099/ HTTP/1.1" 200 22633 "-" "Mozilla/5.0 (compatible; Googlebot/2.1; +http://www.google.com/bot.html)"
66.249.79.34 - - [03/Aug/2025:17:17:54 +0300] "GET /shopdetail/2891444/ HTTP/1.1" 200 22092 "-" "Mozilla/5.0 (compatible; Googlebot/2.1; +http://www.google.com/bot.html)"
66.249.79.35 - - [03/Aug/2025:17:17:54 +0300] "GET /shopdetail/5383944/ HTTP/1.1" 200 22051 "-" "Mozilla/5.0 (Linux; Android 6.0.1; Nexus 5X Build/MMB29P) AppleWebKit/537.36 (KHTML, like Gecko) Chrome/138.0.7204.183 Mobile Safari/537.36 (compatible; Googlebot/2.1; +http://www.google.com/bot.html)"
66.249.79.35 - - [03/Aug/2025:17:17:55 +0300] "GET /shopdetail/29265588/ HTTP/1.1" 200 22212 "-" "Mozilla/5.0 (compatible; Googlebot/2.1; +http://www.google.com/bot.html)"
66.249.79.34 - - [03/Aug/2025:17:17:56 +0300] "GET /shopdetail/27575355/ HTTP/1.1" 200 22273 "-" "Mozilla/5.0 (compatible; Googlebot/2.1; +http://www.google.com/bot.html)"
197.155.95.4 - - [03/Aug/2025:17:17:49 +0300] "POST /?wc-ajax=get_compare_fragments HTTP/2" 200 241 "https://silvercommercialkitchen.com/" "Mozilla/5.0 (Windows NT 10.0; Win64; x64) AppleWebKit/537.36 (KHTML, like Gecko) Chrome/138.0.0.0 Safari/537.36"
197.136.0.6 - - [03/Aug/2025:17:17:48 +0300] "GET /wp-content/uploads/2025/07/9.png HTTP/2" 200 47186 "https://silvercommercialkitchen.com/wp-content/uploads/elementor/css/post-4057.css?ver=1753147997" "Mozilla/5.0 (Windows NT 10.0; Win64; x64) AppleWebKit/537.36 (KHTML, like Gecko) Chrome/121.0.0.0 Safari/537.36"
197.136.0.6 - - [03/Aug/2025:17:17:48 +0300] "GET /wp-content/uploads/2025/07/12.png HTTP/2" 200 54343 "https://silvercommercialkitchen.com/wp-content/uploads/elementor/css/post-4057.css?ver=1753147997" "Mozilla/5.0 (Windows NT 10.0; Win64; x64) AppleWebKit/537.36 (KHTML, like Gecko) Chrome/121.0.0.0 Safari/537.36"
197.136.0.6 - - [03/Aug/2025:17:17:48 +0300] "GET /wp-content/uploads/2025/07/10.png HTTP/2" 200 41285 "https://silvercommercialkitchen.com/wp-content/uploads/elementor/css/post-4057.css?ver=1753147997" "Mozilla/5.0 (Windows NT 10.0; Win64; x64) AppleWebKit/537.36 (KHTML, like Gecko) Chrome/121.0.0.0 Safari/537.36"
197.136.0.6 - - [03/Aug/2025:17:17:48 +0300] "GET /wp-content/uploads/2025/07/8.png HTTP/2" 200 41134 "https://silvercommercialkitchen.com/wp-content/uploads/elementor/css/post-4057.css?ver=1753147997" "Mozilla/5.0 (Windows NT 10.0; Win64; x64) AppleWebKit/537.36 (KHTML, like Gecko) Chrome/121.0.0.0 Safari/537.36"
197.136.0.6 - - [03/Aug/2025:17:17:49 +0300] "GET /wp-content/uploads/2025/07/11.png HTTP/2" 200 45963 "https://silvercommercialkitchen.com/wp-content/uploads/elementor/css/post-4057.css?ver=1753147997" "Mozilla/5.0 (Windows NT 10.0; Win64; x64) AppleWebKit/537.36 (KHTML, like Gecko) Chrome/121.0.0.0 Safari/537.36"
197.136.0.6 - - [03/Aug/2025:17:17:49 +0300] "GET /wp-content/uploads/2025/02/SK-BG-1.png HTTP/2" 200 38625 "https://silvercommercialkitchen.com/wp-content/uploads/elementor/css/post-4057.css?ver=1753147997" "Mozilla/5.0 (Windows NT 10.0; Win64; x64) AppleWebKit/537.36 (KHTML, like Gecko) Chrome/121.0.0.0 Safari/537.36"
66.249.79.37 - - [03/Aug/2025:17:17:47 +0300] "GET /shopdetail/29253566/ HTTP/1.1" 200 22239 "-" "Mozilla/5.0 (compatible; Googlebot/2.1; +http://www.google.com/bot.html)"
197.136.0.6 - - [03/Aug/2025:17:17:48 +0300] "POST /?wc-ajax=get_compare_fragments HTTP/2" 200 241 "https://silvercommercialkitchen.com/" "Mozilla/5.0 (Windows NT 10.0; Win64; x64) AppleWebKit/537.36 (KHTML, like Gecko) Chrome/121.0.0.0 Safari/537.36"
197.136.0.6 - - [03/Aug/2025:17:17:48 +0300] "POST /?wc-ajax=get_wishlist_fragments HTTP/2" 200 255 "https://silvercommercialkitchen.com/" "Mozilla/5.0 (Windows NT 10.0; Win64; x64) AppleWebKit/537.36 (KHTML, like Gecko) Chrome/121.0.0.0 Safari/537.36"
197.136.0.6 - - [03/Aug/2025:17:17:48 +0300] "POST /?wc-ajax=get_refreshed_fragments HTTP/2" 200 355 "https://silvercommercialkitchen.com/" "Mozilla/5.0 (Windows NT 10.0; Win64; x64) AppleWebKit/537.36 (KHTML, like Gecko) Chrome/121.0.0.0 Safari/537.36"
197.136.0.6 - - [03/Aug/2025:17:17:57 +0300] "GET /wp-content/uploads/2025/02/SK-BG-1-2.png HTTP/2" 200 24752 "https://silvercommercialkitchen.com/wp-content/uploads/elementor/css/post-4057.css?ver=1753147997" "Mozilla/5.0 (Windows NT 10.0; Win64; x64) AppleWebKit/537.36 (KHTML, like Gecko) Chrome/121.0.0.0 Safari/537.36"
197.136.0.6 - - [03/Aug/2025:17:17:58 +0300] "GET /wp-includes/js/wp-emoji-release.min.js?ver=6.8.2 HTTP/2" 200 4769 "https://silvercommercialkitchen.com/" "Mozilla/5.0 (Windows NT 10.0; Win64; x64) AppleWebKit/537.36 (KHTML, like Gecko) Chrome/121.0.0.0 Safari/537.36"
197.136.0.6 - - [03/Aug/2025:17:17:59 +0300] "GET /wp-content/plugins/elementor/assets/js/section-frontend-handlers.d85ab872da118940910d.bundle.min.js HTTP/2" 200 254 "https://silvercommercialkitchen.com/" "Mozilla/5.0 (Windows NT 10.0; Win64; x64) AppleWebKit/537.36 (KHTML, like Gecko) Chrome/121.0.0.0 Safari/537.36"
197.136.0.6 - - [03/Aug/2025:17:17:59 +0300] "GET /wp-content/plugins/elementor/assets/js/shared-frontend-handlers.30dc2f9c080845a413a6.bundle.min.js HTTP/2" 200 2546 "https://silvercommercialkitchen.com/" "Mozilla/5.0 (Windows NT 10.0; Win64; x64) AppleWebKit/537.36 (KHTML, like Gecko) Chrome/121.0.0.0 Safari/537.36"
197.155.95.4 - - [03/Aug/2025:17:17:49 +0300] "POST /?wc-ajax=get_wishlist_fragments HTTP/2" 200 255 "https://silvercommercialkitchen.com/" "Mozilla/5.0 (Windows NT 10.0; Win64; x64) AppleWebKit/537.36 (KHTML, like Gecko) Chrome/138.0.0.0 Safari/537.36"
197.155.95.4 - - [03/Aug/2025:17:17:50 +0300] "POST /?wc-ajax=get_refreshed_fragments HTTP/2" 200 355 "https://silvercommercialkitchen.com/" "Mozilla/5.0 (Windows NT 10.0; Win64; x64) AppleWebKit/537.36 (KHTML, like Gecko) Chrome/138.0.0.0 Safari/537.36"
197.155.95.4 - - [03/Aug/2025:17:17:58 +0300] "GET /wp-content/uploads/2025/02/SK-BG-1-2.png HTTP/2" 200 24752 "https://silvercommercialkitchen.com/wp-content/uploads/elementor/css/post-4057.css?ver=1753147997" "Mozilla/5.0 (Windows NT 10.0; Win64; x64) AppleWebKit/537.36 (KHTML, like Gecko) Chrome/138.0.0.0 Safari/537.36"
197.155.95.4 - - [03/Aug/2025:17:17:58 +0300] "GET /wp-includes/js/wp-emoji-release.min.js?ver=6.8.2 HTTP/2" 200 4769 "https://silvercommercialkitchen.com/" "Mozilla/5.0 (Windows NT 10.0; Win64; x64) AppleWebKit/537.36 (KHTML, like Gecko) Chrome/138.0.0.0 Safari/537.36"
197.155.95.4 - - [03/Aug/2025:17:17:59 +0300] "GET /wp-content/plugins/elementor/assets/js/section-frontend-handlers.d85ab872da118940910d.bundle.min.js HTTP/2" 200 254 "https://silvercommercialkitchen.com/" "Mozilla/5.0 (Windows NT 10.0; Win64; x64) AppleWebKit/537.36 (KHTML, like Gecko) Chrome/138.0.0.0 Safari/537.36"
197.155.95.4 - - [03/Aug/2025:17:17:59 +0300] "GET /wp-content/plugins/elementor/assets/js/shared-frontend-handlers.30dc2f9c080845a413a6.bundle.min.js HTTP/2" 200 2546 "https://silvercommercialkitchen.com/" "Mozilla/5.0 (Windows NT 10.0; Win64; x64) AppleWebKit/537.36 (KHTML, like Gecko) Chrome/138.0.0.0 Safari/537.36"
66.249.79.37 - - [03/Aug/2025:17:17:59 +0300] "GET /shopdetail/4776777/ HTTP/1.1" 200 22375 "-" "Mozilla/5.0 (compatible; Googlebot/2.1; +http://www.google.com/bot.html)"
197.155.95.4 - - [03/Aug/2025:17:18:00 +0300] "GET /wp-content/uploads/2025/06/Medical-Scrub-Sink-300x300.png HTTP/2" 200 20338 "https://silvercommercialkitchen.com/" "Mozilla/5.0 (Windows NT 10.0; Win64; x64) AppleWebKit/537.36 (KHTML, like Gecko) Chrome/138.0.0.0 Safari/537.36"
197.155.95.4 - - [03/Aug/2025:17:18:00 +0300] "GET /wp-content/uploads/2025/06/Cooling-Rack-300x300.png HTTP/2" 200 23289 "https://silvercommercialkitchen.com/" "Mozilla/5.0 (Windows NT 10.0; Win64; x64) AppleWebKit/537.36 (KHTML, like Gecko) Chrome/138.0.0.0 Safari/537.36"
197.155.95.4 - - [03/Aug/2025:17:18:00 +0300] "GET /wp-content/uploads/2025/06/Double-Door-Bread-Proofer-300x300.png HTTP/2" 200 28242 "https://silvercommercialkitchen.com/" "Mozilla/5.0 (Windows NT 10.0; Win64; x64) AppleWebKit/537.36 (KHTML, like Gecko) Chrome/138.0.0.0 Safari/537.36"
197.155.95.4 - - [03/Aug/2025:17:18:00 +0300] "GET /wp-content/uploads/2025/06/Electric-Mini-Convention-Oven-5-trays-300x300.png HTTP/2" 200 23216 "https://silvercommercialkitchen.com/" "Mozilla/5.0 (Windows NT 10.0; Win64; x64) AppleWebKit/537.36 (KHTML, like Gecko) Chrome/138.0.0.0 Safari/537.36"
197.155.95.4 - - [03/Aug/2025:17:18:00 +0300] "GET /wp-content/uploads/2025/06/Convention-Oven-12-trays-300x300.png HTTP/2" 200 18096 "https://silvercommercialkitchen.com/" "Mozilla/5.0 (Windows NT 10.0; Win64; x64) AppleWebKit/537.36 (KHTML, like Gecko) Chrome/138.0.0.0 Safari/537.36"
197.155.95.4 - - [03/Aug/2025:17:18:00 +0300] "GET /wp-content/uploads/2025/06/Electric-Rotary-Oven-32-trays-300x300.jpg HTTP/2" 200 10321 "https://silvercommercialkitchen.com/" "Mozilla/5.0 (Windows NT 10.0; Win64; x64) AppleWebKit/537.36 (KHTML, like Gecko) Chrome/138.0.0.0 Safari/537.36"
197.155.95.4 - - [03/Aug/2025:17:18:00 +0300] "GET /wp-content/uploads/2025/05/Cooling-Tank-300x300.png HTTP/2" 200 19829 "https://silvercommercialkitchen.com/" "Mozilla/5.0 (Windows NT 10.0; Win64; x64) AppleWebKit/537.36 (KHTML, like Gecko) Chrome/138.0.0.0 Safari/537.36"
66.249.79.33 - - [03/Aug/2025:17:17:59 +0300] "GET /shopdetail/24521888/ HTTP/1.1" 200 22677 "-" "Mozilla/5.0 (compatible; Googlebot/2.1; +http://www.google.com/bot.html)"
197.136.0.6 - - [03/Aug/2025:17:18:01 +0300] "GET /wp-content/uploads/2025/06/Medical-Scrub-Sink-300x300.png HTTP/2" 200 20338 "https://silvercommercialkitchen.com/" "Mozilla/5.0 (Windows NT 10.0; Win64; x64) AppleWebKit/537.36 (KHTML, like Gecko) Chrome/121.0.0.0 Safari/537.36"
197.136.0.6 - - [03/Aug/2025:17:18:01 +0300] "GET /wp-content/uploads/2025/06/Cooling-Rack-300x300.png HTTP/2" 200 23289 "https://silvercommercialkitchen.com/" "Mozilla/5.0 (Windows NT 10.0; Win64; x64) AppleWebKit/537.36 (KHTML, like Gecko) Chrome/121.0.0.0 Safari/537.36"
197.136.0.6 - - [03/Aug/2025:17:18:01 +0300] "GET /wp-content/uploads/2025/06/Double-Door-Bread-Proofer-300x300.png HTTP/2" 200 28242 "https://silvercommercialkitchen.com/" "Mozilla/5.0 (Windows NT 10.0; Win64; x64) AppleWebKit/537.36 (KHTML, like Gecko) Chrome/121.0.0.0 Safari/537.36"
197.136.0.6 - - [03/Aug/2025:17:18:01 +0300] "GET /wp-content/uploads/2025/06/Electric-Mini-Convention-Oven-5-trays-300x300.png HTTP/2" 200 23216 "https://silvercommercialkitchen.com/" "Mozilla/5.0 (Windows NT 10.0; Win64; x64) AppleWebKit/537.36 (KHTML, like Gecko) Chrome/121.0.0.0 Safari/537.36"
197.136.0.6 - - [03/Aug/2025:17:18:01 +0300] "GET /wp-content/uploads/2025/06/Convention-Oven-12-trays-300x300.png HTTP/2" 200 18096 "https://silvercommercialkitchen.com/" "Mozilla/5.0 (Windows NT 10.0; Win64; x64) AppleWebKit/537.36 (KHTML, like Gecko) Chrome/121.0.0.0 Safari/537.36"
197.136.0.6 - - [03/Aug/2025:17:18:01 +0300] "GET /wp-content/uploads/2025/06/Electric-Rotary-Oven-32-trays-300x300.jpg HTTP/2" 200 10321 "https://silvercommercialkitchen.com/" "Mozilla/5.0 (Windows NT 10.0; Win64; x64) AppleWebKit/537.36 (KHTML, like Gecko) Chrome/121.0.0.0 Safari/537.36"
197.136.0.6 - - [03/Aug/2025:17:18:01 +0300] "GET /wp-content/uploads/2025/05/Cooling-Tank-300x300.png HTTP/2" 200 19829 "https://silvercommercialkitchen.com/" "Mozilla/5.0 (Windows NT 10.0; Win64; x64) AppleWebKit/537.36 (KHTML, like Gecko) Chrome/121.0.0.0 Safari/537.36"
197.136.0.6 - - [03/Aug/2025:17:18:01 +0300] "GET /wp-content/uploads/2025/05/Restaurant-Sofa-table-2-Chairs-Set-300x300.png HTTP/2" 200 18000 "https://silvercommercialkitchen.com/" "Mozilla/5.0 (Windows NT 10.0; Win64; x64) AppleWebKit/537.36 (KHTML, like Gecko) Chrome/121.0.0.0 Safari/537.36"
66.249.79.36 - - [03/Aug/2025:17:17:59 +0300] "GET /shopdetail/29944400/ HTTP/1.1" 200 22359 "-" "Mozilla/5.0 (compatible; Googlebot/2.1; +http://www.google.com/bot.html)"
197.136.0.6 - - [03/Aug/2025:17:18:02 +0300] "GET /wp-content/uploads/2025/03/Usb-Rectangular-Mdf-with-Circular-side-Lamp-300x300.png HTTP/2" 200 32726 "https://silvercommercialkitchen.com/" "Mozilla/5.0 (Windows NT 10.0; Win64; x64) AppleWebKit/537.36 (KHTML, like Gecko) Chrome/121.0.0.0 Safari/537.36"
197.136.0.6 - - [03/Aug/2025:17:18:02 +0300] "GET /wp-content/uploads/2025/02/Cooling-Rack-300x300.png HTTP/2" 200 13148 "https://silvercommercialkitchen.com/" "Mozilla/5.0 (Windows NT 10.0; Win64; x64) AppleWebKit/537.36 (KHTML, like Gecko) Chrome/121.0.0.0 Safari/537.36"
197.136.0.6 - - [03/Aug/2025:17:18:02 +0300] "GET /wp-content/uploads/2025/02/Pizza-Stone-Rectangular-300x300.png HTTP/2" 200 20747 "https://silvercommercialkitchen.com/" "Mozilla/5.0 (Windows NT 10.0; Win64; x64) AppleWebKit/537.36 (KHTML, like Gecko) Chrome/121.0.0.0 Safari/537.36"
197.136.0.6 - - [03/Aug/2025:17:18:02 +0300] "GET /wp-content/uploads/2025/02/Single-Deck-Electric-Oven-300x300.png HTTP/2" 200 25795 "https://silvercommercialkitchen.com/" "Mozilla/5.0 (Windows NT 10.0; Win64; x64) AppleWebKit/537.36 (KHTML, like Gecko) Chrome/121.0.0.0 Safari/537.36"
197.136.0.6 - - [03/Aug/2025:17:18:02 +0300] "GET /wp-content/uploads/2025/02/Tandoori-Oven-300x300.png HTTP/2" 200 38194 "https://silvercommercialkitchen.com/" "Mozilla/5.0 (Windows NT 10.0; Win64; x64) AppleWebKit/537.36 (KHTML, like Gecko) Chrome/121.0.0.0 Safari/537.36"
197.136.0.6 - - [03/Aug/2025:17:18:02 +0300] "GET /wp-content/uploads/2025/02/Commercial-Kitchen-Boiler-300x300.png HTTP/2" 200 54098 "https://silvercommercialkitchen.com/" "Mozilla/5.0 (Windows NT 10.0; Win64; x64) AppleWebKit/537.36 (KHTML, like Gecko) Chrome/121.0.0.0 Safari/537.36"
