66.249.79.37 - - [03/Aug/2025:18:27:05 +0300] "GET /shopdetail/6635711/ HTTP/1.1" 200 22178 "-" "Mozilla/5.0 (Linux; Android 6.0.1; Nexus 5X Build/MMB29P) AppleWebKit/537.36 (KHTML, like Gecko) Chrome/138.0.7204.183 Mobile Safari/537.36 (compatible; GoogleOther)"
66.249.79.37 - - [03/Aug/2025:18:27:08 +0300] "GET /shopdetail/4547211/ HTTP/1.1" 200 22413 "-" "Mozilla/5.0 (Linux; Android 6.0.1; Nexus 5X Build/MMB29P) AppleWebKit/537.36 (KHTML, like Gecko) Chrome/138.0.7204.183 Mobile Safari/537.36 (compatible; GoogleOther)"
66.249.79.36 - - [03/Aug/2025:18:27:12 +0300] "GET /shopdetail/24655144/ HTTP/1.1" 200 22372 "-" "Mozilla/5.0 (Linux; Android 6.0.1; Nexus 5X Build/MMB29P) AppleWebKit/537.36 (KHTML, like Gecko) Chrome/138.0.7204.183 Mobile Safari/537.36 (compatible; GoogleOther)"
66.249.79.35 - - [03/Aug/2025:18:27:23 +0300] "GET /shopdetail/4230166/ HTTP/1.1" 200 22367 "-" "Mozilla/5.0 (Linux; Android 6.0.1; Nexus 5X Build/MMB29P) AppleWebKit/537.36 (KHTML, like Gecko) Chrome/138.0.7204.183 Mobile Safari/537.36 (compatible; GoogleOther)"
66.249.79.35 - - [03/Aug/2025:18:27:28 +0300] "GET /shopdetail/10081111/ HTTP/1.1" 200 22755 "-" "Mozilla/5.0 (Linux; Android 6.0.1; Nexus 5X Build/MMB29P) AppleWebKit/537.36 (KHTML, like Gecko) Chrome/138.0.7204.183 Mobile Safari/537.36 (compatible; Googlebot/2.1; +http://www.google.com/bot.html)"
66.249.79.35 - - [03/Aug/2025:18:27:33 +0300] "GET /shopdetail/9172811/ HTTP/1.1" 200 22260 "-" "Mozilla/5.0 (Linux; Android 6.0.1; Nexus 5X Build/MMB29P) AppleWebKit/537.36 (KHTML, like Gecko) Chrome/138.0.7204.183 Mobile Safari/537.36 (compatible; Googlebot/2.1; +http://www.google.com/bot.html)"
66.249.79.37 - - [03/Aug/2025:18:26:39 +0300] "GET /shopdetail/2470866/ HTTP/1.1" 200 22114 "-" "Mozilla/5.0 (Linux; Android 6.0.1; Nexus 5X Build/MMB29P) AppleWebKit/537.36 (KHTML, like Gecko) Chrome/138.0.7204.183 Mobile Safari/537.36 (compatible; Googlebot/2.1; +http://www.google.com/bot.html)"
66.249.79.37 - - [03/Aug/2025:18:26:40 +0300] "GET /shopdetail/4694011/ HTTP/1.1" 200 22148 "-" "Mozilla/5.0 (Linux; Android 6.0.1; Nexus 5X Build/MMB29P) AppleWebKit/537.36 (KHTML, like Gecko) Chrome/138.0.7204.183 Mobile Safari/537.36 (compatible; GoogleOther)"
66.249.79.35 - - [03/Aug/2025:18:26:59 +0300] "GET /shopdetail/14933255/ HTTP/1.1" 200 22807 "-" "Mozilla/5.0 (Linux; Android 6.0.1; Nexus 5X Build/MMB29P) AppleWebKit/537.36 (KHTML, like Gecko) Chrome/138.0.7204.183 Mobile Safari/537.36 (compatible; GoogleOther)"
57.141.6.18 - - [03/Aug/2025:18:26:59 +0300] "GET /shopdetail/12283644/ HTTP/2" 404 105050 "-" "meta-externalagent/1.1 (+https://developers.facebook.com/docs/sharing/webmasters/crawler)"
18.97.9.172 - - [03/Aug/2025:18:27:04 +0300] "GET /shopdetail/10924577/ HTTP/2" 404 19567 "-" "CCBot/2.0 (https://commoncrawl.org/faq/)"
152.42.177.174 - - [03/Aug/2025:18:27:09 +0300] "GET /shop/page/8/?add-to-wishlist=3939 HTTP/2" 200 29119 "-" "Mozilla/5.0 (Windows NT 10.0; Win64; x64) AppleWebKit/537.36 (KHTML, like Gecko) Chrome/139.0.0.0 Safari/537.36"
66.249.79.36 - - [03/Aug/2025:18:27:12 +0300] "GET /shopdetail/31044099/ HTTP/1.1" 200 22607 "-" "Mozilla/5.0 (Linux; Android 6.0.1; Nexus 5X Build/MMB29P) AppleWebKit/537.36 (KHTML, like Gecko) Chrome/138.0.7204.183 Mobile Safari/537.36 (compatible; GoogleOther)"
66.249.79.35 - - [03/Aug/2025:18:27:28 +0300] "GET /shopdetail/9390366/ HTTP/1.1" 200 22911 "-" "Mozilla/5.0 (Linux; Android 6.0.1; Nexus 5X Build/MMB29P) AppleWebKit/537.36 (KHTML, like Gecko) Chrome/138.0.7204.183 Mobile Safari/537.36 (compatible; GoogleOther)"
66.249.79.35 - - [03/Aug/2025:18:27:31 +0300] "GET /shopdetail/25737400/ HTTP/1.1" 200 22206 "-" "Mozilla/5.0 (Linux; Android 6.0.1; Nexus 5X Build/MMB29P) AppleWebKit/537.36 (KHTML, like Gecko) Chrome/138.0.7204.183 Mobile Safari/537.36 (compatible; GoogleOther)"
66.249.79.35 - - [03/Aug/2025:18:27:33 +0300] "GET /shopdetail/7096466/ HTTP/1.1" 200 22236 "-" "Mozilla/5.0 (Linux; Android 6.0.1; Nexus 5X Build/MMB29P) AppleWebKit/537.36 (KHTML, like Gecko) Chrome/138.0.7204.183 Mobile Safari/537.36 (compatible; GoogleOther)"
66.249.79.36 - - [03/Aug/2025:18:27:38 +0300] "GET /shopdetail/21410733/ HTTP/1.1" 200 21870 "-" "Mozilla/5.0 (Linux; Android 6.0.1; Nexus 5X Build/MMB29P) AppleWebKit/537.36 (KHTML, like Gecko) Chrome/138.0.7204.183 Mobile Safari/537.36 (compatible; GoogleOther)"
66.249.79.36 - - [03/Aug/2025:18:27:39 +0300] "GET /shopdetail/29699011/ HTTP/1.1" 200 21835 "-" "Mozilla/5.0 (Linux; Android 6.0.1; Nexus 5X Build/MMB29P) AppleWebKit/537.36 (KHTML, like Gecko) Chrome/138.0.7204.183 Mobile Safari/537.36 (compatible; GoogleOther)"
66.249.79.36 - - [03/Aug/2025:18:27:41 +0300] "GET /shopdetail/29763922/ HTTP/1.1" 200 22382 "-" "Mozilla/5.0 (Linux; Android 6.0.1; Nexus 5X Build/MMB29P) AppleWebKit/537.36 (KHTML, like Gecko) Chrome/138.0.7204.183 Mobile Safari/537.36 (compatible; GoogleOther)"
18.97.9.172 - - [03/Aug/2025:18:27:40 +0300] "GET /shopdetail/10541177/ HTTP/2" 404 19566 "-" "CCBot/2.0 (https://commoncrawl.org/faq/)"
66.249.79.36 - - [03/Aug/2025:18:28:05 +0300] "GET /shopdetail/3702500/ HTTP/1.1" 200 22535 "-" "Mozilla/5.0 (Linux; Android 6.0.1; Nexus 5X Build/MMB29P) AppleWebKit/537.36 (KHTML, like Gecko) Chrome/138.0.7204.183 Mobile Safari/537.36 (compatible; GoogleOther)"
66.249.79.36 - - [03/Aug/2025:18:28:06 +0300] "GET /shopdetail/21409888/ HTTP/1.1" 200 22678 "-" "Mozilla/5.0 (Linux; Android 6.0.1; Nexus 5X Build/MMB29P) AppleWebKit/537.36 (KHTML, like Gecko) Chrome/138.0.7204.183 Mobile Safari/537.36 (compatible; GoogleOther)"
66.249.79.35 - - [03/Aug/2025:18:27:42 +0300] "GET /shopdetail/9069933/ HTTP/1.1" 200 22595 "-" "Mozilla/5.0 (Linux; Android 6.0.1; Nexus 5X Build/MMB29P) AppleWebKit/537.36 (KHTML, like Gecko) Chrome/138.0.7204.183 Mobile Safari/537.36 (compatible; GoogleOther)"
66.249.79.35 - - [03/Aug/2025:18:27:45 +0300] "GET /shopdetail/2507966/ HTTP/1.1" 200 21900 "-" "Mozilla/5.0 (Linux; Android 6.0.1; Nexus 5X Build/MMB29P) AppleWebKit/537.36 (KHTML, like Gecko) Chrome/138.0.7204.183 Mobile Safari/537.36 (compatible; GoogleOther)"
66.249.79.35 - - [03/Aug/2025:18:27:45 +0300] "GET /shopdetail/27139400/ HTTP/1.1" 200 23232 "-" "Mozilla/5.0 (Linux; Android 6.0.1; Nexus 5X Build/MMB29P) AppleWebKit/537.36 (KHTML, like Gecko) Chrome/138.0.7204.183 Mobile Safari/537.36 (compatible; GoogleOther)"
66.249.79.35 - - [03/Aug/2025:18:27:52 +0300] "GET /shopdetail/22294099/ HTTP/1.1" 200 21837 "-" "Mozilla/5.0 (Linux; Android 6.0.1; Nexus 5X Build/MMB29P) AppleWebKit/537.36 (KHTML, like Gecko) Chrome/138.0.7204.183 Mobile Safari/537.36 (compatible; GoogleOther)"
66.249.79.36 - - [03/Aug/2025:18:27:57 +0300] "GET /shopdetail/4695322/ HTTP/1.1" 200 22336 "-" "Mozilla/5.0 (Linux; Android 6.0.1; Nexus 5X Build/MMB29P) AppleWebKit/537.36 (KHTML, like Gecko) Chrome/138.0.7204.183 Mobile Safari/537.36 (compatible; GoogleOther)"
57.141.6.28 - - [03/Aug/2025:18:27:58 +0300] "GET /shopdetail/26160755/ HTTP/2" 404 105050 "-" "meta-externalagent/1.1 (+https://developers.facebook.com/docs/sharing/webmasters/crawler)"
66.249.79.37 - - [03/Aug/2025:18:28:07 +0300] "GET /shopdetail/8456166/ HTTP/1.1" 200 22318 "-" "Mozilla/5.0 (compatible; Googlebot/2.1; +http://www.google.com/bot.html)"
66.249.79.35 - - [03/Aug/2025:18:28:07 +0300] "GET /shopdetail/8223311/ HTTP/1.1" 200 21911 "-" "Mozilla/5.0 (Linux; Android 6.0.1; Nexus 5X Build/MMB29P) AppleWebKit/537.36 (KHTML, like Gecko) Chrome/138.0.7204.183 Mobile Safari/537.36 (compatible; GoogleOther)"
66.249.79.35 - - [03/Aug/2025:18:28:10 +0300] "GET /shopdetail/27066800/ HTTP/1.1" 200 22651 "-" "Mozilla/5.0 (Linux; Android 6.0.1; Nexus 5X Build/MMB29P) AppleWebKit/537.36 (KHTML, like Gecko) Chrome/138.0.7204.183 Mobile Safari/537.36 (compatible; GoogleOther)"
66.249.79.35 - - [03/Aug/2025:18:28:13 +0300] "GET /shopdetail/22771333/ HTTP/1.1" 200 22472 "-" "Mozilla/5.0 (Linux; Android 6.0.1; Nexus 5X Build/MMB29P) AppleWebKit/537.36 (KHTML, like Gecko) Chrome/138.0.7204.183 Mobile Safari/537.36 (compatible; GoogleOther)"
66.249.79.35 - - [03/Aug/2025:18:28:15 +0300] "GET /shopdetail/8459377/ HTTP/1.1" 200 22222 "-" "Mozilla/5.0 (Linux; Android 6.0.1; Nexus 5X Build/MMB29P) AppleWebKit/537.36 (KHTML, like Gecko) Chrome/138.0.7204.183 Mobile Safari/537.36 (compatible; GoogleOther)"
66.249.79.35 - - [03/Aug/2025:18:28:16 +0300] "GET /shopdetail/9889722/ HTTP/1.1" 200 22480 "-" "Mozilla/5.0 (Linux; Android 6.0.1; Nexus 5X Build/MMB29P) AppleWebKit/537.36 (KHTML, like Gecko) Chrome/138.0.7204.183 Mobile Safari/537.36 (compatible; GoogleOther)"
66.249.79.35 - - [03/Aug/2025:18:28:18 +0300] "GET /shopdetail/10366600/ HTTP/1.1" 200 22694 "-" "Mozilla/5.0 (Linux; Android 6.0.1; Nexus 5X Build/MMB29P) AppleWebKit/537.36 (KHTML, like Gecko) Chrome/138.0.7204.183 Mobile Safari/537.36 (compatible; GoogleOther)"
66.249.79.35 - - [03/Aug/2025:18:28:19 +0300] "GET /shopdetail/9064811/ HTTP/1.1" 200 22175 "-" "Mozilla/5.0 (Linux; Android 6.0.1; Nexus 5X Build/MMB29P) AppleWebKit/537.36 (KHTML, like Gecko) Chrome/138.0.7204.183 Mobile Safari/537.36 (compatible; Googlebot/2.1; +http://www.google.com/bot.html)"
66.249.79.35 - - [03/Aug/2025:18:28:19 +0300] "GET /shopdetail/10154911/ HTTP/1.1" 200 23067 "-" "Mozilla/5.0 (Linux; Android 6.0.1; Nexus 5X Build/MMB29P) AppleWebKit/537.36 (KHTML, like Gecko) Chrome/138.0.7204.183 Mobile Safari/537.36 (compatible; GoogleOther)"
66.249.79.36 - - [03/Aug/2025:18:28:10 +0300] "GET /shopdetail/25537177/ HTTP/1.1" 200 22149 "-" "Mozilla/5.0 (Linux; Android 6.0.1; Nexus 5X Build/MMB29P) AppleWebKit/537.36 (KHTML, like Gecko) Chrome/138.0.7204.183 Mobile Safari/537.36 (compatible; GoogleOther)"
18.97.9.172 - - [03/Aug/2025:18:28:12 +0300] "GET /shopdetail/20597977/ HTTP/2" 404 19567 "-" "CCBot/2.0 (https://commoncrawl.org/faq/)"
66.249.79.36 - - [03/Aug/2025:18:28:20 +0300] "GET /shopdetail/26738399/ HTTP/1.1" 200 22714 "-" "Mozilla/5.0 (Linux; Android 6.0.1; Nexus 5X Build/MMB29P) AppleWebKit/537.36 (KHTML, like Gecko) Chrome/138.0.7204.183 Mobile Safari/537.36 (compatible; GoogleOther)"
66.249.79.36 - - [03/Aug/2025:18:28:22 +0300] "GET /shopdetail/5084877/ HTTP/1.1" 200 22822 "-" "Mozilla/5.0 (Linux; Android 6.0.1; Nexus 5X Build/MMB29P) AppleWebKit/537.36 (KHTML, like Gecko) Chrome/138.0.7204.183 Mobile Safari/537.36 (compatible; GoogleOther)"
66.249.79.35 - - [03/Aug/2025:18:28:32 +0300] "GET /shopdetail/31377066/ HTTP/1.1" 200 22037 "-" "Mozilla/5.0 (Linux; Android 6.0.1; Nexus 5X Build/MMB29P) AppleWebKit/537.36 (KHTML, like Gecko) Chrome/138.0.7204.183 Mobile Safari/537.36 (compatible; Googlebot/2.1; +http://www.google.com/bot.html)"
190.92.205.212 - - [03/Aug/2025:18:28:44 +0300] "GET /product-category/kitchen-equipment/?add-to-wishlist=3948 HTTP/2" 200 27408 "https://silvercommercialkitchen.com/product-category/kitchen-equipment/?add-to-wishlist=3948" "Mozilla/5.0 (Macintosh; Intel Mac OS X 10_15_7) AppleWebKit/537.36 (KHTML, like Gecko) Chrome/131.0.0.0 Safari/537.36"
66.249.79.35 - - [03/Aug/2025:18:28:46 +0300] "GET /shopdetail/4893144/ HTTP/1.1" 200 22007 "-" "Mozilla/5.0 (Linux; Android 6.0.1; Nexus 5X Build/MMB29P) AppleWebKit/537.36 (KHTML, like Gecko) Chrome/138.0.7204.183 Mobile Safari/537.36 (compatible; GoogleOther)"
18.97.9.172 - - [03/Aug/2025:18:28:47 +0300] "GET /shopdetail/10731977/ HTTP/2" 404 19567 "-" "CCBot/2.0 (https://commoncrawl.org/faq/)"
18.97.9.172 - - [03/Aug/2025:18:29:23 +0300] "GET /shopdetail/20430577/ HTTP/2" 404 19567 "-" "CCBot/2.0 (https://commoncrawl.org/faq/)"
57.141.6.21 - - [03/Aug/2025:18:29:56 +0300] "GET /shopdetail/25225411/ HTTP/2" 404 105050 "-" "meta-externalagent/1.1 (+https://developers.facebook.com/docs/sharing/webmasters/crawler)"
18.97.9.172 - - [03/Aug/2025:18:29:58 +0300] "GET /shopdetail/20405377/ HTTP/2" 404 19567 "-" "CCBot/2.0 (https://commoncrawl.org/faq/)"
41.90.193.211 - - [03/Aug/2025:18:30:07 +0300] "POST /?wc-ajax=martfury_search_products HTTP/2" 200 0 "https://silvercommercialkitchen.com/product-category/institutional-appliances/hospitals/" "Mozilla/5.0 (Linux; Android 10; K) AppleWebKit/537.36 (KHTML, like Gecko) Chrome/138.0.0.0 Mobile Safari/537.36"
41.90.193.211 - - [03/Aug/2025:18:30:07 +0300] "POST /?wc-ajax=martfury_search_products HTTP/2" 200 0 "https://silvercommercialkitchen.com/product-category/institutional-appliances/hospitals/" "Mozilla/5.0 (Linux; Android 10; K) AppleWebKit/537.36 (KHTML, like Gecko) Chrome/138.0.0.0 Mobile Safari/537.36"
41.90.193.211 - - [03/Aug/2025:18:30:07 +0300] "POST /?wc-ajax=martfury_search_products HTTP/2" 200 0 "https://silvercommercialkitchen.com/product-category/institutional-appliances/hospitals/" "Mozilla/5.0 (Linux; Android 10; K) AppleWebKit/537.36 (KHTML, like Gecko) Chrome/138.0.0.0 Mobile Safari/537.36"
41.90.193.211 - - [03/Aug/2025:18:30:07 +0300] "POST /?wc-ajax=martfury_search_products HTTP/2" 200 0 "https://silvercommercialkitchen.com/product-category/institutional-appliances/hospitals/" "Mozilla/5.0 (Linux; Android 10; K) AppleWebKit/537.36 (KHTML, like Gecko) Chrome/138.0.0.0 Mobile Safari/537.36"
41.90.193.211 - - [03/Aug/2025:18:30:08 +0300] "POST /?wc-ajax=martfury_search_products HTTP/2" 200 0 "https://silvercommercialkitchen.com/product-category/institutional-appliances/hospitals/" "Mozilla/5.0 (Linux; Android 10; K) AppleWebKit/537.36 (KHTML, like Gecko) Chrome/138.0.0.0 Mobile Safari/537.36"
41.90.193.211 - - [03/Aug/2025:18:30:09 +0300] "POST /?wc-ajax=martfury_search_products HTTP/2" 200 0 "https://silvercommercialkitchen.com/product-category/institutional-appliances/hospitals/" "Mozilla/5.0 (Linux; Android 10; K) AppleWebKit/537.36 (KHTML, like Gecko) Chrome/138.0.0.0 Mobile Safari/537.36"
41.90.193.211 - - [03/Aug/2025:18:30:09 +0300] "POST /?wc-ajax=martfury_search_products HTTP/2" 200 0 "https://silvercommercialkitchen.com/product-category/institutional-appliances/hospitals/" "Mozilla/5.0 (Linux; Android 10; K) AppleWebKit/537.36 (KHTML, like Gecko) Chrome/138.0.0.0 Mobile Safari/537.36"
41.90.193.211 - - [03/Aug/2025:18:30:09 +0300] "POST /?wc-ajax=martfury_search_products HTTP/2" 200 0 "https://silvercommercialkitchen.com/product-category/institutional-appliances/hospitals/" "Mozilla/5.0 (Linux; Android 10; K) AppleWebKit/537.36 (KHTML, like Gecko) Chrome/138.0.0.0 Mobile Safari/537.36"
41.90.193.211 - - [03/Aug/2025:18:30:09 +0300] "POST /?wc-ajax=martfury_search_products HTTP/2" 200 0 "https://silvercommercialkitchen.com/product-category/institutional-appliances/hospitals/" "Mozilla/5.0 (Linux; Android 10; K) AppleWebKit/537.36 (KHTML, like Gecko) Chrome/138.0.0.0 Mobile Safari/537.36"
41.90.193.211 - - [03/Aug/2025:18:30:11 +0300] "POST /?wc-ajax=martfury_search_products HTTP/2" 200 0 "https://silvercommercialkitchen.com/product-category/institutional-appliances/hospitals/" "Mozilla/5.0 (Linux; Android 10; K) AppleWebKit/537.36 (KHTML, like Gecko) Chrome/138.0.0.0 Mobile Safari/537.36"
41.90.193.211 - - [03/Aug/2025:18:30:11 +0300] "POST /?wc-ajax=martfury_search_products HTTP/2" 200 0 "https://silvercommercialkitchen.com/product-category/institutional-appliances/hospitals/" "Mozilla/5.0 (Linux; Android 10; K) AppleWebKit/537.36 (KHTML, like Gecko) Chrome/138.0.0.0 Mobile Safari/537.36"
41.90.193.211 - - [03/Aug/2025:18:30:11 +0300] "POST /?wc-ajax=martfury_search_products HTTP/2" 200 0 "https://silvercommercialkitchen.com/product-category/institutional-appliances/hospitals/" "Mozilla/5.0 (Linux; Android 10; K) AppleWebKit/537.36 (KHTML, like Gecko) Chrome/138.0.0.0 Mobile Safari/537.36"
41.90.193.211 - - [03/Aug/2025:18:30:12 +0300] "POST /?wc-ajax=martfury_search_products HTTP/2" 200 0 "https://silvercommercialkitchen.com/product-category/institutional-appliances/hospitals/" "Mozilla/5.0 (Linux; Android 10; K) AppleWebKit/537.36 (KHTML, like Gecko) Chrome/138.0.0.0 Mobile Safari/537.36"
41.90.193.211 - - [03/Aug/2025:18:30:13 +0300] "POST /?wc-ajax=martfury_search_products HTTP/2" 200 0 "https://silvercommercialkitchen.com/product-category/institutional-appliances/hospitals/" "Mozilla/5.0 (Linux; Android 10; K) AppleWebKit/537.36 (KHTML, like Gecko) Chrome/138.0.0.0 Mobile Safari/537.36"
41.90.193.211 - - [03/Aug/2025:18:30:13 +0300] "POST /?wc-ajax=martfury_search_products HTTP/2" 200 0 "https://silvercommercialkitchen.com/product-category/institutional-appliances/hospitals/" "Mozilla/5.0 (Linux; Android 10; K) AppleWebKit/537.36 (KHTML, like Gecko) Chrome/138.0.0.0 Mobile Safari/537.36"
41.90.193.211 - - [03/Aug/2025:18:30:13 +0300] "POST /?wc-ajax=martfury_search_products HTTP/2" 200 0 "https://silvercommercialkitchen.com/product-category/institutional-appliances/hospitals/" "Mozilla/5.0 (Linux; Android 10; K) AppleWebKit/537.36 (KHTML, like Gecko) Chrome/138.0.0.0 Mobile Safari/537.36"
41.90.193.211 - - [03/Aug/2025:18:30:14 +0300] "POST /?wc-ajax=martfury_search_products HTTP/2" 200 62 "https://silvercommercialkitchen.com/product-category/institutional-appliances/hospitals/" "Mozilla/5.0 (Linux; Android 10; K) AppleWebKit/537.36 (KHTML, like Gecko) Chrome/138.0.0.0 Mobile Safari/537.36"
41.90.193.211 - - [03/Aug/2025:18:30:17 +0300] "GET /?s=Sugarcane+machine+&post_type=product HTTP/2" 200 20383 "https://silvercommercialkitchen.com/product-category/institutional-appliances/hospitals/" "Mozilla/5.0 (Linux; Android 10; K) AppleWebKit/537.36 (KHTML, like Gecko) Chrome/138.0.0.0 Mobile Safari/537.36"
41.90.193.211 - - [03/Aug/2025:18:30:20 +0300] "POST /?wc-ajax=get_compare_fragments HTTP/2" 200 241 "https://silvercommercialkitchen.com/?s=Sugarcane+machine+&post_type=product" "Mozilla/5.0 (Linux; Android 10; K) AppleWebKit/537.36 (KHTML, like Gecko) Chrome/138.0.0.0 Mobile Safari/537.36"
66.249.79.37 - - [03/Aug/2025:18:30:22 +0300] "GET /shopdetail/23523900/ HTTP/1.1" 200 22347 "-" "Mozilla/5.0 (Linux; Android 6.0.1; Nexus 5X Build/MMB29P) AppleWebKit/537.36 (KHTML, like Gecko) Chrome/138.0.7204.183 Mobile Safari/537.36 (compatible; GoogleOther)"
41.90.193.211 - - [03/Aug/2025:18:30:23 +0300] "POST /?wc-ajax=martfury_search_products HTTP/2" 200 0 "https://silvercommercialkitchen.com/?s=Sugarcane+machine+&post_type=product" "Mozilla/5.0 (Linux; Android 10; K) AppleWebKit/537.36 (KHTML, like Gecko) Chrome/138.0.0.0 Mobile Safari/537.36"
41.90.193.211 - - [03/Aug/2025:18:30:23 +0300] "POST /?wc-ajax=martfury_search_products HTTP/2" 200 0 "https://silvercommercialkitchen.com/?s=Sugarcane+machine+&post_type=product" "Mozilla/5.0 (Linux; Android 10; K) AppleWebKit/537.36 (KHTML, like Gecko) Chrome/138.0.0.0 Mobile Safari/537.36"
41.90.193.211 - - [03/Aug/2025:18:30:24 +0300] "POST /?wc-ajax=martfury_search_products HTTP/2" 200 0 "https://silvercommercialkitchen.com/?s=Sugarcane+machine+&post_type=product" "Mozilla/5.0 (Linux; Android 10; K) AppleWebKit/537.36 (KHTML, like Gecko) Chrome/138.0.0.0 Mobile Safari/537.36"
41.90.193.211 - - [03/Aug/2025:18:30:24 +0300] "POST /?wc-ajax=martfury_search_products HTTP/2" 200 0 "https://silvercommercialkitchen.com/?s=Sugarcane+machine+&post_type=product" "Mozilla/5.0 (Linux; Android 10; K) AppleWebKit/537.36 (KHTML, like Gecko) Chrome/138.0.0.0 Mobile Safari/537.36"
41.90.193.211 - - [03/Aug/2025:18:30:24 +0300] "POST /?wc-ajax=martfury_search_products HTTP/2" 200 0 "https://silvercommercialkitchen.com/?s=Sugarcane+machine+&post_type=product" "Mozilla/5.0 (Linux; Android 10; K) AppleWebKit/537.36 (KHTML, like Gecko) Chrome/138.0.0.0 Mobile Safari/537.36"
41.90.193.211 - - [03/Aug/2025:18:30:26 +0300] "POST /?wc-ajax=martfury_search_products HTTP/2" 200 0 "https://silvercommercialkitchen.com/?s=Sugarcane+machine+&post_type=product" "Mozilla/5.0 (Linux; Android 10; K) AppleWebKit/537.36 (KHTML, like Gecko) Chrome/138.0.0.0 Mobile Safari/537.36"
41.90.193.211 - - [03/Aug/2025:18:30:26 +0300] "POST /?wc-ajax=martfury_search_products HTTP/2" 200 0 "https://silvercommercialkitchen.com/?s=Sugarcane+machine+&post_type=product" "Mozilla/5.0 (Linux; Android 10; K) AppleWebKit/537.36 (KHTML, like Gecko) Chrome/138.0.0.0 Mobile Safari/537.36"
41.90.193.211 - - [03/Aug/2025:18:30:27 +0300] "POST /?wc-ajax=martfury_search_products HTTP/2" 200 0 "https://silvercommercialkitchen.com/?s=Sugarcane+machine+&post_type=product" "Mozilla/5.0 (Linux; Android 10; K) AppleWebKit/537.36 (KHTML, like Gecko) Chrome/138.0.0.0 Mobile Safari/537.36"
41.90.193.211 - - [03/Aug/2025:18:30:27 +0300] "POST /?wc-ajax=martfury_search_products HTTP/2" 200 0 "https://silvercommercialkitchen.com/?s=Sugarcane+machine+&post_type=product" "Mozilla/5.0 (Linux; Android 10; K) AppleWebKit/537.36 (KHTML, like Gecko) Chrome/138.0.0.0 Mobile Safari/537.36"
41.90.193.211 - - [03/Aug/2025:18:30:28 +0300] "POST /?wc-ajax=martfury_search_products HTTP/2" 200 0 "https://silvercommercialkitchen.com/?s=Sugarcane+machine+&post_type=product" "Mozilla/5.0 (Linux; Android 10; K) AppleWebKit/537.36 (KHTML, like Gecko) Chrome/138.0.0.0 Mobile Safari/537.36"
41.90.193.211 - - [03/Aug/2025:18:30:30 +0300] "POST /?wc-ajax=martfury_search_products HTTP/2" 200 62 "https://silvercommercialkitchen.com/?s=Sugarcane+machine+&post_type=product" "Mozilla/5.0 (Linux; Android 10; K) AppleWebKit/537.36 (KHTML, like Gecko) Chrome/138.0.0.0 Mobile Safari/537.36"
18.97.9.172 - - [03/Aug/2025:18:30:36 +0300] "GET /shopdetail/20485177/ HTTP/2" 404 19567 "-" "CCBot/2.0 (https://commoncrawl.org/faq/)"
57.141.6.19 - - [03/Aug/2025:18:30:56 +0300] "GET /shopdetail/4898000/ HTTP/2" 404 105046 "-" "meta-externalagent/1.1 (+https://developers.facebook.com/docs/sharing/webmasters/crawler)"
18.97.9.172 - - [03/Aug/2025:18:31:13 +0300] "GET /shopdetail/20676577/ HTTP/2" 404 19566 "-" "CCBot/2.0 (https://commoncrawl.org/faq/)"
66.249.79.37 - - [03/Aug/2025:18:31:26 +0300] "GET /shopdetail/30458200/ HTTP/1.1" 200 23307 "-" "Mozilla/5.0 (Linux; Android 6.0.1; Nexus 5X Build/MMB29P) AppleWebKit/537.36 (KHTML, like Gecko) Chrome/138.0.7204.183 Mobile Safari/537.36 (compatible; GoogleOther)"
66.249.79.35 - - [03/Aug/2025:18:31:32 +0300] "GET /shopdetail/27696455/ HTTP/1.1" 200 22116 "-" "Mozilla/5.0 (Linux; Android 6.0.1; Nexus 5X Build/MMB29P) AppleWebKit/537.36 (KHTML, like Gecko) Chrome/138.0.7204.183 Mobile Safari/537.36 (compatible; Googlebot/2.1; +http://www.google.com/bot.html)"
66.249.79.35 - - [03/Aug/2025:18:31:37 +0300] "GET /shopdetail/7318633/ HTTP/1.1" 200 22397 "-" "Mozilla/5.0 (Linux; Android 6.0.1; Nexus 5X Build/MMB29P) AppleWebKit/537.36 (KHTML, like Gecko) Chrome/138.0.7204.183 Mobile Safari/537.36 (compatible; Googlebot/2.1; +http://www.google.com/bot.html)"
66.249.79.35 - - [03/Aug/2025:18:31:38 +0300] "GET /shopdetail/5652900/ HTTP/1.1" 200 22457 "-" "Mozilla/5.0 (Linux; Android 6.0.1; Nexus 5X Build/MMB29P) AppleWebKit/537.36 (KHTML, like Gecko) Chrome/138.0.7204.183 Mobile Safari/537.36 (compatible; Googlebot/2.1; +http://www.google.com/bot.html)"
66.249.79.35 - - [03/Aug/2025:18:31:40 +0300] "GET /shopdetail/9319822/ HTTP/1.1" 200 22980 "-" "Mozilla/5.0 (Linux; Android 6.0.1; Nexus 5X Build/MMB29P) AppleWebKit/537.36 (KHTML, like Gecko) Chrome/138.0.7204.183 Mobile Safari/537.36 (compatible; Googlebot/2.1; +http://www.google.com/bot.html)"
18.97.9.172 - - [03/Aug/2025:18:31:50 +0300] "GET /shopdetail/20505577/ HTTP/2" 404 19567 "-" "CCBot/2.0 (https://commoncrawl.org/faq/)"
66.249.79.35 - - [03/Aug/2025:18:31:52 +0300] "GET /shopdetail/6444211/ HTTP/1.1" 200 22286 "-" "Mozilla/5.0 (Linux; Android 6.0.1; Nexus 5X Build/MMB29P) AppleWebKit/537.36 (KHTML, like Gecko) Chrome/138.0.7204.183 Mobile Safari/537.36 (compatible; Googlebot/2.1; +http://www.google.com/bot.html)"
66.249.79.35 - - [03/Aug/2025:18:31:53 +0300] "GET /shopdetail/18164622/ HTTP/1.1" 200 22646 "-" "Mozilla/5.0 (Linux; Android 6.0.1; Nexus 5X Build/MMB29P) AppleWebKit/537.36 (KHTML, like Gecko) Chrome/138.0.7204.183 Mobile Safari/537.36 (compatible; Googlebot/2.1; +http://www.google.com/bot.html)"
66.249.79.35 - - [03/Aug/2025:18:31:56 +0300] "GET /shopdetail/1887788/ HTTP/1.1" 200 22302 "-" "Mozilla/5.0 (Linux; Android 6.0.1; Nexus 5X Build/MMB29P) AppleWebKit/537.36 (KHTML, like Gecko) Chrome/138.0.7204.183 Mobile Safari/537.36 (compatible; GoogleOther)"
66.249.79.36 - - [03/Aug/2025:18:32:04 +0300] "GET /shopdetail/26908055/ HTTP/1.1" 200 22696 "-" "Mozilla/5.0 (Linux; Android 6.0.1; Nexus 5X Build/MMB29P) AppleWebKit/537.36 (KHTML, like Gecko) Chrome/138.0.7204.183 Mobile Safari/537.36 (compatible; GoogleOther)"
66.249.79.35 - - [03/Aug/2025:18:32:07 +0300] "GET /shopdetail/23636955/ HTTP/1.1" 200 22386 "-" "Mozilla/5.0 (Linux; Android 6.0.1; Nexus 5X Build/MMB29P) AppleWebKit/537.36 (KHTML, like Gecko) Chrome/138.0.7204.183 Mobile Safari/537.36 (compatible; GoogleOther)"
18.97.9.172 - - [03/Aug/2025:18:32:28 +0300] "GET /shopdetail/10673177/ HTTP/2" 404 19567 "-" "CCBot/2.0 (https://commoncrawl.org/faq/)"
57.141.6.6 - - [03/Aug/2025:18:32:53 +0300] "GET /shopdetail/4903400/ HTTP/2" 404 105046 "-" "meta-externalagent/1.1 (+https://developers.facebook.com/docs/sharing/webmasters/crawler)"
18.97.9.172 - - [03/Aug/2025:18:32:59 +0300] "GET /shopdetail/10716377/ HTTP/2" 404 19567 "-" "CCBot/2.0 (https://commoncrawl.org/faq/)"
66.249.79.36 - - [03/Aug/2025:18:33:02 +0300] "GET /shopdetail/18573500/ HTTP/1.1" 200 22580 "-" "Mozilla/5.0 (Linux; Android 6.0.1; Nexus 5X Build/MMB29P) AppleWebKit/537.36 (KHTML, like Gecko) Chrome/138.0.7204.183 Mobile Safari/537.36 (compatible; Googlebot/2.1; +http://www.google.com/bot.html)"
66.249.79.35 - - [03/Aug/2025:18:28:25 +0300] "GET /shopdetail/29768333/ HTTP/1.1" 200 22299 "-" "Mozilla/5.0 (Linux; Android 6.0.1; Nexus 5X Build/MMB29P) AppleWebKit/537.36 (KHTML, like Gecko) Chrome/138.0.7204.183 Mobile Safari/537.36 (compatible; GoogleOther)"
66.249.79.35 - - [03/Aug/2025:18:28:25 +0300] "GET /shopdetail/14519555/ HTTP/1.1" 200 22597 "-" "Mozilla/5.0 (Linux; Android 6.0.1; Nexus 5X Build/MMB29P) AppleWebKit/537.36 (KHTML, like Gecko) Chrome/138.0.7204.183 Mobile Safari/537.36 (compatible; GoogleOther)"
66.249.79.35 - - [03/Aug/2025:18:28:28 +0300] "GET /shopdetail/31346155/ HTTP/1.1" 200 22639 "-" "Mozilla/5.0 (Linux; Android 6.0.1; Nexus 5X Build/MMB29P) AppleWebKit/537.36 (KHTML, like Gecko) Chrome/138.0.7204.183 Mobile Safari/537.36 (compatible; GoogleOther)"
66.249.79.36 - - [03/Aug/2025:18:28:32 +0300] "GET /shopdetail/5994688/ HTTP/1.1" 200 21789 "-" "Mozilla/5.0 (Linux; Android 6.0.1; Nexus 5X Build/MMB29P) AppleWebKit/537.36 (KHTML, like Gecko) Chrome/138.0.7204.183 Mobile Safari/537.36 (compatible; GoogleOther)"
66.249.79.35 - - [03/Aug/2025:18:28:35 +0300] "GET /shopdetail/30649300/ HTTP/1.1" 200 22191 "-" "Mozilla/5.0 (Linux; Android 6.0.1; Nexus 5X Build/MMB29P) AppleWebKit/537.36 (KHTML, like Gecko) Chrome/138.0.7204.183 Mobile Safari/537.36 (compatible; GoogleOther)"
66.249.79.37 - - [03/Aug/2025:18:28:36 +0300] "GET /shopdetail/27583422/ HTTP/1.1" 200 22228 "-" "Mozilla/5.0 (Linux; Android 6.0.1; Nexus 5X Build/MMB29P) AppleWebKit/537.36 (KHTML, like Gecko) Chrome/138.0.7204.183 Mobile Safari/537.36 (compatible; GoogleOther)"
66.249.79.35 - - [03/Aug/2025:18:28:54 +0300] "GET /shopdetail/5672811/ HTTP/1.1" 200 22344 "-" "Mozilla/5.0 (Linux; Android 6.0.1; Nexus 5X Build/MMB29P) AppleWebKit/537.36 (KHTML, like Gecko) Chrome/138.0.7204.183 Mobile Safari/537.36 (compatible; Googlebot/2.1; +http://www.google.com/bot.html)"
57.141.6.16 - - [03/Aug/2025:18:28:57 +0300] "GET /shopdetail/26196111/ HTTP/2" 404 105050 "-" "meta-externalagent/1.1 (+https://developers.facebook.com/docs/sharing/webmasters/crawler)"
66.249.79.35 - - [03/Aug/2025:18:30:40 +0300] "GET /shopdetail/11428400/ HTTP/1.1" 200 21961 "-" "Mozilla/5.0 (Linux; Android 6.0.1; Nexus 5X Build/MMB29P) AppleWebKit/537.36 (KHTML, like Gecko) Chrome/138.0.7204.183 Mobile Safari/537.36 (compatible; GoogleOther)"
57.141.6.4 - - [03/Aug/2025:18:31:54 +0300] "GET /shopdetail/16611500/ HTTP/2" 404 105050 "-" "meta-externalagent/1.1 (+https://developers.facebook.com/docs/sharing/webmasters/crawler)"
66.249.79.36 - - [03/Aug/2025:18:32:09 +0300] "GET /shopdetail/11569711/ HTTP/1.1" 200 22018 "-" "Mozilla/5.0 (Linux; Android 6.0.1; Nexus 5X Build/MMB29P) AppleWebKit/537.36 (KHTML, like Gecko) Chrome/138.0.7204.183 Mobile Safari/537.36 (compatible; GoogleOther)"
66.249.79.35 - - [03/Aug/2025:18:32:32 +0300] "GET /shopdetail/10187700/ HTTP/1.1" 200 22555 "-" "Mozilla/5.0 (Linux; Android 6.0.1; Nexus 5X Build/MMB29P) AppleWebKit/537.36 (KHTML, like Gecko) Chrome/138.0.7204.183 Mobile Safari/537.36 (compatible; Googlebot/2.1; +http://www.google.com/bot.html)"
66.249.79.35 - - [03/Aug/2025:18:32:49 +0300] "GET /shopdetail/7814622/ HTTP/1.1" 200 22136 "-" "Mozilla/5.0 (Linux; Android 6.0.1; Nexus 5X Build/MMB29P) AppleWebKit/537.36 (KHTML, like Gecko) Chrome/138.0.7204.183 Mobile Safari/537.36 (compatible; GoogleOther)"
66.249.79.36 - - [03/Aug/2025:18:34:13 +0300] "GET /shopdetail/18661288/ HTTP/1.1" 200 23460 "-" "Mozilla/5.0 (Linux; Android 6.0.1; Nexus 5X Build/MMB29P) AppleWebKit/537.36 (KHTML, like Gecko) Chrome/138.0.7204.183 Mobile Safari/537.36 (compatible; Googlebot/2.1; +http://www.google.com/bot.html)"
66.249.79.35 - - [03/Aug/2025:18:34:45 +0300] "GET /shopdetail/29480533/ HTTP/1.1" 200 22389 "-" "Mozilla/5.0 (Linux; Android 6.0.1; Nexus 5X Build/MMB29P) AppleWebKit/537.36 (KHTML, like Gecko) Chrome/138.0.7204.183 Mobile Safari/537.36 (compatible; Googlebot/2.1; +http://www.google.com/bot.html)"
66.249.79.35 - - [03/Aug/2025:18:34:55 +0300] "GET /shopdetail/26502100/ HTTP/1.1" 200 22806 "-" "Mozilla/5.0 (Linux; Android 6.0.1; Nexus 5X Build/MMB29P) AppleWebKit/537.36 (KHTML, like Gecko) Chrome/138.0.7204.183 Mobile Safari/537.36 (compatible; GoogleOther)"
57.141.6.24 - - [03/Aug/2025:18:34:53 +0300] "GET /shopdetail/10914088/ HTTP/2" 404 105050 "-" "meta-externalagent/1.1 (+https://developers.facebook.com/docs/sharing/webmasters/crawler)"
66.249.79.36 - - [03/Aug/2025:18:35:06 +0300] "GET /shopdetail/31095544/ HTTP/1.1" 200 21804 "-" "Mozilla/5.0 (Linux; Android 6.0.1; Nexus 5X Build/MMB29P) AppleWebKit/537.36 (KHTML, like Gecko) Chrome/138.0.7204.183 Mobile Safari/537.36 (compatible; GoogleOther)"
95.236.228.179 - - [03/Aug/2025:18:35:12 +0300] "GET /product-brand/generic/page/2/?orderby=rating&product_brand=sab-italy%2Cpremier%2Ccaterina%2Csilver HTTP/2" 200 30155 "-" "Mozilla/5.0 (iPhone; CPU iPhone OS 11_0 like Mac OS X) AppleWebKit/537.36 (KHTML, like Gecko) Chrome/52.0.6417.1150 Mobile Safari/537.36"
95.236.228.179 - - [03/Aug/2025:18:35:24 +0300] "POST /?wc-ajax=get_wishlist_fragments HTTP/2" 200 0 "https://silvercommercialkitchen.com/product-brand/generic/page/2/?orderby=rating&product_brand=sab-italy%2Cpremier%2Ccaterina%2Csilver" "Mozilla/5.0 (iPhone; CPU iPhone OS 11_0 like Mac OS X) AppleWebKit/537.36 (KHTML, like Gecko) Chrome/52.0.6417.1150 Mobile Safari/537.36"
95.236.228.179 - - [03/Aug/2025:18:35:24 +0300] "POST /?wc-ajax=get_refreshed_fragments HTTP/2" 200 0 "https://silvercommercialkitchen.com/product-brand/generic/page/2/?orderby=rating&product_brand=sab-italy%2Cpremier%2Ccaterina%2Csilver" "Mozilla/5.0 (iPhone; CPU iPhone OS 11_0 like Mac OS X) AppleWebKit/537.36 (KHTML, like Gecko) Chrome/52.0.6417.1150 Mobile Safari/537.36"
95.236.228.179 - - [03/Aug/2025:18:35:24 +0300] "POST /?wc-ajax=get_compare_fragments HTTP/2" 200 0 "https://silvercommercialkitchen.com/product-brand/generic/page/2/?orderby=rating&product_brand=sab-italy%2Cpremier%2Ccaterina%2Csilver" "Mozilla/5.0 (iPhone; CPU iPhone OS 11_0 like Mac OS X) AppleWebKit/537.36 (KHTML, like Gecko) Chrome/52.0.6417.1150 Mobile Safari/537.36"
57.141.6.21 - - [03/Aug/2025:18:35:45 +0300] "GET /product-category/restaurant-equipment/page/2/?orderby=price&add_to_compare=3932 HTTP/2" 200 232810 "-" "meta-externalagent/1.1 (+https://developers.facebook.com/docs/sharing/webmasters/crawler)"
66.249.79.35 - - [03/Aug/2025:18:36:14 +0300] "GET /shopdetail/12427333/ HTTP/1.1" 200 22002 "-" "Mozilla/5.0 (Linux; Android 6.0.1; Nexus 5X Build/MMB29P) AppleWebKit/537.36 (KHTML, like Gecko) Chrome/138.0.7204.183 Mobile Safari/537.36 (compatible; Googlebot/2.1; +http://www.google.com/bot.html)"
66.249.79.35 - - [03/Aug/2025:18:36:29 +0300] "GET /shopdetail/28695033/ HTTP/1.1" 200 21876 "-" "Mozilla/5.0 (Linux; Android 6.0.1; Nexus 5X Build/MMB29P) AppleWebKit/537.36 (KHTML, like Gecko) Chrome/138.0.7204.183 Mobile Safari/537.36 (compatible; GoogleOther)"
57.141.6.24 - - [03/Aug/2025:18:36:41 +0300] "GET /shopdetail/25464811/ HTTP/2" 404 105050 "-" "meta-externalagent/1.1 (+https://developers.facebook.com/docs/sharing/webmasters/crawler)"
66.249.79.35 - - [03/Aug/2025:18:37:06 +0300] "GET /shopdetail/8731033/ HTTP/1.1" 200 22900 "-" "Mozilla/5.0 (Linux; Android 6.0.1; Nexus 5X Build/MMB29P) AppleWebKit/537.36 (KHTML, like Gecko) Chrome/138.0.7204.183 Mobile Safari/537.36 (compatible; Googlebot/2.1; +http://www.google.com/bot.html)"
66.249.79.36 - - [03/Aug/2025:18:37:30 +0300] "GET /shopdetail/2649000/ HTTP/1.1" 200 22158 "-" "Mozilla/5.0 (Linux; Android 6.0.1; Nexus 5X Build/MMB29P) AppleWebKit/537.36 (KHTML, like Gecko) Chrome/138.0.7204.183 Mobile Safari/537.36 (compatible; GoogleOther)"
66.249.79.35 - - [03/Aug/2025:18:37:44 +0300] "GET /shopdetail/29655933/ HTTP/1.1" 200 22434 "-" "Mozilla/5.0 (Linux; Android 6.0.1; Nexus 5X Build/MMB29P) AppleWebKit/537.36 (KHTML, like Gecko) Chrome/138.0.7204.183 Mobile Safari/537.36 (compatible; Googlebot/2.1; +http://www.google.com/bot.html)"
66.249.79.36 - - [03/Aug/2025:18:33:04 +0300] "GET /shopdetail/30576000/ HTTP/1.1" 200 22613 "-" "Mozilla/5.0 (Linux; Android 6.0.1; Nexus 5X Build/MMB29P) AppleWebKit/537.36 (KHTML, like Gecko) Chrome/138.0.7204.183 Mobile Safari/537.36 (compatible; Googlebot/2.1; +http://www.google.com/bot.html)"
66.249.79.36 - - [03/Aug/2025:18:33:11 +0300] "GET /shopdetail/14587633/ HTTP/1.1" 200 22585 "-" "Mozilla/5.0 (Linux; Android 6.0.1; Nexus 5X Build/MMB29P) AppleWebKit/537.36 (KHTML, like Gecko) Chrome/138.0.7204.183 Mobile Safari/537.36 (compatible; GoogleOther)"
18.97.9.172 - - [03/Aug/2025:18:33:35 +0300] "GET /shopdetail/20628577/ HTTP/2" 404 19567 "-" "CCBot/2.0 (https://commoncrawl.org/faq/)"
57.141.6.13 - - [03/Aug/2025:18:33:51 +0300] "GET /shop/page/11/?orderby=rating&add_to_compare=4824 HTTP/2" 200 183747 "-" "meta-externalagent/1.1 (+https://developers.facebook.com/docs/sharing/webmasters/crawler)"
18.97.9.172 - - [03/Aug/2025:18:34:12 +0300] "GET /shopdetail/10864577/ HTTP/2" 404 19567 "-" "CCBot/2.0 (https://commoncrawl.org/faq/)"
66.249.79.36 - - [03/Aug/2025:18:34:26 +0300] "GET /shopdetail/29817899/ HTTP/1.1" 200 22437 "-" "Mozilla/5.0 (Linux; Android 6.0.1; Nexus 5X Build/MMB29P) AppleWebKit/537.36 (KHTML, like Gecko) Chrome/138.0.7204.183 Mobile Safari/537.36 (compatible; GoogleOther)"
66.249.79.35 - - [03/Aug/2025:18:34:52 +0300] "GET /shopdetail/7333677/ HTTP/1.1" 200 22174 "-" "Mozilla/5.0 (Linux; Android 6.0.1; Nexus 5X Build/MMB29P) AppleWebKit/537.36 (KHTML, like Gecko) Chrome/138.0.7204.183 Mobile Safari/537.36 (compatible; Googlebot/2.1; +http://www.google.com/bot.html)"
18.97.9.172 - - [03/Aug/2025:18:34:50 +0300] "GET /shopdetail/10932977/ HTTP/2" 404 19567 "-" "CCBot/2.0 (https://commoncrawl.org/faq/)"
66.249.79.36 - - [03/Aug/2025:18:35:19 +0300] "GET /shopdetail/25086122/ HTTP/1.1" 200 22020 "-" "Mozilla/5.0 (Linux; Android 6.0.1; Nexus 5X Build/MMB29P) AppleWebKit/537.36 (KHTML, like Gecko) Chrome/138.0.7204.183 Mobile Safari/537.36 (compatible; GoogleOther)"
18.97.9.172 - - [03/Aug/2025:18:35:25 +0300] "GET /shopdetail/10907777/ HTTP/2" 404 19567 "-" "CCBot/2.0 (https://commoncrawl.org/faq/)"
66.249.79.37 - - [03/Aug/2025:18:36:04 +0300] "GET /shopdetail/27814633/ HTTP/1.1" 200 23621 "-" "Mozilla/5.0 (Linux; Android 6.0.1; Nexus 5X Build/MMB29P) AppleWebKit/537.36 (KHTML, like Gecko) Chrome/138.0.7204.183 Mobile Safari/537.36 (compatible; Googlebot/2.1; +http://www.google.com/bot.html)"
18.97.9.172 - - [03/Aug/2025:18:36:02 +0300] "GET /shopdetail/10694777/ HTTP/2" 404 19567 "-" "CCBot/2.0 (https://commoncrawl.org/faq/)"
66.249.79.35 - - [03/Aug/2025:18:36:09 +0300] "GET /shopdetail/10618966/ HTTP/1.1" 200 22266 "-" "Mozilla/5.0 (Linux; Android 6.0.1; Nexus 5X Build/MMB29P) AppleWebKit/537.36 (KHTML, like Gecko) Chrome/138.0.7204.183 Mobile Safari/537.36 (compatible; GoogleOther)"
18.97.9.172 - - [03/Aug/2025:18:36:33 +0300] "GET /shopdetail/10669577/ HTTP/2" 404 19567 "-" "CCBot/2.0 (https://commoncrawl.org/faq/)"
18.97.9.172 - - [03/Aug/2025:18:37:07 +0300] "GET /shopdetail/20631577/ HTTP/2" 404 19567 "-" "CCBot/2.0 (https://commoncrawl.org/faq/)"
57.141.6.13 - - [03/Aug/2025:18:37:34 +0300] "GET /shopdetail/2481377/ HTTP/2" 404 105046 "-" "meta-externalagent/1.1 (+https://developers.facebook.com/docs/sharing/webmasters/crawler)"
18.97.9.172 - - [03/Aug/2025:18:37:42 +0300] "GET /shopdetail/10672577/ HTTP/2" 404 19567 "-" "CCBot/2.0 (https://commoncrawl.org/faq/)"
66.249.79.35 - - [03/Aug/2025:18:38:09 +0300] "GET /shopdetail/1875755/ HTTP/1.1" 200 22080 "-" "Mozilla/5.0 (Linux; Android 6.0.1; Nexus 5X Build/MMB29P) AppleWebKit/537.36 (KHTML, like Gecko) Chrome/138.0.7204.183 Mobile Safari/537.36 (compatible; GoogleOther)"
18.97.9.172 - - [03/Aug/2025:18:38:17 +0300] "GET /shopdetail/10650377/ HTTP/2" 404 19567 "-" "CCBot/2.0 (https://commoncrawl.org/faq/)"
57.141.6.3 - - [03/Aug/2025:18:38:28 +0300] "GET /shopdetail/8497622/ HTTP/2" 404 105046 "-" "meta-externalagent/1.1 (+https://developers.facebook.com/docs/sharing/webmasters/crawler)"
66.249.79.35 - - [03/Aug/2025:18:38:29 +0300] "GET /shopdetail/10874633/ HTTP/1.1" 200 21657 "-" "Mozilla/5.0 (Linux; Android 6.0.1; Nexus 5X Build/MMB29P) AppleWebKit/537.36 (KHTML, like Gecko) Chrome/138.0.7204.183 Mobile Safari/537.36 (compatible; GoogleOther)"
66.249.79.35 - - [03/Aug/2025:18:38:30 +0300] "GET /shopdetail/29953422/ HTTP/1.1" 200 22628 "-" "Mozilla/5.0 (Linux; Android 6.0.1; Nexus 5X Build/MMB29P) AppleWebKit/537.36 (KHTML, like Gecko) Chrome/138.0.7204.183 Mobile Safari/537.36 (compatible; GoogleOther)"
18.97.9.172 - - [03/Aug/2025:18:38:51 +0300] "GET /shopdetail/10748177/ HTTP/2" 404 19567 "-" "CCBot/2.0 (https://commoncrawl.org/faq/)"
159.223.60.13 - - [03/Aug/2025:18:39:10 +0300] "GET /product-brand/generic/page/2/?orderby=rating&product_brand=sab-italy%2Cpremier%2Ccaterina%2Csilver HTTP/2" 200 30155 "https://silvercommercialkitchen.com/" "Mozilla/5.0 (Macintosh; Intel Mac OS X 10_15_7) AppleWebKit/605.1.15 (KHTML, like Gecko) Version/18.1 Safari/605.1.15"
66.249.79.37 - - [03/Aug/2025:18:39:22 +0300] "GET /shopdetail/9235299/ HTTP/1.1" 200 22076 "-" "Mozilla/5.0 (Linux; Android 6.0.1; Nexus 5X Build/MMB29P) AppleWebKit/537.36 (KHTML, like Gecko) Chrome/138.0.7204.183 Mobile Safari/537.36 (compatible; GoogleOther)"
18.97.9.172 - - [03/Aug/2025:18:39:26 +0300] "GET /shopdetail/10816577/ HTTP/2" 404 19567 "-" "CCBot/2.0 (https://commoncrawl.org/faq/)"
66.249.79.36 - - [03/Aug/2025:18:39:44 +0300] "GET /shopdetail/22194188/ HTTP/1.1" 200 22345 "-" "Mozilla/5.0 (Linux; Android 6.0.1; Nexus 5X Build/MMB29P) AppleWebKit/537.36 (KHTML, like Gecko) Chrome/138.0.7204.183 Mobile Safari/537.36 (compatible; GoogleOther)"
18.97.9.172 - - [03/Aug/2025:18:39:59 +0300] "GET /shopdetail/20435977/ HTTP/2" 404 19567 "-" "CCBot/2.0 (https://commoncrawl.org/faq/)"
66.249.79.36 - - [03/Aug/2025:18:40:24 +0300] "GET /shopdetail/6559688/ HTTP/1.1" 200 22567 "-" "Mozilla/5.0 (Linux; Android 6.0.1; Nexus 5X Build/MMB29P) AppleWebKit/537.36 (KHTML, like Gecko) Chrome/138.0.7204.183 Mobile Safari/537.36 (compatible; Googlebot/2.1; +http://www.google.com/bot.html)"
66.249.79.35 - - [03/Aug/2025:18:40:30 +0300] "GET /shopdetail/30358344/ HTTP/1.1" 200 23051 "-" "Mozilla/5.0 (Linux; Android 6.0.1; Nexus 5X Build/MMB29P) AppleWebKit/537.36 (KHTML, like Gecko) Chrome/138.0.7204.183 Mobile Safari/537.36 (compatible; Googlebot/2.1; +http://www.google.com/bot.html)"
18.97.9.172 - - [03/Aug/2025:18:40:35 +0300] "GET /shopdetail/10815977/ HTTP/2" 404 19567 "-" "CCBot/2.0 (https://commoncrawl.org/faq/)"
66.249.79.35 - - [03/Aug/2025:18:40:43 +0300] "GET /shopdetail/28777744/ HTTP/1.1" 200 21881 "-" "Mozilla/5.0 (Linux; Android 6.0.1; Nexus 5X Build/MMB29P) AppleWebKit/537.36 (KHTML, like Gecko) Chrome/138.0.7204.183 Mobile Safari/537.36 (compatible; GoogleOther)"
66.249.79.35 - - [03/Aug/2025:18:41:05 +0300] "GET /shopdetail/20693755/ HTTP/1.1" 200 22428 "-" "Mozilla/5.0 (Linux; Android 6.0.1; Nexus 5X Build/MMB29P) AppleWebKit/537.36 (KHTML, like Gecko) Chrome/138.0.7204.183 Mobile Safari/537.36 (compatible; GoogleOther)"
18.97.9.172 - - [03/Aug/2025:18:41:11 +0300] "GET /shopdetail/10920377/ HTTP/2" 404 19567 "-" "CCBot/2.0 (https://commoncrawl.org/faq/)"
66.249.79.36 - - [03/Aug/2025:18:41:20 +0300] "GET /shopdetail/9569599/ HTTP/1.1" 200 22126 "-" "Mozilla/5.0 (Linux; Android 6.0.1; Nexus 5X Build/MMB29P) AppleWebKit/537.36 (KHTML, like Gecko) Chrome/138.0.7204.183 Mobile Safari/537.36 (compatible; GoogleOther)"
18.97.9.172 - - [03/Aug/2025:18:41:45 +0300] "GET /shopdetail/10895777/ HTTP/2" 404 19567 "-" "CCBot/2.0 (https://commoncrawl.org/faq/)"
66.249.79.36 - - [03/Aug/2025:18:42:14 +0300] "GET /shopdetail/29421622/ HTTP/1.1" 200 21935 "-" "Mozilla/5.0 (Linux; Android 6.0.1; Nexus 5X Build/MMB29P) AppleWebKit/537.36 (KHTML, like Gecko) Chrome/138.0.7204.183 Mobile Safari/537.36 (compatible; GoogleOther)"
18.97.9.172 - - [03/Aug/2025:18:42:21 +0300] "GET /shopdetail/20594377/ HTTP/2" 404 19567 "-" "CCBot/2.0 (https://commoncrawl.org/faq/)"
66.249.79.35 - - [03/Aug/2025:18:37:54 +0300] "GET /shopdetail/22552033/ HTTP/1.1" 200 22708 "-" "Mozilla/5.0 (Linux; Android 6.0.1; Nexus 5X Build/MMB29P) AppleWebKit/537.36 (KHTML, like Gecko) Chrome/138.0.7204.183 Mobile Safari/537.36 (compatible; GoogleOther)"
66.249.79.36 - - [03/Aug/2025:18:38:16 +0300] "GET /shopdetail/15696400/ HTTP/1.1" 200 23019 "-" "Mozilla/5.0 (Linux; Android 6.0.1; Nexus 5X Build/MMB29P) AppleWebKit/537.36 (KHTML, like Gecko) Chrome/138.0.7204.183 Mobile Safari/537.36 (compatible; Googlebot/2.1; +http://www.google.com/bot.html)"
161.123.224.21 - - [03/Aug/2025:18:39:11 +0300] "GET /product-brand/generic/page/2/?orderby=rating&product_brand=sab-italy%2Cpremier%2Ccaterina%2Csilver HTTP/2" 200 30155 "https://silvercommercialkitchen.com/" "Mozilla/5.0 (Macintosh; Intel Mac OS X 10_15_7) AppleWebKit/605.1.15 (KHTML, like Gecko) Version/18.1 Safari/605.1.15"
91.245.131.101 - - [03/Aug/2025:18:39:11 +0300] "GET /product-brand/generic/page/2/?orderby=rating&product_brand=sab-italy%2Cpremier%2Ccaterina%2Csilver HTTP/2" 200 30155 "https://silvercommercialkitchen.com/" "Mozilla/5.0 (Macintosh; Intel Mac OS X 10_15_7) AppleWebKit/605.1.15 (KHTML, like Gecko) Version/18.1 Safari/605.1.15"
57.141.6.22 - - [03/Aug/2025:18:39:19 +0300] "GET /shopdetail/2849177/ HTTP/2" 404 105046 "-" "meta-externalagent/1.1 (+https://developers.facebook.com/docs/sharing/webmasters/crawler)"
57.141.6.20 - - [03/Aug/2025:18:40:11 +0300] "GET /shopdetail/2454977/ HTTP/2" 404 105046 "-" "meta-externalagent/1.1 (+https://developers.facebook.com/docs/sharing/webmasters/crawler)"
66.249.79.37 - - [03/Aug/2025:18:40:14 +0300] "GET /shopdetail/30649788/ HTTP/1.1" 200 22720 "-" "Mozilla/5.0 (Linux; Android 6.0.1; Nexus 5X Build/MMB29P) AppleWebKit/537.36 (KHTML, like Gecko) Chrome/138.0.7204.183 Mobile Safari/537.36 (compatible; Googlebot/2.1; +http://www.google.com/bot.html)"
57.141.6.31 - - [03/Aug/2025:18:41:04 +0300] "GET /shopdetail/26310711/ HTTP/2" 404 105050 "-" "meta-externalagent/1.1 (+https://developers.facebook.com/docs/sharing/webmasters/crawler)"
66.249.79.36 - - [03/Aug/2025:18:41:21 +0300] "GET /shopdetail/7091311/ HTTP/1.1" 200 22886 "-" "Mozilla/5.0 (Linux; Android 6.0.1; Nexus 5X Build/MMB29P) AppleWebKit/537.36 (KHTML, like Gecko) Chrome/138.0.7204.183 Mobile Safari/537.36 (compatible; Googlebot/2.1; +http://www.google.com/bot.html)"
66.249.79.35 - - [03/Aug/2025:18:41:29 +0300] "GET /shopdetail/2311211/ HTTP/1.1" 200 21984 "-" "Mozilla/5.0 (Linux; Android 6.0.1; Nexus 5X Build/MMB29P) AppleWebKit/537.36 (KHTML, like Gecko) Chrome/138.0.7204.183 Mobile Safari/537.36 (compatible; GoogleOther)"
57.141.6.2 - - [03/Aug/2025:18:41:57 +0300] "GET /shopdetail/29676444/ HTTP/2" 404 105050 "-" "meta-externalagent/1.1 (+https://developers.facebook.com/docs/sharing/webmasters/crawler)"
66.249.79.35 - - [03/Aug/2025:18:42:38 +0300] "GET /shopdetail/28505622/ HTTP/1.1" 200 22454 "-" "Mozilla/5.0 (Linux; Android 6.0.1; Nexus 5X Build/MMB29P) AppleWebKit/537.36 (KHTML, like Gecko) Chrome/138.0.7204.183 Mobile Safari/537.36 (compatible; GoogleOther)"
66.249.79.35 - - [03/Aug/2025:18:42:40 +0300] "GET /shopdetail/7437477/ HTTP/1.1" 200 22471 "-" "Mozilla/5.0 (Linux; Android 6.0.1; Nexus 5X Build/MMB29P) AppleWebKit/537.36 (KHTML, like Gecko) Chrome/138.0.7204.183 Mobile Safari/537.36 (compatible; Googlebot/2.1; +http://www.google.com/bot.html)"
57.141.6.5 - - [03/Aug/2025:18:42:50 +0300] "GET /shopdetail/16296500/ HTTP/2" 404 105050 "-" "meta-externalagent/1.1 (+https://developers.facebook.com/docs/sharing/webmasters/crawler)"
66.249.79.37 - - [03/Aug/2025:18:43:07 +0300] "GET /shopdetail/25278877/ HTTP/1.1" 200 21680 "-" "Mozilla/5.0 (Linux; Android 6.0.1; Nexus 5X Build/MMB29P) AppleWebKit/537.36 (KHTML, like Gecko) Chrome/138.0.7204.183 Mobile Safari/537.36 (compatible; GoogleOther)"
57.141.6.5 - - [03/Aug/2025:18:43:42 +0300] "GET /shopdetail/4857155/ HTTP/2" 404 105046 "-" "meta-externalagent/1.1 (+https://developers.facebook.com/docs/sharing/webmasters/crawler)"
66.249.79.35 - - [03/Aug/2025:18:42:24 +0300] "GET /shopdetail/12077800/ HTTP/1.1" 200 22344 "-" "Mozilla/5.0 (Linux; Android 6.0.1; Nexus 5X Build/MMB29P) AppleWebKit/537.36 (KHTML, like Gecko) Chrome/138.0.7204.183 Mobile Safari/537.36 (compatible; Googlebot/2.1; +http://www.google.com/bot.html)"
18.97.9.172 - - [03/Aug/2025:18:42:58 +0300] "GET /shopdetail/10555577/ HTTP/2" 404 19567 "-" "CCBot/2.0 (https://commoncrawl.org/faq/)"
18.97.9.172 - - [03/Aug/2025:18:43:33 +0300] "GET /shopdetail/10623977/ HTTP/2" 404 19567 "-" "CCBot/2.0 (https://commoncrawl.org/faq/)"
66.249.79.36 - - [03/Aug/2025:18:43:38 +0300] "GET /shopdetail/2078677/ HTTP/1.1" 200 21940 "-" "Mozilla/5.0 (Linux; Android 6.0.1; Nexus 5X Build/MMB29P) AppleWebKit/537.36 (KHTML, like Gecko) Chrome/138.0.7204.183 Mobile Safari/537.36 (compatible; Googlebot/2.1; +http://www.google.com/bot.html)"
18.97.9.172 - - [03/Aug/2025:18:44:07 +0300] "GET /shopdetail/10533377/ HTTP/2" 404 19567 "-" "CCBot/2.0 (https://commoncrawl.org/faq/)"
18.97.9.172 - - [03/Aug/2025:18:44:37 +0300] "GET /shopdetail/10851377/ HTTP/2" 404 19567 "-" "CCBot/2.0 (https://commoncrawl.org/faq/)"
66.249.79.35 - - [03/Aug/2025:18:44:45 +0300] "GET /shopdetail/11061388/ HTTP/1.1" 200 22434 "-" "Mozilla/5.0 (Linux; Android 6.0.1; Nexus 5X Build/MMB29P) AppleWebKit/537.36 (KHTML, like Gecko) Chrome/138.0.7204.183 Mobile Safari/537.36 (compatible; GoogleOther)"
66.249.79.35 - - [03/Aug/2025:18:44:47 +0300] "GET /shopdetail/31334388/ HTTP/1.1" 200 22559 "-" "Mozilla/5.0 (Linux; Android 6.0.1; Nexus 5X Build/MMB29P) AppleWebKit/537.36 (KHTML, like Gecko) Chrome/138.0.7204.183 Mobile Safari/537.36 (compatible; GoogleOther)"
66.249.79.36 - - [03/Aug/2025:18:45:09 +0300] "GET /shopdetail/3396944/ HTTP/1.1" 200 22393 "-" "Mozilla/5.0 (Linux; Android 6.0.1; Nexus 5X Build/MMB29P) AppleWebKit/537.36 (KHTML, like Gecko) Chrome/138.0.7204.183 Mobile Safari/537.36 (compatible; GoogleOther)"
18.97.9.172 - - [03/Aug/2025:18:45:10 +0300] "GET /shopdetail/20470777/ HTTP/2" 404 19567 "-" "CCBot/2.0 (https://commoncrawl.org/faq/)"
66.249.79.36 - - [03/Aug/2025:18:45:14 +0300] "GET /shopdetail/27504711/ HTTP/1.1" 200 22625 "-" "Mozilla/5.0 (Linux; Android 6.0.1; Nexus 5X Build/MMB29P) AppleWebKit/537.36 (KHTML, like Gecko) Chrome/138.0.7204.183 Mobile Safari/537.36 (compatible; GoogleOther)"
66.249.79.35 - - [03/Aug/2025:18:45:23 +0300] "GET /shopdetail/4026666/ HTTP/1.1" 200 22176 "-" "Mozilla/5.0 (Linux; Android 6.0.1; Nexus 5X Build/MMB29P) AppleWebKit/537.36 (KHTML, like Gecko) Chrome/138.0.7204.183 Mobile Safari/537.36 (compatible; GoogleOther)"
66.249.79.35 - - [03/Aug/2025:18:45:29 +0300] "GET /shopdetail/28603833/ HTTP/1.1" 200 22912 "-" "Mozilla/5.0 (Linux; Android 6.0.1; Nexus 5X Build/MMB29P) AppleWebKit/537.36 (KHTML, like Gecko) Chrome/138.0.7204.183 Mobile Safari/537.36 (compatible; GoogleOther)"
66.249.79.35 - - [03/Aug/2025:18:45:39 +0300] "GET /shopdetail/6726133/ HTTP/1.1" 200 22005 "-" "Mozilla/5.0 (Linux; Android 6.0.1; Nexus 5X Build/MMB29P) AppleWebKit/537.36 (KHTML, like Gecko) Chrome/138.0.7204.183 Mobile Safari/537.36 (compatible; Googlebot/2.1; +http://www.google.com/bot.html)"
18.97.9.172 - - [03/Aug/2025:18:45:42 +0300] "GET /shopdetail/10724777/ HTTP/2" 404 19567 "-" "CCBot/2.0 (https://commoncrawl.org/faq/)"
66.249.79.35 - - [03/Aug/2025:18:45:48 +0300] "GET /shopdetail/2369755/ HTTP/1.1" 200 22147 "-" "Mozilla/5.0 (Linux; Android 6.0.1; Nexus 5X Build/MMB29P) AppleWebKit/537.36 (KHTML, like Gecko) Chrome/138.0.7204.183 Mobile Safari/537.36 (compatible; GoogleOther)"
66.249.79.35 - - [03/Aug/2025:18:45:54 +0300] "GET /shopdetail/30832655/ HTTP/1.1" 200 22853 "-" "Mozilla/5.0 (Linux; Android 6.0.1; Nexus 5X Build/MMB29P) AppleWebKit/537.36 (KHTML, like Gecko) Chrome/138.0.7204.183 Mobile Safari/537.36 (compatible; GoogleOther)"
66.249.79.35 - - [03/Aug/2025:18:43:55 +0300] "GET /shopdetail/26089988/ HTTP/1.1" 200 22244 "-" "Mozilla/5.0 (Linux; Android 6.0.1; Nexus 5X Build/MMB29P) AppleWebKit/537.36 (KHTML, like Gecko) Chrome/138.0.7204.183 Mobile Safari/537.36 (compatible; GoogleOther)"
66.249.79.36 - - [03/Aug/2025:18:44:29 +0300] "GET /shopdetail/1466188/ HTTP/1.1" 200 22139 "-" "Mozilla/5.0 (Linux; Android 6.0.1; Nexus 5X Build/MMB29P) AppleWebKit/537.36 (KHTML, like Gecko) Chrome/138.0.7204.183 Mobile Safari/537.36 (compatible; Googlebot/2.1; +http://www.google.com/bot.html)"
