57.141.6.10 - - [03/Aug/2025:15:45:55 +0300] "GET /shopdetail/4760555/ HTTP/2" 404 105046 "-" "meta-externalagent/1.1 (+https://developers.facebook.com/docs/sharing/webmasters/crawler)"
57.141.6.20 - - [03/Aug/2025:15:46:26 +0300] "GET /shopdetail/22202499/ HTTP/2" 404 105050 "-" "meta-externalagent/1.1 (+https://developers.facebook.com/docs/sharing/webmasters/crawler)"
66.249.79.35 - - [03/Aug/2025:15:46:46 +0300] "GET /shopdetail/22736900/ HTTP/1.1" 200 21854 "-" "Mozilla/5.0 (Linux; Android 6.0.1; Nexus 5X Build/MMB29P) AppleWebKit/537.36 (KHTML, like Gecko) Chrome/138.0.7204.183 Mobile Safari/537.36 (compatible; GoogleOther)"
66.249.79.35 - - [03/Aug/2025:15:46:48 +0300] "GET /shopdetail/17341911/ HTTP/1.1" 200 21855 "-" "Mozilla/5.0 (Linux; Android 6.0.1; Nexus 5X Build/MMB29P) AppleWebKit/537.36 (KHTML, like Gecko) Chrome/138.0.7204.183 Mobile Safari/537.36 (compatible; GoogleOther)"
66.249.79.35 - - [03/Aug/2025:15:46:57 +0300] "GET /shopdetail/22547355/ HTTP/1.1" 200 23131 "-" "Mozilla/5.0 (Linux; Android 6.0.1; Nexus 5X Build/MMB29P) AppleWebKit/537.36 (KHTML, like Gecko) Chrome/138.0.7204.183 Mobile Safari/537.36 (compatible; GoogleOther)"
66.249.79.35 - - [03/Aug/2025:15:47:02 +0300] "GET /shopdetail/20387655/ HTTP/1.1" 200 22272 "-" "Mozilla/5.0 (Linux; Android 6.0.1; Nexus 5X Build/MMB29P) AppleWebKit/537.36 (KHTML, like Gecko) Chrome/138.0.7204.183 Mobile Safari/537.36 (compatible; Googlebot/2.1; +http://www.google.com/bot.html)"
66.249.79.35 - - [03/Aug/2025:15:47:05 +0300] "GET /shopdetail/26558799/ HTTP/1.1" 200 22212 "-" "Mozilla/5.0 (Linux; Android 6.0.1; Nexus 5X Build/MMB29P) AppleWebKit/537.36 (KHTML, like Gecko) Chrome/138.0.7204.183 Mobile Safari/537.36 (compatible; GoogleOther)"
57.141.6.9 - - [03/Aug/2025:15:47:06 +0300] "GET /shopdetail/4905200/ HTTP/2" 404 105046 "-" "meta-externalagent/1.1 (+https://developers.facebook.com/docs/sharing/webmasters/crawler)"
66.249.79.36 - - [03/Aug/2025:15:47:09 +0300] "GET /shopdetail/21763999/ HTTP/1.1" 200 22293 "-" "Mozilla/5.0 (Linux; Android 6.0.1; Nexus 5X Build/MMB29P) AppleWebKit/537.36 (KHTML, like Gecko) Chrome/138.0.7204.183 Mobile Safari/537.36 (compatible; GoogleOther)"
66.249.79.35 - - [03/Aug/2025:15:47:15 +0300] "GET /shopdetail/21750633/ HTTP/1.1" 200 22521 "-" "Mozilla/5.0 (Linux; Android 6.0.1; Nexus 5X Build/MMB29P) AppleWebKit/537.36 (KHTML, like Gecko) Chrome/138.0.7204.183 Mobile Safari/537.36 (compatible; GoogleOther)"
40.77.167.47 - - [03/Aug/2025:15:46:48 +0300] "GET /sitemap.rss HTTP/2" 200 22188 "-" "Mozilla/5.0 AppleWebKit/537.36 (KHTML, like Gecko; compatible; bingbot/2.0; +http://www.bing.com/bingbot.htm) Chrome/116.0.1938.76 Safari/537.36"
57.141.6.7 - - [03/Aug/2025:15:46:51 +0300] "GET /shopdetail/12214044/ HTTP/2" 404 105050 "-" "meta-externalagent/1.1 (+https://developers.facebook.com/docs/sharing/webmasters/crawler)"
66.249.79.35 - - [03/Aug/2025:15:47:20 +0300] "GET /shopdetail/22583122/ HTTP/1.1" 200 22110 "-" "Mozilla/5.0 (Linux; Android 6.0.1; Nexus 5X Build/MMB29P) AppleWebKit/537.36 (KHTML, like Gecko) Chrome/138.0.7204.183 Mobile Safari/537.36 (compatible; Googlebot/2.1; +http://www.google.com/bot.html)"
66.249.79.35 - - [03/Aug/2025:15:47:22 +0300] "GET /shopdetail/5317511/ HTTP/1.1" 200 22012 "-" "Mozilla/5.0 (Linux; Android 6.0.1; Nexus 5X Build/MMB29P) AppleWebKit/537.36 (KHTML, like Gecko) Chrome/138.0.7204.183 Mobile Safari/537.36 (compatible; GoogleOther)"
66.249.79.35 - - [03/Aug/2025:15:47:26 +0300] "GET /shopdetail/9704655/ HTTP/1.1" 200 21489 "-" "Mozilla/5.0 (Linux; Android 6.0.1; Nexus 5X Build/MMB29P) AppleWebKit/537.36 (KHTML, like Gecko) Chrome/138.0.7204.183 Mobile Safari/537.36 (compatible; Googlebot/2.1; +http://www.google.com/bot.html)"
66.249.79.35 - - [03/Aug/2025:15:47:27 +0300] "GET /shopdetail/16605933/ HTTP/1.1" 200 22439 "-" "Mozilla/5.0 (Linux; Android 6.0.1; Nexus 5X Build/MMB29P) AppleWebKit/537.36 (KHTML, like Gecko) Chrome/138.0.7204.183 Mobile Safari/537.36 (compatible; GoogleOther)"
66.249.79.35 - - [03/Aug/2025:15:47:29 +0300] "GET /shopdetail/26869000/ HTTP/1.1" 200 22593 "-" "Mozilla/5.0 (Linux; Android 6.0.1; Nexus 5X Build/MMB29P) AppleWebKit/537.36 (KHTML, like Gecko) Chrome/138.0.7204.183 Mobile Safari/537.36 (compatible; GoogleOther)"
41.79.11.6 - - [03/Aug/2025:15:47:38 +0300] "GET /wp-login.php HTTP/1.1" 200 6948 "-" "Mozilla/5.0 (Windows NT 10.0; WOW64; Trident/7.0; rv:11.0) like Gecko"
66.249.79.36 - - [03/Aug/2025:15:47:45 +0300] "GET /shopdetail/1692944/ HTTP/1.1" 200 21960 "-" "Mozilla/5.0 (Linux; Android 6.0.1; Nexus 5X Build/MMB29P) AppleWebKit/537.36 (KHTML, like Gecko) Chrome/138.0.7204.183 Mobile Safari/537.36 (compatible; GoogleOther)"
66.249.79.35 - - [03/Aug/2025:15:47:46 +0300] "GET /robots.txt HTTP/1.1" 200 80 "-" "Mozilla/5.0 (compatible; Googlebot/2.1; +http://www.google.com/bot.html)"
57.141.6.15 - - [03/Aug/2025:15:47:44 +0300] "GET /shopdetail/29581044/ HTTP/2" 404 105050 "-" "meta-externalagent/1.1 (+https://developers.facebook.com/docs/sharing/webmasters/crawler)"
66.249.79.36 - - [03/Aug/2025:15:47:47 +0300] "GET /shopdetail/8700477/ HTTP/1.1" 200 22289 "-" "Mozilla/5.0 (Linux; Android 6.0.1; Nexus 5X Build/MMB29P) AppleWebKit/537.36 (KHTML, like Gecko) Chrome/138.0.7204.183 Mobile Safari/537.36 (compatible; GoogleOther)"
66.249.79.35 - - [03/Aug/2025:15:47:54 +0300] "GET /shopdetail/25057566/ HTTP/1.1" 200 22235 "-" "Mozilla/5.0 (Linux; Android 6.0.1; Nexus 5X Build/MMB29P) AppleWebKit/537.36 (KHTML, like Gecko) Chrome/138.0.7204.183 Mobile Safari/537.36 (compatible; GoogleOther)"
66.249.79.36 - - [03/Aug/2025:15:47:56 +0300] "GET /shopdetail/4367599/ HTTP/1.1" 200 22222 "-" "Mozilla/5.0 (Linux; Android 6.0.1; Nexus 5X Build/MMB29P) AppleWebKit/537.36 (KHTML, like Gecko) Chrome/138.0.7204.183 Mobile Safari/537.36 (compatible; GoogleOther)"
66.249.79.36 - - [03/Aug/2025:15:48:13 +0300] "GET /shopdetail/4190277/ HTTP/1.1" 200 22792 "-" "Mozilla/5.0 (Linux; Android 6.0.1; Nexus 5X Build/MMB29P) AppleWebKit/537.36 (KHTML, like Gecko) Chrome/138.0.7204.183 Mobile Safari/537.36 (compatible; GoogleOther)"
41.79.11.6 - - [03/Aug/2025:15:47:40 +0300] "GET /wp-json/wp/v2/users/1 HTTP/1.1" 200 1684 "-" "Mozilla/5.0 (Windows NT 10.0; WOW64; Trident/7.0; rv:11.0) like Gecko"
41.79.11.6 - - [03/Aug/2025:15:48:20 +0300] "GET /?author=1 HTTP/1.1" 301 0 "-" "Mozilla/5.0 (Windows NT 10.0; WOW64; Trident/7.0; rv:11.0) like Gecko"
66.249.79.35 - - [03/Aug/2025:15:47:15 +0300] "GET /shopdetail/31024355/ HTTP/1.1" 200 22114 "-" "Mozilla/5.0 (Linux; Android 6.0.1; Nexus 5X Build/MMB29P) AppleWebKit/537.36 (KHTML, like Gecko) Chrome/138.0.7204.183 Mobile Safari/537.36 (compatible; GoogleOther)"
57.141.6.4 - - [03/Aug/2025:15:47:22 +0300] "GET /shopdetail/26430155/ HTTP/2" 404 105050 "-" "meta-externalagent/1.1 (+https://developers.facebook.com/docs/sharing/webmasters/crawler)"
66.249.79.35 - - [03/Aug/2025:15:47:35 +0300] "GET /shopdetail/13698200/ HTTP/1.1" 200 22114 "-" "Mozilla/5.0 (Linux; Android 6.0.1; Nexus 5X Build/MMB29P) AppleWebKit/537.36 (KHTML, like Gecko) Chrome/138.0.7204.183 Mobile Safari/537.36 (compatible; GoogleOther)"
66.249.79.35 - - [03/Aug/2025:15:47:42 +0300] "GET /shopdetail/21748233/ HTTP/1.1" 200 21858 "-" "Mozilla/5.0 (Linux; Android 6.0.1; Nexus 5X Build/MMB29P) AppleWebKit/537.36 (KHTML, like Gecko) Chrome/138.0.7204.183 Mobile Safari/537.36 (compatible; GoogleOther)"
66.249.79.36 - - [03/Aug/2025:15:47:45 +0300] "GET /shopdetail/7673555/ HTTP/1.1" 200 21783 "-" "Mozilla/5.0 (Linux; Android 6.0.1; Nexus 5X Build/MMB29P) AppleWebKit/537.36 (KHTML, like Gecko) Chrome/138.0.7204.183 Mobile Safari/537.36 (compatible; GoogleOther)"
66.249.79.35 - - [03/Aug/2025:15:47:46 +0300] "GET /shopdetail/7337311/ HTTP/1.1" 200 22232 "-" "Mozilla/5.0 (Linux; Android 6.0.1; Nexus 5X Build/MMB29P) AppleWebKit/537.36 (KHTML, like Gecko) Chrome/138.0.7204.183 Mobile Safari/537.36 (compatible; GoogleOther)"
66.249.79.35 - - [03/Aug/2025:15:47:46 +0300] "GET /shopdetail/2946133/ HTTP/1.1" 200 21725 "-" "Mozilla/5.0 (Linux; Android 6.0.1; Nexus 5X Build/MMB29P) AppleWebKit/537.36 (KHTML, like Gecko) Chrome/138.0.7204.183 Mobile Safari/537.36 (compatible; Googlebot/2.1; +http://www.google.com/bot.html)"
57.141.6.30 - - [03/Aug/2025:15:47:50 +0300] "GET /shopdetail/22003899/ HTTP/2" 404 105050 "-" "meta-externalagent/1.1 (+https://developers.facebook.com/docs/sharing/webmasters/crawler)"
57.141.6.1 - - [03/Aug/2025:15:48:05 +0300] "GET /shopdetail/12557844/ HTTP/2" 404 105050 "-" "meta-externalagent/1.1 (+https://developers.facebook.com/docs/sharing/webmasters/crawler)"
66.249.79.35 - - [03/Aug/2025:15:48:18 +0300] "GET /shopdetail/24204222/ HTTP/1.1" 200 22208 "-" "Mozilla/5.0 (Linux; Android 6.0.1; Nexus 5X Build/MMB29P) AppleWebKit/537.36 (KHTML, like Gecko) Chrome/138.0.7204.183 Mobile Safari/537.36 (compatible; GoogleOther)"
66.249.79.36 - - [03/Aug/2025:15:48:19 +0300] "GET /shopdetail/2760000/ HTTP/1.1" 200 22298 "-" "Mozilla/5.0 (Linux; Android 6.0.1; Nexus 5X Build/MMB29P) AppleWebKit/537.36 (KHTML, like Gecko) Chrome/138.0.7204.183 Mobile Safari/537.36 (compatible; GoogleOther)"
66.249.79.35 - - [03/Aug/2025:15:48:28 +0300] "GET /shopdetail/18445688/ HTTP/1.1" 200 22755 "-" "Mozilla/5.0 (Linux; Android 6.0.1; Nexus 5X Build/MMB29P) AppleWebKit/537.36 (KHTML, like Gecko) Chrome/138.0.7204.183 Mobile Safari/537.36 (compatible; GoogleOther)"
66.249.79.35 - - [03/Aug/2025:15:48:29 +0300] "GET /shopdetail/25854166/ HTTP/1.1" 200 22096 "-" "Mozilla/5.0 (Linux; Android 6.0.1; Nexus 5X Build/MMB29P) AppleWebKit/537.36 (KHTML, like Gecko) Chrome/138.0.7204.183 Mobile Safari/537.36 (compatible; GoogleOther)"
66.249.79.35 - - [03/Aug/2025:15:48:33 +0300] "GET /shopdetail/21278222/ HTTP/1.1" 200 21934 "-" "Mozilla/5.0 (Linux; Android 6.0.1; Nexus 5X Build/MMB29P) AppleWebKit/537.36 (KHTML, like Gecko) Chrome/138.0.7204.183 Mobile Safari/537.36 (compatible; GoogleOther)"
66.249.79.35 - - [03/Aug/2025:15:48:36 +0300] "GET /shopdetail/24787222/ HTTP/1.1" 200 22727 "-" "Mozilla/5.0 (Linux; Android 6.0.1; Nexus 5X Build/MMB29P) AppleWebKit/537.36 (KHTML, like Gecko) Chrome/138.0.7204.183 Mobile Safari/537.36 (compatible; GoogleOther)"
66.249.79.36 - - [03/Aug/2025:15:48:45 +0300] "GET /shopdetail/11440088/ HTTP/1.1" 200 22465 "-" "Mozilla/5.0 (Linux; Android 6.0.1; Nexus 5X Build/MMB29P) AppleWebKit/537.36 (KHTML, like Gecko) Chrome/138.0.7204.183 Mobile Safari/537.36 (compatible; GoogleOther)"
66.249.79.35 - - [03/Aug/2025:15:48:22 +0300] "GET /shopdetail/26190399/ HTTP/1.1" 200 21947 "-" "Mozilla/5.0 (Linux; Android 6.0.1; Nexus 5X Build/MMB29P) AppleWebKit/537.36 (KHTML, like Gecko) Chrome/138.0.7204.183 Mobile Safari/537.36 (compatible; GoogleOther)"
66.249.79.35 - - [03/Aug/2025:15:48:23 +0300] "GET /shopdetail/8339433/ HTTP/1.1" 200 21899 "-" "Mozilla/5.0 (Linux; Android 6.0.1; Nexus 5X Build/MMB29P) AppleWebKit/537.36 (KHTML, like Gecko) Chrome/138.0.7204.183 Mobile Safari/537.36 (compatible; GoogleOther)"
66.249.79.35 - - [03/Aug/2025:15:48:23 +0300] "GET /shopdetail/5129333/ HTTP/1.1" 200 21744 "-" "Mozilla/5.0 (Linux; Android 6.0.1; Nexus 5X Build/MMB29P) AppleWebKit/537.36 (KHTML, like Gecko) Chrome/138.0.7204.183 Mobile Safari/537.36 (compatible; Googlebot/2.1; +http://www.google.com/bot.html)"
66.249.79.35 - - [03/Aug/2025:15:48:43 +0300] "GET /shopdetail/26754700/ HTTP/1.1" 200 21716 "-" "Mozilla/5.0 (Linux; Android 6.0.1; Nexus 5X Build/MMB29P) AppleWebKit/537.36 (KHTML, like Gecko) Chrome/138.0.7204.183 Mobile Safari/537.36 (compatible; GoogleOther)"
66.249.79.35 - - [03/Aug/2025:15:48:43 +0300] "GET /shopdetail/29583600/ HTTP/1.1" 200 22515 "-" "Mozilla/5.0 (Linux; Android 6.0.1; Nexus 5X Build/MMB29P) AppleWebKit/537.36 (KHTML, like Gecko) Chrome/138.0.7204.183 Mobile Safari/537.36 (compatible; GoogleOther)"
66.249.79.35 - - [03/Aug/2025:15:48:48 +0300] "GET /shopdetail/28124599/ HTTP/1.1" 200 21899 "-" "Mozilla/5.0 (Linux; Android 6.0.1; Nexus 5X Build/MMB29P) AppleWebKit/537.36 (KHTML, like Gecko) Chrome/138.0.7204.183 Mobile Safari/537.36 (compatible; Googlebot/2.1; +http://www.google.com/bot.html)"
57.141.6.6 - - [03/Aug/2025:15:48:54 +0300] "GET /shopdetail/10326044/ HTTP/2" 404 105050 "-" "meta-externalagent/1.1 (+https://developers.facebook.com/docs/sharing/webmasters/crawler)"
66.249.79.35 - - [03/Aug/2025:15:49:05 +0300] "GET /shopdetail/5010222/ HTTP/1.1" 200 22636 "-" "Mozilla/5.0 (Linux; Android 6.0.1; Nexus 5X Build/MMB29P) AppleWebKit/537.36 (KHTML, like Gecko) Chrome/138.0.7204.183 Mobile Safari/537.36 (compatible; Googlebot/2.1; +http://www.google.com/bot.html)"
66.249.79.36 - - [03/Aug/2025:15:49:08 +0300] "GET /shopdetail/7500511/ HTTP/1.1" 200 22217 "-" "Mozilla/5.0 (Linux; Android 6.0.1; Nexus 5X Build/MMB29P) AppleWebKit/537.36 (KHTML, like Gecko) Chrome/138.0.7204.183 Mobile Safari/537.36 (compatible; GoogleOther)"
57.141.6.24 - - [03/Aug/2025:15:49:10 +0300] "GET /shopdetail/22163499/ HTTP/2" 404 105050 "-" "meta-externalagent/1.1 (+https://developers.facebook.com/docs/sharing/webmasters/crawler)"
66.249.79.36 - - [03/Aug/2025:15:49:13 +0300] "GET /shopdetail/7531166/ HTTP/1.1" 200 22254 "-" "Mozilla/5.0 (Linux; Android 6.0.1; Nexus 5X Build/MMB29P) AppleWebKit/537.36 (KHTML, like Gecko) Chrome/138.0.7204.183 Mobile Safari/537.36 (compatible; GoogleOther)"
66.249.79.35 - - [03/Aug/2025:15:49:32 +0300] "GET /shopdetail/23155155/ HTTP/1.1" 200 21979 "-" "Mozilla/5.0 (Linux; Android 6.0.1; Nexus 5X Build/MMB29P) AppleWebKit/537.36 (KHTML, like Gecko) Chrome/138.0.7204.183 Mobile Safari/537.36 (compatible; GoogleOther)"
66.249.79.35 - - [03/Aug/2025:15:49:41 +0300] "GET /shopdetail/10637388/ HTTP/1.1" 200 22519 "-" "Mozilla/5.0 (Linux; Android 6.0.1; Nexus 5X Build/MMB29P) AppleWebKit/537.36 (KHTML, like Gecko) Chrome/138.0.7204.183 Mobile Safari/537.36 (compatible; GoogleOther)"
66.249.79.35 - - [03/Aug/2025:15:49:43 +0300] "GET /shopdetail/27564266/ HTTP/1.1" 200 22185 "-" "Mozilla/5.0 (Linux; Android 6.0.1; Nexus 5X Build/MMB29P) AppleWebKit/537.36 (KHTML, like Gecko) Chrome/138.0.7204.183 Mobile Safari/537.36 (compatible; GoogleOther)"
66.249.79.36 - - [03/Aug/2025:15:49:56 +0300] "GET /shopdetail/25746222/ HTTP/1.1" 200 22103 "-" "Mozilla/5.0 (Linux; Android 6.0.1; Nexus 5X Build/MMB29P) AppleWebKit/537.36 (KHTML, like Gecko) Chrome/138.0.7204.183 Mobile Safari/537.36 (compatible; GoogleOther)"
57.141.6.2 - - [03/Aug/2025:15:48:45 +0300] "GET /shopdetail/8511422/ HTTP/2" 404 105046 "-" "meta-externalagent/1.1 (+https://developers.facebook.com/docs/sharing/webmasters/crawler)"
66.249.79.35 - - [03/Aug/2025:15:48:48 +0300] "GET /robots.txt HTTP/1.1" 200 80 "-" "Mozilla/5.0 (compatible; Googlebot/2.1; +http://www.google.com/bot.html)"
66.249.79.35 - - [03/Aug/2025:15:48:53 +0300] "GET /shopdetail/22926555/ HTTP/1.1" 200 21906 "-" "Mozilla/5.0 (Linux; Android 6.0.1; Nexus 5X Build/MMB29P) AppleWebKit/537.36 (KHTML, like Gecko) Chrome/138.0.7204.183 Mobile Safari/537.36 (compatible; GoogleOther)"
57.141.6.5 - - [03/Aug/2025:15:48:55 +0300] "GET /wp-content/uploads/2025/02/Juice-dispenser-3-taps-1-768x768.png HTTP/2" 200 131000 "-" "meta-externalagent/1.1 (+https://developers.facebook.com/docs/sharing/webmasters/crawler)"
66.249.79.35 - - [03/Aug/2025:15:48:56 +0300] "GET /shopdetail/29961833/ HTTP/1.1" 200 21818 "-" "Mozilla/5.0 (Linux; Android 6.0.1; Nexus 5X Build/MMB29P) AppleWebKit/537.36 (KHTML, like Gecko) Chrome/138.0.7204.183 Mobile Safari/537.36 (compatible; GoogleOther)"
66.249.79.35 - - [03/Aug/2025:15:49:10 +0300] "GET /shopdetail/7456599/ HTTP/1.1" 200 22166 "-" "Mozilla/5.0 (Linux; Android 6.0.1; Nexus 5X Build/MMB29P) AppleWebKit/537.36 (KHTML, like Gecko) Chrome/138.0.7204.183 Mobile Safari/537.36 (compatible; GoogleOther)"
66.249.79.35 - - [03/Aug/2025:15:49:13 +0300] "GET /shopdetail/29806800/ HTTP/1.1" 200 22396 "-" "Mozilla/5.0 (Linux; Android 6.0.1; Nexus 5X Build/MMB29P) AppleWebKit/537.36 (KHTML, like Gecko) Chrome/138.0.7204.183 Mobile Safari/537.36 (compatible; GoogleOther)"
66.249.79.36 - - [03/Aug/2025:15:49:14 +0300] "GET /shopdetail/26686144/ HTTP/1.1" 200 22323 "-" "Mozilla/5.0 (Linux; Android 6.0.1; Nexus 5X Build/MMB29P) AppleWebKit/537.36 (KHTML, like Gecko) Chrome/138.0.7204.183 Mobile Safari/537.36 (compatible; GoogleOther)"
66.249.79.35 - - [03/Aug/2025:15:49:40 +0300] "GET /shopdetail/7021100/ HTTP/1.1" 200 22664 "-" "Mozilla/5.0 (Linux; Android 6.0.1; Nexus 5X Build/MMB29P) AppleWebKit/537.36 (KHTML, like Gecko) Chrome/138.0.7204.183 Mobile Safari/537.36 (compatible; Googlebot/2.1; +http://www.google.com/bot.html)"
66.249.79.35 - - [03/Aug/2025:15:49:51 +0300] "GET /robots.txt HTTP/1.1" 200 80 "-" "Mozilla/5.0 (compatible; Googlebot/2.1; +http://www.google.com/bot.html)"
66.249.79.36 - - [03/Aug/2025:15:49:51 +0300] "GET /shopdetail/24318733/ HTTP/1.1" 200 22718 "-" "Mozilla/5.0 (Linux; Android 6.0.1; Nexus 5X Build/MMB29P) AppleWebKit/537.36 (KHTML, like Gecko) Chrome/138.0.7204.183 Mobile Safari/537.36 (compatible; GoogleOther)"
66.249.79.36 - - [03/Aug/2025:15:49:53 +0300] "GET /shopdetail/2009299/ HTTP/1.1" 200 22271 "-" "Mozilla/5.0 (Linux; Android 6.0.1; Nexus 5X Build/MMB29P) AppleWebKit/537.36 (KHTML, like Gecko) Chrome/138.0.7204.183 Mobile Safari/537.36 (compatible; Googlebot/2.1; +http://www.google.com/bot.html)"
66.249.79.36 - - [03/Aug/2025:15:50:13 +0300] "GET /shopdetail/2259266/ HTTP/1.1" 200 22162 "-" "Mozilla/5.0 (Linux; Android 6.0.1; Nexus 5X Build/MMB29P) AppleWebKit/537.36 (KHTML, like Gecko) Chrome/138.0.7204.183 Mobile Safari/537.36 (compatible; Googlebot/2.1; +http://www.google.com/bot.html)"
57.141.6.28 - - [03/Aug/2025:15:49:33 +0300] "GET /shopdetail/26102555/ HTTP/2" 404 105050 "-" "meta-externalagent/1.1 (+https://developers.facebook.com/docs/sharing/webmasters/crawler)"
66.249.79.35 - - [03/Aug/2025:15:50:20 +0300] "GET /shopdetail/7497399/ HTTP/1.1" 200 22215 "-" "Mozilla/5.0 (Linux; Android 6.0.1; Nexus 5X Build/MMB29P) AppleWebKit/537.36 (KHTML, like Gecko) Chrome/138.0.7204.183 Mobile Safari/537.36 (compatible; Googlebot/2.1; +http://www.google.com/bot.html)"
66.249.79.35 - - [03/Aug/2025:15:50:29 +0300] "GET /shopdetail/20167577/ HTTP/1.1" 200 22184 "-" "Mozilla/5.0 (Linux; Android 6.0.1; Nexus 5X Build/MMB29P) AppleWebKit/537.36 (KHTML, like Gecko) Chrome/138.0.7204.183 Mobile Safari/537.36 (compatible; GoogleOther)"
66.249.79.35 - - [03/Aug/2025:15:50:30 +0300] "GET /shopdetail/6178300/ HTTP/1.1" 200 22713 "-" "Mozilla/5.0 (Linux; Android 6.0.1; Nexus 5X Build/MMB29P) AppleWebKit/537.36 (KHTML, like Gecko) Chrome/138.0.7204.183 Mobile Safari/537.36 (compatible; GoogleOther)"
52.167.144.145 - - [03/Aug/2025:15:50:34 +0300] "GET /sitemap423.xml HTTP/2" 200 1645 "-" "Mozilla/5.0 AppleWebKit/537.36 (KHTML, like Gecko; compatible; bingbot/2.0; +http://www.bing.com/bingbot.htm) Chrome/116.0.1938.76 Safari/537.36"
52.167.144.145 - - [03/Aug/2025:15:50:34 +0300] "GET /sitemap462.xml HTTP/2" 200 1634 "-" "Mozilla/5.0 AppleWebKit/537.36 (KHTML, like Gecko; compatible; bingbot/2.0; +http://www.bing.com/bingbot.htm) Chrome/116.0.1938.76 Safari/537.36"
52.167.144.145 - - [03/Aug/2025:15:50:35 +0300] "GET /sitemap757.xml HTTP/2" 200 1678 "-" "Mozilla/5.0 AppleWebKit/537.36 (KHTML, like Gecko; compatible; bingbot/2.0; +http://www.bing.com/bingbot.htm) Chrome/116.0.1938.76 Safari/537.36"
52.167.144.145 - - [03/Aug/2025:15:50:35 +0300] "GET /sitemap821.xml HTTP/2" 200 1661 "-" "Mozilla/5.0 AppleWebKit/537.36 (KHTML, like Gecko; compatible; bingbot/2.0; +http://www.bing.com/bingbot.htm) Chrome/116.0.1938.76 Safari/537.36"
52.167.144.145 - - [03/Aug/2025:15:50:35 +0300] "GET /sitemap374.xml HTTP/2" 200 1658 "-" "Mozilla/5.0 AppleWebKit/537.36 (KHTML, like Gecko; compatible; bingbot/2.0; +http://www.bing.com/bingbot.htm) Chrome/116.0.1938.76 Safari/537.36"
52.167.144.145 - - [03/Aug/2025:15:50:36 +0300] "GET /sitemap280.xml HTTP/2" 200 1643 "-" "Mozilla/5.0 AppleWebKit/537.36 (KHTML, like Gecko; compatible; bingbot/2.0; +http://www.bing.com/bingbot.htm) Chrome/116.0.1938.76 Safari/537.36"
52.167.144.145 - - [03/Aug/2025:15:50:36 +0300] "GET /sitemap722.xml HTTP/2" 200 1669 "-" "Mozilla/5.0 AppleWebKit/537.36 (KHTML, like Gecko; compatible; bingbot/2.0; +http://www.bing.com/bingbot.htm) Chrome/116.0.1938.76 Safari/537.36"
52.167.144.145 - - [03/Aug/2025:15:50:38 +0300] "GET /sitemap490.xml HTTP/2" 200 1682 "-" "Mozilla/5.0 AppleWebKit/537.36 (KHTML, like Gecko; compatible; bingbot/2.0; +http://www.bing.com/bingbot.htm) Chrome/116.0.1938.76 Safari/537.36"
52.167.144.145 - - [03/Aug/2025:15:50:38 +0300] "GET /sitemap540.xml HTTP/2" 200 1699 "-" "Mozilla/5.0 AppleWebKit/537.36 (KHTML, like Gecko; compatible; bingbot/2.0; +http://www.bing.com/bingbot.htm) Chrome/116.0.1938.76 Safari/537.36"
52.167.144.145 - - [03/Aug/2025:15:50:38 +0300] "GET /sitemap470.xml HTTP/2" 200 1682 "-" "Mozilla/5.0 AppleWebKit/537.36 (KHTML, like Gecko; compatible; bingbot/2.0; +http://www.bing.com/bingbot.htm) Chrome/116.0.1938.76 Safari/537.36"
52.167.144.145 - - [03/Aug/2025:15:50:39 +0300] "GET /sitemap333.xml HTTP/2" 200 1680 "-" "Mozilla/5.0 AppleWebKit/537.36 (KHTML, like Gecko; compatible; bingbot/2.0; +http://www.bing.com/bingbot.htm) Chrome/116.0.1938.76 Safari/537.36"
52.167.144.145 - - [03/Aug/2025:15:50:39 +0300] "GET /sitemap726.xml HTTP/2" 200 1649 "-" "Mozilla/5.0 AppleWebKit/537.36 (KHTML, like Gecko; compatible; bingbot/2.0; +http://www.bing.com/bingbot.htm) Chrome/116.0.1938.76 Safari/537.36"
52.167.144.145 - - [03/Aug/2025:15:50:39 +0300] "GET /sitemap453.xml HTTP/2" 200 1680 "-" "Mozilla/5.0 AppleWebKit/537.36 (KHTML, like Gecko; compatible; bingbot/2.0; +http://www.bing.com/bingbot.htm) Chrome/116.0.1938.76 Safari/537.36"
52.167.144.145 - - [03/Aug/2025:15:50:40 +0300] "GET /sitemap231.xml HTTP/2" 200 1625 "-" "Mozilla/5.0 AppleWebKit/537.36 (KHTML, like Gecko; compatible; bingbot/2.0; +http://www.bing.com/bingbot.htm) Chrome/116.0.1938.76 Safari/537.36"
52.167.144.145 - - [03/Aug/2025:15:50:40 +0300] "GET /sitemap459.xml HTTP/2" 200 1680 "-" "Mozilla/5.0 AppleWebKit/537.36 (KHTML, like Gecko; compatible; bingbot/2.0; +http://www.bing.com/bingbot.htm) Chrome/116.0.1938.76 Safari/537.36"
52.167.144.145 - - [03/Aug/2025:15:50:40 +0300] "GET /sitemap748.xml HTTP/2" 200 1660 "-" "Mozilla/5.0 AppleWebKit/537.36 (KHTML, like Gecko; compatible; bingbot/2.0; +http://www.bing.com/bingbot.htm) Chrome/116.0.1938.76 Safari/537.36"
52.167.144.145 - - [03/Aug/2025:15:50:40 +0300] "GET /sitemap826.xml HTTP/2" 200 1682 "-" "Mozilla/5.0 AppleWebKit/537.36 (KHTML, like Gecko; compatible; bingbot/2.0; +http://www.bing.com/bingbot.htm) Chrome/116.0.1938.76 Safari/537.36"
52.167.144.145 - - [03/Aug/2025:15:50:41 +0300] "GET /sitemap234.xml HTTP/2" 200 1660 "-" "Mozilla/5.0 AppleWebKit/537.36 (KHTML, like Gecko; compatible; bingbot/2.0; +http://www.bing.com/bingbot.htm) Chrome/116.0.1938.76 Safari/537.36"
52.167.144.145 - - [03/Aug/2025:15:50:41 +0300] "GET /sitemap336.xml HTTP/2" 200 1694 "-" "Mozilla/5.0 AppleWebKit/537.36 (KHTML, like Gecko; compatible; bingbot/2.0; +http://www.bing.com/bingbot.htm) Chrome/116.0.1938.76 Safari/537.36"
66.249.79.35 - - [03/Aug/2025:15:50:44 +0300] "GET /shopdetail/4111077/ HTTP/1.1" 200 22240 "-" "Mozilla/5.0 (Linux; Android 6.0.1; Nexus 5X Build/MMB29P) AppleWebKit/537.36 (KHTML, like Gecko) Chrome/138.0.7204.183 Mobile Safari/537.36 (compatible; GoogleOther)"
207.46.13.127 - - [03/Aug/2025:15:51:20 +0300] "GET /sitemap245.xml HTTP/2" 200 1667 "-" "Mozilla/5.0 AppleWebKit/537.36 (KHTML, like Gecko; compatible; bingbot/2.0; +http://www.bing.com/bingbot.htm) Chrome/116.0.1938.76 Safari/537.36"
66.249.79.35 - - [03/Aug/2025:15:51:39 +0300] "GET /shopdetail/24113788/ HTTP/1.1" 200 22293 "-" "Mozilla/5.0 (Linux; Android 6.0.1; Nexus 5X Build/MMB29P) AppleWebKit/537.36 (KHTML, like Gecko) Chrome/138.0.7204.183 Mobile Safari/537.36 (compatible; Googlebot/2.1; +http://www.google.com/bot.html)"
57.141.6.28 - - [03/Aug/2025:15:50:13 +0300] "GET /shopdetail/25350811/ HTTP/2" 500 384 "-" "meta-externalagent/1.1 (+https://developers.facebook.com/docs/sharing/webmasters/crawler)"
57.141.6.7 - - [03/Aug/2025:15:50:14 +0300] "GET /shopdetail/10166444/ HTTP/2" 500 384 "-" "meta-externalagent/1.1 (+https://developers.facebook.com/docs/sharing/webmasters/crawler)"
57.141.6.18 - - [03/Aug/2025:15:50:36 +0300] "GET /shopdetail/29849844/ HTTP/2" 500 384 "-" "meta-externalagent/1.1 (+https://developers.facebook.com/docs/sharing/webmasters/crawler)"
66.249.79.35 - - [03/Aug/2025:15:52:26 +0300] "GET /shopdetail/20416955/ HTTP/1.1" 200 22071 "-" "Mozilla/5.0 (Linux; Android 6.0.1; Nexus 5X Build/MMB29P) AppleWebKit/537.36 (KHTML, like Gecko) Chrome/138.0.7204.183 Mobile Safari/537.36 (compatible; Googlebot/2.1; +http://www.google.com/bot.html)"
207.46.13.127 - - [03/Aug/2025:15:52:48 +0300] "GET /sitemap511.xml HTTP/2" 200 1637 "-" "Mozilla/5.0 AppleWebKit/537.36 (KHTML, like Gecko; compatible; bingbot/2.0; +http://www.bing.com/bingbot.htm) Chrome/116.0.1938.76 Safari/537.36"
207.46.13.127 - - [03/Aug/2025:15:52:49 +0300] "GET /sitemap497.xml HTTP/2" 200 1705 "-" "Mozilla/5.0 AppleWebKit/537.36 (KHTML, like Gecko; compatible; bingbot/2.0; +http://www.bing.com/bingbot.htm) Chrome/116.0.1938.76 Safari/537.36"
66.249.79.35 - - [03/Aug/2025:15:52:49 +0300] "GET /shopdetail/9747888/ HTTP/1.1" 200 22093 "-" "Mozilla/5.0 (Linux; Android 6.0.1; Nexus 5X Build/MMB29P) AppleWebKit/537.36 (KHTML, like Gecko) Chrome/138.0.7204.183 Mobile Safari/537.36 (compatible; Googlebot/2.1; +http://www.google.com/bot.html)"
207.46.13.127 - - [03/Aug/2025:15:52:49 +0300] "GET /sitemap487.xml HTTP/2" 200 1679 "-" "Mozilla/5.0 AppleWebKit/537.36 (KHTML, like Gecko; compatible; bingbot/2.0; +http://www.bing.com/bingbot.htm) Chrome/116.0.1938.76 Safari/537.36"
207.46.13.127 - - [03/Aug/2025:15:52:51 +0300] "GET /sitemap539.xml HTTP/2" 200 1701 "-" "Mozilla/5.0 AppleWebKit/537.36 (KHTML, like Gecko; compatible; bingbot/2.0; +http://www.bing.com/bingbot.htm) Chrome/116.0.1938.76 Safari/537.36"
207.46.13.127 - - [03/Aug/2025:15:52:51 +0300] "GET /sitemap719.xml HTTP/2" 200 1635 "-" "Mozilla/5.0 AppleWebKit/537.36 (KHTML, like Gecko; compatible; bingbot/2.0; +http://www.bing.com/bingbot.htm) Chrome/116.0.1938.76 Safari/537.36"
207.46.13.127 - - [03/Aug/2025:15:52:51 +0300] "GET /sitemap624.xml HTTP/2" 200 1707 "-" "Mozilla/5.0 AppleWebKit/537.36 (KHTML, like Gecko; compatible; bingbot/2.0; +http://www.bing.com/bingbot.htm) Chrome/116.0.1938.76 Safari/537.36"
66.249.79.36 - - [03/Aug/2025:15:49:58 +0300] "GET /shopdetail/25202155/ HTTP/1.1" 200 21938 "-" "Mozilla/5.0 (Linux; Android 6.0.1; Nexus 5X Build/MMB29P) AppleWebKit/537.36 (KHTML, like Gecko) Chrome/138.0.7204.183 Mobile Safari/537.36 (compatible; GoogleOther)"
66.249.79.37 - - [03/Aug/2025:15:50:02 +0300] "GET /shopdetail/8449300/ HTTP/1.1" 200 22328 "-" "Mozilla/5.0 (Linux; Android 6.0.1; Nexus 5X Build/MMB29P) AppleWebKit/537.36 (KHTML, like Gecko) Chrome/138.0.7204.183 Mobile Safari/537.36 (compatible; GoogleOther)"
66.249.79.37 - - [03/Aug/2025:15:50:06 +0300] "GET /shopdetail/7458633/ HTTP/1.1" 200 22198 "-" "Mozilla/5.0 (Linux; Android 6.0.1; Nexus 5X Build/MMB29P) AppleWebKit/537.36 (KHTML, like Gecko) Chrome/138.0.7204.183 Mobile Safari/537.36 (compatible; GoogleOther)"
66.249.79.36 - - [03/Aug/2025:15:50:14 +0300] "GET /shopdetail/13650199/ HTTP/1.1" 200 23016 "-" "Mozilla/5.0 (Linux; Android 6.0.1; Nexus 5X Build/MMB29P) AppleWebKit/537.36 (KHTML, like Gecko) Chrome/138.0.7204.183 Mobile Safari/537.36 (compatible; GoogleOther)"
66.249.79.35 - - [03/Aug/2025:15:50:20 +0300] "GET /shopdetail/1698700/ HTTP/1.1" 200 22513 "-" "Mozilla/5.0 (Linux; Android 6.0.1; Nexus 5X Build/MMB29P) AppleWebKit/537.36 (KHTML, like Gecko) Chrome/138.0.7204.183 Mobile Safari/537.36 (compatible; GoogleOther)"
66.249.79.35 - - [03/Aug/2025:15:50:57 +0300] "GET /robots.txt HTTP/1.1" 200 80 "-" "Mozilla/5.0 (compatible; Googlebot/2.1; +http://www.google.com/bot.html)"
57.141.6.23 - - [03/Aug/2025:15:49:43 +0300] "GET /shopdetail/2717777/ HTTP/2" 503 807 "-" "meta-externalagent/1.1 (+https://developers.facebook.com/docs/sharing/webmasters/crawler)"
66.249.79.35 - - [03/Aug/2025:15:50:50 +0300] "GET /shopdetail/5177900/ HTTP/1.1" 200 22822 "-" "Mozilla/5.0 (Linux; Android 6.0.1; Nexus 5X Build/MMB29P) AppleWebKit/537.36 (KHTML, like Gecko) Chrome/138.0.7204.183 Mobile Safari/537.36 (compatible; Googlebot/2.1; +http://www.google.com/bot.html)"
40.77.167.47 - - [03/Aug/2025:15:50:52 +0300] "GET /sitemap272.xml HTTP/2" 200 1683 "-" "Mozilla/5.0 AppleWebKit/537.36 (KHTML, like Gecko; compatible; bingbot/2.0; +http://www.bing.com/bingbot.htm) Chrome/116.0.1938.76 Safari/537.36"
40.77.167.47 - - [03/Aug/2025:15:51:17 +0300] "GET /sitemap734.xml HTTP/2" 200 1632 "-" "Mozilla/5.0 AppleWebKit/537.36 (KHTML, like Gecko; compatible; bingbot/2.0; +http://www.bing.com/bingbot.htm) Chrome/116.0.1938.76 Safari/537.36"
66.249.79.35 - - [03/Aug/2025:15:51:31 +0300] "GET /product_brand-sitemap.xml HTTP/1.1" 200 1686 "-" "Mozilla/5.0 (compatible; Googlebot/2.1; +http://www.google.com/bot.html)"
207.46.13.127 - - [03/Aug/2025:15:51:51 +0300] "GET /sitemap825.xml HTTP/2" 200 1670 "-" "Mozilla/5.0 AppleWebKit/537.36 (KHTML, like Gecko; compatible; bingbot/2.0; +http://www.bing.com/bingbot.htm) Chrome/116.0.1938.76 Safari/537.36"
207.46.13.127 - - [03/Aug/2025:15:51:52 +0300] "GET /sitemap482.xml HTTP/2" 200 1681 "-" "Mozilla/5.0 AppleWebKit/537.36 (KHTML, like Gecko; compatible; bingbot/2.0; +http://www.bing.com/bingbot.htm) Chrome/116.0.1938.76 Safari/537.36"
57.141.6.10 - - [03/Aug/2025:15:50:43 +0300] "GET /shopdetail/4857200/ HTTP/2" 500 384 "-" "meta-externalagent/1.1 (+https://developers.facebook.com/docs/sharing/webmasters/crawler)"
40.77.167.47 - - [03/Aug/2025:15:52:06 +0300] "GET /sitemap581.xml HTTP/2" 200 1662 "-" "Mozilla/5.0 AppleWebKit/537.36 (KHTML, like Gecko; compatible; bingbot/2.0; +http://www.bing.com/bingbot.htm) Chrome/116.0.1938.76 Safari/537.36"
66.249.79.35 - - [03/Aug/2025:15:52:03 +0300] "GET /shopdetail/29428422/ HTTP/1.1" 200 22890 "-" "Mozilla/5.0 (Linux; Android 6.0.1; Nexus 5X Build/MMB29P) AppleWebKit/537.36 (KHTML, like Gecko) Chrome/138.0.7204.183 Mobile Safari/537.36 (compatible; Googlebot/2.1; +http://www.google.com/bot.html)"
110.238.110.238 - - [03/Aug/2025:15:52:15 +0300] "GET /product/hay-baler/ HTTP/2" 200 0 "https://silvercommercialkitchen.com/product/hay-baler/" "Mozilla/5.0 (Macintosh; Intel Mac OS X 10_15_7) AppleWebKit/537.36 (KHTML, like Gecko) Chrome/119.0.0.0 Safari/537.36"
40.77.167.47 - - [03/Aug/2025:15:52:49 +0300] "GET /sitemap566.xml HTTP/2" 200 1664 "-" "Mozilla/5.0 AppleWebKit/537.36 (KHTML, like Gecko; compatible; bingbot/2.0; +http://www.bing.com/bingbot.htm) Chrome/116.0.1938.76 Safari/537.36"
40.77.167.47 - - [03/Aug/2025:15:52:53 +0300] "GET /sitemap258.xml HTTP/2" 200 1673 "-" "Mozilla/5.0 AppleWebKit/537.36 (KHTML, like Gecko; compatible; bingbot/2.0; +http://www.bing.com/bingbot.htm) Chrome/116.0.1938.76 Safari/537.36"
40.77.167.47 - - [03/Aug/2025:15:52:53 +0300] "GET /sitemap386.xml HTTP/2" 200 1664 "-" "Mozilla/5.0 AppleWebKit/537.36 (KHTML, like Gecko; compatible; bingbot/2.0; +http://www.bing.com/bingbot.htm) Chrome/116.0.1938.76 Safari/537.36"
40.77.167.47 - - [03/Aug/2025:15:52:54 +0300] "GET /sitemap579.xml HTTP/2" 200 1685 "-" "Mozilla/5.0 AppleWebKit/537.36 (KHTML, like Gecko; compatible; bingbot/2.0; +http://www.bing.com/bingbot.htm) Chrome/116.0.1938.76 Safari/537.36"
40.77.167.47 - - [03/Aug/2025:15:52:54 +0300] "GET /sitemap270.xml HTTP/2" 200 1653 "-" "Mozilla/5.0 AppleWebKit/537.36 (KHTML, like Gecko; compatible; bingbot/2.0; +http://www.bing.com/bingbot.htm) Chrome/116.0.1938.76 Safari/537.36"
40.77.167.47 - - [03/Aug/2025:15:52:54 +0300] "GET /sitemap641.xml HTTP/2" 200 1668 "-" "Mozilla/5.0 AppleWebKit/537.36 (KHTML, like Gecko; compatible; bingbot/2.0; +http://www.bing.com/bingbot.htm) Chrome/116.0.1938.76 Safari/537.36"
40.77.167.47 - - [03/Aug/2025:15:52:54 +0300] "GET /sitemap384.xml HTTP/2" 200 1685 "-" "Mozilla/5.0 AppleWebKit/537.36 (KHTML, like Gecko; compatible; bingbot/2.0; +http://www.bing.com/bingbot.htm) Chrome/116.0.1938.76 Safari/537.36"
40.77.167.47 - - [03/Aug/2025:15:52:55 +0300] "GET /sitemap314.xml HTTP/2" 200 1711 "-" "Mozilla/5.0 AppleWebKit/537.36 (KHTML, like Gecko; compatible; bingbot/2.0; +http://www.bing.com/bingbot.htm) Chrome/116.0.1938.76 Safari/537.36"
40.77.167.47 - - [03/Aug/2025:15:52:55 +0300] "GET /sitemap801.xml HTTP/2" 200 1686 "-" "Mozilla/5.0 AppleWebKit/537.36 (KHTML, like Gecko; compatible; bingbot/2.0; +http://www.bing.com/bingbot.htm) Chrome/116.0.1938.76 Safari/537.36"
40.77.167.47 - - [03/Aug/2025:15:52:55 +0300] "GET /sitemap343.xml HTTP/2" 200 1657 "-" "Mozilla/5.0 AppleWebKit/537.36 (KHTML, like Gecko; compatible; bingbot/2.0; +http://www.bing.com/bingbot.htm) Chrome/116.0.1938.76 Safari/537.36"
40.77.167.47 - - [03/Aug/2025:15:52:55 +0300] "GET /sitemap408.xml HTTP/2" 200 1682 "-" "Mozilla/5.0 AppleWebKit/537.36 (KHTML, like Gecko; compatible; bingbot/2.0; +http://www.bing.com/bingbot.htm) Chrome/116.0.1938.76 Safari/537.36"
40.77.167.47 - - [03/Aug/2025:15:53:05 +0300] "GET /sitemap886.xml HTTP/2" 200 1708 "-" "Mozilla/5.0 AppleWebKit/537.36 (KHTML, like Gecko; compatible; bingbot/2.0; +http://www.bing.com/bingbot.htm) Chrome/116.0.1938.76 Safari/537.36"
40.77.167.47 - - [03/Aug/2025:15:53:05 +0300] "GET /sitemap559.xml HTTP/2" 200 1661 "-" "Mozilla/5.0 AppleWebKit/537.36 (KHTML, like Gecko; compatible; bingbot/2.0; +http://www.bing.com/bingbot.htm) Chrome/116.0.1938.76 Safari/537.36"
40.77.167.47 - - [03/Aug/2025:15:53:05 +0300] "GET /sitemap414.xml HTTP/2" 200 1704 "-" "Mozilla/5.0 AppleWebKit/537.36 (KHTML, like Gecko; compatible; bingbot/2.0; +http://www.bing.com/bingbot.htm) Chrome/116.0.1938.76 Safari/537.36"
57.141.6.21 - - [03/Aug/2025:15:51:04 +0300] "GET /shopdetail/16366700/ HTTP/2" 500 384 "-" "meta-externalagent/1.1 (+https://developers.facebook.com/docs/sharing/webmasters/crawler)"
40.77.167.47 - - [03/Aug/2025:15:53:05 +0300] "GET /sitemap561.xml HTTP/2" 200 1675 "-" "Mozilla/5.0 AppleWebKit/537.36 (KHTML, like Gecko; compatible; bingbot/2.0; +http://www.bing.com/bingbot.htm) Chrome/116.0.1938.76 Safari/537.36"
40.77.167.47 - - [03/Aug/2025:15:53:05 +0300] "GET /sitemap265.xml HTTP/2" 200 1728 "-" "Mozilla/5.0 AppleWebKit/537.36 (KHTML, like Gecko; compatible; bingbot/2.0; +http://www.bing.com/bingbot.htm) Chrome/116.0.1938.76 Safari/537.36"
40.77.167.47 - - [03/Aug/2025:15:53:06 +0300] "GET /sitemap405.xml HTTP/2" 200 1705 "-" "Mozilla/5.0 AppleWebKit/537.36 (KHTML, like Gecko; compatible; bingbot/2.0; +http://www.bing.com/bingbot.htm) Chrome/116.0.1938.76 Safari/537.36"
40.77.167.47 - - [03/Aug/2025:15:53:06 +0300] "GET /sitemap273.xml HTTP/2" 200 1675 "-" "Mozilla/5.0 AppleWebKit/537.36 (KHTML, like Gecko; compatible; bingbot/2.0; +http://www.bing.com/bingbot.htm) Chrome/116.0.1938.76 Safari/537.36"
40.77.167.47 - - [03/Aug/2025:15:53:07 +0300] "GET /sitemap431.xml HTTP/2" 200 1825 "-" "Mozilla/5.0 AppleWebKit/537.36 (KHTML, like Gecko; compatible; bingbot/2.0; +http://www.bing.com/bingbot.htm) Chrome/116.0.1938.76 Safari/537.36"
66.249.79.37 - - [03/Aug/2025:15:53:07 +0300] "GET /shopdetail/25999400/ HTTP/1.1" 200 21959 "-" "Mozilla/5.0 (Linux; Android 6.0.1; Nexus 5X Build/MMB29P) AppleWebKit/537.36 (KHTML, like Gecko) Chrome/138.0.7204.183 Mobile Safari/537.36 (compatible; GoogleOther)"
40.77.167.47 - - [03/Aug/2025:15:53:07 +0300] "GET /sitemap870.xml HTTP/2" 200 1665 "-" "Mozilla/5.0 AppleWebKit/537.36 (KHTML, like Gecko; compatible; bingbot/2.0; +http://www.bing.com/bingbot.htm) Chrome/116.0.1938.76 Safari/537.36"
40.77.167.47 - - [03/Aug/2025:15:53:08 +0300] "GET /sitemap622.xml HTTP/2" 200 1683 "-" "Mozilla/5.0 AppleWebKit/537.36 (KHTML, like Gecko; compatible; bingbot/2.0; +http://www.bing.com/bingbot.htm) Chrome/116.0.1938.76 Safari/537.36"
40.77.167.47 - - [03/Aug/2025:15:53:08 +0300] "GET /sitemap703.xml HTTP/2" 200 1704 "-" "Mozilla/5.0 AppleWebKit/537.36 (KHTML, like Gecko; compatible; bingbot/2.0; +http://www.bing.com/bingbot.htm) Chrome/116.0.1938.76 Safari/537.36"
40.77.167.47 - - [03/Aug/2025:15:53:09 +0300] "GET /sitemap321.xml HTTP/2" 200 1685 "-" "Mozilla/5.0 AppleWebKit/537.36 (KHTML, like Gecko; compatible; bingbot/2.0; +http://www.bing.com/bingbot.htm) Chrome/116.0.1938.76 Safari/537.36"
40.77.167.47 - - [03/Aug/2025:15:53:09 +0300] "GET /sitemap752.xml HTTP/2" 200 1684 "-" "Mozilla/5.0 AppleWebKit/537.36 (KHTML, like Gecko; compatible; bingbot/2.0; +http://www.bing.com/bingbot.htm) Chrome/116.0.1938.76 Safari/537.36"
57.141.6.30 - - [03/Aug/2025:15:51:24 +0300] "GET /shopdetail/4929800/ HTTP/2" 500 384 "-" "meta-externalagent/1.1 (+https://developers.facebook.com/docs/sharing/webmasters/crawler)"
66.249.79.35 - - [03/Aug/2025:15:53:25 +0300] "GET /shopdetail/10707977/ HTTP/1.1" 200 22365 "-" "Mozilla/5.0 (Linux; Android 6.0.1; Nexus 5X Build/MMB29P) AppleWebKit/537.36 (KHTML, like Gecko) Chrome/138.0.7204.183 Mobile Safari/537.36 (compatible; GoogleOther)"
66.249.79.35 - - [03/Aug/2025:15:53:33 +0300] "GET /shopdetail/5469955/ HTTP/1.1" 200 22752 "-" "Mozilla/5.0 (Linux; Android 6.0.1; Nexus 5X Build/MMB29P) AppleWebKit/537.36 (KHTML, like Gecko) Chrome/138.0.7204.183 Mobile Safari/537.36 (compatible; GoogleOther)"
66.249.79.35 - - [03/Aug/2025:15:53:33 +0300] "GET /shopdetail/28879911/ HTTP/1.1" 200 22516 "-" "Mozilla/5.0 (Linux; Android 6.0.1; Nexus 5X Build/MMB29P) AppleWebKit/537.36 (KHTML, like Gecko) Chrome/138.0.7204.183 Mobile Safari/537.36 (compatible; GoogleOther)"
57.141.6.23 - - [03/Aug/2025:15:51:33 +0300] "GET /shopdetail/26169755/ HTTP/2" 500 384 "-" "meta-externalagent/1.1 (+https://developers.facebook.com/docs/sharing/webmasters/crawler)"
66.249.79.35 - - [03/Aug/2025:15:53:35 +0300] "GET /shopdetail/5687122/ HTTP/1.1" 200 22664 "-" "Mozilla/5.0 (Linux; Android 6.0.1; Nexus 5X Build/MMB29P) AppleWebKit/537.36 (KHTML, like Gecko) Chrome/138.0.7204.183 Mobile Safari/537.36 (compatible; GoogleOther)"
66.249.79.35 - - [03/Aug/2025:15:53:36 +0300] "GET /shopdetail/3321522/ HTTP/1.1" 200 22852 "-" "Mozilla/5.0 (Linux; Android 6.0.1; Nexus 5X Build/MMB29P) AppleWebKit/537.36 (KHTML, like Gecko) Chrome/138.0.7204.183 Mobile Safari/537.36 (compatible; GoogleOther)"
207.46.13.127 - - [03/Aug/2025:15:52:52 +0300] "GET /sitemap261.xml HTTP/2" 200 1665 "-" "Mozilla/5.0 AppleWebKit/537.36 (KHTML, like Gecko; compatible; bingbot/2.0; +http://www.bing.com/bingbot.htm) Chrome/116.0.1938.76 Safari/537.36"
207.46.13.127 - - [03/Aug/2025:15:52:52 +0300] "GET /sitemap649.xml HTTP/2" 200 1668 "-" "Mozilla/5.0 AppleWebKit/537.36 (KHTML, like Gecko; compatible; bingbot/2.0; +http://www.bing.com/bingbot.htm) Chrome/116.0.1938.76 Safari/537.36"
207.46.13.127 - - [03/Aug/2025:15:52:52 +0300] "GET /sitemap510.xml HTTP/2" 200 1672 "-" "Mozilla/5.0 AppleWebKit/537.36 (KHTML, like Gecko; compatible; bingbot/2.0; +http://www.bing.com/bingbot.htm) Chrome/116.0.1938.76 Safari/537.36"
207.46.13.127 - - [03/Aug/2025:15:52:52 +0300] "GET /sitemap420.xml HTTP/2" 200 1672 "-" "Mozilla/5.0 AppleWebKit/537.36 (KHTML, like Gecko; compatible; bingbot/2.0; +http://www.bing.com/bingbot.htm) Chrome/116.0.1938.76 Safari/537.36"
207.46.13.127 - - [03/Aug/2025:15:52:53 +0300] "GET /sitemap653.xml HTTP/2" 200 1678 "-" "Mozilla/5.0 AppleWebKit/537.36 (KHTML, like Gecko; compatible; bingbot/2.0; +http://www.bing.com/bingbot.htm) Chrome/116.0.1938.76 Safari/537.36"
207.46.13.127 - - [03/Aug/2025:15:52:53 +0300] "GET /sitemap451.xml HTTP/2" 200 1659 "-" "Mozilla/5.0 AppleWebKit/537.36 (KHTML, like Gecko; compatible; bingbot/2.0; +http://www.bing.com/bingbot.htm) Chrome/116.0.1938.76 Safari/537.36"
207.46.13.127 - - [03/Aug/2025:15:52:54 +0300] "GET /sitemap614.xml HTTP/2" 200 1680 "-" "Mozilla/5.0 AppleWebKit/537.36 (KHTML, like Gecko; compatible; bingbot/2.0; +http://www.bing.com/bingbot.htm) Chrome/116.0.1938.76 Safari/537.36"
207.46.13.127 - - [03/Aug/2025:15:52:54 +0300] "GET /sitemap371.xml HTTP/2" 200 1668 "-" "Mozilla/5.0 AppleWebKit/537.36 (KHTML, like Gecko; compatible; bingbot/2.0; +http://www.bing.com/bingbot.htm) Chrome/116.0.1938.76 Safari/537.36"
207.46.13.127 - - [03/Aug/2025:15:52:54 +0300] "GET /sitemap777.xml HTTP/2" 200 1664 "-" "Mozilla/5.0 AppleWebKit/537.36 (KHTML, like Gecko; compatible; bingbot/2.0; +http://www.bing.com/bingbot.htm) Chrome/116.0.1938.76 Safari/537.36"
207.46.13.127 - - [03/Aug/2025:15:52:55 +0300] "GET /sitemap447.xml HTTP/2" 200 1701 "-" "Mozilla/5.0 AppleWebKit/537.36 (KHTML, like Gecko; compatible; bingbot/2.0; +http://www.bing.com/bingbot.htm) Chrome/116.0.1938.76 Safari/537.36"
207.46.13.127 - - [03/Aug/2025:15:52:56 +0300] "GET /sitemap712.xml HTTP/2" 200 1683 "-" "Mozilla/5.0 AppleWebKit/537.36 (KHTML, like Gecko; compatible; bingbot/2.0; +http://www.bing.com/bingbot.htm) Chrome/116.0.1938.76 Safari/537.36"
207.46.13.127 - - [03/Aug/2025:15:52:59 +0300] "GET /sitemap872.xml HTTP/2" 200 1686 "-" "Mozilla/5.0 AppleWebKit/537.36 (KHTML, like Gecko; compatible; bingbot/2.0; +http://www.bing.com/bingbot.htm) Chrome/116.0.1938.76 Safari/537.36"
207.46.13.127 - - [03/Aug/2025:15:53:08 +0300] "GET /sitemap396.xml HTTP/2" 200 1695 "-" "Mozilla/5.0 AppleWebKit/537.36 (KHTML, like Gecko; compatible; bingbot/2.0; +http://www.bing.com/bingbot.htm) Chrome/116.0.1938.76 Safari/537.36"
207.46.13.127 - - [03/Aug/2025:15:53:08 +0300] "GET /sitemap260.xml HTTP/2" 200 1677 "-" "Mozilla/5.0 AppleWebKit/537.36 (KHTML, like Gecko; compatible; bingbot/2.0; +http://www.bing.com/bingbot.htm) Chrome/116.0.1938.76 Safari/537.36"
207.46.13.127 - - [03/Aug/2025:15:53:08 +0300] "GET /sitemap232.xml HTTP/2" 200 1711 "-" "Mozilla/5.0 AppleWebKit/537.36 (KHTML, like Gecko; compatible; bingbot/2.0; +http://www.bing.com/bingbot.htm) Chrome/116.0.1938.76 Safari/537.36"
66.249.79.35 - - [03/Aug/2025:15:53:12 +0300] "GET /shopdetail/4416055/ HTTP/1.1" 200 22239 "-" "Mozilla/5.0 (Linux; Android 6.0.1; Nexus 5X Build/MMB29P) AppleWebKit/537.36 (KHTML, like Gecko) Chrome/138.0.7204.183 Mobile Safari/537.36 (compatible; GoogleOther)"
57.141.6.16 - - [03/Aug/2025:15:51:17 +0300] "GET /shopdetail/10463444/ HTTP/2" 500 384 "-" "meta-externalagent/1.1 (+https://developers.facebook.com/docs/sharing/webmasters/crawler)"
66.249.79.35 - - [03/Aug/2025:15:53:36 +0300] "GET /shopdetail/18380944/ HTTP/1.1" 200 22107 "-" "Mozilla/5.0 (Linux; Android 6.0.1; Nexus 5X Build/MMB29P) AppleWebKit/537.36 (KHTML, like Gecko) Chrome/138.0.7204.183 Mobile Safari/537.36 (compatible; GoogleOther)"
66.249.79.35 - - [03/Aug/2025:15:53:36 +0300] "GET /shopdetail/30982100/ HTTP/1.1" 200 22286 "-" "Mozilla/5.0 (Linux; Android 6.0.1; Nexus 5X Build/MMB29P) AppleWebKit/537.36 (KHTML, like Gecko) Chrome/138.0.7204.183 Mobile Safari/537.36 (compatible; GoogleOther)"
66.249.79.35 - - [03/Aug/2025:15:53:36 +0300] "GET /shopdetail/22453011/ HTTP/1.1" 200 22298 "-" "Mozilla/5.0 (Linux; Android 6.0.1; Nexus 5X Build/MMB29P) AppleWebKit/537.36 (KHTML, like Gecko) Chrome/138.0.7204.183 Mobile Safari/537.36 (compatible; GoogleOther)"
66.249.79.35 - - [03/Aug/2025:15:53:38 +0300] "GET /shopdetail/25207777/ HTTP/1.1" 200 21937 "-" "Mozilla/5.0 (Linux; Android 6.0.1; Nexus 5X Build/MMB29P) AppleWebKit/537.36 (KHTML, like Gecko) Chrome/138.0.7204.183 Mobile Safari/537.36 (compatible; GoogleOther)"
114.119.153.105 - - [03/Aug/2025:15:54:03 +0300] "GET /product-category/hospital-equipment/?orderby=date HTTP/1.1" 403 0 "https://silvercommercialkitchen.com/product-category/hospital-equipment/?orderby=rating" "Mozilla/5.0 (Linux; Android 7.0;) AppleWebKit/537.36 (KHTML, like Gecko) Mobile Safari/537.36 (compatible; PetalBot;+https://webmaster.petalsearch.com/site/petalbot)"
66.249.79.36 - - [03/Aug/2025:15:54:04 +0300] "GET /shopdetail/7121399/ HTTP/1.1" 200 22534 "-" "Mozilla/5.0 (Linux; Android 6.0.1; Nexus 5X Build/MMB29P) AppleWebKit/537.36 (KHTML, like Gecko) Chrome/138.0.7204.183 Mobile Safari/537.36 (compatible; GoogleOther)"
66.249.79.35 - - [03/Aug/2025:15:54:10 +0300] "GET /shopdetail/28070266/ HTTP/1.1" 200 22730 "-" "Mozilla/5.0 (Linux; Android 6.0.1; Nexus 5X Build/MMB29P) AppleWebKit/537.36 (KHTML, like Gecko) Chrome/138.0.7204.183 Mobile Safari/537.36 (compatible; GoogleOther)"
66.249.79.35 - - [03/Aug/2025:15:54:11 +0300] "GET /shopdetail/9542399/ HTTP/1.1" 200 22401 "-" "Mozilla/5.0 (Linux; Android 6.0.1; Nexus 5X Build/MMB29P) AppleWebKit/537.36 (KHTML, like Gecko) Chrome/138.0.7204.183 Mobile Safari/537.36 (compatible; GoogleOther)"
66.249.79.35 - - [03/Aug/2025:15:54:12 +0300] "GET /shopdetail/21988899/ HTTP/1.1" 200 21960 "-" "Mozilla/5.0 (Linux; Android 6.0.1; Nexus 5X Build/MMB29P) AppleWebKit/537.36 (KHTML, like Gecko) Chrome/138.0.7204.183 Mobile Safari/537.36 (compatible; GoogleOther)"
66.249.79.35 - - [03/Aug/2025:15:54:13 +0300] "GET /shopdetail/23975699/ HTTP/1.1" 200 21890 "-" "Mozilla/5.0 (Linux; Android 6.0.1; Nexus 5X Build/MMB29P) AppleWebKit/537.36 (KHTML, like Gecko) Chrome/138.0.7204.183 Mobile Safari/537.36 (compatible; GoogleOther)"
66.249.79.35 - - [03/Aug/2025:15:54:14 +0300] "GET /shopdetail/16528155/ HTTP/1.1" 200 22010 "-" "Mozilla/5.0 (Linux; Android 6.0.1; Nexus 5X Build/MMB29P) AppleWebKit/537.36 (KHTML, like Gecko) Chrome/138.0.7204.183 Mobile Safari/537.36 (compatible; GoogleOther)"
66.249.79.35 - - [03/Aug/2025:15:54:14 +0300] "GET /shopdetail/3151111/ HTTP/1.1" 200 21834 "-" "Mozilla/5.0 (Linux; Android 6.0.1; Nexus 5X Build/MMB29P) AppleWebKit/537.36 (KHTML, like Gecko) Chrome/138.0.7204.183 Mobile Safari/537.36 (compatible; GoogleOther)"
66.249.79.35 - - [03/Aug/2025:15:54:14 +0300] "GET /shopdetail/22045477/ HTTP/1.1" 200 22232 "-" "Mozilla/5.0 (Linux; Android 6.0.1; Nexus 5X Build/MMB29P) AppleWebKit/537.36 (KHTML, like Gecko) Chrome/138.0.7204.183 Mobile Safari/537.36 (compatible; GoogleOther)"
66.249.79.35 - - [03/Aug/2025:15:54:15 +0300] "GET /shopdetail/31303411/ HTTP/1.1" 200 21923 "-" "Mozilla/5.0 (Linux; Android 6.0.1; Nexus 5X Build/MMB29P) AppleWebKit/537.36 (KHTML, like Gecko) Chrome/138.0.7204.183 Mobile Safari/537.36 (compatible; GoogleOther)"
66.249.79.35 - - [03/Aug/2025:15:54:16 +0300] "GET /shopdetail/9407588/ HTTP/1.1" 200 22603 "-" "Mozilla/5.0 (Linux; Android 6.0.1; Nexus 5X Build/MMB29P) AppleWebKit/537.36 (KHTML, like Gecko) Chrome/138.0.7204.183 Mobile Safari/537.36 (compatible; GoogleOther)"
66.249.79.36 - - [03/Aug/2025:15:53:42 +0300] "GET /shopdetail/30139800/ HTTP/1.1" 200 21919 "-" "Mozilla/5.0 (Linux; Android 6.0.1; Nexus 5X Build/MMB29P) AppleWebKit/537.36 (KHTML, like Gecko) Chrome/138.0.7204.183 Mobile Safari/537.36 (compatible; GoogleOther)"
66.249.79.36 - - [03/Aug/2025:15:53:52 +0300] "GET /shopdetail/4053344/ HTTP/1.1" 200 22734 "-" "Mozilla/5.0 (Linux; Android 6.0.1; Nexus 5X Build/MMB29P) AppleWebKit/537.36 (KHTML, like Gecko) Chrome/138.0.7204.183 Mobile Safari/537.36 (compatible; Googlebot/2.1; +http://www.google.com/bot.html)"
57.141.6.18 - - [03/Aug/2025:15:52:52 +0300] "GET /shopdetail/26357555/ HTTP/2" 503 807 "-" "meta-externalagent/1.1 (+https://developers.facebook.com/docs/sharing/webmasters/crawler)"
57.141.6.28 - - [03/Aug/2025:15:52:07 +0300] "GET /shopdetail/8485622/ HTTP/2" 500 384 "-" "meta-externalagent/1.1 (+https://developers.facebook.com/docs/sharing/webmasters/crawler)"
57.141.6.23 - - [03/Aug/2025:15:52:11 +0300] "GET /shopdetail/26104355/ HTTP/2" 500 384 "-" "meta-externalagent/1.1 (+https://developers.facebook.com/docs/sharing/webmasters/crawler)"
66.249.79.36 - - [03/Aug/2025:15:54:17 +0300] "GET /shopdetail/3630633/ HTTP/1.1" 200 22759 "-" "Mozilla/5.0 (Linux; Android 6.0.1; Nexus 5X Build/MMB29P) AppleWebKit/537.36 (KHTML, like Gecko) Chrome/138.0.7204.183 Mobile Safari/537.36 (compatible; GoogleOther)"
66.249.79.36 - - [03/Aug/2025:15:54:19 +0300] "GET /shopdetail/28408800/ HTTP/1.1" 200 21995 "-" "Mozilla/5.0 (Linux; Android 6.0.1; Nexus 5X Build/MMB29P) AppleWebKit/537.36 (KHTML, like Gecko) Chrome/138.0.7204.183 Mobile Safari/537.36 (compatible; GoogleOther)"
66.249.79.35 - - [03/Aug/2025:15:54:21 +0300] "GET /shopdetail/17056988/ HTTP/1.1" 200 23025 "-" "Mozilla/5.0 (Linux; Android 6.0.1; Nexus 5X Build/MMB29P) AppleWebKit/537.36 (KHTML, like Gecko) Chrome/138.0.7204.183 Mobile Safari/537.36 (compatible; Googlebot/2.1; +http://www.google.com/bot.html)"
66.249.79.36 - - [03/Aug/2025:15:54:36 +0300] "GET /shopdetail/23743300/ HTTP/1.1" 200 22120 "-" "Mozilla/5.0 (Linux; Android 6.0.1; Nexus 5X Build/MMB29P) AppleWebKit/537.36 (KHTML, like Gecko) Chrome/138.0.7204.183 Mobile Safari/537.36 (compatible; GoogleOther)"
66.249.79.35 - - [03/Aug/2025:15:54:51 +0300] "GET /shopdetail/27292199/ HTTP/1.1" 200 21958 "-" "Mozilla/5.0 (Linux; Android 6.0.1; Nexus 5X Build/MMB29P) AppleWebKit/537.36 (KHTML, like Gecko) Chrome/138.0.7204.183 Mobile Safari/537.36 (compatible; GoogleOther)"
66.249.79.35 - - [03/Aug/2025:15:54:54 +0300] "GET /shopdetail/9667599/ HTTP/1.1" 200 22341 "-" "Mozilla/5.0 (Linux; Android 6.0.1; Nexus 5X Build/MMB29P) AppleWebKit/537.36 (KHTML, like Gecko) Chrome/138.0.7204.183 Mobile Safari/537.36 (compatible; GoogleOther)"
66.249.79.35 - - [03/Aug/2025:15:54:56 +0300] "GET /shopdetail/2158277/ HTTP/1.1" 200 22501 "-" "Mozilla/5.0 (Linux; Android 6.0.1; Nexus 5X Build/MMB29P) AppleWebKit/537.36 (KHTML, like Gecko) Chrome/138.0.7204.183 Mobile Safari/537.36 (compatible; GoogleOther)"
66.249.79.35 - - [03/Aug/2025:15:55:15 +0300] "GET /shopdetail/28361955/ HTTP/1.1" 200 22757 "-" "Mozilla/5.0 (Linux; Android 6.0.1; Nexus 5X Build/MMB29P) AppleWebKit/537.36 (KHTML, like Gecko) Chrome/138.0.7204.183 Mobile Safari/537.36 (compatible; GoogleOther)"
66.249.79.35 - - [03/Aug/2025:15:55:16 +0300] "GET /shopdetail/5723777/ HTTP/1.1" 200 22299 "-" "Mozilla/5.0 (compatible; Googlebot/2.1; +http://www.google.com/bot.html)"
