66.249.79.36 - - [03/Aug/2025:16:03:53 +0300] "GET /shopdetail/7418533/ HTTP/1.1" 200 21701 "-" "Mozilla/5.0 (Linux; Android 6.0.1; Nexus 5X Build/MMB29P) AppleWebKit/537.36 (KHTML, like Gecko) Chrome/138.0.7204.183 Mobile Safari/537.36 (compatible; GoogleOther)"
66.249.79.36 - - [03/Aug/2025:16:04:04 +0300] "GET /shopdetail/9963722/ HTTP/1.1" 200 21986 "-" "Mozilla/5.0 (Linux; Android 6.0.1; Nexus 5X Build/MMB29P) AppleWebKit/537.36 (KHTML, like Gecko) Chrome/138.0.7204.183 Mobile Safari/537.36 (compatible; GoogleOther)"
66.249.79.36 - - [03/Aug/2025:16:04:06 +0300] "GET /shopdetail/18544600/ HTTP/1.1" 200 22118 "-" "Mozilla/5.0 (Linux; Android 6.0.1; Nexus 5X Build/MMB29P) AppleWebKit/537.36 (KHTML, like Gecko) Chrome/138.0.7204.183 Mobile Safari/537.36 (compatible; GoogleOther)"
66.249.79.35 - - [03/Aug/2025:16:04:13 +0300] "GET /shopdetail/31352188/ HTTP/1.1" 200 21927 "-" "Mozilla/5.0 (Linux; Android 6.0.1; Nexus 5X Build/MMB29P) AppleWebKit/537.36 (KHTML, like Gecko) Chrome/138.0.7204.183 Mobile Safari/537.36 (compatible; GoogleOther)"
66.249.79.35 - - [03/Aug/2025:16:04:20 +0300] "GET /shopdetail/4450844/ HTTP/1.1" 200 21895 "-" "Mozilla/5.0 (Linux; Android 6.0.1; Nexus 5X Build/MMB29P) AppleWebKit/537.36 (KHTML, like Gecko) Chrome/138.0.7204.183 Mobile Safari/537.36 (compatible; GoogleOther)"
57.141.6.16 - - [03/Aug/2025:16:04:18 +0300] "GET /shopdetail/2837177/ HTTP/2" 404 105046 "-" "meta-externalagent/1.1 (+https://developers.facebook.com/docs/sharing/webmasters/crawler)"
66.249.79.35 - - [03/Aug/2025:16:04:28 +0300] "GET /shopdetail/25658133/ HTTP/1.1" 200 21914 "-" "Mozilla/5.0 (Linux; Android 6.0.1; Nexus 5X Build/MMB29P) AppleWebKit/537.36 (KHTML, like Gecko) Chrome/138.0.7204.183 Mobile Safari/537.36 (compatible; GoogleOther)"
66.249.79.35 - - [03/Aug/2025:16:04:32 +0300] "GET /shopdetail/1581933/ HTTP/1.1" 200 22118 "-" "Mozilla/5.0 (Linux; Android 6.0.1; Nexus 5X Build/MMB29P) AppleWebKit/537.36 (KHTML, like Gecko) Chrome/138.0.7204.183 Mobile Safari/537.36 (compatible; GoogleOther)"
66.249.79.36 - - [03/Aug/2025:16:04:41 +0300] "GET /shopdetail/6748644/ HTTP/1.1" 200 23018 "-" "Mozilla/5.0 (Linux; Android 6.0.1; Nexus 5X Build/MMB29P) AppleWebKit/537.36 (KHTML, like Gecko) Chrome/138.0.7204.183 Mobile Safari/537.36 (compatible; GoogleOther)"
66.249.79.36 - - [03/Aug/2025:16:04:41 +0300] "GET /shopdetail/28178744/ HTTP/1.1" 200 21874 "-" "Mozilla/5.0 (Linux; Android 6.0.1; Nexus 5X Build/MMB29P) AppleWebKit/537.36 (KHTML, like Gecko) Chrome/138.0.7204.183 Mobile Safari/537.36 (compatible; GoogleOther)"
66.249.79.35 - - [03/Aug/2025:16:03:46 +0300] "GET /shopdetail/22088322/ HTTP/1.1" 200 22218 "-" "Mozilla/5.0 (Linux; Android 6.0.1; Nexus 5X Build/MMB29P) AppleWebKit/537.36 (KHTML, like Gecko) Chrome/138.0.7204.183 Mobile Safari/537.36 (compatible; GoogleOther)"
66.249.79.35 - - [03/Aug/2025:16:03:49 +0300] "GET /shopdetail/18430266/ HTTP/1.1" 200 22320 "-" "Mozilla/5.0 (Linux; Android 6.0.1; Nexus 5X Build/MMB29P) AppleWebKit/537.36 (KHTML, like Gecko) Chrome/138.0.7204.183 Mobile Safari/537.36 (compatible; GoogleOther)"
66.249.79.36 - - [03/Aug/2025:16:03:53 +0300] "GET /shopdetail/30318377/ HTTP/1.1" 200 22552 "-" "Mozilla/5.0 (Linux; Android 6.0.1; Nexus 5X Build/MMB29P) AppleWebKit/537.36 (KHTML, like Gecko) Chrome/138.0.7204.183 Mobile Safari/537.36 (compatible; GoogleOther)"
66.249.79.36 - - [03/Aug/2025:16:03:54 +0300] "GET /shopdetail/13336022/ HTTP/1.1" 200 21853 "-" "Mozilla/5.0 (Linux; Android 6.0.1; Nexus 5X Build/MMB29P) AppleWebKit/537.36 (KHTML, like Gecko) Chrome/138.0.7204.183 Mobile Safari/537.36 (compatible; GoogleOther)"
207.46.13.86 - - [03/Aug/2025:16:03:56 +0300] "GET /product-category/commercial-equipment/fabrications/?orderby=menu_order&remove_compare_item=74306eef5860833e2e47ff169a73b45b HTTP/2" 200 22139 "-" "Mozilla/5.0 AppleWebKit/537.36 (KHTML, like Gecko; compatible; bingbot/2.0; +http://www.bing.com/bingbot.htm) Chrome/116.0.1938.76 Safari/537.36"
66.249.79.35 - - [03/Aug/2025:16:04:02 +0300] "GET /shopdetail/25008822/ HTTP/1.1" 200 22052 "-" "Mozilla/5.0 (Linux; Android 6.0.1; Nexus 5X Build/MMB29P) AppleWebKit/537.36 (KHTML, like Gecko) Chrome/138.0.7204.183 Mobile Safari/537.36 (compatible; GoogleOther)"
66.249.79.36 - - [03/Aug/2025:16:04:13 +0300] "GET /shopdetail/19557600/ HTTP/1.1" 200 22249 "-" "Mozilla/5.0 (Linux; Android 6.0.1; Nexus 5X Build/MMB29P) AppleWebKit/537.36 (KHTML, like Gecko) Chrome/138.0.7204.183 Mobile Safari/537.36 (compatible; GoogleOther)"
66.249.79.35 - - [03/Aug/2025:16:04:20 +0300] "GET /shopdetail/30301411/ HTTP/1.1" 200 21662 "-" "Mozilla/5.0 (Linux; Android 6.0.1; Nexus 5X Build/MMB29P) AppleWebKit/537.36 (KHTML, like Gecko) Chrome/138.0.7204.183 Mobile Safari/537.36 (compatible; GoogleOther)"
66.249.79.35 - - [03/Aug/2025:16:04:22 +0300] "GET /shopdetail/30835177/ HTTP/1.1" 200 21853 "-" "Mozilla/5.0 (Linux; Android 6.0.1; Nexus 5X Build/MMB29P) AppleWebKit/537.36 (KHTML, like Gecko) Chrome/138.0.7204.183 Mobile Safari/537.36 (compatible; GoogleOther)"
66.249.79.36 - - [03/Aug/2025:16:04:33 +0300] "GET /shopdetail/8420188/ HTTP/1.1" 200 22646 "-" "Mozilla/5.0 (Linux; Android 6.0.1; Nexus 5X Build/MMB29P) AppleWebKit/537.36 (KHTML, like Gecko) Chrome/138.0.7204.183 Mobile Safari/537.36 (compatible; GoogleOther)"
66.249.79.35 - - [03/Aug/2025:16:04:46 +0300] "GET /shopdetail/25017000/ HTTP/1.1" 200 22600 "-" "Mozilla/5.0 (Linux; Android 6.0.1; Nexus 5X Build/MMB29P) AppleWebKit/537.36 (KHTML, like Gecko) Chrome/138.0.7204.183 Mobile Safari/537.36 (compatible; GoogleOther)"
66.249.79.36 - - [03/Aug/2025:16:05:02 +0300] "GET /shopdetail/23088911/ HTTP/1.1" 200 22260 "-" "Mozilla/5.0 (Linux; Android 6.0.1; Nexus 5X Build/MMB29P) AppleWebKit/537.36 (KHTML, like Gecko) Chrome/138.0.7204.183 Mobile Safari/537.36 (compatible; GoogleOther)"
66.249.79.35 - - [03/Aug/2025:16:05:02 +0300] "GET /shopdetail/27842900/ HTTP/1.1" 200 22715 "-" "Mozilla/5.0 (Linux; Android 6.0.1; Nexus 5X Build/MMB29P) AppleWebKit/537.36 (KHTML, like Gecko) Chrome/138.0.7204.183 Mobile Safari/537.36 (compatible; GoogleOther)"
66.249.79.35 - - [03/Aug/2025:16:05:06 +0300] "GET /shopdetail/10193944/ HTTP/1.1" 200 22695 "-" "Mozilla/5.0 (Linux; Android 6.0.1; Nexus 5X Build/MMB29P) AppleWebKit/537.36 (KHTML, like Gecko) Chrome/138.0.7204.183 Mobile Safari/537.36 (compatible; GoogleOther)"
66.249.79.35 - - [03/Aug/2025:16:05:20 +0300] "GET /shopdetail/4236966/ HTTP/1.1" 200 21894 "-" "Mozilla/5.0 (Linux; Android 6.0.1; Nexus 5X Build/MMB29P) AppleWebKit/537.36 (KHTML, like Gecko) Chrome/138.0.7204.183 Mobile Safari/537.36 (compatible; GoogleOther)"
66.249.79.35 - - [03/Aug/2025:16:04:51 +0300] "GET /shopdetail/3854055/ HTTP/1.1" 200 22481 "-" "Mozilla/5.0 (Linux; Android 6.0.1; Nexus 5X Build/MMB29P) AppleWebKit/537.36 (KHTML, like Gecko) Chrome/138.0.7204.183 Mobile Safari/537.36 (compatible; GoogleOther)"
66.249.79.35 - - [03/Aug/2025:16:04:53 +0300] "GET /shopdetail/31071000/ HTTP/1.1" 200 23241 "-" "Mozilla/5.0 (Linux; Android 6.0.1; Nexus 5X Build/MMB29P) AppleWebKit/537.36 (KHTML, like Gecko) Chrome/138.0.7204.183 Mobile Safari/537.36 (compatible; GoogleOther)"
66.249.79.35 - - [03/Aug/2025:16:05:11 +0300] "GET /shopdetail/30981077/ HTTP/1.1" 200 22011 "-" "Mozilla/5.0 (Linux; Android 6.0.1; Nexus 5X Build/MMB29P) AppleWebKit/537.36 (KHTML, like Gecko) Chrome/138.0.7204.183 Mobile Safari/537.36 (compatible; GoogleOther)"
66.249.79.35 - - [03/Aug/2025:16:05:13 +0300] "GET /shopdetail/3770066/ HTTP/1.1" 200 22470 "-" "Mozilla/5.0 (Linux; Android 6.0.1; Nexus 5X Build/MMB29P) AppleWebKit/537.36 (KHTML, like Gecko) Chrome/138.0.7204.183 Mobile Safari/537.36 (compatible; GoogleOther)"
66.249.79.35 - - [03/Aug/2025:16:05:40 +0300] "GET /shopdetail/3902255/ HTTP/1.1" 200 22358 "-" "Mozilla/5.0 (Linux; Android 6.0.1; Nexus 5X Build/MMB29P) AppleWebKit/537.36 (KHTML, like Gecko) Chrome/138.0.7204.183 Mobile Safari/537.36 (compatible; GoogleOther)"
66.249.79.35 - - [03/Aug/2025:16:05:47 +0300] "GET /shopdetail/30715211/ HTTP/1.1" 200 22076 "-" "Mozilla/5.0 (Linux; Android 6.0.1; Nexus 5X Build/MMB29P) AppleWebKit/537.36 (KHTML, like Gecko) Chrome/138.0.7204.183 Mobile Safari/537.36 (compatible; GoogleOther)"
66.249.79.36 - - [03/Aug/2025:16:05:50 +0300] "GET /shopdetail/19896411/ HTTP/1.1" 200 22374 "-" "Mozilla/5.0 (Linux; Android 6.0.1; Nexus 5X Build/MMB29P) AppleWebKit/537.36 (KHTML, like Gecko) Chrome/138.0.7204.183 Mobile Safari/537.36 (compatible; GoogleOther)"
66.249.79.36 - - [03/Aug/2025:16:05:53 +0300] "GET /shopdetail/4037988/ HTTP/1.1" 200 22566 "-" "Mozilla/5.0 (Linux; Android 6.0.1; Nexus 5X Build/MMB29P) AppleWebKit/537.36 (KHTML, like Gecko) Chrome/138.0.7204.183 Mobile Safari/537.36 (compatible; GoogleOther)"
66.249.79.36 - - [03/Aug/2025:16:05:55 +0300] "GET /shopdetail/6082788/ HTTP/1.1" 200 22350 "-" "Mozilla/5.0 (Linux; Android 6.0.1; Nexus 5X Build/MMB29P) AppleWebKit/537.36 (KHTML, like Gecko) Chrome/138.0.7204.183 Mobile Safari/537.36 (compatible; GoogleOther)"
66.249.79.37 - - [03/Aug/2025:16:06:02 +0300] "GET /shopdetail/25275355/ HTTP/1.1" 200 21777 "-" "Mozilla/5.0 (Linux; Android 6.0.1; Nexus 5X Build/MMB29P) AppleWebKit/537.36 (KHTML, like Gecko) Chrome/138.0.7204.183 Mobile Safari/537.36 (compatible; GoogleOther)"
66.249.79.35 - - [03/Aug/2025:16:06:07 +0300] "GET /shopdetail/7762633/ HTTP/1.1" 200 22170 "-" "Mozilla/5.0 (Linux; Android 6.0.1; Nexus 5X Build/MMB29P) AppleWebKit/537.36 (KHTML, like Gecko) Chrome/138.0.7204.183 Mobile Safari/537.36 (compatible; GoogleOther)"
66.249.79.36 - - [03/Aug/2025:16:06:10 +0300] "GET /shopdetail/29828077/ HTTP/1.1" 200 21940 "-" "Mozilla/5.0 (Linux; Android 6.0.1; Nexus 5X Build/MMB29P) AppleWebKit/537.36 (KHTML, like Gecko) Chrome/138.0.7204.183 Mobile Safari/537.36 (compatible; GoogleOther)"
66.249.79.35 - - [03/Aug/2025:16:06:20 +0300] "GET /shopdetail/31084355/ HTTP/1.1" 200 21825 "-" "Mozilla/5.0 (Linux; Android 6.0.1; Nexus 5X Build/MMB29P) AppleWebKit/537.36 (KHTML, like Gecko) Chrome/138.0.7204.183 Mobile Safari/537.36 (compatible; GoogleOther)"
66.249.79.35 - - [03/Aug/2025:16:06:20 +0300] "GET /shopdetail/27430066/ HTTP/1.1" 200 22418 "-" "Mozilla/5.0 (Linux; Android 6.0.1; Nexus 5X Build/MMB29P) AppleWebKit/537.36 (KHTML, like Gecko) Chrome/138.0.7204.183 Mobile Safari/537.36 (compatible; GoogleOther)"
66.249.79.35 - - [03/Aug/2025:16:06:27 +0300] "GET /shopdetail/30352411/ HTTP/1.1" 200 23131 "-" "Mozilla/5.0 (Linux; Android 6.0.1; Nexus 5X Build/MMB29P) AppleWebKit/537.36 (KHTML, like Gecko) Chrome/138.0.7204.183 Mobile Safari/537.36 (compatible; GoogleOther)"
66.249.79.35 - - [03/Aug/2025:16:05:21 +0300] "GET /shopdetail/26553000/ HTTP/1.1" 200 22350 "-" "Mozilla/5.0 (Linux; Android 6.0.1; Nexus 5X Build/MMB29P) AppleWebKit/537.36 (KHTML, like Gecko) Chrome/138.0.7204.183 Mobile Safari/537.36 (compatible; GoogleOther)"
57.141.6.26 - - [03/Aug/2025:16:05:25 +0300] "GET /wp-content/uploads/2025/02/Worktop-Cabinet-stainless-steel-768x768.png HTTP/2" 200 81545 "-" "meta-externalagent/1.1 (+https://developers.facebook.com/docs/sharing/webmasters/crawler)"
66.249.79.35 - - [03/Aug/2025:16:05:26 +0300] "GET /shopdetail/4389744/ HTTP/1.1" 200 23141 "-" "Mozilla/5.0 (Linux; Android 6.0.1; Nexus 5X Build/MMB29P) AppleWebKit/537.36 (KHTML, like Gecko) Chrome/138.0.7204.183 Mobile Safari/537.36 (compatible; GoogleOther)"
66.249.79.35 - - [03/Aug/2025:16:05:30 +0300] "GET /shopdetail/2718199/ HTTP/1.1" 200 22852 "-" "Mozilla/5.0 (Linux; Android 6.0.1; Nexus 5X Build/MMB29P) AppleWebKit/537.36 (KHTML, like Gecko) Chrome/138.0.7204.183 Mobile Safari/537.36 (compatible; GoogleOther)"
66.249.79.35 - - [03/Aug/2025:16:05:33 +0300] "GET /shopdetail/30775855/ HTTP/1.1" 200 22446 "-" "Mozilla/5.0 (Linux; Android 6.0.1; Nexus 5X Build/MMB29P) AppleWebKit/537.36 (KHTML, like Gecko) Chrome/138.0.7204.183 Mobile Safari/537.36 (compatible; GoogleOther)"
66.249.79.36 - - [03/Aug/2025:16:05:40 +0300] "GET /shopdetail/22254688/ HTTP/1.1" 200 21758 "-" "Mozilla/5.0 (Linux; Android 6.0.1; Nexus 5X Build/MMB29P) AppleWebKit/537.36 (KHTML, like Gecko) Chrome/138.0.7204.183 Mobile Safari/537.36 (compatible; GoogleOther)"
66.249.79.35 - - [03/Aug/2025:16:06:02 +0300] "GET /shopdetail/16960499/ HTTP/1.1" 200 22041 "-" "Mozilla/5.0 (Linux; Android 6.0.1; Nexus 5X Build/MMB29P) AppleWebKit/537.36 (KHTML, like Gecko) Chrome/138.0.7204.183 Mobile Safari/537.36 (compatible; Googlebot/2.1; +http://www.google.com/bot.html)"
66.249.79.35 - - [03/Aug/2025:16:06:02 +0300] "GET /shopdetail/30353277/ HTTP/1.1" 200 22315 "-" "Mozilla/5.0 (Linux; Android 6.0.1; Nexus 5X Build/MMB29P) AppleWebKit/537.36 (KHTML, like Gecko) Chrome/138.0.7204.183 Mobile Safari/537.36 (compatible; GoogleOther)"
66.249.79.35 - - [03/Aug/2025:16:06:12 +0300] "GET /shopdetail/3134666/ HTTP/1.1" 200 21898 "-" "Mozilla/5.0 (Linux; Android 6.0.1; Nexus 5X Build/MMB29P) AppleWebKit/537.36 (KHTML, like Gecko) Chrome/138.0.7204.183 Mobile Safari/537.36 (compatible; GoogleOther)"
66.249.79.35 - - [03/Aug/2025:16:06:14 +0300] "GET /shopdetail/2086255/ HTTP/1.1" 200 22147 "-" "Mozilla/5.0 (Linux; Android 6.0.1; Nexus 5X Build/MMB29P) AppleWebKit/537.36 (KHTML, like Gecko) Chrome/138.0.7204.183 Mobile Safari/537.36 (compatible; GoogleOther)"
66.249.79.35 - - [03/Aug/2025:16:06:15 +0300] "GET /shopdetail/26372477/ HTTP/1.1" 200 22407 "-" "Mozilla/5.0 (Linux; Android 6.0.1; Nexus 5X Build/MMB29P) AppleWebKit/537.36 (KHTML, like Gecko) Chrome/138.0.7204.183 Mobile Safari/537.36 (compatible; GoogleOther)"
66.249.79.35 - - [03/Aug/2025:16:06:15 +0300] "GET /shopdetail/16718844/ HTTP/1.1" 200 22267 "-" "Mozilla/5.0 (Linux; Android 6.0.1; Nexus 5X Build/MMB29P) AppleWebKit/537.36 (KHTML, like Gecko) Chrome/138.0.7204.183 Mobile Safari/537.36 (compatible; GoogleOther)"
66.249.79.36 - - [03/Aug/2025:16:06:40 +0300] "GET /shopdetail/29180388/ HTTP/1.1" 200 21794 "-" "Mozilla/5.0 (Linux; Android 6.0.1; Nexus 5X Build/MMB29P) AppleWebKit/537.36 (KHTML, like Gecko) Chrome/138.0.7204.183 Mobile Safari/537.36 (compatible; GoogleOther)"
20.15.133.191 - - [03/Aug/2025:16:06:44 +0300] "GET /shopdetail/18069388/ HTTP/2" 200 22335 "-" "Mozilla/5.0 AppleWebKit/537.36 (KHTML, like Gecko; compatible; bingbot/2.0; +http://www.bing.com/bingbot.htm) Chrome/116.0.1938.76 Safari/537.36"
20.15.133.191 - - [03/Aug/2025:16:06:45 +0300] "GET /shopdetail/7394744/ HTTP/2" 200 21983 "-" "Mozilla/5.0 AppleWebKit/537.36 (KHTML, like Gecko; compatible; bingbot/2.0; +http://www.bing.com/bingbot.htm) Chrome/116.0.1938.76 Safari/537.36"
66.249.79.36 - - [03/Aug/2025:16:06:29 +0300] "GET /shopdetail/28981499/ HTTP/1.1" 200 22188 "-" "Mozilla/5.0 (Linux; Android 6.0.1; Nexus 5X Build/MMB29P) AppleWebKit/537.36 (KHTML, like Gecko) Chrome/138.0.7204.183 Mobile Safari/537.36 (compatible; GoogleOther)"
66.249.79.36 - - [03/Aug/2025:16:06:33 +0300] "GET /shopdetail/3329555/ HTTP/1.1" 200 22174 "-" "Mozilla/5.0 (Linux; Android 6.0.1; Nexus 5X Build/MMB29P) AppleWebKit/537.36 (KHTML, like Gecko) Chrome/138.0.7204.183 Mobile Safari/537.36 (compatible; GoogleOther)"
57.141.6.31 - - [03/Aug/2025:16:06:34 +0300] "GET /shopdetail/25211011/ HTTP/2" 404 105050 "-" "meta-externalagent/1.1 (+https://developers.facebook.com/docs/sharing/webmasters/crawler)"
66.249.79.35 - - [03/Aug/2025:16:06:39 +0300] "GET /shopdetail/30859911/ HTTP/1.1" 200 22327 "-" "Mozilla/5.0 (Linux; Android 6.0.1; Nexus 5X Build/MMB29P) AppleWebKit/537.36 (KHTML, like Gecko) Chrome/138.0.7204.183 Mobile Safari/537.36 (compatible; GoogleOther)"
66.249.79.36 - - [03/Aug/2025:16:06:47 +0300] "GET /shopdetail/10088466/ HTTP/1.1" 200 21830 "-" "Mozilla/5.0 (Linux; Android 6.0.1; Nexus 5X Build/MMB29P) AppleWebKit/537.36 (KHTML, like Gecko) Chrome/138.0.7204.183 Mobile Safari/537.36 (compatible; GoogleOther)"
20.15.133.160 - - [03/Aug/2025:16:06:51 +0300] "GET /shopdetail/25914000/ HTTP/2" 200 22404 "-" "Mozilla/5.0 AppleWebKit/537.36 (KHTML, like Gecko; compatible; bingbot/2.0; +http://www.bing.com/bingbot.htm) Chrome/116.0.1938.76 Safari/537.36"
66.249.79.35 - - [03/Aug/2025:16:06:54 +0300] "GET /shopdetail/5148866/ HTTP/1.1" 200 21908 "-" "Mozilla/5.0 (Linux; Android 6.0.1; Nexus 5X Build/MMB29P) AppleWebKit/537.36 (KHTML, like Gecko) Chrome/138.0.7204.183 Mobile Safari/537.36 (compatible; GoogleOther)"
66.249.79.36 - - [03/Aug/2025:16:07:07 +0300] "GET /shopdetail/24952988/ HTTP/1.1" 200 21968 "-" "Mozilla/5.0 (Linux; Android 6.0.1; Nexus 5X Build/MMB29P) AppleWebKit/537.36 (KHTML, like Gecko) Chrome/138.0.7204.183 Mobile Safari/537.36 (compatible; GoogleOther)"
66.249.79.35 - - [03/Aug/2025:16:07:07 +0300] "GET /shopdetail/8484122/ HTTP/1.1" 200 22568 "-" "Mozilla/5.0 (Linux; Android 6.0.1; Nexus 5X Build/MMB29P) AppleWebKit/537.36 (KHTML, like Gecko) Chrome/138.0.7204.183 Mobile Safari/537.36 (compatible; GoogleOther)"
66.249.79.36 - - [03/Aug/2025:16:07:09 +0300] "GET /shopdetail/31066355/ HTTP/1.1" 200 22100 "-" "Mozilla/5.0 (Linux; Android 6.0.1; Nexus 5X Build/MMB29P) AppleWebKit/537.36 (KHTML, like Gecko) Chrome/138.0.7204.183 Mobile Safari/537.36 (compatible; GoogleOther)"
66.249.79.35 - - [03/Aug/2025:16:07:09 +0300] "GET /shopdetail/5936200/ HTTP/1.1" 200 21924 "-" "Mozilla/5.0 (Linux; Android 6.0.1; Nexus 5X Build/MMB29P) AppleWebKit/537.36 (KHTML, like Gecko) Chrome/138.0.7204.183 Mobile Safari/537.36 (compatible; GoogleOther)"
66.249.79.35 - - [03/Aug/2025:16:07:13 +0300] "GET /shopdetail/9642188/ HTTP/1.1" 200 22812 "-" "Mozilla/5.0 (Linux; Android 6.0.1; Nexus 5X Build/MMB29P) AppleWebKit/537.36 (KHTML, like Gecko) Chrome/138.0.7204.183 Mobile Safari/537.36 (compatible; GoogleOther)"
66.249.79.35 - - [03/Aug/2025:16:07:14 +0300] "GET /shopdetail/26045266/ HTTP/1.1" 200 22065 "-" "Mozilla/5.0 (Linux; Android 6.0.1; Nexus 5X Build/MMB29P) AppleWebKit/537.36 (KHTML, like Gecko) Chrome/138.0.7204.183 Mobile Safari/537.36 (compatible; GoogleOther)"
66.249.79.35 - - [03/Aug/2025:16:07:18 +0300] "GET /shopdetail/28356988/ HTTP/1.1" 200 22277 "-" "Mozilla/5.0 (Linux; Android 6.0.1; Nexus 5X Build/MMB29P) AppleWebKit/537.36 (KHTML, like Gecko) Chrome/138.0.7204.183 Mobile Safari/537.36 (compatible; GoogleOther)"
66.249.79.35 - - [03/Aug/2025:16:07:20 +0300] "GET /shopdetail/14487522/ HTTP/1.1" 200 21847 "-" "Mozilla/5.0 (Linux; Android 6.0.1; Nexus 5X Build/MMB29P) AppleWebKit/537.36 (KHTML, like Gecko) Chrome/138.0.7204.183 Mobile Safari/537.36 (compatible; GoogleOther)"
20.15.133.191 - - [03/Aug/2025:16:06:47 +0300] "GET /shopdetail/27740999/ HTTP/2" 200 21773 "-" "Mozilla/5.0 AppleWebKit/537.36 (KHTML, like Gecko; compatible; bingbot/2.0; +http://www.bing.com/bingbot.htm) Chrome/116.0.1938.76 Safari/537.36"
66.249.79.35 - - [03/Aug/2025:16:06:49 +0300] "GET /shopdetail/30103288/ HTTP/1.1" 200 22087 "-" "Mozilla/5.0 (Linux; Android 6.0.1; Nexus 5X Build/MMB29P) AppleWebKit/537.36 (KHTML, like Gecko) Chrome/138.0.7204.183 Mobile Safari/537.36 (compatible; GoogleOther)"
66.249.79.36 - - [03/Aug/2025:16:06:49 +0300] "GET /shopdetail/5963077/ HTTP/1.1" 200 22274 "-" "Mozilla/5.0 (Linux; Android 6.0.1; Nexus 5X Build/MMB29P) AppleWebKit/537.36 (KHTML, like Gecko) Chrome/138.0.7204.183 Mobile Safari/537.36 (compatible; Googlebot/2.1; +http://www.google.com/bot.html)"
20.15.133.191 - - [03/Aug/2025:16:07:00 +0300] "GET /shopdetail/18167188/ HTTP/2" 200 21726 "-" "Mozilla/5.0 AppleWebKit/537.36 (KHTML, like Gecko; compatible; bingbot/2.0; +http://www.bing.com/bingbot.htm) Chrome/116.0.1938.76 Safari/537.36"
66.249.79.37 - - [03/Aug/2025:16:07:06 +0300] "GET /shopdetail/20864211/ HTTP/1.1" 200 21715 "-" "Mozilla/5.0 (Linux; Android 6.0.1; Nexus 5X Build/MMB29P) AppleWebKit/537.36 (KHTML, like Gecko) Chrome/138.0.7204.183 Mobile Safari/537.36 (compatible; GoogleOther)"
43.130.3.120 - - [03/Aug/2025:16:07:14 +0300] "GET / HTTP/1.1" 200 39834 "http://www.silvercommercialkitchen.com.otwalmanwalaw.co.ke" "Mozilla/5.0 (iPhone; CPU iPhone OS 13_2_3 like Mac OS X) AppleWebKit/605.1.15 (KHTML, like Gecko) Version/13.0.3 Mobile/15E148 Safari/604.1"
66.249.79.35 - - [03/Aug/2025:16:07:27 +0300] "GET /shopdetail/1888988/ HTTP/1.1" 200 22393 "-" "Mozilla/5.0 (Linux; Android 6.0.1; Nexus 5X Build/MMB29P) AppleWebKit/537.36 (KHTML, like Gecko) Chrome/138.0.7204.183 Mobile Safari/537.36 (compatible; GoogleOther)"
57.141.6.16 - - [03/Aug/2025:16:07:30 +0300] "GET /wp-content/uploads/2025/02/Undercounter-chiller-3-door-6ft.png HTTP/2" 200 182968 "-" "meta-externalagent/1.1 (+https://developers.facebook.com/docs/sharing/webmasters/crawler)"
20.15.133.160 - - [03/Aug/2025:16:07:30 +0300] "GET /shopdetail/28291388/ HTTP/2" 200 21865 "-" "Mozilla/5.0 AppleWebKit/537.36 (KHTML, like Gecko; compatible; bingbot/2.0; +http://www.bing.com/bingbot.htm) Chrome/116.0.1938.76 Safari/537.36"
66.249.79.36 - - [03/Aug/2025:16:07:34 +0300] "GET /shopdetail/2514144/ HTTP/1.1" 200 22339 "-" "Mozilla/5.0 (Linux; Android 6.0.1; Nexus 5X Build/MMB29P) AppleWebKit/537.36 (KHTML, like Gecko) Chrome/138.0.7204.183 Mobile Safari/537.36 (compatible; GoogleOther)"
66.249.79.36 - - [03/Aug/2025:16:07:35 +0300] "GET /shopdetail/19951755/ HTTP/1.1" 200 22718 "-" "Mozilla/5.0 (Linux; Android 6.0.1; Nexus 5X Build/MMB29P) AppleWebKit/537.36 (KHTML, like Gecko) Chrome/138.0.7204.183 Mobile Safari/537.36 (compatible; GoogleOther)"
66.249.79.35 - - [03/Aug/2025:16:07:38 +0300] "GET /shopdetail/22636099/ HTTP/1.1" 200 21994 "-" "Mozilla/5.0 (Linux; Android 6.0.1; Nexus 5X Build/MMB29P) AppleWebKit/537.36 (KHTML, like Gecko) Chrome/138.0.7204.183 Mobile Safari/537.36 (compatible; GoogleOther)"
66.249.79.35 - - [03/Aug/2025:16:07:40 +0300] "GET /shopdetail/24980377/ HTTP/1.1" 200 22596 "-" "Mozilla/5.0 (Linux; Android 6.0.1; Nexus 5X Build/MMB29P) AppleWebKit/537.36 (KHTML, like Gecko) Chrome/138.0.7204.183 Mobile Safari/537.36 (compatible; GoogleOther)"
66.249.79.35 - - [03/Aug/2025:16:07:41 +0300] "GET /shopdetail/24417388/ HTTP/1.1" 200 21981 "-" "Mozilla/5.0 (Linux; Android 6.0.1; Nexus 5X Build/MMB29P) AppleWebKit/537.36 (KHTML, like Gecko) Chrome/138.0.7204.183 Mobile Safari/537.36 (compatible; GoogleOther)"
66.249.79.36 - - [03/Aug/2025:16:07:47 +0300] "GET /shopdetail/24325011/ HTTP/1.1" 200 22306 "-" "Mozilla/5.0 (Linux; Android 6.0.1; Nexus 5X Build/MMB29P) AppleWebKit/537.36 (KHTML, like Gecko) Chrome/138.0.7204.183 Mobile Safari/537.36 (compatible; GoogleOther)"
66.249.79.35 - - [03/Aug/2025:16:07:21 +0300] "GET /shopdetail/2086255/ HTTP/1.1" 200 22147 "-" "Mozilla/5.0 (Linux; Android 6.0.1; Nexus 5X Build/MMB29P) AppleWebKit/537.36 (KHTML, like Gecko) Chrome/138.0.7204.183 Mobile Safari/537.36 (compatible; Googlebot/2.1; +http://www.google.com/bot.html)"
66.249.79.36 - - [03/Aug/2025:16:07:28 +0300] "GET /shopdetail/4267877/ HTTP/1.1" 200 22287 "-" "Mozilla/5.0 (Linux; Android 6.0.1; Nexus 5X Build/MMB29P) AppleWebKit/537.36 (KHTML, like Gecko) Chrome/138.0.7204.183 Mobile Safari/537.36 (compatible; GoogleOther)"
20.15.133.191 - - [03/Aug/2025:16:07:35 +0300] "GET /shopdetail/28028999/ HTTP/2" 200 22383 "-" "Mozilla/5.0 AppleWebKit/537.36 (KHTML, like Gecko; compatible; bingbot/2.0; +http://www.bing.com/bingbot.htm) Chrome/116.0.1938.76 Safari/537.36"
66.249.79.36 - - [03/Aug/2025:16:07:40 +0300] "GET /shopdetail/8189888/ HTTP/1.1" 200 22419 "-" "Mozilla/5.0 (Linux; Android 6.0.1; Nexus 5X Build/MMB29P) AppleWebKit/537.36 (KHTML, like Gecko) Chrome/138.0.7204.183 Mobile Safari/537.36 (compatible; GoogleOther)"
101.44.187.148 - - [03/Aug/2025:16:07:52 +0300] "GET /product-tag/industrial-tandoori-oven/ HTTP/2" 200 22064 "https://silvercommercialkitchen.com/product-tag/industrial-tandoori-oven/" "Mozilla/5.0 (Macintosh; Intel Mac OS X 10_15_7) AppleWebKit/537.36 (KHTML, like Gecko) Chrome/123.0.0.0 Safari/537.36"
66.249.79.37 - - [03/Aug/2025:16:08:03 +0300] "GET /shopdetail/9128077/ HTTP/1.1" 200 23274 "-" "Mozilla/5.0 (Linux; Android 6.0.1; Nexus 5X Build/MMB29P) AppleWebKit/537.36 (KHTML, like Gecko) Chrome/138.0.7204.183 Mobile Safari/537.36 (compatible; GoogleOther)"
66.249.79.36 - - [03/Aug/2025:16:08:07 +0300] "GET /shopdetail/4466944/ HTTP/1.1" 200 21873 "-" "Mozilla/5.0 (Linux; Android 6.0.1; Nexus 5X Build/MMB29P) AppleWebKit/537.36 (KHTML, like Gecko) Chrome/138.0.7204.183 Mobile Safari/537.36 (compatible; GoogleOther)"
57.141.6.21 - - [03/Aug/2025:16:08:25 +0300] "GET /wp-content/uploads/2025/03/Gypsum-Ceiling-768x768.png HTTP/2" 200 227432 "-" "meta-externalagent/1.1 (+https://developers.facebook.com/docs/sharing/webmasters/crawler)"
66.249.79.35 - - [03/Aug/2025:16:08:26 +0300] "GET /shopdetail/5926300/ HTTP/1.1" 200 22371 "-" "Mozilla/5.0 (Linux; Android 6.0.1; Nexus 5X Build/MMB29P) AppleWebKit/537.36 (KHTML, like Gecko) Chrome/138.0.7204.183 Mobile Safari/537.36 (compatible; GoogleOther)"
66.249.79.35 - - [03/Aug/2025:16:08:27 +0300] "GET /shopdetail/1568733/ HTTP/1.1" 200 22167 "-" "Mozilla/5.0 (Linux; Android 6.0.1; Nexus 5X Build/MMB29P) AppleWebKit/537.36 (KHTML, like Gecko) Chrome/138.0.7204.183 Mobile Safari/537.36 (compatible; GoogleOther)"
20.15.133.160 - - [03/Aug/2025:16:08:30 +0300] "GET /shopdetail/20490055/ HTTP/2" 200 21692 "-" "Mozilla/5.0 AppleWebKit/537.36 (KHTML, like Gecko; compatible; bingbot/2.0; +http://www.bing.com/bingbot.htm) Chrome/116.0.1938.76 Safari/537.36"
66.249.79.35 - - [03/Aug/2025:16:08:31 +0300] "GET /shopdetail/1572700/ HTTP/1.1" 200 21840 "-" "Mozilla/5.0 (Linux; Android 6.0.1; Nexus 5X Build/MMB29P) AppleWebKit/537.36 (KHTML, like Gecko) Chrome/138.0.7204.183 Mobile Safari/537.36 (compatible; GoogleOther)"
20.15.133.160 - - [03/Aug/2025:16:08:32 +0300] "GET /shopdetail/19193344/ HTTP/2" 200 22485 "-" "Mozilla/5.0 AppleWebKit/537.36 (KHTML, like Gecko; compatible; bingbot/2.0; +http://www.bing.com/bingbot.htm) Chrome/116.0.1938.76 Safari/537.36"
66.249.79.35 - - [03/Aug/2025:16:08:34 +0300] "GET /shopdetail/29751799/ HTTP/1.1" 200 22066 "-" "Mozilla/5.0 (Linux; Android 6.0.1; Nexus 5X Build/MMB29P) AppleWebKit/537.36 (KHTML, like Gecko) Chrome/138.0.7204.183 Mobile Safari/537.36 (compatible; GoogleOther)"
66.249.79.35 - - [03/Aug/2025:16:08:36 +0300] "GET /shopdetail/2523000/ HTTP/1.1" 200 22323 "-" "Mozilla/5.0 (Linux; Android 6.0.1; Nexus 5X Build/MMB29P) AppleWebKit/537.36 (KHTML, like Gecko) Chrome/138.0.7204.183 Mobile Safari/537.36 (compatible; GoogleOther)"
66.249.79.35 - - [03/Aug/2025:16:07:47 +0300] "GET /shopdetail/3972333/ HTTP/1.1" 200 22380 "-" "Mozilla/5.0 (Linux; Android 6.0.1; Nexus 5X Build/MMB29P) AppleWebKit/537.36 (KHTML, like Gecko) Chrome/138.0.7204.183 Mobile Safari/537.36 (compatible; GoogleOther)"
20.15.133.160 - - [03/Aug/2025:16:07:51 +0300] "GET /shopdetail/27827133/ HTTP/2" 200 22161 "-" "Mozilla/5.0 AppleWebKit/537.36 (KHTML, like Gecko; compatible; bingbot/2.0; +http://www.bing.com/bingbot.htm) Chrome/116.0.1938.76 Safari/537.36"
66.249.79.36 - - [03/Aug/2025:16:07:54 +0300] "GET /shopdetail/24843688/ HTTP/1.1" 200 22407 "-" "Mozilla/5.0 (Linux; Android 6.0.1; Nexus 5X Build/MMB29P) AppleWebKit/537.36 (KHTML, like Gecko) Chrome/138.0.7204.183 Mobile Safari/537.36 (compatible; GoogleOther)"
66.249.79.36 - - [03/Aug/2025:16:07:57 +0300] "GET /shopdetail/12513655/ HTTP/1.1" 200 23614 "-" "Mozilla/5.0 (Linux; Android 6.0.1; Nexus 5X Build/MMB29P) AppleWebKit/537.36 (KHTML, like Gecko) Chrome/138.0.7204.183 Mobile Safari/537.36 (compatible; GoogleOther)"
66.249.79.35 - - [03/Aug/2025:16:08:07 +0300] "GET /shopdetail/21498555/ HTTP/1.1" 200 22448 "-" "Mozilla/5.0 (Linux; Android 6.0.1; Nexus 5X Build/MMB29P) AppleWebKit/537.36 (KHTML, like Gecko) Chrome/138.0.7204.183 Mobile Safari/537.36 (compatible; GoogleOther)"
66.249.79.35 - - [03/Aug/2025:16:08:15 +0300] "GET /shopdetail/25331200/ HTTP/1.1" 200 22670 "-" "Mozilla/5.0 (Linux; Android 6.0.1; Nexus 5X Build/MMB29P) AppleWebKit/537.36 (KHTML, like Gecko) Chrome/138.0.7204.183 Mobile Safari/537.36 (compatible; GoogleOther)"
66.249.79.35 - - [03/Aug/2025:16:08:16 +0300] "GET /shopdetail/29228277/ HTTP/1.1" 200 22343 "-" "Mozilla/5.0 (Linux; Android 6.0.1; Nexus 5X Build/MMB29P) AppleWebKit/537.36 (KHTML, like Gecko) Chrome/138.0.7204.183 Mobile Safari/537.36 (compatible; GoogleOther)"
66.249.79.35 - - [03/Aug/2025:16:08:21 +0300] "GET /shopdetail/25847844/ HTTP/1.1" 200 22277 "-" "Mozilla/5.0 (Linux; Android 6.0.1; Nexus 5X Build/MMB29P) AppleWebKit/537.36 (KHTML, like Gecko) Chrome/138.0.7204.183 Mobile Safari/537.36 (compatible; GoogleOther)"
66.249.79.36 - - [03/Aug/2025:16:08:41 +0300] "GET /shopdetail/2612222/ HTTP/1.1" 200 22857 "-" "Mozilla/5.0 (Linux; Android 6.0.1; Nexus 5X Build/MMB29P) AppleWebKit/537.36 (KHTML, like Gecko) Chrome/138.0.7204.183 Mobile Safari/537.36 (compatible; GoogleOther)"
66.249.79.35 - - [03/Aug/2025:16:08:46 +0300] "GET /shopdetail/5305866/ HTTP/1.1" 200 22709 "-" "Mozilla/5.0 (Linux; Android 6.0.1; Nexus 5X Build/MMB29P) AppleWebKit/537.36 (KHTML, like Gecko) Chrome/138.0.7204.183 Mobile Safari/537.36 (compatible; GoogleOther)"
66.249.79.35 - - [03/Aug/2025:16:08:47 +0300] "GET /shopdetail/3772066/ HTTP/1.1" 200 21809 "-" "Mozilla/5.0 (Linux; Android 6.0.1; Nexus 5X Build/MMB29P) AppleWebKit/537.36 (KHTML, like Gecko) Chrome/138.0.7204.183 Mobile Safari/537.36 (compatible; GoogleOther)"
66.249.79.35 - - [03/Aug/2025:16:08:54 +0300] "GET /shopdetail/4041022/ HTTP/1.1" 200 22422 "-" "Mozilla/5.0 (Linux; Android 6.0.1; Nexus 5X Build/MMB29P) AppleWebKit/537.36 (KHTML, like Gecko) Chrome/138.0.7204.183 Mobile Safari/537.36 (compatible; GoogleOther)"
66.249.79.36 - - [03/Aug/2025:16:08:56 +0300] "GET /shopdetail/27367988/ HTTP/1.1" 200 21969 "-" "Mozilla/5.0 (Linux; Android 6.0.1; Nexus 5X Build/MMB29P) AppleWebKit/537.36 (KHTML, like Gecko) Chrome/138.0.7204.183 Mobile Safari/537.36 (compatible; GoogleOther)"
20.15.133.160 - - [03/Aug/2025:16:09:01 +0300] "GET /shopdetail/11018588/ HTTP/2" 200 21933 "-" "Mozilla/5.0 AppleWebKit/537.36 (KHTML, like Gecko; compatible; bingbot/2.0; +http://www.bing.com/bingbot.htm) Chrome/116.0.1938.76 Safari/537.36"
20.15.133.160 - - [03/Aug/2025:16:09:03 +0300] "GET /shopdetail/12268700/ HTTP/2" 200 22266 "-" "Mozilla/5.0 AppleWebKit/537.36 (KHTML, like Gecko; compatible; bingbot/2.0; +http://www.bing.com/bingbot.htm) Chrome/116.0.1938.76 Safari/537.36"
20.15.133.160 - - [03/Aug/2025:16:08:40 +0300] "GET /shopdetail/13749166/ HTTP/2" 200 22168 "-" "Mozilla/5.0 AppleWebKit/537.36 (KHTML, like Gecko; compatible; bingbot/2.0; +http://www.bing.com/bingbot.htm) Chrome/116.0.1938.76 Safari/537.36"
57.141.6.10 - - [03/Aug/2025:16:08:44 +0300] "GET /wp-content/uploads/2025/02/Electric-Potato-Peeler-600x600.png HTTP/2" 200 70120 "-" "meta-externalagent/1.1 (+https://developers.facebook.com/docs/sharing/webmasters/crawler)"
20.15.133.191 - - [03/Aug/2025:16:08:54 +0300] "GET /shopdetail/23716755/ HTTP/2" 200 22748 "-" "Mozilla/5.0 AppleWebKit/537.36 (KHTML, like Gecko; compatible; bingbot/2.0; +http://www.bing.com/bingbot.htm) Chrome/116.0.1938.76 Safari/537.36"
20.15.133.191 - - [03/Aug/2025:16:08:56 +0300] "GET /shopdetail/20895777/ HTTP/2" 200 22114 "-" "Mozilla/5.0 AppleWebKit/537.36 (KHTML, like Gecko; compatible; bingbot/2.0; +http://www.bing.com/bingbot.htm) Chrome/116.0.1938.76 Safari/537.36"
66.249.79.36 - - [03/Aug/2025:16:09:02 +0300] "GET /shopdetail/25147700/ HTTP/1.1" 200 21695 "-" "Mozilla/5.0 (Linux; Android 6.0.1; Nexus 5X Build/MMB29P) AppleWebKit/537.36 (KHTML, like Gecko) Chrome/138.0.7204.183 Mobile Safari/537.36 (compatible; GoogleOther)"
20.15.133.191 - - [03/Aug/2025:16:09:05 +0300] "GET /shopdetail/11105588/ HTTP/2" 200 22375 "-" "Mozilla/5.0 AppleWebKit/537.36 (KHTML, like Gecko; compatible; bingbot/2.0; +http://www.bing.com/bingbot.htm) Chrome/116.0.1938.76 Safari/537.36"
66.249.79.36 - - [03/Aug/2025:16:09:05 +0300] "GET /shopdetail/28219300/ HTTP/1.1" 200 21758 "-" "Mozilla/5.0 (Linux; Android 6.0.1; Nexus 5X Build/MMB29P) AppleWebKit/537.36 (KHTML, like Gecko) Chrome/138.0.7204.183 Mobile Safari/537.36 (compatible; GoogleOther)"
20.15.133.191 - - [03/Aug/2025:16:09:07 +0300] "GET /shopdetail/11109644/ HTTP/2" 200 21848 "-" "Mozilla/5.0 AppleWebKit/537.36 (KHTML, like Gecko; compatible; bingbot/2.0; +http://www.bing.com/bingbot.htm) Chrome/116.0.1938.76 Safari/537.36"
66.249.79.35 - - [03/Aug/2025:16:09:08 +0300] "GET /shopdetail/3919299/ HTTP/1.1" 200 22392 "-" "Mozilla/5.0 (Linux; Android 6.0.1; Nexus 5X Build/MMB29P) AppleWebKit/537.36 (KHTML, like Gecko) Chrome/138.0.7204.183 Mobile Safari/537.36 (compatible; GoogleOther)"
20.15.133.191 - - [03/Aug/2025:16:09:09 +0300] "GET /shopdetail/11512044/ HTTP/2" 200 22295 "-" "Mozilla/5.0 AppleWebKit/537.36 (KHTML, like Gecko; compatible; bingbot/2.0; +http://www.bing.com/bingbot.htm) Chrome/116.0.1938.76 Safari/537.36"
20.15.133.191 - - [03/Aug/2025:16:09:17 +0300] "GET /shopdetail/23488755/ HTTP/2" 200 21935 "-" "Mozilla/5.0 AppleWebKit/537.36 (KHTML, like Gecko; compatible; bingbot/2.0; +http://www.bing.com/bingbot.htm) Chrome/116.0.1938.76 Safari/537.36"
66.249.79.35 - - [03/Aug/2025:16:09:18 +0300] "GET /shopdetail/19706011/ HTTP/1.1" 200 21792 "-" "Mozilla/5.0 (Linux; Android 6.0.1; Nexus 5X Build/MMB29P) AppleWebKit/537.36 (KHTML, like Gecko) Chrome/138.0.7204.183 Mobile Safari/537.36 (compatible; Googlebot/2.1; +http://www.google.com/bot.html)"
20.15.133.191 - - [03/Aug/2025:16:09:20 +0300] "GET /shopdetail/24253288/ HTTP/2" 200 22673 "-" "Mozilla/5.0 AppleWebKit/537.36 (KHTML, like Gecko; compatible; bingbot/2.0; +http://www.bing.com/bingbot.htm) Chrome/116.0.1938.76 Safari/537.36"
20.15.133.160 - - [03/Aug/2025:16:09:31 +0300] "GET /shopdetail/14031766/ HTTP/2" 200 21800 "-" "Mozilla/5.0 AppleWebKit/537.36 (KHTML, like Gecko; compatible; bingbot/2.0; +http://www.bing.com/bingbot.htm) Chrome/116.0.1938.76 Safari/537.36"
66.249.79.35 - - [03/Aug/2025:16:09:34 +0300] "GET /shopdetail/6219588/ HTTP/1.1" 200 21874 "-" "Mozilla/5.0 (Linux; Android 6.0.1; Nexus 5X Build/MMB29P) AppleWebKit/537.36 (KHTML, like Gecko) Chrome/138.0.7204.183 Mobile Safari/537.36 (compatible; GoogleOther)"
66.249.79.35 - - [03/Aug/2025:16:09:35 +0300] "GET /shopdetail/1605699/ HTTP/1.1" 200 22046 "-" "Mozilla/5.0 (Linux; Android 6.0.1; Nexus 5X Build/MMB29P) AppleWebKit/537.36 (KHTML, like Gecko) Chrome/138.0.7204.183 Mobile Safari/537.36 (compatible; GoogleOther)"
20.15.133.191 - - [03/Aug/2025:16:09:36 +0300] "GET /shopdetail/11419644/ HTTP/2" 200 22241 "-" "Mozilla/5.0 AppleWebKit/537.36 (KHTML, like Gecko; compatible; bingbot/2.0; +http://www.bing.com/bingbot.htm) Chrome/116.0.1938.76 Safari/537.36"
20.15.133.191 - - [03/Aug/2025:16:09:39 +0300] "GET /shopdetail/11748822/ HTTP/2" 200 22474 "-" "Mozilla/5.0 AppleWebKit/537.36 (KHTML, like Gecko; compatible; bingbot/2.0; +http://www.bing.com/bingbot.htm) Chrome/116.0.1938.76 Safari/537.36"
20.15.133.160 - - [03/Aug/2025:16:09:40 +0300] "GET /shopdetail/20691877/ HTTP/2" 200 22665 "-" "Mozilla/5.0 AppleWebKit/537.36 (KHTML, like Gecko; compatible; bingbot/2.0; +http://www.bing.com/bingbot.htm) Chrome/116.0.1938.76 Safari/537.36"
66.249.79.36 - - [03/Aug/2025:16:09:41 +0300] "GET /shopdetail/27982311/ HTTP/1.1" 200 22652 "-" "Mozilla/5.0 (Linux; Android 6.0.1; Nexus 5X Build/MMB29P) AppleWebKit/537.36 (KHTML, like Gecko) Chrome/138.0.7204.183 Mobile Safari/537.36 (compatible; GoogleOther)"
20.15.133.160 - - [03/Aug/2025:16:09:43 +0300] "GET /shopdetail/11366855/ HTTP/2" 200 22281 "-" "Mozilla/5.0 AppleWebKit/537.36 (KHTML, like Gecko; compatible; bingbot/2.0; +http://www.bing.com/bingbot.htm) Chrome/116.0.1938.76 Safari/537.36"
66.249.79.36 - - [03/Aug/2025:16:09:45 +0300] "GET /shopdetail/29722699/ HTTP/1.1" 200 22650 "-" "Mozilla/5.0 (Linux; Android 6.0.1; Nexus 5X Build/MMB29P) AppleWebKit/537.36 (KHTML, like Gecko) Chrome/138.0.7204.183 Mobile Safari/537.36 (compatible; GoogleOther)"
20.15.133.191 - - [03/Aug/2025:16:09:46 +0300] "GET /shopdetail/22143400/ HTTP/2" 200 22689 "-" "Mozilla/5.0 AppleWebKit/537.36 (KHTML, like Gecko; compatible; bingbot/2.0; +http://www.bing.com/bingbot.htm) Chrome/116.0.1938.76 Safari/537.36"
20.15.133.191 - - [03/Aug/2025:16:09:48 +0300] "GET /shopdetail/23327577/ HTTP/2" 200 22040 "-" "Mozilla/5.0 AppleWebKit/537.36 (KHTML, like Gecko; compatible; bingbot/2.0; +http://www.bing.com/bingbot.htm) Chrome/116.0.1938.76 Safari/537.36"
66.249.79.36 - - [03/Aug/2025:16:09:48 +0300] "GET /shopdetail/25041522/ HTTP/1.1" 200 21811 "-" "Mozilla/5.0 (Linux; Android 6.0.1; Nexus 5X Build/MMB29P) AppleWebKit/537.36 (KHTML, like Gecko) Chrome/138.0.7204.183 Mobile Safari/537.36 (compatible; GoogleOther)"
20.15.133.191 - - [03/Aug/2025:16:09:50 +0300] "GET /shopdetail/28297388/ HTTP/2" 200 21618 "-" "Mozilla/5.0 AppleWebKit/537.36 (KHTML, like Gecko; compatible; bingbot/2.0; +http://www.bing.com/bingbot.htm) Chrome/116.0.1938.76 Safari/537.36"
66.249.79.35 - - [03/Aug/2025:16:09:55 +0300] "GET /shopdetail/3176666/ HTTP/1.1" 200 22470 "-" "Mozilla/5.0 (Linux; Android 6.0.1; Nexus 5X Build/MMB29P) AppleWebKit/537.36 (KHTML, like Gecko) Chrome/138.0.7204.183 Mobile Safari/537.36 (compatible; GoogleOther)"
20.15.133.160 - - [03/Aug/2025:16:10:01 +0300] "GET /shopdetail/3503699/ HTTP/2" 200 22319 "-" "Mozilla/5.0 AppleWebKit/537.36 (KHTML, like Gecko; compatible; bingbot/2.0; +http://www.bing.com/bingbot.htm) Chrome/116.0.1938.76 Safari/537.36"
66.249.79.37 - - [03/Aug/2025:16:10:02 +0300] "GET /shopdetail/8174499/ HTTP/1.1" 200 22448 "-" "Mozilla/5.0 (Linux; Android 6.0.1; Nexus 5X Build/MMB29P) AppleWebKit/537.36 (KHTML, like Gecko) Chrome/138.0.7204.183 Mobile Safari/537.36 (compatible; GoogleOther)"
66.249.79.35 - - [03/Aug/2025:16:10:04 +0300] "GET /shopdetail/7763199/ HTTP/1.1" 200 22773 "-" "Mozilla/5.0 (Linux; Android 6.0.1; Nexus 5X Build/MMB29P) AppleWebKit/537.36 (KHTML, like Gecko) Chrome/138.0.7204.183 Mobile Safari/537.36 (compatible; GoogleOther)"
66.249.79.36 - - [03/Aug/2025:16:10:08 +0300] "GET /shopdetail/1789422/ HTTP/1.1" 200 21553 "-" "Mozilla/5.0 (Linux; Android 6.0.1; Nexus 5X Build/MMB29P) AppleWebKit/537.36 (KHTML, like Gecko) Chrome/138.0.7204.183 Mobile Safari/537.36 (compatible; GoogleOther)"
66.249.79.35 - - [03/Aug/2025:16:10:14 +0300] "GET /shopdetail/26794311/ HTTP/1.1" 200 23041 "-" "Mozilla/5.0 (Linux; Android 6.0.1; Nexus 5X Build/MMB29P) AppleWebKit/537.36 (KHTML, like Gecko) Chrome/138.0.7204.183 Mobile Safari/537.36 (compatible; GoogleOther)"
20.15.133.160 - - [03/Aug/2025:16:09:11 +0300] "GET /shopdetail/23329733/ HTTP/2" 200 22253 "-" "Mozilla/5.0 AppleWebKit/537.36 (KHTML, like Gecko; compatible; bingbot/2.0; +http://www.bing.com/bingbot.htm) Chrome/116.0.1938.76 Safari/537.36"
20.15.133.160 - - [03/Aug/2025:16:09:13 +0300] "GET /shopdetail/12307700/ HTTP/2" 200 22598 "-" "Mozilla/5.0 AppleWebKit/537.36 (KHTML, like Gecko; compatible; bingbot/2.0; +http://www.bing.com/bingbot.htm) Chrome/116.0.1938.76 Safari/537.36"
66.249.79.35 - - [03/Aug/2025:16:09:14 +0300] "GET /shopdetail/16461733/ HTTP/1.1" 200 22385 "-" "Mozilla/5.0 (Linux; Android 6.0.1; Nexus 5X Build/MMB29P) AppleWebKit/537.36 (KHTML, like Gecko) Chrome/138.0.7204.183 Mobile Safari/537.36 (compatible; GoogleOther)"
20.15.133.160 - - [03/Aug/2025:16:09:15 +0300] "GET /shopdetail/17573655/ HTTP/2" 200 21808 "-" "Mozilla/5.0 AppleWebKit/537.36 (KHTML, like Gecko; compatible; bingbot/2.0; +http://www.bing.com/bingbot.htm) Chrome/116.0.1938.76 Safari/537.36"
66.249.79.35 - - [03/Aug/2025:16:09:15 +0300] "GET /shopdetail/5467488/ HTTP/1.1" 200 22668 "-" "Mozilla/5.0 (Linux; Android 6.0.1; Nexus 5X Build/MMB29P) AppleWebKit/537.36 (KHTML, like Gecko) Chrome/138.0.7204.183 Mobile Safari/537.36 (compatible; GoogleOther)"
66.249.79.35 - - [03/Aug/2025:16:09:21 +0300] "GET /shopdetail/28876011/ HTTP/1.1" 200 22623 "-" "Mozilla/5.0 (Linux; Android 6.0.1; Nexus 5X Build/MMB29P) AppleWebKit/537.36 (KHTML, like Gecko) Chrome/138.0.7204.183 Mobile Safari/537.36 (compatible; GoogleOther)"
20.15.133.160 - - [03/Aug/2025:16:09:22 +0300] "GET /shopdetail/7500522/ HTTP/2" 200 22572 "-" "Mozilla/5.0 AppleWebKit/537.36 (KHTML, like Gecko; compatible; bingbot/2.0; +http://www.bing.com/bingbot.htm) Chrome/116.0.1938.76 Safari/537.36"
20.15.133.160 - - [03/Aug/2025:16:09:25 +0300] "GET /shopdetail/11285244/ HTTP/2" 200 22309 "-" "Mozilla/5.0 AppleWebKit/537.36 (KHTML, like Gecko; compatible; bingbot/2.0; +http://www.bing.com/bingbot.htm) Chrome/116.0.1938.76 Safari/537.36"
66.249.79.35 - - [03/Aug/2025:16:09:25 +0300] "GET /shopdetail/27866211/ HTTP/1.1" 200 22806 "-" "Mozilla/5.0 (Linux; Android 6.0.1; Nexus 5X Build/MMB29P) AppleWebKit/537.36 (KHTML, like Gecko) Chrome/138.0.7204.183 Mobile Safari/537.36 (compatible; GoogleOther)"
66.249.79.35 - - [03/Aug/2025:16:09:28 +0300] "GET /shopdetail/29828355/ HTTP/1.1" 200 22291 "-" "Mozilla/5.0 (Linux; Android 6.0.1; Nexus 5X Build/MMB29P) AppleWebKit/537.36 (KHTML, like Gecko) Chrome/138.0.7204.183 Mobile Safari/537.36 (compatible; GoogleOther)"
66.249.79.35 - - [03/Aug/2025:16:09:48 +0300] "GET /shopdetail/31116500/ HTTP/1.1" 200 22408 "-" "Mozilla/5.0 (Linux; Android 6.0.1; Nexus 5X Build/MMB29P) AppleWebKit/537.36 (KHTML, like Gecko) Chrome/138.0.7204.183 Mobile Safari/537.36 (compatible; GoogleOther)"
66.249.79.35 - - [03/Aug/2025:16:09:55 +0300] "GET /shopdetail/30524066/ HTTP/1.1" 200 23433 "-" "Mozilla/5.0 (Linux; Android 6.0.1; Nexus 5X Build/MMB29P) AppleWebKit/537.36 (KHTML, like Gecko) Chrome/138.0.7204.183 Mobile Safari/537.36 (compatible; GoogleOther)"
57.141.6.30 - - [03/Aug/2025:16:09:55 +0300] "GET /wp-content/uploads/2025/02/Single-Deck-Electric-Oven-600x600.png HTTP/2" 200 82305 "-" "meta-externalagent/1.1 (+https://developers.facebook.com/docs/sharing/webmasters/crawler)"
66.249.79.35 - - [03/Aug/2025:16:10:21 +0300] "GET /shopdetail/11255766/ HTTP/1.1" 200 22185 "-" "Mozilla/5.0 (Linux; Android 6.0.1; Nexus 5X Build/MMB29P) AppleWebKit/537.36 (KHTML, like Gecko) Chrome/138.0.7204.183 Mobile Safari/537.36 (compatible; GoogleOther)"
66.249.79.35 - - [03/Aug/2025:16:10:24 +0300] "GET /shopdetail/23615322/ HTTP/1.1" 200 22367 "-" "Mozilla/5.0 (Linux; Android 6.0.1; Nexus 5X Build/MMB29P) AppleWebKit/537.36 (KHTML, like Gecko) Chrome/138.0.7204.183 Mobile Safari/537.36 (compatible; GoogleOther)"
66.249.79.36 - - [03/Aug/2025:16:10:42 +0300] "GET /shopdetail/8165422/ HTTP/1.1" 200 22265 "-" "Mozilla/5.0 (Linux; Android 6.0.1; Nexus 5X Build/MMB29P) AppleWebKit/537.36 (KHTML, like Gecko) Chrome/138.0.7204.183 Mobile Safari/537.36 (compatible; GoogleOther)"
66.249.79.35 - - [03/Aug/2025:16:10:15 +0300] "GET /shopdetail/27156966/ HTTP/1.1" 200 22472 "-" "Mozilla/5.0 (Linux; Android 6.0.1; Nexus 5X Build/MMB29P) AppleWebKit/537.36 (KHTML, like Gecko) Chrome/138.0.7204.183 Mobile Safari/537.36 (compatible; GoogleOther)"
20.15.133.160 - - [03/Aug/2025:16:10:21 +0300] "GET /shopdetail/16200311/ HTTP/2" 200 22266 "-" "Mozilla/5.0 AppleWebKit/537.36 (KHTML, like Gecko; compatible; bingbot/2.0; +http://www.bing.com/bingbot.htm) Chrome/116.0.1938.76 Safari/537.36"
66.249.79.35 - - [03/Aug/2025:16:10:21 +0300] "GET /shopdetail/18275200/ HTTP/1.1" 200 21720 "-" "Mozilla/5.0 (Linux; Android 6.0.1; Nexus 5X Build/MMB29P) AppleWebKit/537.36 (KHTML, like Gecko) Chrome/138.0.7204.183 Mobile Safari/537.36 (compatible; Googlebot/2.1; +http://www.google.com/bot.html)"
20.15.133.160 - - [03/Aug/2025:16:10:23 +0300] "GET /shopdetail/28013133/ HTTP/2" 200 22622 "-" "Mozilla/5.0 AppleWebKit/537.36 (KHTML, like Gecko; compatible; bingbot/2.0; +http://www.bing.com/bingbot.htm) Chrome/116.0.1938.76 Safari/537.36"
20.15.133.160 - - [03/Aug/2025:16:10:25 +0300] "GET /shopdetail/27732599/ HTTP/2" 200 21971 "-" "Mozilla/5.0 AppleWebKit/537.36 (KHTML, like Gecko; compatible; bingbot/2.0; +http://www.bing.com/bingbot.htm) Chrome/116.0.1938.76 Safari/537.36"
20.15.133.160 - - [03/Aug/2025:16:10:27 +0300] "GET /shopdetail/18137788/ HTTP/2" 200 21913 "-" "Mozilla/5.0 AppleWebKit/537.36 (KHTML, like Gecko; compatible; bingbot/2.0; +http://www.bing.com/bingbot.htm) Chrome/116.0.1938.76 Safari/537.36"
66.249.79.35 - - [03/Aug/2025:16:10:28 +0300] "GET /shopdetail/3970088/ HTTP/1.1" 200 21943 "-" "Mozilla/5.0 (Linux; Android 6.0.1; Nexus 5X Build/MMB29P) AppleWebKit/537.36 (KHTML, like Gecko) Chrome/138.0.7204.183 Mobile Safari/537.36 (compatible; GoogleOther)"
20.15.133.160 - - [03/Aug/2025:16:10:31 +0300] "GET /shopdetail/15497911/ HTTP/2" 200 22619 "-" "Mozilla/5.0 AppleWebKit/537.36 (KHTML, like Gecko; compatible; bingbot/2.0; +http://www.bing.com/bingbot.htm) Chrome/116.0.1938.76 Safari/537.36"
66.249.79.35 - - [03/Aug/2025:16:10:32 +0300] "GET /shopdetail/8684099/ HTTP/1.1" 200 22304 "-" "Mozilla/5.0 (Linux; Android 6.0.1; Nexus 5X Build/MMB29P) AppleWebKit/537.36 (KHTML, like Gecko) Chrome/138.0.7204.183 Mobile Safari/537.36 (compatible; GoogleOther)"
66.249.79.35 - - [03/Aug/2025:16:10:33 +0300] "GET /shopdetail/22929800/ HTTP/1.1" 200 22150 "-" "Mozilla/5.0 (Linux; Android 6.0.1; Nexus 5X Build/MMB29P) AppleWebKit/537.36 (KHTML, like Gecko) Chrome/138.0.7204.183 Mobile Safari/537.36 (compatible; GoogleOther)"
66.249.79.35 - - [03/Aug/2025:16:10:35 +0300] "GET /shopdetail/13421788/ HTTP/1.1" 200 22525 "-" "Mozilla/5.0 (Linux; Android 6.0.1; Nexus 5X Build/MMB29P) AppleWebKit/537.36 (KHTML, like Gecko) Chrome/138.0.7204.183 Mobile Safari/537.36 (compatible; GoogleOther)"
66.249.79.35 - - [03/Aug/2025:16:10:50 +0300] "GET /shopdetail/22494866/ HTTP/1.1" 200 21841 "-" "Mozilla/5.0 (Linux; Android 6.0.1; Nexus 5X Build/MMB29P) AppleWebKit/537.36 (KHTML, like Gecko) Chrome/138.0.7204.183 Mobile Safari/537.36 (compatible; GoogleOther)"
66.249.79.36 - - [03/Aug/2025:16:10:51 +0300] "GET /shopdetail/25974922/ HTTP/1.1" 200 22897 "-" "Mozilla/5.0 (Linux; Android 6.0.1; Nexus 5X Build/MMB29P) AppleWebKit/537.36 (KHTML, like Gecko) Chrome/138.0.7204.183 Mobile Safari/537.36 (compatible; GoogleOther)"
66.249.79.36 - - [03/Aug/2025:16:10:51 +0300] "GET /shopdetail/11485911/ HTTP/1.1" 200 22683 "-" "Mozilla/5.0 (Linux; Android 6.0.1; Nexus 5X Build/MMB29P) AppleWebKit/537.36 (KHTML, like Gecko) Chrome/138.0.7204.183 Mobile Safari/537.36 (compatible; GoogleOther)"
20.15.133.160 - - [03/Aug/2025:16:10:52 +0300] "GET /shopdetail/7533344/ HTTP/2" 200 22186 "-" "Mozilla/5.0 AppleWebKit/537.36 (KHTML, like Gecko; compatible; bingbot/2.0; +http://www.bing.com/bingbot.htm) Chrome/116.0.1938.76 Safari/537.36"
66.249.79.36 - - [03/Aug/2025:16:10:53 +0300] "GET /shopdetail/7435100/ HTTP/1.1" 200 21750 "-" "Mozilla/5.0 (Linux; Android 6.0.1; Nexus 5X Build/MMB29P) AppleWebKit/537.36 (KHTML, like Gecko) Chrome/138.0.7204.183 Mobile Safari/537.36 (compatible; GoogleOther)"
20.15.133.160 - - [03/Aug/2025:16:10:53 +0300] "GET /shopdetail/27720933/ HTTP/2" 200 22643 "-" "Mozilla/5.0 AppleWebKit/537.36 (KHTML, like Gecko; compatible; bingbot/2.0; +http://www.bing.com/bingbot.htm) Chrome/116.0.1938.76 Safari/537.36"
66.249.79.36 - - [03/Aug/2025:16:10:55 +0300] "GET /shopdetail/30994377/ HTTP/1.1" 200 21995 "-" "Mozilla/5.0 (Linux; Android 6.0.1; Nexus 5X Build/MMB29P) AppleWebKit/537.36 (KHTML, like Gecko) Chrome/138.0.7204.183 Mobile Safari/537.36 (compatible; GoogleOther)"
66.249.79.35 - - [03/Aug/2025:16:10:56 +0300] "GET /shopdetail/27934044/ HTTP/1.1" 200 23262 "-" "Mozilla/5.0 (Linux; Android 6.0.1; Nexus 5X Build/MMB29P) AppleWebKit/537.36 (KHTML, like Gecko) Chrome/138.0.7204.183 Mobile Safari/537.36 (compatible; Googlebot/2.1; +http://www.google.com/bot.html)"
20.15.133.160 - - [03/Aug/2025:16:11:01 +0300] "GET /shopdetail/2403700/ HTTP/2" 200 21515 "-" "Mozilla/5.0 AppleWebKit/537.36 (KHTML, like Gecko; compatible; bingbot/2.0; +http://www.bing.com/bingbot.htm) Chrome/116.0.1938.76 Safari/537.36"
20.15.133.160 - - [03/Aug/2025:16:11:03 +0300] "GET /shopdetail/4069200/ HTTP/2" 200 22223 "-" "Mozilla/5.0 AppleWebKit/537.36 (KHTML, like Gecko; compatible; bingbot/2.0; +http://www.bing.com/bingbot.htm) Chrome/116.0.1938.76 Safari/537.36"
20.15.133.191 - - [03/Aug/2025:16:11:05 +0300] "GET /shopdetail/23934199/ HTTP/2" 200 22089 "-" "Mozilla/5.0 AppleWebKit/537.36 (KHTML, like Gecko; compatible; bingbot/2.0; +http://www.bing.com/bingbot.htm) Chrome/116.0.1938.76 Safari/537.36"
57.141.6.5 - - [03/Aug/2025:16:11:06 +0300] "GET /wp-content/uploads/2025/03/Wardrobe-5ft.png HTTP/2" 200 131072 "-" "meta-externalagent/1.1 (+https://developers.facebook.com/docs/sharing/webmasters/crawler)"
20.15.133.191 - - [03/Aug/2025:16:11:08 +0300] "GET /shopdetail/23181788/ HTTP/2" 200 21958 "-" "Mozilla/5.0 AppleWebKit/537.36 (KHTML, like Gecko; compatible; bingbot/2.0; +http://www.bing.com/bingbot.htm) Chrome/116.0.1938.76 Safari/537.36"
66.249.79.36 - - [03/Aug/2025:16:11:08 +0300] "GET /shopdetail/2238422/ HTTP/1.1" 200 22157 "-" "Mozilla/5.0 (Linux; Android 6.0.1; Nexus 5X Build/MMB29P) AppleWebKit/537.36 (KHTML, like Gecko) Chrome/138.0.7204.183 Mobile Safari/537.36 (compatible; GoogleOther)"
20.15.133.160 - - [03/Aug/2025:16:11:11 +0300] "GET /shopdetail/17894655/ HTTP/2" 200 21682 "-" "Mozilla/5.0 AppleWebKit/537.36 (KHTML, like Gecko; compatible; bingbot/2.0; +http://www.bing.com/bingbot.htm) Chrome/116.0.1938.76 Safari/537.36"
66.249.79.35 - - [03/Aug/2025:16:11:12 +0300] "GET /shopdetail/31039155/ HTTP/1.1" 200 22605 "-" "Mozilla/5.0 (Linux; Android 6.0.1; Nexus 5X Build/MMB29P) AppleWebKit/537.36 (KHTML, like Gecko) Chrome/138.0.7204.183 Mobile Safari/537.36 (compatible; GoogleOther)"
66.249.79.35 - - [03/Aug/2025:16:11:15 +0300] "GET /shopdetail/11485911/ HTTP/1.1" 200 22683 "-" "Mozilla/5.0 (Linux; Android 6.0.1; Nexus 5X Build/MMB29P) AppleWebKit/537.36 (KHTML, like Gecko) Chrome/138.0.7204.183 Mobile Safari/537.36 (compatible; Googlebot/2.1; +http://www.google.com/bot.html)"
20.15.133.191 - - [03/Aug/2025:16:11:15 +0300] "GET /shopdetail/13594166/ HTTP/2" 200 22331 "-" "Mozilla/5.0 AppleWebKit/537.36 (KHTML, like Gecko; compatible; bingbot/2.0; +http://www.bing.com/bingbot.htm) Chrome/116.0.1938.76 Safari/537.36"
