66.249.79.35 - - [03/Aug/2025:18:22:17 +0300] "GET /shopdetail/7290977/ HTTP/1.1" 200 22620 "-" "Mozilla/5.0 (Linux; Android 6.0.1; Nexus 5X Build/MMB29P) AppleWebKit/537.36 (KHTML, like Gecko) Chrome/138.0.7204.183 Mobile Safari/537.36 (compatible; GoogleOther)"
66.249.79.35 - - [03/Aug/2025:18:22:21 +0300] "GET /shopdetail/5773200/ HTTP/1.1" 200 22866 "-" "Mozilla/5.0 (Linux; Android 6.0.1; Nexus 5X Build/MMB29P) AppleWebKit/537.36 (KHTML, like Gecko) Chrome/138.0.7204.183 Mobile Safari/537.36 (compatible; GoogleOther)"
66.249.79.35 - - [03/Aug/2025:18:22:30 +0300] "GET /shopdetail/1841044/ HTTP/1.1" 200 22198 "-" "Mozilla/5.0 (Linux; Android 6.0.1; Nexus 5X Build/MMB29P) AppleWebKit/537.36 (KHTML, like Gecko) Chrome/138.0.7204.183 Mobile Safari/537.36 (compatible; GoogleOther)"
66.249.79.35 - - [03/Aug/2025:18:22:30 +0300] "GET /shopdetail/2926555/ HTTP/1.1" 200 22140 "-" "Mozilla/5.0 (Linux; Android 6.0.1; Nexus 5X Build/MMB29P) AppleWebKit/537.36 (KHTML, like Gecko) Chrome/138.0.7204.183 Mobile Safari/537.36 (compatible; GoogleOther)"
66.249.79.36 - - [03/Aug/2025:18:22:34 +0300] "GET /shopdetail/3851233/ HTTP/1.1" 200 22386 "-" "Mozilla/5.0 (Linux; Android 6.0.1; Nexus 5X Build/MMB29P) AppleWebKit/537.36 (KHTML, like Gecko) Chrome/138.0.7204.183 Mobile Safari/537.36 (compatible; GoogleOther)"
66.249.79.36 - - [03/Aug/2025:18:22:36 +0300] "GET /shopdetail/21418900/ HTTP/1.1" 200 22430 "-" "Mozilla/5.0 (Linux; Android 6.0.1; Nexus 5X Build/MMB29P) AppleWebKit/537.36 (KHTML, like Gecko) Chrome/138.0.7204.183 Mobile Safari/537.36 (compatible; GoogleOther)"
66.249.79.35 - - [03/Aug/2025:18:22:37 +0300] "GET /shopdetail/22163533/ HTTP/1.1" 200 22409 "-" "Mozilla/5.0 (Linux; Android 6.0.1; Nexus 5X Build/MMB29P) AppleWebKit/537.36 (KHTML, like Gecko) Chrome/138.0.7204.183 Mobile Safari/537.36 (compatible; Googlebot/2.1; +http://www.google.com/bot.html)"
66.249.79.37 - - [03/Aug/2025:18:22:38 +0300] "GET /shopdetail/25105800/ HTTP/1.1" 200 21879 "-" "Mozilla/5.0 (Linux; Android 6.0.1; Nexus 5X Build/MMB29P) AppleWebKit/537.36 (KHTML, like Gecko) Chrome/138.0.7204.183 Mobile Safari/537.36 (compatible; GoogleOther)"
66.249.79.36 - - [03/Aug/2025:18:22:42 +0300] "GET /shopdetail/9021677/ HTTP/1.1" 200 22403 "-" "Mozilla/5.0 (Linux; Android 6.0.1; Nexus 5X Build/MMB29P) AppleWebKit/537.36 (KHTML, like Gecko) Chrome/138.0.7204.183 Mobile Safari/537.36 (compatible; GoogleOther)"
66.249.79.36 - - [03/Aug/2025:18:22:46 +0300] "GET /shopdetail/7651844/ HTTP/1.1" 200 21817 "-" "Mozilla/5.0 (Linux; Android 6.0.1; Nexus 5X Build/MMB29P) AppleWebKit/537.36 (KHTML, like Gecko) Chrome/138.0.7204.183 Mobile Safari/537.36 (compatible; GoogleOther)"
66.249.79.35 - - [03/Aug/2025:18:22:50 +0300] "GET /shopdetail/5301988/ HTTP/1.1" 200 22482 "-" "Mozilla/5.0 (Linux; Android 6.0.1; Nexus 5X Build/MMB29P) AppleWebKit/537.36 (KHTML, like Gecko) Chrome/138.0.7204.183 Mobile Safari/537.36 (compatible; GoogleOther)"
66.249.79.37 - - [03/Aug/2025:18:22:50 +0300] "GET /shopdetail/2013533/ HTTP/1.1" 200 21985 "-" "Mozilla/5.0 (Linux; Android 6.0.1; Nexus 5X Build/MMB29P) AppleWebKit/537.36 (KHTML, like Gecko) Chrome/138.0.7204.183 Mobile Safari/537.36 (compatible; GoogleOther)"
66.249.79.35 - - [03/Aug/2025:18:22:54 +0300] "GET /shopdetail/3072666/ HTTP/1.1" 200 22479 "-" "Mozilla/5.0 (Linux; Android 6.0.1; Nexus 5X Build/MMB29P) AppleWebKit/537.36 (KHTML, like Gecko) Chrome/138.0.7204.183 Mobile Safari/537.36 (compatible; GoogleOther)"
66.249.79.37 - - [03/Aug/2025:18:22:56 +0300] "GET /shopdetail/27245333/ HTTP/1.1" 200 21926 "-" "Mozilla/5.0 (Linux; Android 6.0.1; Nexus 5X Build/MMB29P) AppleWebKit/537.36 (KHTML, like Gecko) Chrome/138.0.7204.183 Mobile Safari/537.36 (compatible; Googlebot/2.1; +http://www.google.com/bot.html)"
66.249.79.37 - - [03/Aug/2025:18:22:56 +0300] "GET /shopdetail/25380311/ HTTP/1.1" 200 22509 "-" "Mozilla/5.0 (Linux; Android 6.0.1; Nexus 5X Build/MMB29P) AppleWebKit/537.36 (KHTML, like Gecko) Chrome/138.0.7204.183 Mobile Safari/537.36 (compatible; GoogleOther)"
66.249.79.35 - - [03/Aug/2025:18:22:58 +0300] "GET /shopdetail/14937933/ HTTP/1.1" 200 22161 "-" "Mozilla/5.0 (Linux; Android 6.0.1; Nexus 5X Build/MMB29P) AppleWebKit/537.36 (KHTML, like Gecko) Chrome/138.0.7204.183 Mobile Safari/537.36 (compatible; GoogleOther)"
66.249.79.35 - - [03/Aug/2025:18:22:58 +0300] "GET /shopdetail/3985333/ HTTP/1.1" 200 21941 "-" "Mozilla/5.0 (Linux; Android 6.0.1; Nexus 5X Build/MMB29P) AppleWebKit/537.36 (KHTML, like Gecko) Chrome/138.0.7204.183 Mobile Safari/537.36 (compatible; GoogleOther)"
66.249.79.37 - - [03/Aug/2025:18:22:59 +0300] "GET /shopdetail/6162044/ HTTP/1.1" 200 21960 "-" "Mozilla/5.0 (Linux; Android 6.0.1; Nexus 5X Build/MMB29P) AppleWebKit/537.36 (KHTML, like Gecko) Chrome/138.0.7204.183 Mobile Safari/537.36 (compatible; GoogleOther)"
66.249.79.35 - - [03/Aug/2025:18:23:02 +0300] "GET /shopdetail/31337511/ HTTP/1.1" 200 22608 "-" "Mozilla/5.0 (Linux; Android 6.0.1; Nexus 5X Build/MMB29P) AppleWebKit/537.36 (KHTML, like Gecko) Chrome/138.0.7204.183 Mobile Safari/537.36 (compatible; GoogleOther)"
66.249.79.37 - - [03/Aug/2025:18:23:03 +0300] "GET /shopdetail/7607666/ HTTP/1.1" 200 22072 "-" "Mozilla/5.0 (Linux; Android 6.0.1; Nexus 5X Build/MMB29P) AppleWebKit/537.36 (KHTML, like Gecko) Chrome/138.0.7204.183 Mobile Safari/537.36 (compatible; GoogleOther)"
57.141.6.29 - - [03/Aug/2025:18:23:04 +0300] "GET /shopdetail/29446044/ HTTP/2" 404 105050 "-" "meta-externalagent/1.1 (+https://developers.facebook.com/docs/sharing/webmasters/crawler)"
66.249.79.37 - - [03/Aug/2025:18:23:06 +0300] "GET /shopdetail/3544433/ HTTP/1.1" 200 22126 "-" "Mozilla/5.0 (Linux; Android 6.0.1; Nexus 5X Build/MMB29P) AppleWebKit/537.36 (KHTML, like Gecko) Chrome/138.0.7204.183 Mobile Safari/537.36 (compatible; GoogleOther)"
66.249.79.35 - - [03/Aug/2025:18:23:09 +0300] "GET /shopdetail/3683377/ HTTP/1.1" 200 22016 "-" "Mozilla/5.0 (Linux; Android 6.0.1; Nexus 5X Build/MMB29P) AppleWebKit/537.36 (KHTML, like Gecko) Chrome/138.0.7204.183 Mobile Safari/537.36 (compatible; GoogleOther)"
66.249.79.35 - - [03/Aug/2025:18:23:14 +0300] "GET /shopdetail/4105022/ HTTP/1.1" 200 22402 "-" "Mozilla/5.0 (Linux; Android 6.0.1; Nexus 5X Build/MMB29P) AppleWebKit/537.36 (KHTML, like Gecko) Chrome/138.0.7204.183 Mobile Safari/537.36 (compatible; GoogleOther)"
66.249.79.35 - - [03/Aug/2025:18:23:16 +0300] "GET /shopdetail/3717477/ HTTP/1.1" 200 22612 "-" "Mozilla/5.0 (Linux; Android 6.0.1; Nexus 5X Build/MMB29P) AppleWebKit/537.36 (KHTML, like Gecko) Chrome/138.0.7204.183 Mobile Safari/537.36 (compatible; GoogleOther)"
66.249.79.35 - - [03/Aug/2025:18:23:18 +0300] "GET /shopdetail/7897655/ HTTP/1.1" 200 22348 "-" "Mozilla/5.0 (Linux; Android 6.0.1; Nexus 5X Build/MMB29P) AppleWebKit/537.36 (KHTML, like Gecko) Chrome/138.0.7204.183 Mobile Safari/537.36 (compatible; GoogleOther)"
66.249.79.35 - - [03/Aug/2025:18:23:19 +0300] "GET /shopdetail/8769611/ HTTP/1.1" 200 22629 "-" "Mozilla/5.0 (Linux; Android 6.0.1; Nexus 5X Build/MMB29P) AppleWebKit/537.36 (KHTML, like Gecko) Chrome/138.0.7204.183 Mobile Safari/537.36 (compatible; Googlebot/2.1; +http://www.google.com/bot.html)"
66.249.79.35 - - [03/Aug/2025:18:23:22 +0300] "GET /shopdetail/12645111/ HTTP/1.1" 200 21660 "-" "Mozilla/5.0 (Linux; Android 6.0.1; Nexus 5X Build/MMB29P) AppleWebKit/537.36 (KHTML, like Gecko) Chrome/138.0.7204.183 Mobile Safari/537.36 (compatible; GoogleOther)"
66.249.79.35 - - [03/Aug/2025:18:23:22 +0300] "GET /shopdetail/8088444/ HTTP/1.1" 200 22686 "-" "Mozilla/5.0 (Linux; Android 6.0.1; Nexus 5X Build/MMB29P) AppleWebKit/537.36 (KHTML, like Gecko) Chrome/138.0.7204.183 Mobile Safari/537.36 (compatible; GoogleOther)"
66.249.79.35 - - [03/Aug/2025:18:23:22 +0300] "GET /shopdetail/5149788/ HTTP/1.1" 200 22040 "-" "Mozilla/5.0 (Linux; Android 6.0.1; Nexus 5X Build/MMB29P) AppleWebKit/537.36 (KHTML, like Gecko) Chrome/138.0.7204.183 Mobile Safari/537.36 (compatible; GoogleOther)"
66.249.79.35 - - [03/Aug/2025:18:23:26 +0300] "GET /shopdetail/27242777/ HTTP/1.1" 200 22262 "-" "Mozilla/5.0 (Linux; Android 6.0.1; Nexus 5X Build/MMB29P) AppleWebKit/537.36 (KHTML, like Gecko) Chrome/138.0.7204.183 Mobile Safari/537.36 (compatible; Googlebot/2.1; +http://www.google.com/bot.html)"
66.249.79.35 - - [03/Aug/2025:18:23:26 +0300] "GET /shopdetail/28855922/ HTTP/1.1" 200 22767 "-" "Mozilla/5.0 (Linux; Android 6.0.1; Nexus 5X Build/MMB29P) AppleWebKit/537.36 (KHTML, like Gecko) Chrome/138.0.7204.183 Mobile Safari/537.36 (compatible; GoogleOther)"
66.249.79.36 - - [03/Aug/2025:18:23:29 +0300] "GET /shopdetail/4803233/ HTTP/1.1" 200 22290 "-" "Mozilla/5.0 (Linux; Android 6.0.1; Nexus 5X Build/MMB29P) AppleWebKit/537.36 (KHTML, like Gecko) Chrome/138.0.7204.183 Mobile Safari/537.36 (compatible; GoogleOther)"
66.249.79.36 - - [03/Aug/2025:18:23:30 +0300] "GET /shopdetail/7530211/ HTTP/1.1" 200 21652 "-" "Mozilla/5.0 (Linux; Android 6.0.1; Nexus 5X Build/MMB29P) AppleWebKit/537.36 (KHTML, like Gecko) Chrome/138.0.7204.183 Mobile Safari/537.36 (compatible; GoogleOther)"
66.249.79.35 - - [03/Aug/2025:18:21:49 +0300] "GET /shopdetail/8984000/ HTTP/1.1" 200 21829 "-" "Mozilla/5.0 (Linux; Android 6.0.1; Nexus 5X Build/MMB29P) AppleWebKit/537.36 (KHTML, like Gecko) Chrome/138.0.7204.183 Mobile Safari/537.36 (compatible; GoogleOther)"
66.249.79.35 - - [03/Aug/2025:18:21:50 +0300] "GET /shopdetail/27323677/ HTTP/1.1" 200 22429 "-" "Mozilla/5.0 (Linux; Android 6.0.1; Nexus 5X Build/MMB29P) AppleWebKit/537.36 (KHTML, like Gecko) Chrome/138.0.7204.183 Mobile Safari/537.36 (compatible; GoogleOther)"
66.249.79.37 - - [03/Aug/2025:18:21:53 +0300] "GET /shopdetail/26786466/ HTTP/1.1" 200 22606 "-" "Mozilla/5.0 (Linux; Android 6.0.1; Nexus 5X Build/MMB29P) AppleWebKit/537.36 (KHTML, like Gecko) Chrome/138.0.7204.183 Mobile Safari/537.36 (compatible; GoogleOther)"
66.249.79.37 - - [03/Aug/2025:18:21:57 +0300] "GET /shopdetail/2734000/ HTTP/1.1" 200 22343 "-" "Mozilla/5.0 (Linux; Android 6.0.1; Nexus 5X Build/MMB29P) AppleWebKit/537.36 (KHTML, like Gecko) Chrome/138.0.7204.183 Mobile Safari/537.36 (compatible; GoogleOther)"
66.249.79.36 - - [03/Aug/2025:18:22:02 +0300] "GET /shopdetail/27245333/ HTTP/1.1" 200 21926 "-" "Mozilla/5.0 (Linux; Android 6.0.1; Nexus 5X Build/MMB29P) AppleWebKit/537.36 (KHTML, like Gecko) Chrome/138.0.7204.183 Mobile Safari/537.36 (compatible; GoogleOther)"
57.141.6.13 - - [03/Aug/2025:18:22:05 +0300] "GET /shopdetail/16383500/ HTTP/2" 404 105050 "-" "meta-externalagent/1.1 (+https://developers.facebook.com/docs/sharing/webmasters/crawler)"
18.97.9.172 - - [03/Aug/2025:18:22:16 +0300] "GET /shopdetail/20353177/ HTTP/2" 404 19567 "-" "CCBot/2.0 (https://commoncrawl.org/faq/)"
66.249.79.36 - - [03/Aug/2025:18:22:23 +0300] "GET /shopdetail/6080899/ HTTP/1.1" 200 23662 "-" "Mozilla/5.0 (Linux; Android 6.0.1; Nexus 5X Build/MMB29P) AppleWebKit/537.36 (KHTML, like Gecko) Chrome/138.0.7204.183 Mobile Safari/537.36 (compatible; GoogleOther)"
66.249.79.36 - - [03/Aug/2025:18:22:25 +0300] "GET /shopdetail/4323077/ HTTP/1.1" 200 22077 "-" "Mozilla/5.0 (Linux; Android 6.0.1; Nexus 5X Build/MMB29P) AppleWebKit/537.36 (KHTML, like Gecko) Chrome/138.0.7204.183 Mobile Safari/537.36 (compatible; GoogleOther)"
66.249.79.35 - - [03/Aug/2025:18:22:43 +0300] "GET /shopdetail/3383855/ HTTP/1.1" 200 22013 "-" "Mozilla/5.0 (Linux; Android 6.0.1; Nexus 5X Build/MMB29P) AppleWebKit/537.36 (KHTML, like Gecko) Chrome/138.0.7204.183 Mobile Safari/537.36 (compatible; GoogleOther)"
18.97.9.172 - - [03/Aug/2025:18:22:49 +0300] "GET /shopdetail/10607177/ HTTP/2" 404 19566 "-" "CCBot/2.0 (https://commoncrawl.org/faq/)"
66.249.79.36 - - [03/Aug/2025:18:23:10 +0300] "GET /shopdetail/2084444/ HTTP/1.1" 200 22263 "-" "Mozilla/5.0 (Linux; Android 6.0.1; Nexus 5X Build/MMB29P) AppleWebKit/537.36 (KHTML, like Gecko) Chrome/138.0.7204.183 Mobile Safari/537.36 (compatible; GoogleOther)"
18.97.9.172 - - [03/Aug/2025:18:23:24 +0300] "GET /shopdetail/10925177/ HTTP/2" 404 19567 "-" "CCBot/2.0 (https://commoncrawl.org/faq/)"
66.249.79.35 - - [03/Aug/2025:18:23:34 +0300] "GET /shopdetail/26124988/ HTTP/1.1" 200 21981 "-" "Mozilla/5.0 (Linux; Android 6.0.1; Nexus 5X Build/MMB29P) AppleWebKit/537.36 (KHTML, like Gecko) Chrome/138.0.7204.183 Mobile Safari/537.36 (compatible; GoogleOther)"
66.249.79.35 - - [03/Aug/2025:18:23:35 +0300] "GET /shopdetail/6537655/ HTTP/1.1" 200 22200 "-" "Mozilla/5.0 (Linux; Android 6.0.1; Nexus 5X Build/MMB29P) AppleWebKit/537.36 (KHTML, like Gecko) Chrome/138.0.7204.183 Mobile Safari/537.36 (compatible; GoogleOther)"
66.249.79.35 - - [03/Aug/2025:18:23:50 +0300] "GET /shopdetail/29876077/ HTTP/1.1" 200 22254 "-" "Mozilla/5.0 (Linux; Android 6.0.1; Nexus 5X Build/MMB29P) AppleWebKit/537.36 (KHTML, like Gecko) Chrome/138.0.7204.183 Mobile Safari/537.36 (compatible; GoogleOther)"
66.249.79.36 - - [03/Aug/2025:18:23:54 +0300] "GET /shopdetail/13499255/ HTTP/1.1" 200 22097 "-" "Mozilla/5.0 (Linux; Android 6.0.1; Nexus 5X Build/MMB29P) AppleWebKit/537.36 (KHTML, like Gecko) Chrome/138.0.7204.183 Mobile Safari/537.36 (compatible; GoogleOther)"
66.249.79.36 - - [03/Aug/2025:18:23:38 +0300] "GET /shopdetail/30897311/ HTTP/1.1" 200 22465 "-" "Mozilla/5.0 (Linux; Android 6.0.1; Nexus 5X Build/MMB29P) AppleWebKit/537.36 (KHTML, like Gecko) Chrome/138.0.7204.183 Mobile Safari/537.36 (compatible; GoogleOther)"
66.249.79.35 - - [03/Aug/2025:18:23:42 +0300] "GET /shopdetail/30364522/ HTTP/1.1" 200 22278 "-" "Mozilla/5.0 (Linux; Android 6.0.1; Nexus 5X Build/MMB29P) AppleWebKit/537.36 (KHTML, like Gecko) Chrome/138.0.7204.183 Mobile Safari/537.36 (compatible; GoogleOther)"
66.249.79.35 - - [03/Aug/2025:18:23:42 +0300] "GET /shopdetail/26915299/ HTTP/1.1" 200 22302 "-" "Mozilla/5.0 (Linux; Android 6.0.1; Nexus 5X Build/MMB29P) AppleWebKit/537.36 (KHTML, like Gecko) Chrome/138.0.7204.183 Mobile Safari/537.36 (compatible; GoogleOther)"
66.249.79.37 - - [03/Aug/2025:18:23:45 +0300] "GET /shopdetail/29603555/ HTTP/1.1" 200 21814 "-" "Mozilla/5.0 (Linux; Android 6.0.1; Nexus 5X Build/MMB29P) AppleWebKit/537.36 (KHTML, like Gecko) Chrome/138.0.7204.183 Mobile Safari/537.36 (compatible; Googlebot/2.1; +http://www.google.com/bot.html)"
66.249.79.36 - - [03/Aug/2025:18:23:46 +0300] "GET /shopdetail/6645722/ HTTP/1.1" 200 22279 "-" "Mozilla/5.0 (Linux; Android 6.0.1; Nexus 5X Build/MMB29P) AppleWebKit/537.36 (KHTML, like Gecko) Chrome/138.0.7204.183 Mobile Safari/537.36 (compatible; GoogleOther)"
66.249.79.37 - - [03/Aug/2025:18:23:49 +0300] "GET /shopdetail/7237988/ HTTP/1.1" 200 22121 "-" "Mozilla/5.0 (Linux; Android 6.0.1; Nexus 5X Build/MMB29P) AppleWebKit/537.36 (KHTML, like Gecko) Chrome/138.0.7204.183 Mobile Safari/537.36 (compatible; GoogleOther)"
66.249.79.35 - - [03/Aug/2025:18:23:58 +0300] "GET /shopdetail/30350833/ HTTP/1.1" 200 22243 "-" "Mozilla/5.0 (Linux; Android 6.0.1; Nexus 5X Build/MMB29P) AppleWebKit/537.36 (KHTML, like Gecko) Chrome/138.0.7204.183 Mobile Safari/537.36 (compatible; GoogleOther)"
66.249.79.37 - - [03/Aug/2025:18:24:02 +0300] "GET /shopdetail/1668655/ HTTP/1.1" 200 21953 "-" "Mozilla/5.0 (Linux; Android 6.0.1; Nexus 5X Build/MMB29P) AppleWebKit/537.36 (KHTML, like Gecko) Chrome/138.0.7204.183 Mobile Safari/537.36 (compatible; GoogleOther)"
66.249.79.36 - - [03/Aug/2025:18:24:03 +0300] "GET /shopdetail/27802166/ HTTP/1.1" 200 22336 "-" "Mozilla/5.0 (Linux; Android 6.0.1; Nexus 5X Build/MMB29P) AppleWebKit/537.36 (KHTML, like Gecko) Chrome/138.0.7204.183 Mobile Safari/537.36 (compatible; GoogleOther)"
57.141.6.5 - - [03/Aug/2025:18:24:03 +0300] "GET /shopdetail/12642444/ HTTP/2" 404 105050 "-" "meta-externalagent/1.1 (+https://developers.facebook.com/docs/sharing/webmasters/crawler)"
66.249.79.37 - - [03/Aug/2025:18:24:06 +0300] "GET /shopdetail/28870299/ HTTP/1.1" 200 22072 "-" "Mozilla/5.0 (Linux; Android 6.0.1; Nexus 5X Build/MMB29P) AppleWebKit/537.36 (KHTML, like Gecko) Chrome/138.0.7204.183 Mobile Safari/537.36 (compatible; GoogleOther)"
66.249.79.36 - - [03/Aug/2025:18:24:12 +0300] "GET /shopdetail/24651244/ HTTP/1.1" 200 22448 "-" "Mozilla/5.0 (Linux; Android 6.0.1; Nexus 5X Build/MMB29P) AppleWebKit/537.36 (KHTML, like Gecko) Chrome/138.0.7204.183 Mobile Safari/537.36 (compatible; GoogleOther)"
41.90.193.211 - - [03/Aug/2025:18:24:11 +0300] "GET / HTTP/2" 200 30351 "-" "Mozilla/5.0 (Linux; Android 10; K) AppleWebKit/537.36 (KHTML, like Gecko) Chrome/138.0.0.0 Mobile Safari/537.36"
66.249.79.35 - - [03/Aug/2025:18:24:26 +0300] "GET /shopdetail/2609600/ HTTP/1.1" 200 22535 "-" "Mozilla/5.0 (Linux; Android 6.0.1; Nexus 5X Build/MMB29P) AppleWebKit/537.36 (KHTML, like Gecko) Chrome/138.0.7204.183 Mobile Safari/537.36 (compatible; Googlebot/2.1; +http://www.google.com/bot.html)"
41.90.193.211 - - [03/Aug/2025:18:24:24 +0300] "POST /?wc-ajax=get_wishlist_fragments HTTP/2" 200 255 "https://silvercommercialkitchen.com/" "Mozilla/5.0 (Linux; Android 10; K) AppleWebKit/537.36 (KHTML, like Gecko) Chrome/138.0.0.0 Mobile Safari/537.36"
66.249.79.37 - - [03/Aug/2025:18:23:55 +0300] "GET /shopdetail/24496100/ HTTP/1.1" 200 22593 "-" "Mozilla/5.0 (Linux; Android 6.0.1; Nexus 5X Build/MMB29P) AppleWebKit/537.36 (KHTML, like Gecko) Chrome/138.0.7204.183 Mobile Safari/537.36 (compatible; GoogleOther)"
18.97.9.172 - - [03/Aug/2025:18:24:03 +0300] "GET /shopdetail/10530977/ HTTP/2" 404 19567 "-" "CCBot/2.0 (https://commoncrawl.org/faq/)"
66.249.79.35 - - [03/Aug/2025:18:24:10 +0300] "GET /shopdetail/30236599/ HTTP/1.1" 200 21789 "-" "Mozilla/5.0 (Linux; Android 6.0.1; Nexus 5X Build/MMB29P) AppleWebKit/537.36 (KHTML, like Gecko) Chrome/138.0.7204.183 Mobile Safari/537.36 (compatible; GoogleOther)"
66.249.79.35 - - [03/Aug/2025:18:24:14 +0300] "GET /shopdetail/4784677/ HTTP/1.1" 200 22356 "-" "Mozilla/5.0 (Linux; Android 6.0.1; Nexus 5X Build/MMB29P) AppleWebKit/537.36 (KHTML, like Gecko) Chrome/138.0.7204.183 Mobile Safari/537.36 (compatible; GoogleOther)"
66.249.79.35 - - [03/Aug/2025:18:24:15 +0300] "GET /shopdetail/13683322/ HTTP/1.1" 200 22084 "-" "Mozilla/5.0 (Linux; Android 6.0.1; Nexus 5X Build/MMB29P) AppleWebKit/537.36 (KHTML, like Gecko) Chrome/138.0.7204.183 Mobile Safari/537.36 (compatible; GoogleOther)"
66.249.79.35 - - [03/Aug/2025:18:24:17 +0300] "GET /shopdetail/5191299/ HTTP/1.1" 200 22055 "-" "Mozilla/5.0 (Linux; Android 6.0.1; Nexus 5X Build/MMB29P) AppleWebKit/537.36 (KHTML, like Gecko) Chrome/138.0.7204.183 Mobile Safari/537.36 (compatible; GoogleOther)"
66.249.79.35 - - [03/Aug/2025:18:24:18 +0300] "GET /shopdetail/9524711/ HTTP/1.1" 200 21849 "-" "Mozilla/5.0 (Linux; Android 6.0.1; Nexus 5X Build/MMB29P) AppleWebKit/537.36 (KHTML, like Gecko) Chrome/138.0.7204.183 Mobile Safari/537.36 (compatible; GoogleOther)"
66.249.79.35 - - [03/Aug/2025:18:24:22 +0300] "GET /shopdetail/10845955/ HTTP/1.1" 200 22230 "-" "Mozilla/5.0 (Linux; Android 6.0.1; Nexus 5X Build/MMB29P) AppleWebKit/537.36 (KHTML, like Gecko) Chrome/138.0.7204.183 Mobile Safari/537.36 (compatible; GoogleOther)"
66.249.79.35 - - [03/Aug/2025:18:24:22 +0300] "GET /shopdetail/2419411/ HTTP/1.1" 200 22576 "-" "Mozilla/5.0 (Linux; Android 6.0.1; Nexus 5X Build/MMB29P) AppleWebKit/537.36 (KHTML, like Gecko) Chrome/138.0.7204.183 Mobile Safari/537.36 (compatible; GoogleOther)"
66.249.79.36 - - [03/Aug/2025:18:24:27 +0300] "GET /shopdetail/8691388/ HTTP/1.1" 200 22653 "-" "Mozilla/5.0 (Linux; Android 6.0.1; Nexus 5X Build/MMB29P) AppleWebKit/537.36 (KHTML, like Gecko) Chrome/138.0.7204.183 Mobile Safari/537.36 (compatible; GoogleOther)"
66.249.79.36 - - [03/Aug/2025:18:24:28 +0300] "GET /shopdetail/1695222/ HTTP/1.1" 200 22116 "-" "Mozilla/5.0 (Linux; Android 6.0.1; Nexus 5X Build/MMB29P) AppleWebKit/537.36 (KHTML, like Gecko) Chrome/138.0.7204.183 Mobile Safari/537.36 (compatible; GoogleOther)"
66.249.79.35 - - [03/Aug/2025:18:24:31 +0300] "GET /shopdetail/2681755/ HTTP/1.1" 200 22345 "-" "Mozilla/5.0 (Linux; Android 6.0.1; Nexus 5X Build/MMB29P) AppleWebKit/537.36 (KHTML, like Gecko) Chrome/138.0.7204.183 Mobile Safari/537.36 (compatible; GoogleOther)"
66.249.79.36 - - [03/Aug/2025:18:24:35 +0300] "GET /shopdetail/28970122/ HTTP/1.1" 200 22286 "-" "Mozilla/5.0 (Linux; Android 6.0.1; Nexus 5X Build/MMB29P) AppleWebKit/537.36 (KHTML, like Gecko) Chrome/138.0.7204.183 Mobile Safari/537.36 (compatible; GoogleOther)"
66.249.79.36 - - [03/Aug/2025:18:24:35 +0300] "GET /shopdetail/6501422/ HTTP/1.1" 200 21821 "-" "Mozilla/5.0 (Linux; Android 6.0.1; Nexus 5X Build/MMB29P) AppleWebKit/537.36 (KHTML, like Gecko) Chrome/138.0.7204.183 Mobile Safari/537.36 (compatible; GoogleOther)"
66.249.79.36 - - [03/Aug/2025:18:24:39 +0300] "GET /shopdetail/26122577/ HTTP/1.1" 200 22483 "-" "Mozilla/5.0 (Linux; Android 6.0.1; Nexus 5X Build/MMB29P) AppleWebKit/537.36 (KHTML, like Gecko) Chrome/138.0.7204.183 Mobile Safari/537.36 (compatible; GoogleOther)"
18.97.9.172 - - [03/Aug/2025:18:24:39 +0300] "GET /shopdetail/20497777/ HTTP/2" 404 19567 "-" "CCBot/2.0 (https://commoncrawl.org/faq/)"
41.90.193.211 - - [03/Aug/2025:18:24:24 +0300] "POST /?wc-ajax=get_compare_fragments HTTP/2" 200 241 "https://silvercommercialkitchen.com/" "Mozilla/5.0 (Linux; Android 10; K) AppleWebKit/537.36 (KHTML, like Gecko) Chrome/138.0.0.0 Mobile Safari/537.36"
41.90.193.211 - - [03/Aug/2025:18:24:25 +0300] "POST /?wc-ajax=get_refreshed_fragments HTTP/2" 200 355 "https://silvercommercialkitchen.com/" "Mozilla/5.0 (Linux; Android 10; K) AppleWebKit/537.36 (KHTML, like Gecko) Chrome/138.0.0.0 Mobile Safari/537.36"
66.249.79.35 - - [03/Aug/2025:18:24:43 +0300] "GET /shopdetail/12074188/ HTTP/1.1" 200 22385 "-" "Mozilla/5.0 (Linux; Android 6.0.1; Nexus 5X Build/MMB29P) AppleWebKit/537.36 (KHTML, like Gecko) Chrome/138.0.7204.183 Mobile Safari/537.36 (compatible; GoogleOther)"
41.90.193.211 - - [03/Aug/2025:18:24:42 +0300] "GET /product/double-door-bread-proofer/ HTTP/2" 200 26336 "https://silvercommercialkitchen.com/" "Mozilla/5.0 (Linux; Android 10; K) AppleWebKit/537.36 (KHTML, like Gecko) Chrome/138.0.0.0 Mobile Safari/537.36"
66.249.79.35 - - [03/Aug/2025:18:24:47 +0300] "GET /shopdetail/30726655/ HTTP/1.1" 200 22963 "-" "Mozilla/5.0 (Linux; Android 6.0.1; Nexus 5X Build/MMB29P) AppleWebKit/537.36 (KHTML, like Gecko) Chrome/138.0.7204.183 Mobile Safari/537.36 (compatible; GoogleOther)"
41.90.193.211 - - [03/Aug/2025:18:24:48 +0300] "GET /product/bakery-cooling-rack-trolley/ HTTP/2" 200 25415 "https://silvercommercialkitchen.com/" "Mozilla/5.0 (Linux; Android 10; K) AppleWebKit/537.36 (KHTML, like Gecko) Chrome/138.0.0.0 Mobile Safari/537.36"
41.90.193.211 - - [03/Aug/2025:18:24:55 +0300] "GET /product/single-deck-electric-oven/ HTTP/2" 200 26791 "https://silvercommercialkitchen.com/" "Mozilla/5.0 (Linux; Android 10; K) AppleWebKit/537.36 (KHTML, like Gecko) Chrome/138.0.0.0 Mobile Safari/537.36"
66.249.79.35 - - [03/Aug/2025:18:24:59 +0300] "GET /shopdetail/16552666/ HTTP/1.1" 200 22479 "-" "Mozilla/5.0 (Linux; Android 6.0.1; Nexus 5X Build/MMB29P) AppleWebKit/537.36 (KHTML, like Gecko) Chrome/138.0.7204.183 Mobile Safari/537.36 (compatible; GoogleOther)"
57.141.6.12 - - [03/Aug/2025:18:25:01 +0300] "GET /shopdetail/10715488/ HTTP/2" 404 105050 "-" "meta-externalagent/1.1 (+https://developers.facebook.com/docs/sharing/webmasters/crawler)"
66.249.79.35 - - [03/Aug/2025:18:25:11 +0300] "GET /shopdetail/30919399/ HTTP/1.1" 200 22687 "-" "Mozilla/5.0 (Linux; Android 6.0.1; Nexus 5X Build/MMB29P) AppleWebKit/537.36 (KHTML, like Gecko) Chrome/138.0.7204.183 Mobile Safari/537.36 (compatible; GoogleOther)"
41.90.193.211 - - [03/Aug/2025:18:25:11 +0300] "GET /product/bakery-cooling-rack/ HTTP/2" 200 25643 "https://silvercommercialkitchen.com/" "Mozilla/5.0 (Linux; Android 10; K) AppleWebKit/537.36 (KHTML, like Gecko) Chrome/138.0.0.0 Mobile Safari/537.36"
66.249.79.35 - - [03/Aug/2025:18:25:14 +0300] "GET /shopdetail/17052422/ HTTP/1.1" 200 22247 "-" "Mozilla/5.0 (Linux; Android 6.0.1; Nexus 5X Build/MMB29P) AppleWebKit/537.36 (KHTML, like Gecko) Chrome/138.0.7204.183 Mobile Safari/537.36 (compatible; GoogleOther)"
66.249.79.35 - - [03/Aug/2025:18:25:14 +0300] "GET /shopdetail/4707422/ HTTP/1.1" 200 22725 "-" "Mozilla/5.0 (Linux; Android 6.0.1; Nexus 5X Build/MMB29P) AppleWebKit/537.36 (KHTML, like Gecko) Chrome/138.0.7204.183 Mobile Safari/537.36 (compatible; Googlebot/2.1; +http://www.google.com/bot.html)"
66.249.79.35 - - [03/Aug/2025:18:25:15 +0300] "GET /shopdetail/5033566/ HTTP/1.1" 200 22362 "-" "Mozilla/5.0 (Linux; Android 6.0.1; Nexus 5X Build/MMB29P) AppleWebKit/537.36 (KHTML, like Gecko) Chrome/138.0.7204.183 Mobile Safari/537.36 (compatible; Googlebot/2.1; +http://www.google.com/bot.html)"
66.249.79.35 - - [03/Aug/2025:18:25:15 +0300] "GET /shopdetail/27712199/ HTTP/1.1" 200 21907 "-" "Mozilla/5.0 (Linux; Android 6.0.1; Nexus 5X Build/MMB29P) AppleWebKit/537.36 (KHTML, like Gecko) Chrome/138.0.7204.183 Mobile Safari/537.36 (compatible; GoogleOther)"
66.249.79.36 - - [03/Aug/2025:18:24:41 +0300] "GET /shopdetail/2614577/ HTTP/1.1" 200 23089 "-" "Mozilla/5.0 (Linux; Android 6.0.1; Nexus 5X Build/MMB29P) AppleWebKit/537.36 (KHTML, like Gecko) Chrome/138.0.7204.183 Mobile Safari/537.36 (compatible; GoogleOther)"
66.249.79.37 - - [03/Aug/2025:18:24:43 +0300] "GET /shopdetail/22388977/ HTTP/1.1" 200 21734 "-" "Mozilla/5.0 (Linux; Android 6.0.1; Nexus 5X Build/MMB29P) AppleWebKit/537.36 (KHTML, like Gecko) Chrome/138.0.7204.183 Mobile Safari/537.36 (compatible; GoogleOther)"
66.249.79.37 - - [03/Aug/2025:18:24:48 +0300] "GET /shopdetail/24270888/ HTTP/1.1" 200 23115 "-" "Mozilla/5.0 (Linux; Android 6.0.1; Nexus 5X Build/MMB29P) AppleWebKit/537.36 (KHTML, like Gecko) Chrome/138.0.7204.183 Mobile Safari/537.36 (compatible; GoogleOther)"
66.249.79.37 - - [03/Aug/2025:18:24:51 +0300] "GET /shopdetail/29430122/ HTTP/1.1" 200 21882 "-" "Mozilla/5.0 (Linux; Android 6.0.1; Nexus 5X Build/MMB29P) AppleWebKit/537.36 (KHTML, like Gecko) Chrome/138.0.7204.183 Mobile Safari/537.36 (compatible; GoogleOther)"
66.249.79.35 - - [03/Aug/2025:18:24:54 +0300] "GET /shopdetail/5917200/ HTTP/1.1" 200 22039 "-" "Mozilla/5.0 (Linux; Android 6.0.1; Nexus 5X Build/MMB29P) AppleWebKit/537.36 (KHTML, like Gecko) Chrome/138.0.7204.183 Mobile Safari/537.36 (compatible; GoogleOther)"
66.249.79.36 - - [03/Aug/2025:18:24:55 +0300] "GET /shopdetail/9229277/ HTTP/1.1" 200 22281 "-" "Mozilla/5.0 (Linux; Android 6.0.1; Nexus 5X Build/MMB29P) AppleWebKit/537.36 (KHTML, like Gecko) Chrome/138.0.7204.183 Mobile Safari/537.36 (compatible; GoogleOther)"
66.249.79.37 - - [03/Aug/2025:18:24:58 +0300] "GET /shopdetail/10463599/ HTTP/1.1" 200 22353 "-" "Mozilla/5.0 (Linux; Android 6.0.1; Nexus 5X Build/MMB29P) AppleWebKit/537.36 (KHTML, like Gecko) Chrome/138.0.7204.183 Mobile Safari/537.36 (compatible; GoogleOther)"
66.249.79.36 - - [03/Aug/2025:18:25:02 +0300] "GET /shopdetail/1559400/ HTTP/1.1" 200 22039 "-" "Mozilla/5.0 (Linux; Android 6.0.1; Nexus 5X Build/MMB29P) AppleWebKit/537.36 (KHTML, like Gecko) Chrome/138.0.7204.183 Mobile Safari/537.36 (compatible; GoogleOther)"
66.249.79.36 - - [03/Aug/2025:18:25:03 +0300] "GET /shopdetail/29475144/ HTTP/1.1" 200 21800 "-" "Mozilla/5.0 (Linux; Android 6.0.1; Nexus 5X Build/MMB29P) AppleWebKit/537.36 (KHTML, like Gecko) Chrome/138.0.7204.183 Mobile Safari/537.36 (compatible; GoogleOther)"
66.249.79.36 - - [03/Aug/2025:18:25:05 +0300] "GET /shopdetail/9657911/ HTTP/1.1" 200 22788 "-" "Mozilla/5.0 (Linux; Android 6.0.1; Nexus 5X Build/MMB29P) AppleWebKit/537.36 (KHTML, like Gecko) Chrome/138.0.7204.183 Mobile Safari/537.36 (compatible; Googlebot/2.1; +http://www.google.com/bot.html)"
66.249.79.36 - - [03/Aug/2025:18:25:07 +0300] "GET /shopdetail/2872122/ HTTP/1.1" 200 22436 "-" "Mozilla/5.0 (Linux; Android 6.0.1; Nexus 5X Build/MMB29P) AppleWebKit/537.36 (KHTML, like Gecko) Chrome/138.0.7204.183 Mobile Safari/537.36 (compatible; GoogleOther)"
66.249.79.36 - - [03/Aug/2025:18:25:07 +0300] "GET /shopdetail/30541888/ HTTP/1.1" 200 22763 "-" "Mozilla/5.0 (Linux; Android 6.0.1; Nexus 5X Build/MMB29P) AppleWebKit/537.36 (KHTML, like Gecko) Chrome/138.0.7204.183 Mobile Safari/537.36 (compatible; GoogleOther)"
66.249.79.36 - - [03/Aug/2025:18:25:18 +0300] "GET /shopdetail/10229488/ HTTP/1.1" 200 21947 "-" "Mozilla/5.0 (Linux; Android 6.0.1; Nexus 5X Build/MMB29P) AppleWebKit/537.36 (KHTML, like Gecko) Chrome/138.0.7204.183 Mobile Safari/537.36 (compatible; GoogleOther)"
18.97.9.172 - - [03/Aug/2025:18:25:16 +0300] "GET /shopdetail/10776977/ HTTP/2" 404 19567 "-" "CCBot/2.0 (https://commoncrawl.org/faq/)"
66.249.79.36 - - [03/Aug/2025:18:25:19 +0300] "GET /shopdetail/26153211/ HTTP/1.1" 200 22631 "-" "Mozilla/5.0 (Linux; Android 6.0.1; Nexus 5X Build/MMB29P) AppleWebKit/537.36 (KHTML, like Gecko) Chrome/138.0.7204.183 Mobile Safari/537.36 (compatible; GoogleOther)"
41.90.193.211 - - [03/Aug/2025:18:25:14 +0300] "GET /product/double-door-bread-proofer/ HTTP/2" 200 26337 "https://silvercommercialkitchen.com/" "Mozilla/5.0 (Linux; Android 10; K) AppleWebKit/537.36 (KHTML, like Gecko) Chrome/138.0.0.0 Mobile Safari/537.36"
66.249.79.35 - - [03/Aug/2025:18:25:16 +0300] "GET /shopdetail/20608722/ HTTP/1.1" 200 21966 "-" "Mozilla/5.0 (Linux; Android 6.0.1; Nexus 5X Build/MMB29P) AppleWebKit/537.36 (KHTML, like Gecko) Chrome/138.0.7204.183 Mobile Safari/537.36 (compatible; GoogleOther)"
41.90.193.211 - - [03/Aug/2025:18:25:16 +0300] "GET /product/bakery-cooling-rack-trolley/ HTTP/2" 200 25415 "https://silvercommercialkitchen.com/" "Mozilla/5.0 (Linux; Android 10; K) AppleWebKit/537.36 (KHTML, like Gecko) Chrome/138.0.0.0 Mobile Safari/537.36"
41.90.193.211 - - [03/Aug/2025:18:25:20 +0300] "GET /product/single-deck-electric-oven/ HTTP/2" 200 26791 "https://silvercommercialkitchen.com/" "Mozilla/5.0 (Linux; Android 10; K) AppleWebKit/537.36 (KHTML, like Gecko) Chrome/138.0.0.0 Mobile Safari/537.36"
41.90.193.211 - - [03/Aug/2025:18:25:23 +0300] "GET /product-category/institutional-appliances/ HTTP/2" 200 26294 "https://silvercommercialkitchen.com/" "Mozilla/5.0 (Linux; Android 10; K) AppleWebKit/537.36 (KHTML, like Gecko) Chrome/138.0.0.0 Mobile Safari/537.36"
41.90.193.211 - - [03/Aug/2025:18:25:25 +0300] "GET /product-category/institutional-appliances/hospitals/ HTTP/2" 200 0 "https://silvercommercialkitchen.com/" "Mozilla/5.0 (Linux; Android 10; K) AppleWebKit/537.36 (KHTML, like Gecko) Chrome/138.0.0.0 Mobile Safari/537.36"
41.90.193.211 - - [03/Aug/2025:18:25:26 +0300] "GET /product-category/institutional-appliances/hospitals/ HTTP/2" 200 26241 "https://silvercommercialkitchen.com/" "Mozilla/5.0 (Linux; Android 10; K) AppleWebKit/537.36 (KHTML, like Gecko) Chrome/138.0.0.0 Mobile Safari/537.36"
41.90.193.211 - - [03/Aug/2025:18:25:29 +0300] "GET /wp-content/uploads/2025/02/Closed-Morgue-Trolley.png HTTP/2" 200 172566 "https://silvercommercialkitchen.com/product-category/institutional-appliances/hospitals/" "Mozilla/5.0 (Linux; Android 10; K) AppleWebKit/537.36 (KHTML, like Gecko) Chrome/138.0.0.0 Mobile Safari/537.36"
41.90.193.211 - - [03/Aug/2025:18:25:29 +0300] "GET /wp-content/uploads/2025/02/Fabrication-Installation-Of-a-Commercial-Cold-Room-Chiller.webp HTTP/2" 200 14386 "https://silvercommercialkitchen.com/product-category/institutional-appliances/hospitals/" "Mozilla/5.0 (Linux; Android 10; K) AppleWebKit/537.36 (KHTML, like Gecko) Chrome/138.0.0.0 Mobile Safari/537.36"
41.90.193.211 - - [03/Aug/2025:18:25:30 +0300] "GET /wp-content/uploads/2025/02/Hospital-Food-Trolley-3-Tier.png HTTP/2" 200 221209 "https://silvercommercialkitchen.com/product-category/institutional-appliances/hospitals/" "Mozilla/5.0 (Linux; Android 10; K) AppleWebKit/537.36 (KHTML, like Gecko) Chrome/138.0.0.0 Mobile Safari/537.36"
41.90.193.211 - - [03/Aug/2025:18:25:29 +0300] "GET /wp-content/plugins/woocommerce/assets/js/jquery-ui-touch-punch/jquery-ui-touch-punch.min.js?ver=10.0.4 HTTP/2" 200 529 "https://silvercommercialkitchen.com/product-category/institutional-appliances/hospitals/" "Mozilla/5.0 (Linux; Android 10; K) AppleWebKit/537.36 (KHTML, like Gecko) Chrome/138.0.0.0 Mobile Safari/537.36"
41.90.193.211 - - [03/Aug/2025:18:25:30 +0300] "GET /wp-content/plugins/woocommerce/assets/js/frontend/price-slider.min.js?ver=10.0.4 HTTP/2" 200 538 "https://silvercommercialkitchen.com/product-category/institutional-appliances/hospitals/" "Mozilla/5.0 (Linux; Android 10; K) AppleWebKit/537.36 (KHTML, like Gecko) Chrome/138.0.0.0 Mobile Safari/537.36"
41.90.193.211 - - [03/Aug/2025:18:25:29 +0300] "GET /wp-content/uploads/2025/02/Dressing-Trolley.png HTTP/2" 200 159765 "https://silvercommercialkitchen.com/product-category/institutional-appliances/hospitals/" "Mozilla/5.0 (Linux; Android 10; K) AppleWebKit/537.36 (KHTML, like Gecko) Chrome/138.0.0.0 Mobile Safari/537.36"
66.249.79.36 - - [03/Aug/2025:18:21:37 +0300] "GET /shopdetail/27949288/ HTTP/1.1" 200 22643 "-" "Mozilla/5.0 (Linux; Android 6.0.1; Nexus 5X Build/MMB29P) AppleWebKit/537.36 (KHTML, like Gecko) Chrome/138.0.7204.183 Mobile Safari/537.36 (compatible; GoogleOther)"
66.249.79.35 - - [03/Aug/2025:18:21:41 +0300] "GET /shopdetail/3646233/ HTTP/1.1" 200 22073 "-" "Mozilla/5.0 (Linux; Android 6.0.1; Nexus 5X Build/MMB29P) AppleWebKit/537.36 (KHTML, like Gecko) Chrome/138.0.7204.183 Mobile Safari/537.36 (compatible; GoogleOther)"
66.249.79.35 - - [03/Aug/2025:18:21:42 +0300] "GET /shopdetail/4958055/ HTTP/1.1" 200 22872 "-" "Mozilla/5.0 (Linux; Android 6.0.1; Nexus 5X Build/MMB29P) AppleWebKit/537.36 (KHTML, like Gecko) Chrome/138.0.7204.183 Mobile Safari/537.36 (compatible; GoogleOther)"
66.249.79.36 - - [03/Aug/2025:18:21:44 +0300] "GET /shopdetail/30734766/ HTTP/1.1" 200 22487 "-" "Mozilla/5.0 (Linux; Android 6.0.1; Nexus 5X Build/MMB29P) AppleWebKit/537.36 (KHTML, like Gecko) Chrome/138.0.7204.183 Mobile Safari/537.36 (compatible; GoogleOther)"
66.249.79.35 - - [03/Aug/2025:18:21:21 +0300] "GET /shopdetail/28879344/ HTTP/1.1" 200 22367 "-" "Mozilla/5.0 (Linux; Android 6.0.1; Nexus 5X Build/MMB29P) AppleWebKit/537.36 (KHTML, like Gecko) Chrome/138.0.7204.183 Mobile Safari/537.36 (compatible; GoogleOther)"
66.249.79.35 - - [03/Aug/2025:18:21:24 +0300] "GET /shopdetail/12420255/ HTTP/1.1" 200 22468 "-" "Mozilla/5.0 (Linux; Android 6.0.1; Nexus 5X Build/MMB29P) AppleWebKit/537.36 (KHTML, like Gecko) Chrome/138.0.7204.183 Mobile Safari/537.36 (compatible; GoogleOther)"
66.249.79.36 - - [03/Aug/2025:18:21:25 +0300] "GET /shopdetail/26483588/ HTTP/1.1" 200 22518 "-" "Mozilla/5.0 (Linux; Android 6.0.1; Nexus 5X Build/MMB29P) AppleWebKit/537.36 (KHTML, like Gecko) Chrome/138.0.7204.183 Mobile Safari/537.36 (compatible; GoogleOther)"
66.249.79.36 - - [03/Aug/2025:18:21:31 +0300] "GET /shopdetail/2078311/ HTTP/1.1" 200 22409 "-" "Mozilla/5.0 (Linux; Android 6.0.1; Nexus 5X Build/MMB29P) AppleWebKit/537.36 (KHTML, like Gecko) Chrome/138.0.7204.183 Mobile Safari/537.36 (compatible; GoogleOther)"
66.249.79.35 - - [03/Aug/2025:18:21:37 +0300] "GET /shopdetail/3500488/ HTTP/1.1" 200 22121 "-" "Mozilla/5.0 (Linux; Android 6.0.1; Nexus 5X Build/MMB29P) AppleWebKit/537.36 (KHTML, like Gecko) Chrome/138.0.7204.183 Mobile Safari/537.36 (compatible; GoogleOther)"
18.97.9.172 - - [03/Aug/2025:18:21:41 +0300] "GET /shopdetail/20591977/ HTTP/2" 404 19567 "-" "CCBot/2.0 (https://commoncrawl.org/faq/)"
66.249.79.35 - - [03/Aug/2025:18:21:45 +0300] "GET /shopdetail/7977433/ HTTP/1.1" 200 22163 "-" "Mozilla/5.0 (Linux; Android 6.0.1; Nexus 5X Build/MMB29P) AppleWebKit/537.36 (KHTML, like Gecko) Chrome/138.0.7204.183 Mobile Safari/537.36 (compatible; GoogleOther)"
41.90.193.211 - - [03/Aug/2025:18:25:30 +0300] "GET /wp-content/uploads/2025/02/1c5334be216db18.jpg HTTP/2" 200 20567 "https://silvercommercialkitchen.com/product-category/institutional-appliances/hospitals/" "Mozilla/5.0 (Linux; Android 10; K) AppleWebKit/537.36 (KHTML, like Gecko) Chrome/138.0.0.0 Mobile Safari/537.36"
41.90.193.211 - - [03/Aug/2025:18:25:30 +0300] "GET /wp-content/uploads/2025/02/Instrument-Trolley-2-Tier.png HTTP/2" 200 123436 "https://silvercommercialkitchen.com/product-category/institutional-appliances/hospitals/" "Mozilla/5.0 (Linux; Android 10; K) AppleWebKit/537.36 (KHTML, like Gecko) Chrome/138.0.0.0 Mobile Safari/537.36"
41.90.193.211 - - [03/Aug/2025:18:25:30 +0300] "GET /wp-content/uploads/2025/02/Mayo-Trolley.png HTTP/2" 200 110038 "https://silvercommercialkitchen.com/product-category/institutional-appliances/hospitals/" "Mozilla/5.0 (Linux; Android 10; K) AppleWebKit/537.36 (KHTML, like Gecko) Chrome/138.0.0.0 Mobile Safari/537.36"
41.90.193.211 - - [03/Aug/2025:18:25:30 +0300] "GET /wp-content/uploads/2025/02/Morgue-Body-Washing-Sink.png HTTP/2" 200 150161 "https://silvercommercialkitchen.com/product-category/institutional-appliances/hospitals/" "Mozilla/5.0 (Linux; Android 10; K) AppleWebKit/537.36 (KHTML, like Gecko) Chrome/138.0.0.0 Mobile Safari/537.36"
41.90.193.211 - - [03/Aug/2025:18:25:30 +0300] "GET /wp-content/uploads/2025/02/Wall-Mounted-Sluice-Sink.png HTTP/2" 200 142639 "https://silvercommercialkitchen.com/product-category/institutional-appliances/hospitals/" "Mozilla/5.0 (Linux; Android 10; K) AppleWebKit/537.36 (KHTML, like Gecko) Chrome/138.0.0.0 Mobile Safari/537.36"
41.90.193.211 - - [03/Aug/2025:18:25:30 +0300] "GET /wp-content/uploads/2025/02/Hospital-Linen-Trolley.png HTTP/2" 200 218141 "https://silvercommercialkitchen.com/product-category/institutional-appliances/hospitals/" "Mozilla/5.0 (Linux; Android 10; K) AppleWebKit/537.36 (KHTML, like Gecko) Chrome/138.0.0.0 Mobile Safari/537.36"
41.90.193.211 - - [03/Aug/2025:18:25:30 +0300] "GET /wp-content/uploads/2025/03/Morgue-Cold-Room-2.png HTTP/2" 200 289897 "https://silvercommercialkitchen.com/product-category/institutional-appliances/hospitals/" "Mozilla/5.0 (Linux; Android 10; K) AppleWebKit/537.36 (KHTML, like Gecko) Chrome/138.0.0.0 Mobile Safari/537.36"
66.249.79.36 - - [03/Aug/2025:18:25:31 +0300] "GET /shopdetail/29876588/ HTTP/1.1" 200 22139 "-" "Mozilla/5.0 (Linux; Android 6.0.1; Nexus 5X Build/MMB29P) AppleWebKit/537.36 (KHTML, like Gecko) Chrome/138.0.7204.183 Mobile Safari/537.36 (compatible; GoogleOther)"
41.90.193.211 - - [03/Aug/2025:18:25:31 +0300] "POST /?wc-ajax=get_compare_fragments HTTP/2" 200 241 "https://silvercommercialkitchen.com/product-category/institutional-appliances/hospitals/" "Mozilla/5.0 (Linux; Android 10; K) AppleWebKit/537.36 (KHTML, like Gecko) Chrome/138.0.0.0 Mobile Safari/537.36"
66.249.79.36 - - [03/Aug/2025:18:25:33 +0300] "GET /shopdetail/8616277/ HTTP/1.1" 200 22267 "-" "Mozilla/5.0 (Linux; Android 6.0.1; Nexus 5X Build/MMB29P) AppleWebKit/537.36 (KHTML, like Gecko) Chrome/138.0.7204.183 Mobile Safari/537.36 (compatible; GoogleOther)"
66.249.79.36 - - [03/Aug/2025:18:25:35 +0300] "GET /shopdetail/29046222/ HTTP/1.1" 200 23111 "-" "Mozilla/5.0 (Linux; Android 6.0.1; Nexus 5X Build/MMB29P) AppleWebKit/537.36 (KHTML, like Gecko) Chrome/138.0.7204.183 Mobile Safari/537.36 (compatible; GoogleOther)"
41.90.193.211 - - [03/Aug/2025:18:25:33 +0300] "GET /product/fabrication-installation-of-a-commercial-cold-room-chiller/ HTTP/2" 200 27149 "https://silvercommercialkitchen.com/product-category/institutional-appliances/hospitals/" "Mozilla/5.0 (Linux; Android 10; K) AppleWebKit/537.36 (KHTML, like Gecko) Chrome/138.0.0.0 Mobile Safari/537.36"
41.90.193.211 - - [03/Aug/2025:18:25:37 +0300] "GET /product/morgue-body-washing-sink/ HTTP/2" 200 25575 "https://silvercommercialkitchen.com/product-category/institutional-appliances/hospitals/" "Mozilla/5.0 (Linux; Android 10; K) AppleWebKit/537.36 (KHTML, like Gecko) Chrome/138.0.0.0 Mobile Safari/537.36"
41.90.193.211 - - [03/Aug/2025:18:25:57 +0300] "GET /product/hospital-food-trolley-3-tier/ HTTP/2" 200 25650 "https://silvercommercialkitchen.com/product-category/institutional-appliances/hospitals/" "Mozilla/5.0 (Linux; Android 10; K) AppleWebKit/537.36 (KHTML, like Gecko) Chrome/138.0.0.0 Mobile Safari/537.36"
66.249.79.37 - - [03/Aug/2025:18:26:01 +0300] "GET /shopdetail/27149899/ HTTP/1.1" 200 22594 "-" "Mozilla/5.0 (Linux; Android 6.0.1; Nexus 5X Build/MMB29P) AppleWebKit/537.36 (KHTML, like Gecko) Chrome/138.0.7204.183 Mobile Safari/537.36 (compatible; GoogleOther)"
57.141.6.24 - - [03/Aug/2025:18:26:00 +0300] "GET /shopdetail/26107311/ HTTP/2" 404 105050 "-" "meta-externalagent/1.1 (+https://developers.facebook.com/docs/sharing/webmasters/crawler)"
66.249.79.36 - - [03/Aug/2025:18:26:06 +0300] "GET /shopdetail/25468711/ HTTP/1.1" 200 23101 "-" "Mozilla/5.0 (Linux; Android 6.0.1; Nexus 5X Build/MMB29P) AppleWebKit/537.36 (KHTML, like Gecko) Chrome/138.0.7204.183 Mobile Safari/537.36 (compatible; GoogleOther)"
66.249.79.35 - - [03/Aug/2025:18:26:07 +0300] "GET /shopdetail/23440399/ HTTP/1.1" 200 22565 "-" "Mozilla/5.0 (Linux; Android 6.0.1; Nexus 5X Build/MMB29P) AppleWebKit/537.36 (KHTML, like Gecko) Chrome/138.0.7204.183 Mobile Safari/537.36 (compatible; GoogleOther)"
66.249.79.35 - - [03/Aug/2025:18:26:11 +0300] "GET /shopdetail/23710400/ HTTP/1.1" 200 22635 "-" "Mozilla/5.0 (Linux; Android 6.0.1; Nexus 5X Build/MMB29P) AppleWebKit/537.36 (KHTML, like Gecko) Chrome/138.0.7204.183 Mobile Safari/537.36 (compatible; GoogleOther)"
66.249.79.35 - - [03/Aug/2025:18:26:14 +0300] "GET /shopdetail/12172244/ HTTP/1.1" 200 22860 "-" "Mozilla/5.0 (Linux; Android 6.0.1; Nexus 5X Build/MMB29P) AppleWebKit/537.36 (KHTML, like Gecko) Chrome/138.0.7204.183 Mobile Safari/537.36 (compatible; GoogleOther)"
66.249.79.35 - - [03/Aug/2025:18:26:17 +0300] "GET /shopdetail/29791288/ HTTP/1.1" 200 22353 "-" "Mozilla/5.0 (Linux; Android 6.0.1; Nexus 5X Build/MMB29P) AppleWebKit/537.36 (KHTML, like Gecko) Chrome/138.0.7204.183 Mobile Safari/537.36 (compatible; GoogleOther)"
66.249.79.35 - - [03/Aug/2025:18:26:18 +0300] "GET /shopdetail/13068633/ HTTP/1.1" 200 22142 "-" "Mozilla/5.0 (Linux; Android 6.0.1; Nexus 5X Build/MMB29P) AppleWebKit/537.36 (KHTML, like Gecko) Chrome/138.0.7204.183 Mobile Safari/537.36 (compatible; GoogleOther)"
66.249.79.35 - - [03/Aug/2025:18:26:23 +0300] "GET /shopdetail/24708422/ HTTP/1.1" 200 22568 "-" "Mozilla/5.0 (Linux; Android 6.0.1; Nexus 5X Build/MMB29P) AppleWebKit/537.36 (KHTML, like Gecko) Chrome/138.0.7204.183 Mobile Safari/537.36 (compatible; Googlebot/2.1; +http://www.google.com/bot.html)"
66.249.79.35 - - [03/Aug/2025:18:26:24 +0300] "GET /shopdetail/3349944/ HTTP/1.1" 200 21848 "-" "Mozilla/5.0 (Linux; Android 6.0.1; Nexus 5X Build/MMB29P) AppleWebKit/537.36 (KHTML, like Gecko) Chrome/138.0.7204.183 Mobile Safari/537.36 (compatible; GoogleOther)"
66.249.79.35 - - [03/Aug/2025:18:26:26 +0300] "GET /shopdetail/29961377/ HTTP/1.1" 200 21841 "-" "Mozilla/5.0 (Linux; Android 6.0.1; Nexus 5X Build/MMB29P) AppleWebKit/537.36 (KHTML, like Gecko) Chrome/138.0.7204.183 Mobile Safari/537.36 (compatible; GoogleOther)"
66.249.79.36 - - [03/Aug/2025:18:26:28 +0300] "GET /shopdetail/2390133/ HTTP/1.1" 200 22051 "-" "Mozilla/5.0 (Linux; Android 6.0.1; Nexus 5X Build/MMB29P) AppleWebKit/537.36 (KHTML, like Gecko) Chrome/138.0.7204.183 Mobile Safari/537.36 (compatible; GoogleOther)"
66.249.79.36 - - [03/Aug/2025:18:26:29 +0300] "GET /shopdetail/30205266/ HTTP/1.1" 200 22264 "-" "Mozilla/5.0 (Linux; Android 6.0.1; Nexus 5X Build/MMB29P) AppleWebKit/537.36 (KHTML, like Gecko) Chrome/138.0.7204.183 Mobile Safari/537.36 (compatible; GoogleOther)"
66.249.79.36 - - [03/Aug/2025:18:26:31 +0300] "GET /shopdetail/30723622/ HTTP/1.1" 200 22714 "-" "Mozilla/5.0 (Linux; Android 6.0.1; Nexus 5X Build/MMB29P) AppleWebKit/537.36 (KHTML, like Gecko) Chrome/138.0.7204.183 Mobile Safari/537.36 (compatible; GoogleOther)"
66.249.79.36 - - [03/Aug/2025:18:25:20 +0300] "GET /shopdetail/9368433/ HTTP/1.1" 200 22272 "-" "Mozilla/5.0 (Linux; Android 6.0.1; Nexus 5X Build/MMB29P) AppleWebKit/537.36 (KHTML, like Gecko) Chrome/138.0.7204.183 Mobile Safari/537.36 (compatible; GoogleOther)"
66.249.79.35 - - [03/Aug/2025:18:25:27 +0300] "GET /shopdetail/10841600/ HTTP/1.1" 200 21860 "-" "Mozilla/5.0 (Linux; Android 6.0.1; Nexus 5X Build/MMB29P) AppleWebKit/537.36 (KHTML, like Gecko) Chrome/138.0.7204.183 Mobile Safari/537.36 (compatible; GoogleOther)"
66.249.79.35 - - [03/Aug/2025:18:25:40 +0300] "GET /shopdetail/31354877/ HTTP/1.1" 200 22620 "-" "Mozilla/5.0 (Linux; Android 6.0.1; Nexus 5X Build/MMB29P) AppleWebKit/537.36 (KHTML, like Gecko) Chrome/138.0.7204.183 Mobile Safari/537.36 (compatible; GoogleOther)"
66.249.79.35 - - [03/Aug/2025:18:25:43 +0300] "GET /shopdetail/27173866/ HTTP/1.1" 200 22516 "-" "Mozilla/5.0 (Linux; Android 6.0.1; Nexus 5X Build/MMB29P) AppleWebKit/537.36 (KHTML, like Gecko) Chrome/138.0.7204.183 Mobile Safari/537.36 (compatible; GoogleOther)"
66.249.79.37 - - [03/Aug/2025:18:25:47 +0300] "GET /shopdetail/19435600/ HTTP/1.1" 200 23305 "-" "Mozilla/5.0 (Linux; Android 6.0.1; Nexus 5X Build/MMB29P) AppleWebKit/537.36 (KHTML, like Gecko) Chrome/138.0.7204.183 Mobile Safari/537.36 (compatible; GoogleOther)"
66.249.79.37 - - [03/Aug/2025:18:25:47 +0300] "GET /shopdetail/4442122/ HTTP/1.1" 200 23131 "-" "Mozilla/5.0 (Linux; Android 6.0.1; Nexus 5X Build/MMB29P) AppleWebKit/537.36 (KHTML, like Gecko) Chrome/138.0.7204.183 Mobile Safari/537.36 (compatible; GoogleOther)"
66.249.79.37 - - [03/Aug/2025:18:25:51 +0300] "GET /shopdetail/24686288/ HTTP/1.1" 200 23240 "-" "Mozilla/5.0 (Linux; Android 6.0.1; Nexus 5X Build/MMB29P) AppleWebKit/537.36 (KHTML, like Gecko) Chrome/138.0.7204.183 Mobile Safari/537.36 (compatible; GoogleOther)"
66.249.79.36 - - [03/Aug/2025:18:25:54 +0300] "GET /shopdetail/26206555/ HTTP/1.1" 200 22053 "-" "Mozilla/5.0 (Linux; Android 6.0.1; Nexus 5X Build/MMB29P) AppleWebKit/537.36 (KHTML, like Gecko) Chrome/138.0.7204.183 Mobile Safari/537.36 (compatible; GoogleOther)"
66.249.79.35 - - [03/Aug/2025:18:25:54 +0300] "GET /shopdetail/20608722/ HTTP/1.1" 200 21966 "-" "Mozilla/5.0 (Linux; Android 6.0.1; Nexus 5X Build/MMB29P) AppleWebKit/537.36 (KHTML, like Gecko) Chrome/138.0.7204.183 Mobile Safari/537.36 (compatible; Googlebot/2.1; +http://www.google.com/bot.html)"
18.97.9.172 - - [03/Aug/2025:18:25:52 +0300] "GET /shopdetail/20420977/ HTTP/2" 404 19567 "-" "CCBot/2.0 (https://commoncrawl.org/faq/)"
66.249.79.36 - - [03/Aug/2025:18:25:55 +0300] "GET /shopdetail/27986100/ HTTP/1.1" 200 22053 "-" "Mozilla/5.0 (Linux; Android 6.0.1; Nexus 5X Build/MMB29P) AppleWebKit/537.36 (KHTML, like Gecko) Chrome/138.0.7204.183 Mobile Safari/537.36 (compatible; GoogleOther)"
66.249.79.35 - - [03/Aug/2025:18:26:01 +0300] "GET /shopdetail/26865088/ HTTP/1.1" 200 23036 "-" "Mozilla/5.0 (Linux; Android 6.0.1; Nexus 5X Build/MMB29P) AppleWebKit/537.36 (KHTML, like Gecko) Chrome/138.0.7204.183 Mobile Safari/537.36 (compatible; GoogleOther)"
66.249.79.35 - - [03/Aug/2025:18:26:18 +0300] "GET /shopdetail/4684955/ HTTP/1.1" 200 22085 "-" "Mozilla/5.0 (Linux; Android 6.0.1; Nexus 5X Build/MMB29P) AppleWebKit/537.36 (KHTML, like Gecko) Chrome/138.0.7204.183 Mobile Safari/537.36 (compatible; Googlebot/2.1; +http://www.google.com/bot.html)"
66.249.79.35 - - [03/Aug/2025:18:26:24 +0300] "GET /shopdetail/8938511/ HTTP/1.1" 200 22565 "-" "Mozilla/5.0 (Linux; Android 6.0.1; Nexus 5X Build/MMB29P) AppleWebKit/537.36 (KHTML, like Gecko) Chrome/138.0.7204.183 Mobile Safari/537.36 (compatible; GoogleOther)"
18.97.9.172 - - [03/Aug/2025:18:26:27 +0300] "GET /shopdetail/10631777/ HTTP/2" 404 19567 "-" "CCBot/2.0 (https://commoncrawl.org/faq/)"
66.249.79.37 - - [03/Aug/2025:18:26:39 +0300] "GET /shopdetail/26108799/ HTTP/1.1" 200 22481 "-" "Mozilla/5.0 (Linux; Android 6.0.1; Nexus 5X Build/MMB29P) AppleWebKit/537.36 (KHTML, like Gecko) Chrome/138.0.7204.183 Mobile Safari/537.36 (compatible; GoogleOther)"
66.249.79.35 - - [03/Aug/2025:18:26:34 +0300] "GET /shopdetail/2391944/ HTTP/1.1" 200 22000 "-" "Mozilla/5.0 (Linux; Android 6.0.1; Nexus 5X Build/MMB29P) AppleWebKit/537.36 (KHTML, like Gecko) Chrome/138.0.7204.183 Mobile Safari/537.36 (compatible; GoogleOther)"
66.249.79.36 - - [03/Aug/2025:18:26:35 +0300] "GET /shopdetail/30334566/ HTTP/1.1" 200 21784 "-" "Mozilla/5.0 (Linux; Android 6.0.1; Nexus 5X Build/MMB29P) AppleWebKit/537.36 (KHTML, like Gecko) Chrome/138.0.7204.183 Mobile Safari/537.36 (compatible; GoogleOther)"
66.249.79.36 - - [03/Aug/2025:18:26:36 +0300] "GET /shopdetail/8122877/ HTTP/1.1" 200 22708 "-" "Mozilla/5.0 (Linux; Android 6.0.1; Nexus 5X Build/MMB29P) AppleWebKit/537.36 (KHTML, like Gecko) Chrome/138.0.7204.183 Mobile Safari/537.36 (compatible; GoogleOther)"
66.249.79.36 - - [03/Aug/2025:18:26:39 +0300] "GET /shopdetail/8997799/ HTTP/1.1" 200 21992 "-" "Mozilla/5.0 (Linux; Android 6.0.1; Nexus 5X Build/MMB29P) AppleWebKit/537.36 (KHTML, like Gecko) Chrome/138.0.7204.183 Mobile Safari/537.36 (compatible; GoogleOther)"
66.249.79.35 - - [03/Aug/2025:18:26:46 +0300] "GET /shopdetail/25628500/ HTTP/1.1" 200 22243 "-" "Mozilla/5.0 (Linux; Android 6.0.1; Nexus 5X Build/MMB29P) AppleWebKit/537.36 (KHTML, like Gecko) Chrome/138.0.7204.183 Mobile Safari/537.36 (compatible; GoogleOther)"
66.249.79.36 - - [03/Aug/2025:18:26:48 +0300] "GET /shopdetail/27970755/ HTTP/1.1" 200 22351 "-" "Mozilla/5.0 (Linux; Android 6.0.1; Nexus 5X Build/MMB29P) AppleWebKit/537.36 (KHTML, like Gecko) Chrome/138.0.7204.183 Mobile Safari/537.36 (compatible; GoogleOther)"
66.249.79.36 - - [03/Aug/2025:18:26:52 +0300] "GET /shopdetail/29286788/ HTTP/1.1" 200 22507 "-" "Mozilla/5.0 (Linux; Android 6.0.1; Nexus 5X Build/MMB29P) AppleWebKit/537.36 (KHTML, like Gecko) Chrome/138.0.7204.183 Mobile Safari/537.36 (compatible; GoogleOther)"
66.249.79.35 - - [03/Aug/2025:18:26:52 +0300] "GET /shopdetail/23806166/ HTTP/1.1" 200 21650 "-" "Mozilla/5.0 (Linux; Android 6.0.1; Nexus 5X Build/MMB29P) AppleWebKit/537.36 (KHTML, like Gecko) Chrome/138.0.7204.183 Mobile Safari/537.36 (compatible; GoogleOther)"
66.249.79.37 - - [03/Aug/2025:18:27:04 +0300] "GET /shopdetail/4991322/ HTTP/1.1" 200 22442 "-" "Mozilla/5.0 (Linux; Android 6.0.1; Nexus 5X Build/MMB29P) AppleWebKit/537.36 (KHTML, like Gecko) Chrome/138.0.7204.183 Mobile Safari/537.36 (compatible; GoogleOther)"
