66.249.79.35 - - [03/Aug/2025:17:04:18 +0300] "GET /shopdetail/24671755/ HTTP/1.1" 200 22382 "-" "Mozilla/5.0 (Linux; Android 6.0.1; Nexus 5X Build/MMB29P) AppleWebKit/537.36 (KHTML, like Gecko) Chrome/138.0.7204.183 Mobile Safari/537.36 (compatible; GoogleOther)"
18.97.9.172 - - [03/Aug/2025:17:04:21 +0300] "GET /shopdetail/10720577/ HTTP/2" 404 19567 "-" "CCBot/2.0 (https://commoncrawl.org/faq/)"
66.249.79.35 - - [03/Aug/2025:17:04:25 +0300] "GET /shopdetail/6674466/ HTTP/1.1" 200 21733 "-" "Mozilla/5.0 (Linux; Android 6.0.1; Nexus 5X Build/MMB29P) AppleWebKit/537.36 (KHTML, like Gecko) Chrome/138.0.7204.183 Mobile Safari/537.36 (compatible; GoogleOther)"
66.249.79.35 - - [03/Aug/2025:17:04:52 +0300] "GET /shopdetail/25069366/ HTTP/1.1" 200 22349 "-" "Mozilla/5.0 (Linux; Android 6.0.1; Nexus 5X Build/MMB29P) AppleWebKit/537.36 (KHTML, like Gecko) Chrome/138.0.7204.183 Mobile Safari/537.36 (compatible; GoogleOther)"
66.249.79.35 - - [03/Aug/2025:17:04:59 +0300] "GET /shopdetail/11903788/ HTTP/1.1" 200 21713 "-" "Mozilla/5.0 (Linux; Android 6.0.1; Nexus 5X Build/MMB29P) AppleWebKit/537.36 (KHTML, like Gecko) Chrome/138.0.7204.183 Mobile Safari/537.36 (compatible; GoogleOther)"
57.141.6.30 - - [03/Aug/2025:17:05:16 +0300] "GET /wp-content/uploads/2025/02/Manual-Juice-dispenser-3-tank-100x100.png HTTP/2" 200 5529 "-" "meta-externalagent/1.1 (+https://developers.facebook.com/docs/sharing/webmasters/crawler)"
66.249.79.35 - - [03/Aug/2025:17:05:26 +0300] "GET /shopdetail/7248411/ HTTP/1.1" 200 22249 "-" "Mozilla/5.0 (Linux; Android 6.0.1; Nexus 5X Build/MMB29P) AppleWebKit/537.36 (KHTML, like Gecko) Chrome/138.0.7204.183 Mobile Safari/537.36 (compatible; GoogleOther)"
66.249.79.35 - - [03/Aug/2025:17:05:32 +0300] "GET /shopdetail/5612822/ HTTP/1.1" 200 22655 "-" "Mozilla/5.0 (Linux; Android 6.0.1; Nexus 5X Build/MMB29P) AppleWebKit/537.36 (KHTML, like Gecko) Chrome/138.0.7204.183 Mobile Safari/537.36 (compatible; GoogleOther)"
66.249.79.35 - - [03/Aug/2025:17:05:39 +0300] "GET /shopdetail/10382233/ HTTP/1.1" 200 22916 "-" "Mozilla/5.0 (Linux; Android 6.0.1; Nexus 5X Build/MMB29P) AppleWebKit/537.36 (KHTML, like Gecko) Chrome/138.0.7204.183 Mobile Safari/537.36 (compatible; GoogleOther)"
66.249.79.35 - - [03/Aug/2025:17:05:46 +0300] "GET /shopdetail/1472000/ HTTP/1.1" 200 22849 "-" "Mozilla/5.0 (Linux; Android 6.0.1; Nexus 5X Build/MMB29P) AppleWebKit/537.36 (KHTML, like Gecko) Chrome/138.0.7204.183 Mobile Safari/537.36 (compatible; GoogleOther)"
66.249.79.36 - - [03/Aug/2025:17:03:57 +0300] "GET /shopdetail/27653333/ HTTP/1.1" 200 22071 "-" "Mozilla/5.0 (Linux; Android 6.0.1; Nexus 5X Build/MMB29P) AppleWebKit/537.36 (KHTML, like Gecko) Chrome/138.0.7204.183 Mobile Safari/537.36 (compatible; Googlebot/2.1; +http://www.google.com/bot.html)"
66.249.79.36 - - [03/Aug/2025:17:04:02 +0300] "GET /shopdetail/15655133/ HTTP/1.1" 200 22686 "-" "Mozilla/5.0 (Linux; Android 6.0.1; Nexus 5X Build/MMB29P) AppleWebKit/537.36 (KHTML, like Gecko) Chrome/138.0.7204.183 Mobile Safari/537.36 (compatible; Googlebot/2.1; +http://www.google.com/bot.html)"
66.249.79.35 - - [03/Aug/2025:17:04:05 +0300] "GET /shopdetail/5219933/ HTTP/1.1" 200 21976 "-" "Mozilla/5.0 (Linux; Android 6.0.1; Nexus 5X Build/MMB29P) AppleWebKit/537.36 (KHTML, like Gecko) Chrome/138.0.7204.183 Mobile Safari/537.36 (compatible; GoogleOther)"
57.141.6.2 - - [03/Aug/2025:17:04:24 +0300] "GET /wp-content/uploads/2025/02/Instrument-Trolley-2-Tier-370x370.png HTTP/2" 200 25762 "-" "meta-externalagent/1.1 (+https://developers.facebook.com/docs/sharing/webmasters/crawler)"
66.249.79.35 - - [03/Aug/2025:17:04:32 +0300] "GET /shopdetail/3002755/ HTTP/1.1" 200 22504 "-" "Mozilla/5.0 (Linux; Android 6.0.1; Nexus 5X Build/MMB29P) AppleWebKit/537.36 (KHTML, like Gecko) Chrome/138.0.7204.183 Mobile Safari/537.36 (compatible; GoogleOther)"
66.249.79.35 - - [03/Aug/2025:17:04:39 +0300] "GET /shopdetail/4444044/ HTTP/1.1" 200 22545 "-" "Mozilla/5.0 (Linux; Android 6.0.1; Nexus 5X Build/MMB29P) AppleWebKit/537.36 (KHTML, like Gecko) Chrome/138.0.7204.183 Mobile Safari/537.36 (compatible; GoogleOther)"
66.249.79.35 - - [03/Aug/2025:17:04:45 +0300] "GET /shopdetail/8545355/ HTTP/1.1" 200 23311 "-" "Mozilla/5.0 (Linux; Android 6.0.1; Nexus 5X Build/MMB29P) AppleWebKit/537.36 (KHTML, like Gecko) Chrome/138.0.7204.183 Mobile Safari/537.36 (compatible; GoogleOther)"
66.249.79.37 - - [03/Aug/2025:17:05:08 +0300] "GET /shopdetail/29527888/ HTTP/1.1" 200 22045 "-" "Mozilla/5.0 (Linux; Android 6.0.1; Nexus 5X Build/MMB29P) AppleWebKit/537.36 (KHTML, like Gecko) Chrome/138.0.7204.183 Mobile Safari/537.36 (compatible; GoogleOther)"
66.249.79.36 - - [03/Aug/2025:17:05:12 +0300] "GET /shopdetail/21660755/ HTTP/1.1" 200 22263 "-" "Mozilla/5.0 (Linux; Android 6.0.1; Nexus 5X Build/MMB29P) AppleWebKit/537.36 (KHTML, like Gecko) Chrome/138.0.7204.183 Mobile Safari/537.36 (compatible; GoogleOther)"
66.249.79.35 - - [03/Aug/2025:17:05:19 +0300] "GET /shopdetail/7295188/ HTTP/1.1" 200 21937 "-" "Mozilla/5.0 (Linux; Android 6.0.1; Nexus 5X Build/MMB29P) AppleWebKit/537.36 (KHTML, like Gecko) Chrome/138.0.7204.183 Mobile Safari/537.36 (compatible; GoogleOther)"
18.97.9.172 - - [03/Aug/2025:17:05:34 +0300] "GET /shopdetail/10651577/ HTTP/2" 404 19567 "-" "CCBot/2.0 (https://commoncrawl.org/faq/)"
66.249.79.35 - - [03/Aug/2025:17:05:52 +0300] "GET /shopdetail/9158422/ HTTP/1.1" 200 21915 "-" "Mozilla/5.0 (Linux; Android 6.0.1; Nexus 5X Build/MMB29P) AppleWebKit/537.36 (KHTML, like Gecko) Chrome/138.0.7204.183 Mobile Safari/537.36 (compatible; GoogleOther)"
66.249.79.37 - - [03/Aug/2025:17:06:02 +0300] "GET /post_tag-sitemap.xml HTTP/1.1" 200 1670 "-" "Mozilla/5.0 (compatible; Googlebot/2.1; +http://www.google.com/bot.html)"
66.249.79.35 - - [03/Aug/2025:17:06:26 +0300] "GET /shopdetail/2502199/ HTTP/1.1" 200 22403 "-" "Mozilla/5.0 (Linux; Android 6.0.1; Nexus 5X Build/MMB29P) AppleWebKit/537.36 (KHTML, like Gecko) Chrome/138.0.7204.183 Mobile Safari/537.36 (compatible; GoogleOther)"
66.249.79.35 - - [03/Aug/2025:17:06:33 +0300] "GET /shopdetail/5374166/ HTTP/1.1" 200 22642 "-" "Mozilla/5.0 (Linux; Android 6.0.1; Nexus 5X Build/MMB29P) AppleWebKit/537.36 (KHTML, like Gecko) Chrome/138.0.7204.183 Mobile Safari/537.36 (compatible; GoogleOther)"
66.249.79.35 - - [03/Aug/2025:17:06:35 +0300] "GET /shopdetail/29284177/ HTTP/1.1" 200 22424 "-" "Mozilla/5.0 (Linux; Android 6.0.1; Nexus 5X Build/MMB29P) AppleWebKit/537.36 (KHTML, like Gecko) Chrome/138.0.7204.183 Mobile Safari/537.36 (compatible; GoogleOther)"
66.249.79.35 - - [03/Aug/2025:17:05:58 +0300] "GET /shopdetail/11525944/ HTTP/1.1" 200 22661 "-" "Mozilla/5.0 (Linux; Android 6.0.1; Nexus 5X Build/MMB29P) AppleWebKit/537.36 (KHTML, like Gecko) Chrome/138.0.7204.183 Mobile Safari/537.36 (compatible; Googlebot/2.1; +http://www.google.com/bot.html)"
66.249.79.35 - - [03/Aug/2025:17:05:59 +0300] "GET /shopdetail/5395599/ HTTP/1.1" 200 22519 "-" "Mozilla/5.0 (Linux; Android 6.0.1; Nexus 5X Build/MMB29P) AppleWebKit/537.36 (KHTML, like Gecko) Chrome/138.0.7204.183 Mobile Safari/537.36 (compatible; GoogleOther)"
66.249.79.36 - - [03/Aug/2025:17:06:06 +0300] "GET /shopdetail/4228799/ HTTP/1.1" 200 22933 "-" "Mozilla/5.0 (Linux; Android 6.0.1; Nexus 5X Build/MMB29P) AppleWebKit/537.36 (KHTML, like Gecko) Chrome/138.0.7204.183 Mobile Safari/537.36 (compatible; GoogleOther)"
66.249.79.35 - - [03/Aug/2025:17:06:14 +0300] "GET /shopdetail/5706400/ HTTP/1.1" 200 22899 "-" "Mozilla/5.0 (Linux; Android 6.0.1; Nexus 5X Build/MMB29P) AppleWebKit/537.36 (KHTML, like Gecko) Chrome/138.0.7204.183 Mobile Safari/537.36 (compatible; GoogleOther)"
66.249.79.35 - - [03/Aug/2025:17:06:16 +0300] "GET /shopdetail/2386066/ HTTP/1.1" 200 22014 "-" "Mozilla/5.0 (Linux; Android 6.0.1; Nexus 5X Build/MMB29P) AppleWebKit/537.36 (KHTML, like Gecko) Chrome/138.0.7204.183 Mobile Safari/537.36 (compatible; GoogleOther)"
66.249.79.36 - - [03/Aug/2025:17:06:17 +0300] "GET /shopdetail/2797833/ HTTP/1.1" 200 21916 "-" "Mozilla/5.0 (Linux; Android 6.0.1; Nexus 5X Build/MMB29P) AppleWebKit/537.36 (KHTML, like Gecko) Chrome/138.0.7204.183 Mobile Safari/537.36 (compatible; GoogleOther)"
57.141.6.30 - - [03/Aug/2025:17:06:16 +0300] "GET /shopdetail/2784377/ HTTP/2" 404 105046 "-" "meta-externalagent/1.1 (+https://developers.facebook.com/docs/sharing/webmasters/crawler)"
66.249.79.36 - - [03/Aug/2025:17:06:17 +0300] "GET /shopdetail/4226822/ HTTP/1.1" 200 22086 "-" "Mozilla/5.0 (Linux; Android 6.0.1; Nexus 5X Build/MMB29P) AppleWebKit/537.36 (KHTML, like Gecko) Chrome/138.0.7204.183 Mobile Safari/537.36 (compatible; GoogleOther)"
66.249.79.35 - - [03/Aug/2025:17:06:20 +0300] "GET /shopdetail/29124711/ HTTP/1.1" 200 22628 "-" "Mozilla/5.0 (Linux; Android 6.0.1; Nexus 5X Build/MMB29P) AppleWebKit/537.36 (KHTML, like Gecko) Chrome/138.0.7204.183 Mobile Safari/537.36 (compatible; GoogleOther)"
66.249.79.35 - - [03/Aug/2025:17:06:22 +0300] "GET /product/commercial-coffee-machine-2-group-espresso/ HTTP/1.1" 200 22250 "-" "Mozilla/5.0 (Linux; Android 6.0.1; Nexus 5X Build/MMB29P) AppleWebKit/537.36 (KHTML, like Gecko) Chrome/138.0.7204.183 Mobile Safari/537.36 (compatible; Googlebot/2.1; +http://www.google.com/bot.html)"
66.249.79.35 - - [03/Aug/2025:17:06:39 +0300] "GET /shopdetail/29633355/ HTTP/1.1" 200 22234 "-" "Mozilla/5.0 (Linux; Android 6.0.1; Nexus 5X Build/MMB29P) AppleWebKit/537.36 (KHTML, like Gecko) Chrome/138.0.7204.183 Mobile Safari/537.36 (compatible; GoogleOther)"
66.249.79.36 - - [03/Aug/2025:17:06:46 +0300] "GET /shopdetail/24602111/ HTTP/1.1" 200 22308 "-" "Mozilla/5.0 (Linux; Android 6.0.1; Nexus 5X Build/MMB29P) AppleWebKit/537.36 (KHTML, like Gecko) Chrome/138.0.7204.183 Mobile Safari/537.36 (compatible; GoogleOther)"
66.249.79.36 - - [03/Aug/2025:17:06:47 +0300] "GET /shopdetail/2797833/ HTTP/1.1" 200 21916 "-" "Mozilla/5.0 (Linux; Android 6.0.1; Nexus 5X Build/MMB29P) AppleWebKit/537.36 (KHTML, like Gecko) Chrome/138.0.7204.183 Mobile Safari/537.36 (compatible; Googlebot/2.1; +http://www.google.com/bot.html)"
66.249.79.36 - - [03/Aug/2025:17:06:53 +0300] "GET /shopdetail/27484655/ HTTP/1.1" 200 22074 "-" "Mozilla/5.0 (Linux; Android 6.0.1; Nexus 5X Build/MMB29P) AppleWebKit/537.36 (KHTML, like Gecko) Chrome/138.0.7204.183 Mobile Safari/537.36 (compatible; GoogleOther)"
66.249.79.35 - - [03/Aug/2025:17:06:56 +0300] "GET /shopdetail/28351277/ HTTP/1.1" 200 21732 "-" "Mozilla/5.0 (Linux; Android 6.0.1; Nexus 5X Build/MMB29P) AppleWebKit/537.36 (KHTML, like Gecko) Chrome/138.0.7204.183 Mobile Safari/537.36 (compatible; GoogleOther)"
66.249.79.36 - - [03/Aug/2025:17:06:59 +0300] "GET /shopdetail/26380955/ HTTP/1.1" 200 22101 "-" "Mozilla/5.0 (Linux; Android 6.0.1; Nexus 5X Build/MMB29P) AppleWebKit/537.36 (KHTML, like Gecko) Chrome/138.0.7204.183 Mobile Safari/537.36 (compatible; GoogleOther)"
66.249.79.35 - - [03/Aug/2025:17:07:14 +0300] "GET /shopdetail/25151466/ HTTP/1.1" 200 21942 "-" "Mozilla/5.0 (Linux; Android 6.0.1; Nexus 5X Build/MMB29P) AppleWebKit/537.36 (KHTML, like Gecko) Chrome/138.0.7204.183 Mobile Safari/537.36 (compatible; GoogleOther)"
114.119.136.3 - - [03/Aug/2025:17:07:32 +0300] "GET /product-tag/professional-ice-cream-maker/ HTTP/1.1" 403 0 "-" "Mozilla/5.0 (Linux; Android 7.0;) AppleWebKit/537.36 (KHTML, like Gecko) Mobile Safari/537.36 (compatible; PetalBot;+https://webmaster.petalsearch.com/site/petalbot)"
66.249.79.35 - - [03/Aug/2025:17:07:33 +0300] "GET /shopdetail/28239722/ HTTP/1.1" 200 22642 "-" "Mozilla/5.0 (Linux; Android 6.0.1; Nexus 5X Build/MMB29P) AppleWebKit/537.36 (KHTML, like Gecko) Chrome/138.0.7204.183 Mobile Safari/537.36 (compatible; GoogleOther)"
66.249.79.35 - - [03/Aug/2025:17:07:34 +0300] "GET /shopdetail/7913333/ HTTP/1.1" 200 22976 "-" "Mozilla/5.0 (Linux; Android 6.0.1; Nexus 5X Build/MMB29P) AppleWebKit/537.36 (KHTML, like Gecko) Chrome/138.0.7204.183 Mobile Safari/537.36 (compatible; GoogleOther)"
66.249.79.35 - - [03/Aug/2025:17:07:35 +0300] "GET /shopdetail/22529866/ HTTP/1.1" 200 21894 "-" "Mozilla/5.0 (Linux; Android 6.0.1; Nexus 5X Build/MMB29P) AppleWebKit/537.36 (KHTML, like Gecko) Chrome/138.0.7204.183 Mobile Safari/537.36 (compatible; GoogleOther)"
66.249.79.36 - - [03/Aug/2025:17:07:41 +0300] "GET /shopdetail/6346655/ HTTP/1.1" 200 22115 "-" "Mozilla/5.0 (Linux; Android 6.0.1; Nexus 5X Build/MMB29P) AppleWebKit/537.36 (KHTML, like Gecko) Chrome/138.0.7204.183 Mobile Safari/537.36 (compatible; GoogleOther)"
66.249.79.36 - - [03/Aug/2025:17:07:53 +0300] "GET /shopdetail/2476988/ HTTP/1.1" 200 22386 "-" "Mozilla/5.0 (Linux; Android 6.0.1; Nexus 5X Build/MMB29P) AppleWebKit/537.36 (KHTML, like Gecko) Chrome/138.0.7204.183 Mobile Safari/537.36 (compatible; GoogleOther)"
66.249.79.36 - - [03/Aug/2025:17:07:54 +0300] "GET /shopdetail/5369899/ HTTP/1.1" 200 21925 "-" "Mozilla/5.0 (Linux; Android 6.0.1; Nexus 5X Build/MMB29P) AppleWebKit/537.36 (KHTML, like Gecko) Chrome/138.0.7204.183 Mobile Safari/537.36 (compatible; GoogleOther)"
66.249.79.35 - - [03/Aug/2025:17:08:07 +0300] "GET /shopdetail/4595844/ HTTP/1.1" 200 21963 "-" "Mozilla/5.0 (Linux; Android 6.0.1; Nexus 5X Build/MMB29P) AppleWebKit/537.36 (KHTML, like Gecko) Chrome/138.0.7204.183 Mobile Safari/537.36 (compatible; GoogleOther)"
66.249.79.35 - - [03/Aug/2025:17:08:14 +0300] "GET /shopdetail/2367433/ HTTP/1.1" 200 21786 "-" "Mozilla/5.0 (Linux; Android 6.0.1; Nexus 5X Build/MMB29P) AppleWebKit/537.36 (KHTML, like Gecko) Chrome/138.0.7204.183 Mobile Safari/537.36 (compatible; GoogleOther)"
66.249.79.35 - - [03/Aug/2025:17:08:31 +0300] "GET /shopdetail/14614966/ HTTP/1.1" 200 22442 "-" "Mozilla/5.0 (Linux; Android 6.0.1; Nexus 5X Build/MMB29P) AppleWebKit/537.36 (KHTML, like Gecko) Chrome/138.0.7204.183 Mobile Safari/537.36 (compatible; GoogleOther)"
66.249.79.35 - - [03/Aug/2025:17:08:35 +0300] "GET /shopdetail/5258655/ HTTP/1.1" 200 22354 "-" "Mozilla/5.0 (Linux; Android 6.0.1; Nexus 5X Build/MMB29P) AppleWebKit/537.36 (KHTML, like Gecko) Chrome/138.0.7204.183 Mobile Safari/537.36 (compatible; Googlebot/2.1; +http://www.google.com/bot.html)"
66.249.79.35 - - [03/Aug/2025:17:08:51 +0300] "GET /shopdetail/14114322/ HTTP/1.1" 200 22375 "-" "Mozilla/5.0 (Linux; Android 6.0.1; Nexus 5X Build/MMB29P) AppleWebKit/537.36 (KHTML, like Gecko) Chrome/138.0.7204.183 Mobile Safari/537.36 (compatible; Googlebot/2.1; +http://www.google.com/bot.html)"
18.97.9.172 - - [03/Aug/2025:17:09:14 +0300] "GET /shopdetail/20563777/ HTTP/2" 404 19567 "-" "CCBot/2.0 (https://commoncrawl.org/faq/)"
66.249.79.35 - - [03/Aug/2025:17:07:06 +0300] "GET /shopdetail/22997066/ HTTP/1.1" 200 21689 "-" "Mozilla/5.0 (Linux; Android 6.0.1; Nexus 5X Build/MMB29P) AppleWebKit/537.36 (KHTML, like Gecko) Chrome/138.0.7204.183 Mobile Safari/537.36 (compatible; GoogleOther)"
66.249.79.35 - - [03/Aug/2025:17:07:14 +0300] "GET /shopdetail/3777211/ HTTP/1.1" 200 21780 "-" "Mozilla/5.0 (Linux; Android 6.0.1; Nexus 5X Build/MMB29P) AppleWebKit/537.36 (KHTML, like Gecko) Chrome/138.0.7204.183 Mobile Safari/537.36 (compatible; GoogleOther)"
66.249.79.35 - - [03/Aug/2025:17:07:14 +0300] "GET /shopdetail/9327400/ HTTP/1.1" 200 22163 "-" "Mozilla/5.0 (Linux; Android 6.0.1; Nexus 5X Build/MMB29P) AppleWebKit/537.36 (KHTML, like Gecko) Chrome/138.0.7204.183 Mobile Safari/537.36 (compatible; GoogleOther)"
66.249.79.35 - - [03/Aug/2025:17:07:20 +0300] "GET /shopdetail/30446700/ HTTP/1.1" 200 22832 "-" "Mozilla/5.0 (Linux; Android 6.0.1; Nexus 5X Build/MMB29P) AppleWebKit/537.36 (KHTML, like Gecko) Chrome/138.0.7204.183 Mobile Safari/537.36 (compatible; GoogleOther)"
66.249.79.35 - - [03/Aug/2025:17:07:26 +0300] "GET /shopdetail/24083088/ HTTP/1.1" 200 21972 "-" "Mozilla/5.0 (Linux; Android 6.0.1; Nexus 5X Build/MMB29P) AppleWebKit/537.36 (KHTML, like Gecko) Chrome/138.0.7204.183 Mobile Safari/537.36 (compatible; GoogleOther)"
66.249.79.35 - - [03/Aug/2025:17:07:29 +0300] "GET /shopdetail/16046255/ HTTP/1.1" 200 21946 "-" "Mozilla/5.0 (Linux; Android 6.0.1; Nexus 5X Build/MMB29P) AppleWebKit/537.36 (KHTML, like Gecko) Chrome/138.0.7204.183 Mobile Safari/537.36 (compatible; Googlebot/2.1; +http://www.google.com/bot.html)"
66.249.79.35 - - [03/Aug/2025:17:07:40 +0300] "GET /shopdetail/11131033/ HTTP/1.1" 200 22157 "-" "Mozilla/5.0 (Linux; Android 6.0.1; Nexus 5X Build/MMB29P) AppleWebKit/537.36 (KHTML, like Gecko) Chrome/138.0.7204.183 Mobile Safari/537.36 (compatible; GoogleOther)"
66.249.79.35 - - [03/Aug/2025:17:07:46 +0300] "GET /shopdetail/25428177/ HTTP/1.1" 200 21781 "-" "Mozilla/5.0 (Linux; Android 6.0.1; Nexus 5X Build/MMB29P) AppleWebKit/537.36 (KHTML, like Gecko) Chrome/138.0.7204.183 Mobile Safari/537.36 (compatible; GoogleOther)"
57.141.6.30 - - [03/Aug/2025:17:07:52 +0300] "GET /shopdetail/12364644/ HTTP/2" 404 105050 "-" "meta-externalagent/1.1 (+https://developers.facebook.com/docs/sharing/webmasters/crawler)"
66.249.79.35 - - [03/Aug/2025:17:08:01 +0300] "GET /shopdetail/26533855/ HTTP/1.1" 200 23510 "-" "Mozilla/5.0 (Linux; Android 6.0.1; Nexus 5X Build/MMB29P) AppleWebKit/537.36 (KHTML, like Gecko) Chrome/138.0.7204.183 Mobile Safari/537.36 (compatible; GoogleOther)"
18.97.9.172 - - [03/Aug/2025:17:08:00 +0300] "GET /shopdetail/20733577/ HTTP/2" 404 19567 "-" "CCBot/2.0 (https://commoncrawl.org/faq/)"
66.249.79.35 - - [03/Aug/2025:17:08:20 +0300] "GET /shopdetail/29503166/ HTTP/1.1" 200 22617 "-" "Mozilla/5.0 (Linux; Android 6.0.1; Nexus 5X Build/MMB29P) AppleWebKit/537.36 (KHTML, like Gecko) Chrome/138.0.7204.183 Mobile Safari/537.36 (compatible; GoogleOther)"
57.141.6.20 - - [03/Aug/2025:17:09:01 +0300] "GET /wp-content/uploads/2025/02/Double-tank-deep-fryer-768x768.png HTTP/2" 200 131000 "-" "meta-externalagent/1.1 (+https://developers.facebook.com/docs/sharing/webmasters/crawler)"
18.97.9.172 - - [03/Aug/2025:17:10:26 +0300] "GET /shopdetail/10604177/ HTTP/2" 404 19566 "-" "CCBot/2.0 (https://commoncrawl.org/faq/)"
188.239.12.144 - - [03/Aug/2025:17:10:28 +0300] "GET /product-brand/silver/ HTTP/2" 200 27269 "https://silvercommercialkitchen.com/product-brand/silver/" "Mozilla/5.0 (Macintosh; Intel Mac OS X 10_15_7) AppleWebKit/537.36 (KHTML, like Gecko) Chrome/120.0.0.0 Safari/537.36"
66.249.79.36 - - [03/Aug/2025:17:10:51 +0300] "GET /shopdetail/10769155/ HTTP/1.1" 200 22202 "-" "Mozilla/5.0 (Linux; Android 6.0.1; Nexus 5X Build/MMB29P) AppleWebKit/537.36 (KHTML, like Gecko) Chrome/138.0.7204.183 Mobile Safari/537.36 (compatible; GoogleOther)"
66.249.79.37 - - [03/Aug/2025:17:09:23 +0300] "GET /shopdetail/16339277/ HTTP/1.1" 200 22391 "-" "Mozilla/5.0 (Linux; Android 6.0.1; Nexus 5X Build/MMB29P) AppleWebKit/537.36 (KHTML, like Gecko) Chrome/138.0.7204.183 Mobile Safari/537.36 (compatible; Googlebot/2.1; +http://www.google.com/bot.html)"
57.141.6.21 - - [03/Aug/2025:17:09:29 +0300] "GET /shopdetail/5195600/ HTTP/2" 404 105046 "-" "meta-externalagent/1.1 (+https://developers.facebook.com/docs/sharing/webmasters/crawler)"
66.249.79.36 - - [03/Aug/2025:17:09:50 +0300] "GET /shopdetail/5666477/ HTTP/1.1" 200 22220 "-" "Mozilla/5.0 (Linux; Android 6.0.1; Nexus 5X Build/MMB29P) AppleWebKit/537.36 (KHTML, like Gecko) Chrome/138.0.7204.183 Mobile Safari/537.36 (compatible; GoogleOther)"
57.141.6.11 - - [03/Aug/2025:17:10:17 +0300] "GET /shopdetail/4781600/ HTTP/2" 404 105046 "-" "meta-externalagent/1.1 (+https://developers.facebook.com/docs/sharing/webmasters/crawler)"
66.249.79.37 - - [03/Aug/2025:17:10:52 +0300] "GET /shopdetail/5786833/ HTTP/1.1" 200 22922 "-" "Mozilla/5.0 (Linux; Android 6.0.1; Nexus 5X Build/MMB29P) AppleWebKit/537.36 (KHTML, like Gecko) Chrome/138.0.7204.183 Mobile Safari/537.36 (compatible; GoogleOther)"
157.230.247.157 - - [03/Aug/2025:17:10:59 +0300] "GET /product-brand/generic/page/2/?orderby=price&product_brand=sab-italy%2Cgeneric%2Cpremier%2Csilver HTTP/2" 200 30467 "-" "Mozilla/5.0 (Windows NT 10.0; Win64; x64; rv:140.0) Gecko/20100101 Firefox/140.0"
66.249.79.37 - - [03/Aug/2025:17:11:09 +0300] "GET /shopdetail/10515199/ HTTP/1.1" 200 22484 "-" "Mozilla/5.0 (Linux; Android 6.0.1; Nexus 5X Build/MMB29P) AppleWebKit/537.36 (KHTML, like Gecko) Chrome/138.0.7204.183 Mobile Safari/537.36 (compatible; Googlebot/2.1; +http://www.google.com/bot.html)"
66.249.79.36 - - [03/Aug/2025:17:11:12 +0300] "GET /shopdetail/2655266/ HTTP/1.1" 200 23249 "-" "Mozilla/5.0 (Linux; Android 6.0.1; Nexus 5X Build/MMB29P) AppleWebKit/537.36 (KHTML, like Gecko) Chrome/138.0.7204.183 Mobile Safari/537.36 (compatible; Googlebot/2.1; +http://www.google.com/bot.html)"
18.97.9.172 - - [03/Aug/2025:17:11:24 +0300] "GET /shopdetail/20686777/ HTTP/2" 404 19567 "-" "CCBot/2.0 (https://commoncrawl.org/faq/)"
57.141.6.20 - - [03/Aug/2025:17:11:36 +0300] "GET /shopdetail/29754444/ HTTP/2" 404 105050 "-" "meta-externalagent/1.1 (+https://developers.facebook.com/docs/sharing/webmasters/crawler)"
66.249.79.35 - - [03/Aug/2025:17:11:56 +0300] "GET /shopdetail/19241633/ HTTP/1.1" 200 22531 "-" "Mozilla/5.0 (compatible; Googlebot/2.1; +http://www.google.com/bot.html)"
66.249.79.35 - - [03/Aug/2025:17:11:56 +0300] "GET /shopdetail/27400788/ HTTP/1.1" 200 23091 "-" "Mozilla/5.0 (compatible; Googlebot/2.1; +http://www.google.com/bot.html)"
66.249.79.35 - - [03/Aug/2025:17:11:57 +0300] "GET /shopdetail/17729833/ HTTP/1.1" 200 22055 "-" "Mozilla/5.0 (compatible; Googlebot/2.1; +http://www.google.com/bot.html)"
66.249.79.35 - - [03/Aug/2025:17:11:57 +0300] "GET /shopdetail/24243444/ HTTP/1.1" 200 21752 "-" "Mozilla/5.0 (compatible; Googlebot/2.1; +http://www.google.com/bot.html)"
66.249.79.35 - - [03/Aug/2025:17:11:57 +0300] "GET /shopdetail/23386999/ HTTP/1.1" 200 22116 "-" "Mozilla/5.0 (compatible; Googlebot/2.1; +http://www.google.com/bot.html)"
66.249.79.35 - - [03/Aug/2025:17:11:57 +0300] "GET /shopdetail/29664599/ HTTP/1.1" 200 22744 "-" "Mozilla/5.0 (compatible; Googlebot/2.1; +http://www.google.com/bot.html)"
66.249.79.35 - - [03/Aug/2025:17:11:58 +0300] "GET /shopdetail/4980933/ HTTP/1.1" 200 21924 "-" "Mozilla/5.0 (compatible; Googlebot/2.1; +http://www.google.com/bot.html)"
66.249.79.35 - - [03/Aug/2025:17:12:05 +0300] "GET /shopdetail/5684699/ HTTP/1.1" 200 22128 "-" "Mozilla/5.0 (compatible; Googlebot/2.1; +http://www.google.com/bot.html)"
66.249.79.35 - - [03/Aug/2025:17:12:05 +0300] "GET /shopdetail/16127911/ HTTP/1.1" 200 22182 "-" "Mozilla/5.0 (compatible; Googlebot/2.1; +http://www.google.com/bot.html)"
66.249.79.36 - - [03/Aug/2025:17:11:18 +0300] "GET /shopdetail/5786833/ HTTP/1.1" 200 22922 "-" "Mozilla/5.0 (Linux; Android 6.0.1; Nexus 5X Build/MMB29P) AppleWebKit/537.36 (KHTML, like Gecko) Chrome/138.0.7204.183 Mobile Safari/537.36 (compatible; Googlebot/2.1; +http://www.google.com/bot.html)"
66.249.79.35 - - [03/Aug/2025:17:11:33 +0300] "GET /shopdetail/1802522/ HTTP/1.1" 200 22973 "-" "Mozilla/5.0 (Linux; Android 6.0.1; Nexus 5X Build/MMB29P) AppleWebKit/537.36 (KHTML, like Gecko) Chrome/138.0.7204.183 Mobile Safari/537.36 (compatible; GoogleOther)"
66.249.79.35 - - [03/Aug/2025:17:11:47 +0300] "GET /shopdetail/12648600/ HTTP/1.1" 200 22431 "-" "Mozilla/5.0 (compatible; Googlebot/2.1; +http://www.google.com/bot.html)"
66.249.79.35 - - [03/Aug/2025:17:11:47 +0300] "GET /shopdetail/28322688/ HTTP/1.1" 200 22135 "-" "Mozilla/5.0 (compatible; Googlebot/2.1; +http://www.google.com/bot.html)"
66.249.79.35 - - [03/Aug/2025:17:11:51 +0300] "GET /shopdetail/8110388/ HTTP/1.1" 200 23040 "-" "Mozilla/5.0 (compatible; Googlebot/2.1; +http://www.google.com/bot.html)"
66.249.79.35 - - [03/Aug/2025:17:11:54 +0300] "GET /shopdetail/15934911/ HTTP/1.1" 200 23470 "-" "Mozilla/5.0 (compatible; Googlebot/2.1; +http://www.google.com/bot.html)"
66.249.79.35 - - [03/Aug/2025:17:12:05 +0300] "GET /shopdetail/5899355/ HTTP/1.1" 200 22164 "-" "Mozilla/5.0 (compatible; Googlebot/2.1; +http://www.google.com/bot.html)"
66.249.79.35 - - [03/Aug/2025:17:12:13 +0300] "GET /shopdetail/2506511/ HTTP/1.1" 200 22262 "-" "Mozilla/5.0 (compatible; Googlebot/2.1; +http://www.google.com/bot.html)"
66.249.79.35 - - [03/Aug/2025:17:12:14 +0300] "GET /shopdetail/27964711/ HTTP/1.1" 200 22224 "-" "Mozilla/5.0 (compatible; Googlebot/2.1; +http://www.google.com/bot.html)"
66.249.79.35 - - [03/Aug/2025:17:12:15 +0300] "GET /shopdetail/15832311/ HTTP/1.1" 200 22497 "-" "Mozilla/5.0 (compatible; Googlebot/2.1; +http://www.google.com/bot.html)"
66.249.79.35 - - [03/Aug/2025:17:12:15 +0300] "GET /shopdetail/1554122/ HTTP/1.1" 200 22300 "-" "Mozilla/5.0 (compatible; Googlebot/2.1; +http://www.google.com/bot.html)"
66.249.79.35 - - [03/Aug/2025:17:12:16 +0300] "GET /shopdetail/14839877/ HTTP/1.1" 200 21684 "-" "Mozilla/5.0 (compatible; Googlebot/2.1; +http://www.google.com/bot.html)"
66.249.79.35 - - [03/Aug/2025:17:12:16 +0300] "GET /shopdetail/25295222/ HTTP/1.1" 200 22409 "-" "Mozilla/5.0 (compatible; Googlebot/2.1; +http://www.google.com/bot.html)"
66.249.79.35 - - [03/Aug/2025:17:12:17 +0300] "GET /shopdetail/3382133/ HTTP/1.1" 200 22164 "-" "Mozilla/5.0 (compatible; Googlebot/2.1; +http://www.google.com/bot.html)"
66.249.79.35 - - [03/Aug/2025:17:12:17 +0300] "GET /shopdetail/19376455/ HTTP/1.1" 200 22273 "-" "Mozilla/5.0 (compatible; Googlebot/2.1; +http://www.google.com/bot.html)"
66.249.79.35 - - [03/Aug/2025:17:12:18 +0300] "GET /shopdetail/1529788/ HTTP/1.1" 200 22358 "-" "Mozilla/5.0 (compatible; Googlebot/2.1; +http://www.google.com/bot.html)"
66.249.79.35 - - [03/Aug/2025:17:12:18 +0300] "GET /shopdetail/2630333/ HTTP/1.1" 200 22202 "-" "Mozilla/5.0 (compatible; Googlebot/2.1; +http://www.google.com/bot.html)"
66.249.79.35 - - [03/Aug/2025:17:12:18 +0300] "GET /shopdetail/30726988/ HTTP/1.1" 200 22364 "-" "Mozilla/5.0 (compatible; Googlebot/2.1; +http://www.google.com/bot.html)"
66.249.79.36 - - [03/Aug/2025:17:12:18 +0300] "GET /shopdetail/26493955/ HTTP/1.1" 200 21681 "-" "Mozilla/5.0 (compatible; Googlebot/2.1; +http://www.google.com/bot.html)"
66.249.79.35 - - [03/Aug/2025:17:12:19 +0300] "GET /shopdetail/22128099/ HTTP/1.1" 200 21829 "-" "Mozilla/5.0 (compatible; Googlebot/2.1; +http://www.google.com/bot.html)"
66.249.79.36 - - [03/Aug/2025:17:12:19 +0300] "GET /shopdetail/26891899/ HTTP/1.1" 200 21993 "-" "Mozilla/5.0 (compatible; Googlebot/2.1; +http://www.google.com/bot.html)"
66.249.79.36 - - [03/Aug/2025:17:12:20 +0300] "GET /shopdetail/28121233/ HTTP/1.1" 200 22119 "-" "Mozilla/5.0 (compatible; Googlebot/2.1; +http://www.google.com/bot.html)"
66.249.79.36 - - [03/Aug/2025:17:12:20 +0300] "GET /shopdetail/31101399/ HTTP/1.1" 200 22190 "-" "Mozilla/5.0 (compatible; Googlebot/2.1; +http://www.google.com/bot.html)"
66.249.79.35 - - [03/Aug/2025:17:12:21 +0300] "GET /shopdetail/16122111/ HTTP/1.1" 200 22642 "-" "Mozilla/5.0 (compatible; Googlebot/2.1; +http://www.google.com/bot.html)"
66.249.79.37 - - [03/Aug/2025:17:12:24 +0300] "GET /shopdetail/18226855/ HTTP/1.1" 200 22068 "-" "Mozilla/5.0 (Linux; Android 6.0.1; Nexus 5X Build/MMB29P) AppleWebKit/537.36 (KHTML, like Gecko) Chrome/138.0.7204.183 Mobile Safari/537.36 (compatible; GoogleOther)"
66.249.79.37 - - [03/Aug/2025:17:12:24 +0300] "GET /shopdetail/1486766/ HTTP/1.1" 200 21829 "-" "Mozilla/5.0 (compatible; Googlebot/2.1; +http://www.google.com/bot.html)"
66.249.79.32 - - [03/Aug/2025:17:12:27 +0300] "GET /shopdetail/30511766/ HTTP/1.1" 200 22370 "-" "Mozilla/5.0 (compatible; Googlebot/2.1; +http://www.google.com/bot.html)"
66.249.79.35 - - [03/Aug/2025:17:12:31 +0300] "GET /shopdetail/24794222/ HTTP/1.1" 200 22087 "-" "Mozilla/5.0 (compatible; Googlebot/2.1; +http://www.google.com/bot.html)"
66.249.79.37 - - [03/Aug/2025:17:12:33 +0300] "GET /shopdetail/16327122/ HTTP/1.1" 200 22052 "-" "Mozilla/5.0 (compatible; Googlebot/2.1; +http://www.google.com/bot.html)"
66.249.79.35 - - [03/Aug/2025:17:12:33 +0300] "GET /shopdetail/17865900/ HTTP/1.1" 200 22328 "-" "Mozilla/5.0 (compatible; Googlebot/2.1; +http://www.google.com/bot.html)"
66.249.79.32 - - [03/Aug/2025:17:12:33 +0300] "GET /shopdetail/27433433/ HTTP/1.1" 200 22529 "-" "Mozilla/5.0 (compatible; Googlebot/2.1; +http://www.google.com/bot.html)"
66.249.79.35 - - [03/Aug/2025:17:12:33 +0300] "GET /shopdetail/30851688/ HTTP/1.1" 200 21808 "-" "Mozilla/5.0 (compatible; Googlebot/2.1; +http://www.google.com/bot.html)"
66.249.79.32 - - [03/Aug/2025:17:12:34 +0300] "GET /shopdetail/26342822/ HTTP/1.1" 200 22416 "-" "Mozilla/5.0 (Linux; Android 6.0.1; Nexus 5X Build/MMB29P) AppleWebKit/537.36 (KHTML, like Gecko) Chrome/138.0.7204.183 Mobile Safari/537.36 (compatible; Googlebot/2.1; +http://www.google.com/bot.html)"
66.249.79.32 - - [03/Aug/2025:17:12:34 +0300] "GET /shopdetail/30658511/ HTTP/1.1" 200 22607 "-" "Mozilla/5.0 (compatible; Googlebot/2.1; +http://www.google.com/bot.html)"
66.249.79.36 - - [03/Aug/2025:17:12:38 +0300] "GET /shopdetail/11360255/ HTTP/1.1" 200 23045 "-" "Mozilla/5.0 (compatible; Googlebot/2.1; +http://www.google.com/bot.html)"
66.249.79.32 - - [03/Aug/2025:17:12:42 +0300] "GET /shopdetail/29363688/ HTTP/1.1" 200 22249 "-" "Mozilla/5.0 (compatible; Googlebot/2.1; +http://www.google.com/bot.html)"
66.249.79.37 - - [03/Aug/2025:17:12:46 +0300] "GET /shopdetail/28724088/ HTTP/1.1" 200 21630 "-" "Mozilla/5.0 (compatible; Googlebot/2.1; +http://www.google.com/bot.html)"
66.249.79.37 - - [03/Aug/2025:17:12:48 +0300] "GET /shopdetail/4098377/ HTTP/1.1" 200 21923 "-" "Mozilla/5.0 (compatible; Googlebot/2.1; +http://www.google.com/bot.html)"
66.249.79.37 - - [03/Aug/2025:17:12:49 +0300] "GET /shopdetail/1808011/ HTTP/1.1" 200 22228 "-" "Mozilla/5.0 (compatible; Googlebot/2.1; +http://www.google.com/bot.html)"
66.249.79.32 - - [03/Aug/2025:17:12:52 +0300] "GET /shopdetail/6776788/ HTTP/1.1" 200 22360 "-" "Mozilla/5.0 (compatible; Googlebot/2.1; +http://www.google.com/bot.html)"
66.249.79.33 - - [03/Aug/2025:17:12:55 +0300] "GET /shopdetail/15788511/ HTTP/1.1" 200 22397 "-" "Mozilla/5.0 (compatible; Googlebot/2.1; +http://www.google.com/bot.html)"
66.249.79.33 - - [03/Aug/2025:17:12:55 +0300] "GET /shopdetail/22583188/ HTTP/1.1" 200 22309 "-" "Mozilla/5.0 (compatible; Googlebot/2.1; +http://www.google.com/bot.html)"
66.249.79.36 - - [03/Aug/2025:17:12:57 +0300] "GET /shopdetail/26948499/ HTTP/1.1" 200 21770 "-" "Mozilla/5.0 (compatible; Googlebot/2.1; +http://www.google.com/bot.html)"
66.249.79.32 - - [03/Aug/2025:17:12:58 +0300] "GET /shopdetail/3134111/ HTTP/1.1" 200 22056 "-" "Mozilla/5.0 (compatible; Googlebot/2.1; +http://www.google.com/bot.html)"
66.249.79.35 - - [03/Aug/2025:17:12:06 +0300] "GET /shopdetail/16935088/ HTTP/1.1" 200 22969 "-" "Mozilla/5.0 (compatible; Googlebot/2.1; +http://www.google.com/bot.html)"
66.249.79.35 - - [03/Aug/2025:17:12:07 +0300] "GET /shopdetail/4069977/ HTTP/1.1" 200 21983 "-" "Mozilla/5.0 (compatible; Googlebot/2.1; +http://www.google.com/bot.html)"
66.249.79.35 - - [03/Aug/2025:17:12:08 +0300] "GET /shopdetail/30795844/ HTTP/1.1" 200 22081 "-" "Mozilla/5.0 (Linux; Android 6.0.1; Nexus 5X Build/MMB29P) AppleWebKit/537.36 (KHTML, like Gecko) Chrome/138.0.7204.183 Mobile Safari/537.36 (compatible; GoogleOther)"
18.97.9.172 - - [03/Aug/2025:17:12:09 +0300] "GET /shopdetail/10897577/ HTTP/2" 404 19567 "-" "CCBot/2.0 (https://commoncrawl.org/faq/)"
66.249.79.35 - - [03/Aug/2025:17:12:13 +0300] "GET /shopdetail/24270188/ HTTP/1.1" 200 22571 "-" "Mozilla/5.0 (compatible; Googlebot/2.1; +http://www.google.com/bot.html)"
66.249.79.35 - - [03/Aug/2025:17:12:13 +0300] "GET /shopdetail/3649144/ HTTP/1.1" 200 22987 "-" "Mozilla/5.0 (compatible; Googlebot/2.1; +http://www.google.com/bot.html)"
66.249.79.35 - - [03/Aug/2025:17:12:15 +0300] "GET /shopdetail/1877088/ HTTP/1.1" 200 22809 "-" "Mozilla/5.0 (compatible; Googlebot/2.1; +http://www.google.com/bot.html)"
66.249.79.35 - - [03/Aug/2025:17:12:18 +0300] "GET /shopdetail/20219111/ HTTP/1.1" 200 22192 "-" "Mozilla/5.0 (compatible; Googlebot/2.1; +http://www.google.com/bot.html)"
66.249.79.35 - - [03/Aug/2025:17:12:18 +0300] "GET /shopdetail/4328388/ HTTP/1.1" 200 22411 "-" "Mozilla/5.0 (compatible; Googlebot/2.1; +http://www.google.com/bot.html)"
66.249.79.36 - - [03/Aug/2025:17:12:25 +0300] "GET /shopdetail/16149711/ HTTP/1.1" 200 22548 "-" "Mozilla/5.0 (compatible; Googlebot/2.1; +http://www.google.com/bot.html)"
57.141.6.4 - - [03/Aug/2025:17:12:32 +0300] "GET /shopdetail/5142200/ HTTP/2" 404 105046 "-" "meta-externalagent/1.1 (+https://developers.facebook.com/docs/sharing/webmasters/crawler)"
66.249.79.37 - - [03/Aug/2025:17:12:35 +0300] "GET /shopdetail/26662122/ HTTP/1.1" 200 22835 "-" "Mozilla/5.0 (compatible; Googlebot/2.1; +http://www.google.com/bot.html)"
66.249.79.37 - - [03/Aug/2025:17:12:35 +0300] "GET /shopdetail/31132722/ HTTP/1.1" 200 22405 "-" "Mozilla/5.0 (compatible; Googlebot/2.1; +http://www.google.com/bot.html)"
66.249.79.37 - - [03/Aug/2025:17:12:39 +0300] "GET /shopdetail/21862099/ HTTP/1.1" 200 22289 "-" "Mozilla/5.0 (compatible; Googlebot/2.1; +http://www.google.com/bot.html)"
66.249.79.35 - - [03/Aug/2025:17:12:42 +0300] "GET /shopdetail/24401000/ HTTP/1.1" 200 22449 "-" "Mozilla/5.0 (compatible; Googlebot/2.1; +http://www.google.com/bot.html)"
66.249.79.36 - - [03/Aug/2025:17:12:42 +0300] "GET /shopdetail/4468999/ HTTP/1.1" 200 22656 "-" "Mozilla/5.0 (compatible; Googlebot/2.1; +http://www.google.com/bot.html)"
66.249.79.35 - - [03/Aug/2025:17:12:44 +0300] "GET /shopdetail/24993977/ HTTP/1.1" 200 21887 "-" "Mozilla/5.0 (compatible; Googlebot/2.1; +http://www.google.com/bot.html)"
66.249.79.33 - - [03/Aug/2025:17:12:45 +0300] "GET /shopdetail/18034744/ HTTP/1.1" 200 22286 "-" "Mozilla/5.0 (compatible; Googlebot/2.1; +http://www.google.com/bot.html)"
66.249.79.32 - - [03/Aug/2025:17:12:50 +0300] "GET /shopdetail/26688355/ HTTP/1.1" 200 22460 "-" "Mozilla/5.0 (compatible; Googlebot/2.1; +http://www.google.com/bot.html)"
66.249.79.36 - - [03/Aug/2025:17:12:51 +0300] "GET /shopdetail/26464311/ HTTP/1.1" 200 22607 "-" "Mozilla/5.0 (compatible; Googlebot/2.1; +http://www.google.com/bot.html)"
66.249.79.35 - - [03/Aug/2025:17:12:53 +0300] "GET /shopdetail/29897055/ HTTP/1.1" 200 22011 "-" "Mozilla/5.0 (compatible; Googlebot/2.1; +http://www.google.com/bot.html)"
66.249.79.37 - - [03/Aug/2025:17:12:54 +0300] "GET /shopdetail/15786466/ HTTP/1.1" 200 22148 "-" "Mozilla/5.0 (compatible; Googlebot/2.1; +http://www.google.com/bot.html)"
66.249.79.32 - - [03/Aug/2025:17:12:56 +0300] "GET /shopdetail/27466899/ HTTP/1.1" 200 22752 "-" "Mozilla/5.0 (compatible; Googlebot/2.1; +http://www.google.com/bot.html)"
18.97.9.172 - - [03/Aug/2025:17:12:59 +0300] "GET /shopdetail/10582577/ HTTP/2" 404 19567 "-" "CCBot/2.0 (https://commoncrawl.org/faq/)"
66.249.79.33 - - [03/Aug/2025:17:13:07 +0300] "GET /shopdetail/28028311/ HTTP/1.1" 200 22835 "-" "Mozilla/5.0 (compatible; Googlebot/2.1; +http://www.google.com/bot.html)"
66.249.79.34 - - [03/Aug/2025:17:13:07 +0300] "GET /shopdetail/7863122/ HTTP/1.1" 200 21841 "-" "Mozilla/5.0 (compatible; Googlebot/2.1; +http://www.google.com/bot.html)"
66.249.79.35 - - [03/Aug/2025:17:13:09 +0300] "GET /shopdetail/20546755/ HTTP/1.1" 200 22165 "-" "Mozilla/5.0 (compatible; Googlebot/2.1; +http://www.google.com/bot.html)"
66.249.79.37 - - [03/Aug/2025:17:13:09 +0300] "GET /shopdetail/23926788/ HTTP/1.1" 200 22948 "-" "Mozilla/5.0 (compatible; Googlebot/2.1; +http://www.google.com/bot.html)"
66.249.79.32 - - [03/Aug/2025:17:13:11 +0300] "GET /shopdetail/29464588/ HTTP/1.1" 200 22695 "-" "Mozilla/5.0 (Linux; Android 6.0.1; Nexus 5X Build/MMB29P) AppleWebKit/537.36 (KHTML, like Gecko) Chrome/138.0.7204.183 Mobile Safari/537.36 (compatible; Googlebot/2.1; +http://www.google.com/bot.html)"
66.249.79.35 - - [03/Aug/2025:17:13:11 +0300] "GET /shopdetail/23829544/ HTTP/1.1" 200 22129 "-" "Mozilla/5.0 (compatible; Googlebot/2.1; +http://www.google.com/bot.html)"
66.249.79.37 - - [03/Aug/2025:17:13:14 +0300] "GET /shopdetail/23755399/ HTTP/1.1" 200 22067 "-" "Mozilla/5.0 (compatible; Googlebot/2.1; +http://www.google.com/bot.html)"
66.249.79.35 - - [03/Aug/2025:17:13:16 +0300] "GET /shopdetail/18625433/ HTTP/1.1" 200 22128 "-" "Mozilla/5.0 (Linux; Android 6.0.1; Nexus 5X Build/MMB29P) AppleWebKit/537.36 (KHTML, like Gecko) Chrome/138.0.7204.183 Mobile Safari/537.36 (compatible; GoogleOther)"
66.249.79.37 - - [03/Aug/2025:17:13:16 +0300] "GET /shopdetail/5954122/ HTTP/1.1" 200 22682 "-" "Mozilla/5.0 (compatible; Googlebot/2.1; +http://www.google.com/bot.html)"
66.249.79.37 - - [03/Aug/2025:17:13:18 +0300] "GET /shopdetail/4005933/ HTTP/1.1" 200 22034 "-" "Mozilla/5.0 (compatible; Googlebot/2.1; +http://www.google.com/bot.html)"
66.249.79.36 - - [03/Aug/2025:17:13:18 +0300] "GET /shopdetail/23785711/ HTTP/1.1" 200 21933 "-" "Mozilla/5.0 (compatible; Googlebot/2.1; +http://www.google.com/bot.html)"
66.249.79.37 - - [03/Aug/2025:17:13:18 +0300] "GET /shopdetail/27571199/ HTTP/1.1" 200 22789 "-" "Mozilla/5.0 (compatible; Googlebot/2.1; +http://www.google.com/bot.html)"
66.249.79.35 - - [03/Aug/2025:17:13:21 +0300] "GET /shopdetail/23051955/ HTTP/1.1" 200 22173 "-" "Mozilla/5.0 (compatible; Googlebot/2.1; +http://www.google.com/bot.html)"
66.249.79.36 - - [03/Aug/2025:17:13:24 +0300] "GET /shopdetail/6014711/ HTTP/1.1" 200 23182 "-" "Mozilla/5.0 (compatible; Googlebot/2.1; +http://www.google.com/bot.html)"
66.249.79.37 - - [03/Aug/2025:17:13:27 +0300] "GET /shopdetail/3562044/ HTTP/1.1" 200 21862 "-" "Mozilla/5.0 (compatible; Googlebot/2.1; +http://www.google.com/bot.html)"
66.249.79.32 - - [03/Aug/2025:17:13:30 +0300] "GET /shopdetail/25046255/ HTTP/1.1" 200 22003 "-" "Mozilla/5.0 (compatible; Googlebot/2.1; +http://www.google.com/bot.html)"
66.249.79.36 - - [03/Aug/2025:17:13:32 +0300] "GET /shopdetail/24725366/ HTTP/1.1" 200 21800 "-" "Mozilla/5.0 (compatible; Googlebot/2.1; +http://www.google.com/bot.html)"
66.249.79.36 - - [03/Aug/2025:17:13:34 +0300] "GET /shopdetail/1628377/ HTTP/1.1" 200 21779 "-" "Mozilla/5.0 (Linux; Android 6.0.1; Nexus 5X Build/MMB29P) AppleWebKit/537.36 (KHTML, like Gecko) Chrome/138.0.7204.183 Mobile Safari/537.36 (compatible; GoogleOther)"
66.249.79.35 - - [03/Aug/2025:17:13:35 +0300] "GET /shopdetail/19959100/ HTTP/1.1" 200 22346 "-" "Mozilla/5.0 (compatible; Googlebot/2.1; +http://www.google.com/bot.html)"
66.249.79.32 - - [03/Aug/2025:17:13:36 +0300] "GET /shopdetail/21270366/ HTTP/1.1" 200 22411 "-" "Mozilla/5.0 (compatible; Googlebot/2.1; +http://www.google.com/bot.html)"
66.249.79.32 - - [03/Aug/2025:17:13:36 +0300] "GET /shopdetail/27406155/ HTTP/1.1" 200 22400 "-" "Mozilla/5.0 (compatible; Googlebot/2.1; +http://www.google.com/bot.html)"
66.249.79.33 - - [03/Aug/2025:17:13:02 +0300] "GET /shopdetail/24110255/ HTTP/1.1" 200 21486 "-" "Mozilla/5.0 (compatible; Googlebot/2.1; +http://www.google.com/bot.html)"
66.249.79.36 - - [03/Aug/2025:17:13:07 +0300] "GET /shopdetail/3246088/ HTTP/1.1" 200 23209 "-" "Mozilla/5.0 (compatible; Googlebot/2.1; +http://www.google.com/bot.html)"
66.249.79.36 - - [03/Aug/2025:17:13:08 +0300] "GET /shopdetail/8073199/ HTTP/1.1" 200 21898 "-" "Mozilla/5.0 (Linux; Android 6.0.1; Nexus 5X Build/MMB29P) AppleWebKit/537.36 (KHTML, like Gecko) Chrome/138.0.7204.183 Mobile Safari/537.36 (compatible; GoogleOther)"
66.249.79.36 - - [03/Aug/2025:17:13:08 +0300] "GET /shopdetail/27591033/ HTTP/1.1" 200 22659 "-" "Mozilla/5.0 (compatible; Googlebot/2.1; +http://www.google.com/bot.html)"
66.249.79.37 - - [03/Aug/2025:17:13:09 +0300] "GET /shopdetail/26693499/ HTTP/1.1" 200 22016 "-" "Mozilla/5.0 (compatible; Googlebot/2.1; +http://www.google.com/bot.html)"
66.249.79.36 - - [03/Aug/2025:17:13:09 +0300] "GET /shopdetail/29527877/ HTTP/1.1" 200 22068 "-" "Mozilla/5.0 (compatible; Googlebot/2.1; +http://www.google.com/bot.html)"
66.249.79.32 - - [03/Aug/2025:17:13:09 +0300] "GET /shopdetail/30522133/ HTTP/1.1" 200 22461 "-" "Mozilla/5.0 (compatible; Googlebot/2.1; +http://www.google.com/bot.html)"
66.249.79.36 - - [03/Aug/2025:17:13:15 +0300] "GET /shopdetail/27782588/ HTTP/1.1" 200 21642 "-" "Mozilla/5.0 (compatible; Googlebot/2.1; +http://www.google.com/bot.html)"
66.249.79.33 - - [03/Aug/2025:17:13:16 +0300] "GET /shopdetail/20601822/ HTTP/1.1" 200 22042 "-" "Mozilla/5.0 (compatible; Googlebot/2.1; +http://www.google.com/bot.html)"
66.249.79.36 - - [03/Aug/2025:17:13:16 +0300] "GET /shopdetail/18260966/ HTTP/1.1" 200 22661 "-" "Mozilla/5.0 (compatible; Googlebot/2.1; +http://www.google.com/bot.html)"
66.249.79.37 - - [03/Aug/2025:17:13:21 +0300] "GET /shopdetail/23853288/ HTTP/1.1" 200 22067 "-" "Mozilla/5.0 (compatible; Googlebot/2.1; +http://www.google.com/bot.html)"
66.249.79.37 - - [03/Aug/2025:17:13:22 +0300] "GET /shopdetail/18843522/ HTTP/1.1" 200 21793 "-" "Mozilla/5.0 (compatible; Googlebot/2.1; +http://www.google.com/bot.html)"
66.249.79.36 - - [03/Aug/2025:17:13:23 +0300] "GET /shopdetail/24078788/ HTTP/1.1" 200 22307 "-" "Mozilla/5.0 (compatible; Googlebot/2.1; +http://www.google.com/bot.html)"
66.249.79.35 - - [03/Aug/2025:17:13:26 +0300] "GET /shopdetail/13987766/ HTTP/1.1" 200 21963 "-" "Mozilla/5.0 (compatible; Googlebot/2.1; +http://www.google.com/bot.html)"
66.249.79.35 - - [03/Aug/2025:17:13:26 +0300] "GET /shopdetail/25309511/ HTTP/1.1" 200 22467 "-" "Mozilla/5.0 (compatible; Googlebot/2.1; +http://www.google.com/bot.html)"
57.141.6.13 - - [03/Aug/2025:17:13:27 +0300] "GET /shopdetail/5204000/ HTTP/2" 404 105046 "-" "meta-externalagent/1.1 (+https://developers.facebook.com/docs/sharing/webmasters/crawler)"
66.249.79.35 - - [03/Aug/2025:17:13:31 +0300] "GET /shopdetail/3151177/ HTTP/1.1" 200 22104 "-" "Mozilla/5.0 (compatible; Googlebot/2.1; +http://www.google.com/bot.html)"
66.249.79.36 - - [03/Aug/2025:17:13:38 +0300] "GET /shopdetail/23866788/ HTTP/1.1" 200 22084 "-" "Mozilla/5.0 (compatible; Googlebot/2.1; +http://www.google.com/bot.html)"
66.249.79.36 - - [03/Aug/2025:17:13:38 +0300] "GET /shopdetail/26176466/ HTTP/1.1" 200 21956 "-" "Mozilla/5.0 (compatible; Googlebot/2.1; +http://www.google.com/bot.html)"
66.249.79.35 - - [03/Aug/2025:17:13:42 +0300] "GET /shopdetail/28644766/ HTTP/1.1" 200 22013 "-" "Mozilla/5.0 (compatible; Googlebot/2.1; +http://www.google.com/bot.html)"
66.249.79.35 - - [03/Aug/2025:17:13:44 +0300] "GET /shopdetail/27730433/ HTTP/1.1" 200 22851 "-" "Mozilla/5.0 (compatible; Googlebot/2.1; +http://www.google.com/bot.html)"
66.249.79.33 - - [03/Aug/2025:17:13:46 +0300] "GET /shopdetail/5063088/ HTTP/1.1" 200 22412 "-" "Mozilla/5.0 (compatible; Googlebot/2.1; +http://www.google.com/bot.html)"
66.249.79.35 - - [03/Aug/2025:17:13:47 +0300] "GET /shopdetail/29931977/ HTTP/1.1" 200 22432 "-" "Mozilla/5.0 (compatible; Googlebot/2.1; +http://www.google.com/bot.html)"
66.249.79.37 - - [03/Aug/2025:17:13:40 +0300] "GET /shopdetail/1644933/ HTTP/1.1" 200 21912 "-" "Mozilla/5.0 (compatible; Googlebot/2.1; +http://www.google.com/bot.html)"
66.249.79.33 - - [03/Aug/2025:17:13:41 +0300] "GET /shopdetail/19493399/ HTTP/1.1" 200 23010 "-" "Mozilla/5.0 (compatible; Googlebot/2.1; +http://www.google.com/bot.html)"
66.249.79.32 - - [03/Aug/2025:17:13:41 +0300] "GET /shopdetail/25213111/ HTTP/1.1" 200 22800 "-" "Mozilla/5.0 (compatible; Googlebot/2.1; +http://www.google.com/bot.html)"
66.249.79.37 - - [03/Aug/2025:17:13:45 +0300] "GET /shopdetail/3491999/ HTTP/1.1" 200 22603 "-" "Mozilla/5.0 (compatible; Googlebot/2.1; +http://www.google.com/bot.html)"
18.97.9.172 - - [03/Aug/2025:17:13:44 +0300] "GET /shopdetail/10650977/ HTTP/2" 404 19567 "-" "CCBot/2.0 (https://commoncrawl.org/faq/)"
66.249.79.37 - - [03/Aug/2025:17:13:51 +0300] "GET /shopdetail/22775666/ HTTP/1.1" 200 23115 "-" "Mozilla/5.0 (compatible; Googlebot/2.1; +http://www.google.com/bot.html)"
66.249.79.37 - - [03/Aug/2025:17:13:59 +0300] "GET /shopdetail/7293033/ HTTP/1.1" 200 22633 "-" "Mozilla/5.0 (compatible; Googlebot/2.1; +http://www.google.com/bot.html)"
66.249.79.36 - - [03/Aug/2025:17:13:59 +0300] "GET /shopdetail/24682088/ HTTP/1.1" 200 22006 "-" "Mozilla/5.0 (compatible; Googlebot/2.1; +http://www.google.com/bot.html)"
66.249.79.35 - - [03/Aug/2025:17:13:59 +0300] "GET /shopdetail/2535411/ HTTP/1.1" 200 22347 "-" "Mozilla/5.0 (compatible; Googlebot/2.1; +http://www.google.com/bot.html)"
66.249.79.35 - - [03/Aug/2025:17:13:59 +0300] "GET /shopdetail/23262900/ HTTP/1.1" 200 22081 "-" "Mozilla/5.0 (compatible; Googlebot/2.1; +http://www.google.com/bot.html)"
66.249.79.36 - - [03/Aug/2025:17:14:01 +0300] "GET /shopdetail/9621466/ HTTP/1.1" 200 22063 "-" "Mozilla/5.0 (compatible; Googlebot/2.1; +http://www.google.com/bot.html)"
66.249.79.37 - - [03/Aug/2025:17:14:02 +0300] "GET /shopdetail/26476911/ HTTP/1.1" 200 22158 "-" "Mozilla/5.0 (compatible; Googlebot/2.1; +http://www.google.com/bot.html)"
66.249.79.36 - - [03/Aug/2025:17:14:02 +0300] "GET /shopdetail/15781911/ HTTP/1.1" 200 22891 "-" "Mozilla/5.0 (compatible; Googlebot/2.1; +http://www.google.com/bot.html)"
66.249.79.36 - - [03/Aug/2025:17:14:04 +0300] "GET /shopdetail/30184644/ HTTP/1.1" 200 22572 "-" "Mozilla/5.0 (compatible; Googlebot/2.1; +http://www.google.com/bot.html)"
66.249.79.32 - - [03/Aug/2025:17:14:06 +0300] "GET /shopdetail/27938288/ HTTP/1.1" 200 22375 "-" "Mozilla/5.0 (compatible; Googlebot/2.1; +http://www.google.com/bot.html)"
66.249.79.35 - - [03/Aug/2025:17:14:07 +0300] "GET /shopdetail/30086677/ HTTP/1.1" 200 21882 "-" "Mozilla/5.0 (compatible; Googlebot/2.1; +http://www.google.com/bot.html)"
66.249.79.37 - - [03/Aug/2025:17:14:14 +0300] "GET /shopdetail/16126311/ HTTP/1.1" 200 22707 "-" "Mozilla/5.0 (compatible; Googlebot/2.1; +http://www.google.com/bot.html)"
66.249.79.37 - - [03/Aug/2025:17:14:14 +0300] "GET /shopdetail/25580755/ HTTP/1.1" 200 22749 "-" "Mozilla/5.0 (compatible; Googlebot/2.1; +http://www.google.com/bot.html)"
66.249.79.37 - - [03/Aug/2025:17:14:20 +0300] "GET /shopdetail/24926166/ HTTP/1.1" 200 22076 "-" "Mozilla/5.0 (compatible; Googlebot/2.1; +http://www.google.com/bot.html)"
66.249.79.36 - - [03/Aug/2025:17:14:27 +0300] "GET /shopdetail/19907599/ HTTP/1.1" 200 22771 "-" "Mozilla/5.0 (compatible; Googlebot/2.1; +http://www.google.com/bot.html)"
66.249.79.36 - - [03/Aug/2025:17:14:27 +0300] "GET /shopdetail/27992088/ HTTP/1.1" 200 22139 "-" "Mozilla/5.0 (compatible; Googlebot/2.1; +http://www.google.com/bot.html)"
66.249.79.36 - - [03/Aug/2025:17:14:28 +0300] "GET /shopdetail/25513311/ HTTP/1.1" 200 21852 "-" "Mozilla/5.0 (compatible; Googlebot/2.1; +http://www.google.com/bot.html)"
66.249.79.36 - - [03/Aug/2025:17:14:29 +0300] "GET /shopdetail/3104200/ HTTP/1.1" 200 21856 "-" "Mozilla/5.0 (compatible; Googlebot/2.1; +http://www.google.com/bot.html)"
66.249.79.37 - - [03/Aug/2025:17:14:32 +0300] "GET /shopdetail/24156299/ HTTP/1.1" 200 21659 "-" "Mozilla/5.0 (compatible; Googlebot/2.1; +http://www.google.com/bot.html)"
66.249.79.37 - - [03/Aug/2025:17:13:58 +0300] "GET /shopdetail/29271044/ HTTP/1.1" 200 22320 "-" "Mozilla/5.0 (compatible; Googlebot/2.1; +http://www.google.com/bot.html)"
66.249.79.32 - - [03/Aug/2025:17:13:59 +0300] "GET /shopdetail/26666022/ HTTP/1.1" 200 22325 "-" "Mozilla/5.0 (compatible; Googlebot/2.1; +http://www.google.com/bot.html)"
66.249.79.32 - - [03/Aug/2025:17:14:01 +0300] "GET /shopdetail/26023466/ HTTP/1.1" 200 22005 "-" "Mozilla/5.0 (compatible; Googlebot/2.1; +http://www.google.com/bot.html)"
66.249.79.33 - - [03/Aug/2025:17:14:02 +0300] "GET /shopdetail/3112677/ HTTP/1.1" 200 22307 "-" "Mozilla/5.0 (compatible; Googlebot/2.1; +http://www.google.com/bot.html)"
66.249.79.33 - - [03/Aug/2025:17:14:02 +0300] "GET /shopdetail/16096311/ HTTP/1.1" 200 22735 "-" "Mozilla/5.0 (compatible; Googlebot/2.1; +http://www.google.com/bot.html)"
66.249.79.33 - - [03/Aug/2025:17:14:04 +0300] "GET /shopdetail/19813411/ HTTP/1.1" 200 22737 "-" "Mozilla/5.0 (compatible; Googlebot/2.1; +http://www.google.com/bot.html)"
66.249.79.36 - - [03/Aug/2025:17:14:08 +0300] "GET /shopdetail/19520333/ HTTP/1.1" 200 22235 "-" "Mozilla/5.0 (compatible; Googlebot/2.1; +http://www.google.com/bot.html)"
66.249.79.37 - - [03/Aug/2025:17:14:09 +0300] "GET /shopdetail/27903888/ HTTP/1.1" 200 21850 "-" "Mozilla/5.0 (compatible; Googlebot/2.1; +http://www.google.com/bot.html)"
66.249.79.35 - - [03/Aug/2025:17:14:15 +0300] "GET /shopdetail/24633866/ HTTP/1.1" 200 22005 "-" "Mozilla/5.0 (compatible; Googlebot/2.1; +http://www.google.com/bot.html)"
66.249.79.36 - - [03/Aug/2025:17:14:15 +0300] "GET /shopdetail/16387377/ HTTP/1.1" 200 21662 "-" "Mozilla/5.0 (compatible; Googlebot/2.1; +http://www.google.com/bot.html)"
66.249.79.36 - - [03/Aug/2025:17:14:17 +0300] "GET /shopdetail/29938199/ HTTP/1.1" 200 22460 "-" "Mozilla/5.0 (compatible; Googlebot/2.1; +http://www.google.com/bot.html)"
66.249.79.36 - - [03/Aug/2025:17:14:17 +0300] "GET /shopdetail/3646355/ HTTP/1.1" 200 22303 "-" "Mozilla/5.0 (compatible; Googlebot/2.1; +http://www.google.com/bot.html)"
66.249.79.36 - - [03/Aug/2025:17:14:19 +0300] "GET /shopdetail/24660511/ HTTP/1.1" 200 22646 "-" "Mozilla/5.0 (compatible; Googlebot/2.1; +http://www.google.com/bot.html)"
66.249.79.35 - - [03/Aug/2025:17:14:20 +0300] "GET /shopdetail/1550988/ HTTP/1.1" 200 22515 "-" "Mozilla/5.0 (compatible; Googlebot/2.1; +http://www.google.com/bot.html)"
66.249.79.37 - - [03/Aug/2025:17:14:21 +0300] "GET /shopdetail/29977977/ HTTP/1.1" 200 22737 "-" "Mozilla/5.0 (compatible; Googlebot/2.1; +http://www.google.com/bot.html)"
66.249.79.37 - - [03/Aug/2025:17:14:22 +0300] "GET /shopdetail/3640677/ HTTP/1.1" 200 22162 "-" "Mozilla/5.0 (compatible; Googlebot/2.1; +http://www.google.com/bot.html)"
66.249.79.36 - - [03/Aug/2025:17:14:23 +0300] "GET /shopdetail/7370722/ HTTP/1.1" 200 22614 "-" "Mozilla/5.0 (compatible; Googlebot/2.1; +http://www.google.com/bot.html)"
57.141.6.8 - - [03/Aug/2025:17:14:22 +0300] "GET /shopdetail/29420244/ HTTP/2" 404 105050 "-" "meta-externalagent/1.1 (+https://developers.facebook.com/docs/sharing/webmasters/crawler)"
66.249.79.35 - - [03/Aug/2025:17:14:27 +0300] "GET /shopdetail/20213377/ HTTP/1.1" 200 22550 "-" "Mozilla/5.0 (compatible; Googlebot/2.1; +http://www.google.com/bot.html)"
18.97.9.172 - - [03/Aug/2025:17:14:30 +0300] "GET /shopdetail/10875377/ HTTP/2" 404 19567 "-" "CCBot/2.0 (https://commoncrawl.org/faq/)"
