72.14.199.164 - - [03/Aug/2025:16:15:25 +0300] "GET /wp-content/themes/martfury/js/plugins/slick.min.js?ver=1.6.0 HTTP/1.1" 200 10103 "https://silvercommercialkitchen.com/product/out-door-bench-planter/" "Mozilla/5.0 (X11; Linux x86_64) AppleWebKit/537.36 (KHTML, like Gecko) Chrome/137.0.7151.119 Safari/537.36"
72.14.199.164 - - [03/Aug/2025:16:15:25 +0300] "GET /wp-content/plugins/woocommerce/assets/js/js-cookie/js.cookie.min.js?ver=2.1.4-wc.10.0.4 HTTP/1.1" 200 760 "https://silvercommercialkitchen.com/product/out-door-bench-planter/" "Mozilla/5.0 (X11; Linux x86_64) AppleWebKit/537.36 (KHTML, like Gecko) Chrome/137.0.7151.119 Safari/537.36"
72.14.199.164 - - [03/Aug/2025:16:15:25 +0300] "GET /wp-content/plugins/woocommerce/assets/js/sourcebuster/sourcebuster.min.js?ver=10.0.4 HTTP/1.1" 200 4609 "https://silvercommercialkitchen.com/product/out-door-bench-planter/" "Mozilla/5.0 (X11; Linux x86_64) AppleWebKit/537.36 (KHTML, like Gecko) Chrome/137.0.7151.119 Safari/537.36"
72.14.199.164 - - [03/Aug/2025:16:15:25 +0300] "GET /wp-content/themes/martfury/js/plugins/jquery.tabs.js?ver=1.0.0 HTTP/1.1" 200 376 "https://silvercommercialkitchen.com/product/out-door-bench-planter/" "Mozilla/5.0 (X11; Linux x86_64) AppleWebKit/537.36 (KHTML, like Gecko) Chrome/137.0.7151.119 Safari/537.36"
72.14.199.164 - - [03/Aug/2025:16:15:26 +0300] "GET /wp-content/plugins/elementor/assets/js/frontend.min.js?ver=3.30.4 HTTP/1.1" 200 10288 "https://silvercommercialkitchen.com/product/out-door-bench-planter/" "Mozilla/5.0 (X11; Linux x86_64) AppleWebKit/537.36 (KHTML, like Gecko) Chrome/137.0.7151.119 Safari/537.36"
72.14.199.163 - - [03/Aug/2025:16:15:26 +0300] "GET /wp-content/themes/martfury/js/plugins/jquery.coundown.js?ver=1.0.0 HTTP/1.1" 200 437 "https://silvercommercialkitchen.com/product/out-door-bench-planter/" "Mozilla/5.0 (X11; Linux x86_64) AppleWebKit/537.36 (KHTML, like Gecko) Chrome/137.0.7151.119 Safari/537.36"
72.14.199.163 - - [03/Aug/2025:16:15:26 +0300] "GET /wp-content/plugins/elementor/assets/js/frontend-modules.min.js?ver=3.30.4 HTTP/1.1" 200 14423 "https://silvercommercialkitchen.com/product/out-door-bench-planter/" "Mozilla/5.0 (X11; Linux x86_64) AppleWebKit/537.36 (KHTML, like Gecko) Chrome/137.0.7151.119 Safari/537.36"
72.14.199.163 - - [03/Aug/2025:16:15:26 +0300] "GET /wp-content/fonts/maven-pro/7Au9p_AqnyWWAxW2Wk3GzWQI.woff2 HTTP/1.1" 200 20140 "https://silvercommercialkitchen.com/product/out-door-bench-planter/" "Mozilla/5.0 (X11; Linux x86_64) AppleWebKit/537.36 (KHTML, like Gecko) Chrome/137.0.7151.119 Safari/537.36"
72.14.199.163 - - [03/Aug/2025:16:15:26 +0300] "GET /wp-content/plugins/elementor/assets/lib/font-awesome/webfonts/fa-solid-900.woff2 HTTP/1.1" 200 78196 "https://silvercommercialkitchen.com/wp-content/plugins/elementor/assets/lib/font-awesome/css/solid.css?ver=5.15.3" "Mozilla/5.0 (X11; Linux x86_64) AppleWebKit/537.36 (KHTML, like Gecko) Chrome/137.0.7151.119 Safari/537.36"
72.14.199.163 - - [03/Aug/2025:16:15:26 +0300] "GET /wp-content/uploads/elementor/google-fonts/fonts/ubuntu-4icv6kvjbnbylgocxcvjsgyn.woff2 HTTP/1.1" 200 29752 "https://silvercommercialkitchen.com/wp-content/uploads/elementor/google-fonts/css/ubuntu.css?ver=1750070375" "Mozilla/5.0 (X11; Linux x86_64) AppleWebKit/537.36 (KHTML, like Gecko) Chrome/137.0.7151.119 Safari/537.36"
72.14.199.163 - - [03/Aug/2025:16:15:27 +0300] "GET /wp-content/plugins/elementor/assets/css/conditionals/lightbox.min.css?ver=3.30.4 HTTP/1.1" 200 1752 "https://silvercommercialkitchen.com/product/out-door-bench-planter/" "Mozilla/5.0 (X11; Linux x86_64) AppleWebKit/537.36 (KHTML, like Gecko) Chrome/137.0.7151.119 Safari/537.36"
72.14.199.163 - - [03/Aug/2025:16:15:27 +0300] "GET /wp-includes/js/wp-emoji-release.min.js?ver=6.8.2 HTTP/1.1" 200 4769 "https://silvercommercialkitchen.com/product/out-door-bench-planter/" "Mozilla/5.0 (X11; Linux x86_64) AppleWebKit/537.36 (KHTML, like Gecko) Chrome/137.0.7151.119 Safari/537.36"
72.14.199.163 - - [03/Aug/2025:16:15:27 +0300] "GET /wp-content/plugins/elementor/assets/css/conditionals/dialog.min.css?ver=3.30.4 HTTP/1.1" 200 1430 "https://silvercommercialkitchen.com/product/out-door-bench-planter/" "Mozilla/5.0 (X11; Linux x86_64) AppleWebKit/537.36 (KHTML, like Gecko) Chrome/137.0.7151.119 Safari/537.36"
72.14.199.165 - - [03/Aug/2025:16:15:27 +0300] "GET /wp-content/uploads/elementor/google-fonts/fonts/mavenpro-7au9p_aqnywwaxw2wk3gzwqi.woff2 HTTP/1.1" 200 20140 "https://silvercommercialkitchen.com/wp-content/uploads/elementor/google-fonts/css/mavenpro.css?ver=1743488070" "Mozilla/5.0 (X11; Linux x86_64) AppleWebKit/537.36 (KHTML, like Gecko) Chrome/137.0.7151.119 Safari/537.36"
72.14.199.165 - - [03/Aug/2025:16:15:27 +0300] "GET /wp-content/plugins/martfury-addons/assets/fonts/Linearicons.woff2 HTTP/1.1" 200 146536 "https://silvercommercialkitchen.com/wp-content/plugins/martfury-addons/assets/css/linearicons.min.css?ver=1.0.0" "Mozilla/5.0 (X11; Linux x86_64) AppleWebKit/537.36 (KHTML, like Gecko) Chrome/137.0.7151.119 Safari/537.36"
72.14.199.165 - - [03/Aug/2025:16:15:28 +0300] "GET /wp-content/plugins/elementor/assets/lib/swiper/v8/css/swiper.min.css?ver=8.4.5 HTTP/1.1" 200 4248 "https://silvercommercialkitchen.com/product/out-door-bench-planter/" "Mozilla/5.0 (X11; Linux x86_64) AppleWebKit/537.36 (KHTML, like Gecko) Chrome/137.0.7151.119 Safari/537.36"
72.14.199.163 - - [03/Aug/2025:16:15:27 +0300] "POST /?wc-ajax=get_wishlist_fragments HTTP/1.1" 200 255 "https://silvercommercialkitchen.com/product/out-door-bench-planter/" "Mozilla/5.0 (X11; Linux x86_64) AppleWebKit/537.36 (KHTML, like Gecko) Chrome/137.0.7151.119 Safari/537.36"
66.249.79.37 - - [03/Aug/2025:16:15:26 +0300] "GET /shopdetail/3967500/ HTTP/1.1" 200 22274 "-" "Mozilla/5.0 (Linux; Android 6.0.1; Nexus 5X Build/MMB29P) AppleWebKit/537.36 (KHTML, like Gecko) Chrome/138.0.7204.183 Mobile Safari/537.36 (compatible; GoogleOther)"
66.249.79.37 - - [03/Aug/2025:16:15:27 +0300] "GET /shopdetail/29968700/ HTTP/1.1" 200 21999 "-" "Mozilla/5.0 (Linux; Android 6.0.1; Nexus 5X Build/MMB29P) AppleWebKit/537.36 (KHTML, like Gecko) Chrome/138.0.7204.183 Mobile Safari/537.36 (compatible; GoogleOther)"
72.14.199.165 - - [03/Aug/2025:16:15:28 +0300] "GET /wp-content/plugins/elementor/assets/lib/dialog/dialog.min.js?ver=4.9.3 HTTP/1.1" 200 3593 "https://silvercommercialkitchen.com/product/out-door-bench-planter/" "Mozilla/5.0 (X11; Linux x86_64) AppleWebKit/537.36 (KHTML, like Gecko) Chrome/137.0.7151.119 Safari/537.36"
72.14.199.165 - - [03/Aug/2025:16:15:27 +0300] "GET /wp-content/plugins/elementor/assets/js/lightbox.64a93c50cbfc18fcc89b.bundle.min.js HTTP/1.1" 200 9073 "https://silvercommercialkitchen.com/product/out-door-bench-planter/" "Mozilla/5.0 (X11; Linux x86_64) AppleWebKit/537.36 (KHTML, like Gecko) Chrome/137.0.7151.119 Safari/537.36"
72.14.199.165 - - [03/Aug/2025:16:15:28 +0300] "GET /wp-content/plugins/elementor/assets/lib/share-link/share-link.min.js?ver=3.30.4 HTTP/1.1" 200 1072 "https://silvercommercialkitchen.com/product/out-door-bench-planter/" "Mozilla/5.0 (X11; Linux x86_64) AppleWebKit/537.36 (KHTML, like Gecko) Chrome/137.0.7151.119 Safari/537.36"
72.14.199.165 - - [03/Aug/2025:16:15:28 +0300] "GET /wp-content/plugins/woocommerce/assets/fonts/WooCommerce.woff2 HTTP/1.1" 200 6488 "https://silvercommercialkitchen.com/wp-content/plugins/woocommerce/assets/css/woocommerce.css?ver=10.0.4" "Mozilla/5.0 (X11; Linux x86_64) AppleWebKit/537.36 (KHTML, like Gecko) Chrome/137.0.7151.119 Safari/537.36"
72.14.199.164 - - [03/Aug/2025:16:15:28 +0300] "GET /wp-content/uploads/2025/02/Out-Door-Bench-Planter-1-100x100.png HTTP/1.1" 200 3844 "https://silvercommercialkitchen.com/product/out-door-bench-planter/" "Mozilla/5.0 (X11; Linux x86_64) AppleWebKit/537.36 (KHTML, like Gecko) Chrome/137.0.7151.119 Safari/537.36"
66.249.79.36 - - [03/Aug/2025:16:15:28 +0300] "GET /shopdetail/12739200/ HTTP/1.1" 200 22214 "-" "Mozilla/5.0 (Linux; Android 6.0.1; Nexus 5X Build/MMB29P) AppleWebKit/537.36 (KHTML, like Gecko) Chrome/138.0.7204.183 Mobile Safari/537.36 (compatible; GoogleOther)"
72.14.199.165 - - [03/Aug/2025:16:15:27 +0300] "POST /?wc-ajax=get_compare_fragments HTTP/1.1" 200 241 "https://silvercommercialkitchen.com/product/out-door-bench-planter/" "Mozilla/5.0 (X11; Linux x86_64) AppleWebKit/537.36 (KHTML, like Gecko) Chrome/137.0.7151.119 Safari/537.36"
66.249.79.32 - - [03/Aug/2025:16:15:30 +0300] "GET /shopdetail/4106800/ HTTP/1.1" 200 21783 "-" "Mozilla/5.0 (Linux; Android 6.0.1; Nexus 5X Build/MMB29P) AppleWebKit/537.36 (KHTML, like Gecko) Chrome/138.0.7204.183 Mobile Safari/537.36 (compatible; GoogleOther)"
72.14.199.165 - - [03/Aug/2025:16:15:31 +0300] "GET /wp-content/plugins/elementor/assets/js/shared-frontend-handlers.30dc2f9c080845a413a6.bundle.min.js HTTP/1.1" 200 2546 "https://silvercommercialkitchen.com/product/out-door-bench-planter/" "Mozilla/5.0 (X11; Linux x86_64) AppleWebKit/537.36 (KHTML, like Gecko) Chrome/137.0.7151.119 Safari/537.36"
66.249.79.36 - - [03/Aug/2025:16:15:38 +0300] "GET /shopdetail/8294644/ HTTP/1.1" 200 22771 "-" "Mozilla/5.0 (Linux; Android 6.0.1; Nexus 5X Build/MMB29P) AppleWebKit/537.36 (KHTML, like Gecko) Chrome/138.0.7204.183 Mobile Safari/537.36 (compatible; GoogleOther)"
66.249.79.35 - - [03/Aug/2025:16:15:38 +0300] "GET /shopdetail/24608666/ HTTP/1.1" 200 22111 "-" "Mozilla/5.0 (Linux; Android 6.0.1; Nexus 5X Build/MMB29P) AppleWebKit/537.36 (KHTML, like Gecko) Chrome/138.0.7204.183 Mobile Safari/537.36 (compatible; GoogleOther)"
72.14.199.163 - - [03/Aug/2025:16:15:28 +0300] "POST /?wc-ajax=get_refreshed_fragments HTTP/1.1" 200 355 "https://silvercommercialkitchen.com/product/out-door-bench-planter/" "Mozilla/5.0 (X11; Linux x86_64) AppleWebKit/537.36 (KHTML, like Gecko) Chrome/137.0.7151.119 Safari/537.36"
72.14.199.163 - - [03/Aug/2025:16:15:31 +0300] "GET /wp-content/uploads/2025/03/2.png HTTP/1.1" 200 23506 "https://silvercommercialkitchen.com/product/out-door-bench-planter/" "Mozilla/5.0 (X11; Linux x86_64) AppleWebKit/537.36 (KHTML, like Gecko) Chrome/137.0.7151.119 Safari/537.36"
72.14.199.160 - - [03/Aug/2025:16:15:32 +0300] "GET /wp-content/uploads/2025/02/Out-Door-Bench-Planter.png HTTP/1.1" 200 139626 "https://silvercommercialkitchen.com/product/out-door-bench-planter/" "Mozilla/5.0 (X11; Linux x86_64) AppleWebKit/537.36 (KHTML, like Gecko) Chrome/137.0.7151.119 Safari/537.36"
66.249.79.37 - - [03/Aug/2025:16:15:43 +0300] "GET /shopdetail/1565744/ HTTP/1.1" 200 21872 "-" "Mozilla/5.0 (Linux; Android 6.0.1; Nexus 5X Build/MMB29P) AppleWebKit/537.36 (KHTML, like Gecko) Chrome/138.0.7204.183 Mobile Safari/537.36 (compatible; GoogleOther)"
66.249.79.37 - - [03/Aug/2025:16:15:46 +0300] "GET /shopdetail/11907500/ HTTP/1.1" 200 22258 "-" "Mozilla/5.0 (Linux; Android 6.0.1; Nexus 5X Build/MMB29P) AppleWebKit/537.36 (KHTML, like Gecko) Chrome/138.0.7204.183 Mobile Safari/537.36 (compatible; GoogleOther)"
66.249.79.37 - - [03/Aug/2025:16:15:50 +0300] "GET /shopdetail/4383866/ HTTP/1.1" 200 22338 "-" "Mozilla/5.0 (Linux; Android 6.0.1; Nexus 5X Build/MMB29P) AppleWebKit/537.36 (KHTML, like Gecko) Chrome/138.0.7204.183 Mobile Safari/537.36 (compatible; GoogleOther)"
57.141.6.17 - - [03/Aug/2025:16:15:55 +0300] "GET /shopdetail/25509811/ HTTP/2" 404 105050 "-" "meta-externalagent/1.1 (+https://developers.facebook.com/docs/sharing/webmasters/crawler)"
66.249.79.36 - - [03/Aug/2025:16:16:03 +0300] "GET /shopdetail/30223355/ HTTP/1.1" 200 21825 "-" "Mozilla/5.0 (Linux; Android 6.0.1; Nexus 5X Build/MMB29P) AppleWebKit/537.36 (KHTML, like Gecko) Chrome/138.0.7204.183 Mobile Safari/537.36 (compatible; GoogleOther)"
66.249.79.35 - - [03/Aug/2025:16:16:06 +0300] "GET /shopdetail/1633688/ HTTP/1.1" 200 22013 "-" "Mozilla/5.0 (Linux; Android 6.0.1; Nexus 5X Build/MMB29P) AppleWebKit/537.36 (KHTML, like Gecko) Chrome/138.0.7204.183 Mobile Safari/537.36 (compatible; GoogleOther)"
57.141.6.26 - - [03/Aug/2025:16:16:09 +0300] "GET /wp-content/uploads/2025/02/Out-Door-Bench-Planter-1-370x370.png HTTP/2" 200 25990 "-" "meta-externalagent/1.1 (+https://developers.facebook.com/docs/sharing/webmasters/crawler)"
66.249.79.35 - - [03/Aug/2025:16:16:10 +0300] "GET /shopdetail/4030799/ HTTP/1.1" 200 22971 "-" "Mozilla/5.0 (Linux; Android 6.0.1; Nexus 5X Build/MMB29P) AppleWebKit/537.36 (KHTML, like Gecko) Chrome/138.0.7204.183 Mobile Safari/537.36 (compatible; GoogleOther)"
66.249.79.35 - - [03/Aug/2025:16:16:10 +0300] "GET /shopdetail/20640277/ HTTP/1.1" 200 22408 "-" "Mozilla/5.0 (Linux; Android 6.0.1; Nexus 5X Build/MMB29P) AppleWebKit/537.36 (KHTML, like Gecko) Chrome/138.0.7204.183 Mobile Safari/537.36 (compatible; GoogleOther)"
66.249.79.35 - - [03/Aug/2025:16:16:15 +0300] "GET /shopdetail/20899222/ HTTP/1.1" 200 22163 "-" "Mozilla/5.0 (Linux; Android 6.0.1; Nexus 5X Build/MMB29P) AppleWebKit/537.36 (KHTML, like Gecko) Chrome/138.0.7204.183 Mobile Safari/537.36 (compatible; GoogleOther)"
66.249.79.35 - - [03/Aug/2025:16:16:16 +0300] "GET /shopdetail/3635655/ HTTP/1.1" 200 22588 "-" "Mozilla/5.0 (Linux; Android 6.0.1; Nexus 5X Build/MMB29P) AppleWebKit/537.36 (KHTML, like Gecko) Chrome/138.0.7204.183 Mobile Safari/537.36 (compatible; GoogleOther)"
66.249.79.35 - - [03/Aug/2025:16:16:24 +0300] "GET /shopdetail/5916700/ HTTP/1.1" 200 22070 "-" "Mozilla/5.0 (Linux; Android 6.0.1; Nexus 5X Build/MMB29P) AppleWebKit/537.36 (KHTML, like Gecko) Chrome/138.0.7204.183 Mobile Safari/537.36 (compatible; GoogleOther)"
66.249.79.35 - - [03/Aug/2025:16:16:25 +0300] "GET /shopdetail/26785311/ HTTP/1.1" 200 22239 "-" "Mozilla/5.0 (Linux; Android 6.0.1; Nexus 5X Build/MMB29P) AppleWebKit/537.36 (KHTML, like Gecko) Chrome/138.0.7204.183 Mobile Safari/537.36 (compatible; GoogleOther)"
66.249.79.35 - - [03/Aug/2025:16:16:27 +0300] "GET /shopdetail/12239422/ HTTP/1.1" 200 22734 "-" "Mozilla/5.0 (Linux; Android 6.0.1; Nexus 5X Build/MMB29P) AppleWebKit/537.36 (KHTML, like Gecko) Chrome/138.0.7204.183 Mobile Safari/537.36 (compatible; GoogleOther)"
66.249.79.35 - - [03/Aug/2025:16:16:30 +0300] "GET /shopdetail/23422444/ HTTP/1.1" 200 22121 "-" "Mozilla/5.0 (Linux; Android 6.0.1; Nexus 5X Build/MMB29P) AppleWebKit/537.36 (KHTML, like Gecko) Chrome/138.0.7204.183 Mobile Safari/537.36 (compatible; GoogleOther)"
66.249.79.36 - - [03/Aug/2025:16:16:35 +0300] "GET /shopdetail/28840388/ HTTP/1.1" 200 22279 "-" "Mozilla/5.0 (Linux; Android 6.0.1; Nexus 5X Build/MMB29P) AppleWebKit/537.36 (KHTML, like Gecko) Chrome/138.0.7204.183 Mobile Safari/537.36 (compatible; GoogleOther)"
66.249.79.35 - - [03/Aug/2025:16:16:37 +0300] "GET /shopdetail/5069800/ HTTP/1.1" 200 22315 "-" "Mozilla/5.0 (Linux; Android 6.0.1; Nexus 5X Build/MMB29P) AppleWebKit/537.36 (KHTML, like Gecko) Chrome/138.0.7204.183 Mobile Safari/537.36 (compatible; GoogleOther)"
66.249.79.36 - - [03/Aug/2025:16:16:44 +0300] "GET /shopdetail/21259888/ HTTP/1.1" 200 21861 "-" "Mozilla/5.0 (Linux; Android 6.0.1; Nexus 5X Build/MMB29P) AppleWebKit/537.36 (KHTML, like Gecko) Chrome/138.0.7204.183 Mobile Safari/537.36 (compatible; GoogleOther)"
66.249.79.36 - - [03/Aug/2025:16:16:45 +0300] "GET /shopdetail/1806222/ HTTP/1.1" 200 22288 "-" "Mozilla/5.0 (Linux; Android 6.0.1; Nexus 5X Build/MMB29P) AppleWebKit/537.36 (KHTML, like Gecko) Chrome/138.0.7204.183 Mobile Safari/537.36 (compatible; GoogleOther)"
66.249.79.36 - - [03/Aug/2025:16:16:50 +0300] "GET /shopdetail/21005044/ HTTP/1.1" 200 22190 "-" "Mozilla/5.0 (Linux; Android 6.0.1; Nexus 5X Build/MMB29P) AppleWebKit/537.36 (KHTML, like Gecko) Chrome/138.0.7204.183 Mobile Safari/537.36 (compatible; GoogleOther)"
66.249.79.35 - - [03/Aug/2025:16:16:52 +0300] "GET /shopdetail/14735522/ HTTP/1.1" 200 22135 "-" "Mozilla/5.0 (Linux; Android 6.0.1; Nexus 5X Build/MMB29P) AppleWebKit/537.36 (KHTML, like Gecko) Chrome/138.0.7204.183 Mobile Safari/537.36 (compatible; Googlebot/2.1; +http://www.google.com/bot.html)"
66.249.79.35 - - [03/Aug/2025:16:16:54 +0300] "GET /shopdetail/5631322/ HTTP/1.1" 200 21991 "-" "Mozilla/5.0 (Linux; Android 6.0.1; Nexus 5X Build/MMB29P) AppleWebKit/537.36 (KHTML, like Gecko) Chrome/138.0.7204.183 Mobile Safari/537.36 (compatible; GoogleOther)"
66.249.79.35 - - [03/Aug/2025:16:16:55 +0300] "GET /shopdetail/17613911/ HTTP/1.1" 200 21908 "-" "Mozilla/5.0 (Linux; Android 6.0.1; Nexus 5X Build/MMB29P) AppleWebKit/537.36 (KHTML, like Gecko) Chrome/138.0.7204.183 Mobile Safari/537.36 (compatible; GoogleOther)"
66.249.79.35 - - [03/Aug/2025:16:17:04 +0300] "GET /shopdetail/30766266/ HTTP/1.1" 200 21576 "-" "Mozilla/5.0 (Linux; Android 6.0.1; Nexus 5X Build/MMB29P) AppleWebKit/537.36 (KHTML, like Gecko) Chrome/138.0.7204.183 Mobile Safari/537.36 (compatible; GoogleOther)"
66.249.79.35 - - [03/Aug/2025:16:17:10 +0300] "GET /shopdetail/1620699/ HTTP/1.1" 200 22610 "-" "Mozilla/5.0 (Linux; Android 6.0.1; Nexus 5X Build/MMB29P) AppleWebKit/537.36 (KHTML, like Gecko) Chrome/138.0.7204.183 Mobile Safari/537.36 (compatible; GoogleOther)"
66.249.79.35 - - [03/Aug/2025:16:17:14 +0300] "GET /shopdetail/29009000/ HTTP/1.1" 200 22318 "-" "Mozilla/5.0 (Linux; Android 6.0.1; Nexus 5X Build/MMB29P) AppleWebKit/537.36 (KHTML, like Gecko) Chrome/138.0.7204.183 Mobile Safari/537.36 (compatible; GoogleOther)"
66.249.79.35 - - [03/Aug/2025:16:17:18 +0300] "GET /shopdetail/24737955/ HTTP/1.1" 200 22635 "-" "Mozilla/5.0 (Linux; Android 6.0.1; Nexus 5X Build/MMB29P) AppleWebKit/537.36 (KHTML, like Gecko) Chrome/138.0.7204.183 Mobile Safari/537.36 (compatible; GoogleOther)"
66.249.79.35 - - [03/Aug/2025:16:15:39 +0300] "GET /shopdetail/12739200/ HTTP/1.1" 200 22153 "-" "Mozilla/5.0 (Linux; Android 6.0.1; Nexus 5X Build/MMB29P) AppleWebKit/537.36 (KHTML, like Gecko) Chrome/138.0.7204.183 Mobile Safari/537.36 (compatible; Googlebot/2.1; +http://www.google.com/bot.html)"
66.249.79.36 - - [03/Aug/2025:16:15:56 +0300] "GET /shopdetail/6595477/ HTTP/1.1" 200 22070 "-" "Mozilla/5.0 (Linux; Android 6.0.1; Nexus 5X Build/MMB29P) AppleWebKit/537.36 (KHTML, like Gecko) Chrome/138.0.7204.183 Mobile Safari/537.36 (compatible; GoogleOther)"
66.249.79.37 - - [03/Aug/2025:16:15:56 +0300] "GET /shopdetail/1625011/ HTTP/1.1" 200 22443 "-" "Mozilla/5.0 (Linux; Android 6.0.1; Nexus 5X Build/MMB29P) AppleWebKit/537.36 (KHTML, like Gecko) Chrome/138.0.7204.183 Mobile Safari/537.36 (compatible; GoogleOther)"
66.249.79.35 - - [03/Aug/2025:16:16:01 +0300] "GET /shopdetail/17044088/ HTTP/1.1" 200 22010 "-" "Mozilla/5.0 (Linux; Android 6.0.1; Nexus 5X Build/MMB29P) AppleWebKit/537.36 (KHTML, like Gecko) Chrome/138.0.7204.183 Mobile Safari/537.36 (compatible; Googlebot/2.1; +http://www.google.com/bot.html)"
66.249.79.35 - - [03/Aug/2025:16:16:49 +0300] "GET /shopdetail/8846322/ HTTP/1.1" 200 22695 "-" "Mozilla/5.0 (Linux; Android 6.0.1; Nexus 5X Build/MMB29P) AppleWebKit/537.36 (KHTML, like Gecko) Chrome/138.0.7204.183 Mobile Safari/537.36 (compatible; GoogleOther)"
66.249.79.36 - - [03/Aug/2025:16:16:55 +0300] "GET /shopdetail/3730911/ HTTP/1.1" 200 22089 "-" "Mozilla/5.0 (Linux; Android 6.0.1; Nexus 5X Build/MMB29P) AppleWebKit/537.36 (KHTML, like Gecko) Chrome/138.0.7204.183 Mobile Safari/537.36 (compatible; GoogleOther)"
66.249.79.36 - - [03/Aug/2025:16:16:57 +0300] "GET /shopdetail/27482077/ HTTP/1.1" 200 22561 "-" "Mozilla/5.0 (Linux; Android 6.0.1; Nexus 5X Build/MMB29P) AppleWebKit/537.36 (KHTML, like Gecko) Chrome/138.0.7204.183 Mobile Safari/537.36 (compatible; GoogleOther)"
66.249.79.37 - - [03/Aug/2025:16:17:03 +0300] "GET /shopdetail/24752099/ HTTP/1.1" 200 22571 "-" "Mozilla/5.0 (Linux; Android 6.0.1; Nexus 5X Build/MMB29P) AppleWebKit/537.36 (KHTML, like Gecko) Chrome/138.0.7204.183 Mobile Safari/537.36 (compatible; GoogleOther)"
57.141.6.21 - - [03/Aug/2025:16:17:12 +0300] "GET /shopdetail/2343977/ HTTP/2" 404 105046 "-" "meta-externalagent/1.1 (+https://developers.facebook.com/docs/sharing/webmasters/crawler)"
66.249.79.35 - - [03/Aug/2025:16:17:24 +0300] "GET /shopdetail/6220955/ HTTP/1.1" 200 22569 "-" "Mozilla/5.0 (Linux; Android 6.0.1; Nexus 5X Build/MMB29P) AppleWebKit/537.36 (KHTML, like Gecko) Chrome/138.0.7204.183 Mobile Safari/537.36 (compatible; GoogleOther)"
66.249.79.35 - - [03/Aug/2025:16:17:24 +0300] "GET /shopdetail/2468788/ HTTP/1.1" 200 22599 "-" "Mozilla/5.0 (Linux; Android 6.0.1; Nexus 5X Build/MMB29P) AppleWebKit/537.36 (KHTML, like Gecko) Chrome/138.0.7204.183 Mobile Safari/537.36 (compatible; GoogleOther)"
66.249.79.35 - - [03/Aug/2025:16:17:50 +0300] "GET /shopdetail/4873422/ HTTP/1.1" 200 21986 "-" "Mozilla/5.0 (Linux; Android 6.0.1; Nexus 5X Build/MMB29P) AppleWebKit/537.36 (KHTML, like Gecko) Chrome/138.0.7204.183 Mobile Safari/537.36 (compatible; GoogleOther)"
66.249.79.35 - - [03/Aug/2025:16:17:54 +0300] "GET /shopdetail/9914588/ HTTP/1.1" 200 22137 "-" "Mozilla/5.0 (Linux; Android 6.0.1; Nexus 5X Build/MMB29P) AppleWebKit/537.36 (KHTML, like Gecko) Chrome/138.0.7204.183 Mobile Safari/537.36 (compatible; GoogleOther)"
66.249.79.35 - - [03/Aug/2025:16:17:57 +0300] "GET /shopdetail/28777977/ HTTP/1.1" 200 21977 "-" "Mozilla/5.0 (Linux; Android 6.0.1; Nexus 5X Build/MMB29P) AppleWebKit/537.36 (KHTML, like Gecko) Chrome/138.0.7204.183 Mobile Safari/537.36 (compatible; GoogleOther)"
66.249.79.37 - - [03/Aug/2025:16:18:03 +0300] "GET /shopdetail/4407266/ HTTP/1.1" 200 22380 "-" "Mozilla/5.0 (Linux; Android 6.0.1; Nexus 5X Build/MMB29P) AppleWebKit/537.36 (KHTML, like Gecko) Chrome/138.0.7204.183 Mobile Safari/537.36 (compatible; GoogleOther)"
66.249.79.35 - - [03/Aug/2025:16:17:30 +0300] "GET /shopdetail/28962333/ HTTP/1.1" 200 22616 "-" "Mozilla/5.0 (Linux; Android 6.0.1; Nexus 5X Build/MMB29P) AppleWebKit/537.36 (KHTML, like Gecko) Chrome/138.0.7204.183 Mobile Safari/537.36 (compatible; GoogleOther)"
66.249.79.35 - - [03/Aug/2025:16:17:35 +0300] "GET /shopdetail/4244366/ HTTP/1.1" 200 22303 "-" "Mozilla/5.0 (Linux; Android 6.0.1; Nexus 5X Build/MMB29P) AppleWebKit/537.36 (KHTML, like Gecko) Chrome/138.0.7204.183 Mobile Safari/537.36 (compatible; GoogleOther)"
66.249.79.35 - - [03/Aug/2025:16:17:41 +0300] "GET /shopdetail/12847433/ HTTP/1.1" 200 22555 "-" "Mozilla/5.0 (Linux; Android 6.0.1; Nexus 5X Build/MMB29P) AppleWebKit/537.36 (KHTML, like Gecko) Chrome/138.0.7204.183 Mobile Safari/537.36 (compatible; GoogleOther)"
66.249.79.35 - - [03/Aug/2025:16:17:43 +0300] "GET /shopdetail/14086633/ HTTP/1.1" 200 22826 "-" "Mozilla/5.0 (Linux; Android 6.0.1; Nexus 5X Build/MMB29P) AppleWebKit/537.36 (KHTML, like Gecko) Chrome/138.0.7204.183 Mobile Safari/537.36 (compatible; GoogleOther)"
66.249.79.35 - - [03/Aug/2025:16:17:44 +0300] "GET /shopdetail/29304299/ HTTP/1.1" 200 21999 "-" "Mozilla/5.0 (Linux; Android 6.0.1; Nexus 5X Build/MMB29P) AppleWebKit/537.36 (KHTML, like Gecko) Chrome/138.0.7204.183 Mobile Safari/537.36 (compatible; GoogleOther)"
66.249.79.35 - - [03/Aug/2025:16:17:44 +0300] "GET /shopdetail/6077422/ HTTP/1.1" 200 22533 "-" "Mozilla/5.0 (Linux; Android 6.0.1; Nexus 5X Build/MMB29P) AppleWebKit/537.36 (KHTML, like Gecko) Chrome/138.0.7204.183 Mobile Safari/537.36 (compatible; GoogleOther)"
66.249.79.35 - - [03/Aug/2025:16:18:10 +0300] "GET /shopdetail/31304299/ HTTP/1.1" 200 22132 "-" "Mozilla/5.0 (Linux; Android 6.0.1; Nexus 5X Build/MMB29P) AppleWebKit/537.36 (KHTML, like Gecko) Chrome/138.0.7204.183 Mobile Safari/537.36 (compatible; GoogleOther)"
66.249.79.35 - - [03/Aug/2025:16:18:24 +0300] "GET /shopdetail/27247344/ HTTP/1.1" 200 22545 "-" "Mozilla/5.0 (Linux; Android 6.0.1; Nexus 5X Build/MMB29P) AppleWebKit/537.36 (KHTML, like Gecko) Chrome/138.0.7204.183 Mobile Safari/537.36 (compatible; GoogleOther)"
66.249.79.35 - - [03/Aug/2025:16:18:26 +0300] "GET /shopdetail/9706888/ HTTP/1.1" 200 21970 "-" "Mozilla/5.0 (Linux; Android 6.0.1; Nexus 5X Build/MMB29P) AppleWebKit/537.36 (KHTML, like Gecko) Chrome/138.0.7204.183 Mobile Safari/537.36 (compatible; GoogleOther)"
66.249.79.35 - - [03/Aug/2025:16:18:27 +0300] "GET /shopdetail/4421666/ HTTP/1.1" 200 22286 "-" "Mozilla/5.0 (Linux; Android 6.0.1; Nexus 5X Build/MMB29P) AppleWebKit/537.36 (KHTML, like Gecko) Chrome/138.0.7204.183 Mobile Safari/537.36 (compatible; GoogleOther)"
66.249.79.36 - - [03/Aug/2025:16:18:37 +0300] "GET /shopdetail/29383277/ HTTP/1.1" 200 22015 "-" "Mozilla/5.0 (Linux; Android 6.0.1; Nexus 5X Build/MMB29P) AppleWebKit/537.36 (KHTML, like Gecko) Chrome/138.0.7204.183 Mobile Safari/537.36 (compatible; GoogleOther)"
66.249.79.36 - - [03/Aug/2025:16:18:42 +0300] "GET /shopdetail/28145766/ HTTP/1.1" 200 22558 "-" "Mozilla/5.0 (Linux; Android 6.0.1; Nexus 5X Build/MMB29P) AppleWebKit/537.36 (KHTML, like Gecko) Chrome/138.0.7204.183 Mobile Safari/537.36 (compatible; GoogleOther)"
66.249.79.35 - - [03/Aug/2025:16:18:45 +0300] "GET /shopdetail/4112944/ HTTP/1.1" 200 22618 "-" "Mozilla/5.0 (Linux; Android 6.0.1; Nexus 5X Build/MMB29P) AppleWebKit/537.36 (KHTML, like Gecko) Chrome/138.0.7204.183 Mobile Safari/537.36 (compatible; GoogleOther)"
66.249.79.35 - - [03/Aug/2025:16:18:51 +0300] "GET /shopdetail/8189944/ HTTP/1.1" 200 21967 "-" "Mozilla/5.0 (Linux; Android 6.0.1; Nexus 5X Build/MMB29P) AppleWebKit/537.36 (KHTML, like Gecko) Chrome/138.0.7204.183 Mobile Safari/537.36 (compatible; GoogleOther)"
66.249.79.36 - - [03/Aug/2025:16:18:52 +0300] "GET /shopdetail/4342044/ HTTP/1.1" 200 22176 "-" "Mozilla/5.0 (Linux; Android 6.0.1; Nexus 5X Build/MMB29P) AppleWebKit/537.36 (KHTML, like Gecko) Chrome/138.0.7204.183 Mobile Safari/537.36 (compatible; GoogleOther)"
66.249.79.35 - - [03/Aug/2025:16:18:04 +0300] "GET /shopdetail/6516366/ HTTP/1.1" 200 22209 "-" "Mozilla/5.0 (Linux; Android 6.0.1; Nexus 5X Build/MMB29P) AppleWebKit/537.36 (KHTML, like Gecko) Chrome/138.0.7204.183 Mobile Safari/537.36 (compatible; GoogleOther)"
66.249.79.35 - - [03/Aug/2025:16:18:27 +0300] "GET /shopdetail/12362266/ HTTP/1.1" 200 22811 "-" "Mozilla/5.0 (Linux; Android 6.0.1; Nexus 5X Build/MMB29P) AppleWebKit/537.36 (KHTML, like Gecko) Chrome/138.0.7204.183 Mobile Safari/537.36 (compatible; GoogleOther)"
66.249.79.35 - - [03/Aug/2025:16:18:28 +0300] "GET /shopdetail/22633277/ HTTP/1.1" 200 22201 "-" "Mozilla/5.0 (Linux; Android 6.0.1; Nexus 5X Build/MMB29P) AppleWebKit/537.36 (KHTML, like Gecko) Chrome/138.0.7204.183 Mobile Safari/537.36 (compatible; GoogleOther)"
57.141.6.4 - - [03/Aug/2025:16:18:29 +0300] "GET /wp-content/uploads/2025/02/Manual-Juice-dispenser-3-tank-600x600.png HTTP/2" 200 102776 "-" "meta-externalagent/1.1 (+https://developers.facebook.com/docs/sharing/webmasters/crawler)"
66.249.79.35 - - [03/Aug/2025:16:18:30 +0300] "GET /shopdetail/29839500/ HTTP/1.1" 200 22686 "-" "Mozilla/5.0 (Linux; Android 6.0.1; Nexus 5X Build/MMB29P) AppleWebKit/537.36 (KHTML, like Gecko) Chrome/138.0.7204.183 Mobile Safari/537.36 (compatible; GoogleOther)"
66.249.79.35 - - [03/Aug/2025:16:18:32 +0300] "GET /shopdetail/10521399/ HTTP/1.1" 200 22302 "-" "Mozilla/5.0 (Linux; Android 6.0.1; Nexus 5X Build/MMB29P) AppleWebKit/537.36 (KHTML, like Gecko) Chrome/138.0.7204.183 Mobile Safari/537.36 (compatible; GoogleOther)"
66.249.79.35 - - [03/Aug/2025:16:18:42 +0300] "GET /shopdetail/12521100/ HTTP/1.1" 200 22331 "-" "Mozilla/5.0 (Linux; Android 6.0.1; Nexus 5X Build/MMB29P) AppleWebKit/537.36 (KHTML, like Gecko) Chrome/138.0.7204.183 Mobile Safari/537.36 (compatible; Googlebot/2.1; +http://www.google.com/bot.html)"
66.249.79.35 - - [03/Aug/2025:16:18:58 +0300] "GET /shopdetail/27996088/ HTTP/1.1" 200 22271 "-" "Mozilla/5.0 (Linux; Android 6.0.1; Nexus 5X Build/MMB29P) AppleWebKit/537.36 (KHTML, like Gecko) Chrome/138.0.7204.183 Mobile Safari/537.36 (compatible; GoogleOther)"
66.249.79.37 - - [03/Aug/2025:16:19:02 +0300] "GET /shopdetail/29895244/ HTTP/1.1" 200 22360 "-" "Mozilla/5.0 (Linux; Android 6.0.1; Nexus 5X Build/MMB29P) AppleWebKit/537.36 (KHTML, like Gecko) Chrome/138.0.7204.183 Mobile Safari/537.36 (compatible; GoogleOther)"
66.249.79.35 - - [03/Aug/2025:16:19:04 +0300] "GET /shopdetail/31085444/ HTTP/1.1" 200 22803 "-" "Mozilla/5.0 (Linux; Android 6.0.1; Nexus 5X Build/MMB29P) AppleWebKit/537.36 (KHTML, like Gecko) Chrome/138.0.7204.183 Mobile Safari/537.36 (compatible; GoogleOther)"
66.249.79.35 - - [03/Aug/2025:16:19:18 +0300] "GET /shopdetail/27828500/ HTTP/1.1" 200 22209 "-" "Mozilla/5.0 (Linux; Android 6.0.1; Nexus 5X Build/MMB29P) AppleWebKit/537.36 (KHTML, like Gecko) Chrome/138.0.7204.183 Mobile Safari/537.36 (compatible; GoogleOther)"
66.249.79.35 - - [03/Aug/2025:16:19:21 +0300] "GET /shopdetail/5422799/ HTTP/1.1" 200 22323 "-" "Mozilla/5.0 (Linux; Android 6.0.1; Nexus 5X Build/MMB29P) AppleWebKit/537.36 (KHTML, like Gecko) Chrome/138.0.7204.183 Mobile Safari/537.36 (compatible; GoogleOther)"
66.249.79.35 - - [03/Aug/2025:16:19:24 +0300] "GET /shopdetail/10426122/ HTTP/1.1" 200 22415 "-" "Mozilla/5.0 (Linux; Android 6.0.1; Nexus 5X Build/MMB29P) AppleWebKit/537.36 (KHTML, like Gecko) Chrome/138.0.7204.183 Mobile Safari/537.36 (compatible; GoogleOther)"
66.249.79.35 - - [03/Aug/2025:16:19:31 +0300] "GET /shopdetail/1906555/ HTTP/1.1" 200 22126 "-" "Mozilla/5.0 (Linux; Android 6.0.1; Nexus 5X Build/MMB29P) AppleWebKit/537.36 (KHTML, like Gecko) Chrome/138.0.7204.183 Mobile Safari/537.36 (compatible; GoogleOther)"
66.249.79.35 - - [03/Aug/2025:16:19:39 +0300] "GET /shopdetail/6436111/ HTTP/1.1" 200 22393 "-" "Mozilla/5.0 (Linux; Android 6.0.1; Nexus 5X Build/MMB29P) AppleWebKit/537.36 (KHTML, like Gecko) Chrome/138.0.7204.183 Mobile Safari/537.36 (compatible; GoogleOther)"
40.77.167.7 - - [03/Aug/2025:16:19:09 +0300] "GET /product-tag/commercial-meat-chiller/?orderby=price-desc HTTP/2" 200 23243 "-" "Mozilla/5.0 AppleWebKit/537.36 (KHTML, like Gecko; compatible; bingbot/2.0; +http://www.bing.com/bingbot.htm) Chrome/116.0.1938.76 Safari/537.36"
66.249.79.36 - - [03/Aug/2025:16:19:11 +0300] "GET /shopdetail/26773099/ HTTP/1.1" 200 22292 "-" "Mozilla/5.0 (Linux; Android 6.0.1; Nexus 5X Build/MMB29P) AppleWebKit/537.36 (KHTML, like Gecko) Chrome/138.0.7204.183 Mobile Safari/537.36 (compatible; GoogleOther)"
66.249.79.36 - - [03/Aug/2025:16:19:11 +0300] "GET /shopdetail/6440299/ HTTP/1.1" 200 22765 "-" "Mozilla/5.0 (Linux; Android 6.0.1; Nexus 5X Build/MMB29P) AppleWebKit/537.36 (KHTML, like Gecko) Chrome/138.0.7204.183 Mobile Safari/537.36 (compatible; GoogleOther)"
57.141.6.21 - - [03/Aug/2025:16:19:26 +0300] "GET /shopdetail/25953111/ HTTP/2" 404 105050 "-" "meta-externalagent/1.1 (+https://developers.facebook.com/docs/sharing/webmasters/crawler)"
66.249.79.35 - - [03/Aug/2025:16:19:31 +0300] "GET /shopdetail/6193566/ HTTP/1.1" 200 22017 "-" "Mozilla/5.0 (Linux; Android 6.0.1; Nexus 5X Build/MMB29P) AppleWebKit/537.36 (KHTML, like Gecko) Chrome/138.0.7204.183 Mobile Safari/537.36 (compatible; GoogleOther)"
66.249.79.36 - - [03/Aug/2025:16:20:02 +0300] "GET /shopdetail/2746411/ HTTP/1.1" 200 22173 "-" "Mozilla/5.0 (Linux; Android 6.0.1; Nexus 5X Build/MMB29P) AppleWebKit/537.36 (KHTML, like Gecko) Chrome/138.0.7204.183 Mobile Safari/537.36 (compatible; GoogleOther)"
66.249.79.36 - - [03/Aug/2025:16:20:03 +0300] "GET /shopdetail/19277188/ HTTP/1.1" 200 21857 "-" "Mozilla/5.0 (Linux; Android 6.0.1; Nexus 5X Build/MMB29P) AppleWebKit/537.36 (KHTML, like Gecko) Chrome/138.0.7204.183 Mobile Safari/537.36 (compatible; GoogleOther)"
66.249.79.36 - - [03/Aug/2025:16:20:04 +0300] "GET /shopdetail/29818233/ HTTP/1.1" 200 22469 "-" "Mozilla/5.0 (Linux; Android 6.0.1; Nexus 5X Build/MMB29P) AppleWebKit/537.36 (KHTML, like Gecko) Chrome/138.0.7204.183 Mobile Safari/537.36 (compatible; GoogleOther)"
66.249.79.35 - - [03/Aug/2025:16:20:18 +0300] "GET /shopdetail/28337911/ HTTP/1.1" 200 22233 "-" "Mozilla/5.0 (Linux; Android 6.0.1; Nexus 5X Build/MMB29P) AppleWebKit/537.36 (KHTML, like Gecko) Chrome/138.0.7204.183 Mobile Safari/537.36 (compatible; GoogleOther)"
66.249.79.35 - - [03/Aug/2025:16:20:20 +0300] "GET /shopdetail/24704900/ HTTP/1.1" 200 22102 "-" "Mozilla/5.0 (Linux; Android 6.0.1; Nexus 5X Build/MMB29P) AppleWebKit/537.36 (KHTML, like Gecko) Chrome/138.0.7204.183 Mobile Safari/537.36 (compatible; GoogleOther)"
66.249.79.35 - - [03/Aug/2025:16:20:26 +0300] "GET /shopdetail/29818233/ HTTP/1.1" 200 22469 "-" "Mozilla/5.0 (Linux; Android 6.0.1; Nexus 5X Build/MMB29P) AppleWebKit/537.36 (KHTML, like Gecko) Chrome/138.0.7204.183 Mobile Safari/537.36 (compatible; Googlebot/2.1; +http://www.google.com/bot.html)"
66.249.79.35 - - [03/Aug/2025:16:20:29 +0300] "GET /shopdetail/27241422/ HTTP/1.1" 200 21796 "-" "Mozilla/5.0 (Linux; Android 6.0.1; Nexus 5X Build/MMB29P) AppleWebKit/537.36 (KHTML, like Gecko) Chrome/138.0.7204.183 Mobile Safari/537.36 (compatible; GoogleOther)"
57.141.6.9 - - [03/Aug/2025:16:20:33 +0300] "GET /shopdetail/10362044/ HTTP/2" 404 105050 "-" "meta-externalagent/1.1 (+https://developers.facebook.com/docs/sharing/webmasters/crawler)"
66.249.79.36 - - [03/Aug/2025:16:20:45 +0300] "GET /shopdetail/12996388/ HTTP/1.1" 200 21757 "-" "Mozilla/5.0 (Linux; Android 6.0.1; Nexus 5X Build/MMB29P) AppleWebKit/537.36 (KHTML, like Gecko) Chrome/138.0.7204.183 Mobile Safari/537.36 (compatible; GoogleOther)"
66.249.79.35 - - [03/Aug/2025:16:20:58 +0300] "GET /shopdetail/26170600/ HTTP/1.1" 200 21999 "-" "Mozilla/5.0 (Linux; Android 6.0.1; Nexus 5X Build/MMB29P) AppleWebKit/537.36 (KHTML, like Gecko) Chrome/138.0.7204.183 Mobile Safari/537.36 (compatible; GoogleOther)"
66.249.79.35 - - [03/Aug/2025:16:19:42 +0300] "GET /shopdetail/24486200/ HTTP/1.1" 200 22258 "-" "Mozilla/5.0 (Linux; Android 6.0.1; Nexus 5X Build/MMB29P) AppleWebKit/537.36 (KHTML, like Gecko) Chrome/138.0.7204.183 Mobile Safari/537.36 (compatible; GoogleOther)"
66.249.79.35 - - [03/Aug/2025:16:19:44 +0300] "GET /shopdetail/30760188/ HTTP/1.1" 200 22392 "-" "Mozilla/5.0 (Linux; Android 6.0.1; Nexus 5X Build/MMB29P) AppleWebKit/537.36 (KHTML, like Gecko) Chrome/138.0.7204.183 Mobile Safari/537.36 (compatible; GoogleOther)"
66.249.79.35 - - [03/Aug/2025:16:19:51 +0300] "GET /shopdetail/27793077/ HTTP/1.1" 200 22200 "-" "Mozilla/5.0 (Linux; Android 6.0.1; Nexus 5X Build/MMB29P) AppleWebKit/537.36 (KHTML, like Gecko) Chrome/138.0.7204.183 Mobile Safari/537.36 (compatible; GoogleOther)"
66.249.79.35 - - [03/Aug/2025:16:19:51 +0300] "GET /shopdetail/28041433/ HTTP/1.1" 200 22595 "-" "Mozilla/5.0 (Linux; Android 6.0.1; Nexus 5X Build/MMB29P) AppleWebKit/537.36 (KHTML, like Gecko) Chrome/138.0.7204.183 Mobile Safari/537.36 (compatible; GoogleOther)"
66.249.79.35 - - [03/Aug/2025:16:20:10 +0300] "GET /shopdetail/3411044/ HTTP/1.1" 200 22251 "-" "Mozilla/5.0 (Linux; Android 6.0.1; Nexus 5X Build/MMB29P) AppleWebKit/537.36 (KHTML, like Gecko) Chrome/138.0.7204.183 Mobile Safari/537.36 (compatible; GoogleOther)"
66.249.79.35 - - [03/Aug/2025:16:20:38 +0300] "GET /shopdetail/10593199/ HTTP/1.1" 200 22600 "-" "Mozilla/5.0 (Linux; Android 6.0.1; Nexus 5X Build/MMB29P) AppleWebKit/537.36 (KHTML, like Gecko) Chrome/138.0.7204.183 Mobile Safari/537.36 (compatible; GoogleOther)"
66.249.79.35 - - [03/Aug/2025:16:20:39 +0300] "GET /shopdetail/3336444/ HTTP/1.1" 200 22084 "-" "Mozilla/5.0 (Linux; Android 6.0.1; Nexus 5X Build/MMB29P) AppleWebKit/537.36 (KHTML, like Gecko) Chrome/138.0.7204.183 Mobile Safari/537.36 (compatible; GoogleOther)"
66.249.79.35 - - [03/Aug/2025:16:20:53 +0300] "GET /shopdetail/12195955/ HTTP/1.1" 200 22044 "-" "Mozilla/5.0 (Linux; Android 6.0.1; Nexus 5X Build/MMB29P) AppleWebKit/537.36 (KHTML, like Gecko) Chrome/138.0.7204.183 Mobile Safari/537.36 (compatible; GoogleOther)"
66.249.79.35 - - [03/Aug/2025:16:21:12 +0300] "GET /shopdetail/25118799/ HTTP/1.1" 200 22308 "-" "Mozilla/5.0 (Linux; Android 6.0.1; Nexus 5X Build/MMB29P) AppleWebKit/537.36 (KHTML, like Gecko) Chrome/138.0.7204.183 Mobile Safari/537.36 (compatible; GoogleOther)"
66.249.79.35 - - [03/Aug/2025:16:21:16 +0300] "GET /shopdetail/8229322/ HTTP/1.1" 200 22444 "-" "Mozilla/5.0 (Linux; Android 6.0.1; Nexus 5X Build/MMB29P) AppleWebKit/537.36 (KHTML, like Gecko) Chrome/138.0.7204.183 Mobile Safari/537.36 (compatible; Googlebot/2.1; +http://www.google.com/bot.html)"
104.210.140.138 - - [03/Aug/2025:16:21:17 +0300] "GET /robots.txt HTTP/2" 200 80 "-" "Mozilla/5.0 (Macintosh; Intel Mac OS X 10_15_7) AppleWebKit/537.36 (KHTML, like Gecko) Chrome/131.0.0.0 Safari/537.36; compatible; OAI-SearchBot/1.0; +https://openai.com/searchbot"
66.249.79.35 - - [03/Aug/2025:16:21:26 +0300] "GET /shopdetail/3732388/ HTTP/1.1" 200 22116 "-" "Mozilla/5.0 (Linux; Android 6.0.1; Nexus 5X Build/MMB29P) AppleWebKit/537.36 (KHTML, like Gecko) Chrome/138.0.7204.183 Mobile Safari/537.36 (compatible; GoogleOther)"
66.249.79.35 - - [03/Aug/2025:16:21:28 +0300] "GET /shopdetail/9407188/ HTTP/1.1" 200 21991 "-" "Mozilla/5.0 (Linux; Android 6.0.1; Nexus 5X Build/MMB29P) AppleWebKit/537.36 (KHTML, like Gecko) Chrome/138.0.7204.183 Mobile Safari/537.36 (compatible; GoogleOther)"
66.249.79.35 - - [03/Aug/2025:16:21:31 +0300] "GET /shopdetail/24410277/ HTTP/1.1" 200 21626 "-" "Mozilla/5.0 (Linux; Android 6.0.1; Nexus 5X Build/MMB29P) AppleWebKit/537.36 (KHTML, like Gecko) Chrome/138.0.7204.183 Mobile Safari/537.36 (compatible; GoogleOther)"
66.249.79.35 - - [03/Aug/2025:16:21:32 +0300] "GET /shopdetail/20572611/ HTTP/1.1" 200 22543 "-" "Mozilla/5.0 (Linux; Android 6.0.1; Nexus 5X Build/MMB29P) AppleWebKit/537.36 (KHTML, like Gecko) Chrome/138.0.7204.183 Mobile Safari/537.36 (compatible; GoogleOther)"
66.249.79.35 - - [03/Aug/2025:16:20:59 +0300] "GET /shopdetail/26749799/ HTTP/1.1" 200 22325 "-" "Mozilla/5.0 (Linux; Android 6.0.1; Nexus 5X Build/MMB29P) AppleWebKit/537.36 (KHTML, like Gecko) Chrome/138.0.7204.183 Mobile Safari/537.36 (compatible; GoogleOther)"
66.249.79.36 - - [03/Aug/2025:16:21:04 +0300] "GET /shopdetail/3828222/ HTTP/1.1" 200 22837 "-" "Mozilla/5.0 (Linux; Android 6.0.1; Nexus 5X Build/MMB29P) AppleWebKit/537.36 (KHTML, like Gecko) Chrome/138.0.7204.183 Mobile Safari/537.36 (compatible; GoogleOther)"
66.249.79.36 - - [03/Aug/2025:16:21:09 +0300] "GET /shopdetail/29943422/ HTTP/1.1" 200 22285 "-" "Mozilla/5.0 (Linux; Android 6.0.1; Nexus 5X Build/MMB29P) AppleWebKit/537.36 (KHTML, like Gecko) Chrome/138.0.7204.183 Mobile Safari/537.36 (compatible; GoogleOther)"
66.249.79.35 - - [03/Aug/2025:16:21:19 +0300] "GET /shopdetail/7243644/ HTTP/1.1" 200 21719 "-" "Mozilla/5.0 (Linux; Android 6.0.1; Nexus 5X Build/MMB29P) AppleWebKit/537.36 (KHTML, like Gecko) Chrome/138.0.7204.183 Mobile Safari/537.36 (compatible; GoogleOther)"
66.249.79.35 - - [03/Aug/2025:16:21:38 +0300] "GET /shopdetail/28205433/ HTTP/1.1" 200 22045 "-" "Mozilla/5.0 (Linux; Android 6.0.1; Nexus 5X Build/MMB29P) AppleWebKit/537.36 (KHTML, like Gecko) Chrome/138.0.7204.183 Mobile Safari/537.36 (compatible; GoogleOther)"
57.141.6.24 - - [03/Aug/2025:16:21:37 +0300] "GET /shopdetail/26082111/ HTTP/2" 404 105050 "-" "meta-externalagent/1.1 (+https://developers.facebook.com/docs/sharing/webmasters/crawler)"
66.249.79.35 - - [03/Aug/2025:16:21:58 +0300] "GET /shopdetail/9303833/ HTTP/1.1" 200 22382 "-" "Mozilla/5.0 (Linux; Android 6.0.1; Nexus 5X Build/MMB29P) AppleWebKit/537.36 (KHTML, like Gecko) Chrome/138.0.7204.183 Mobile Safari/537.36 (compatible; GoogleOther)"
66.249.79.36 - - [03/Aug/2025:16:22:08 +0300] "GET /shopdetail/17871366/ HTTP/1.1" 200 21593 "-" "Mozilla/5.0 (Linux; Android 6.0.1; Nexus 5X Build/MMB29P) AppleWebKit/537.36 (KHTML, like Gecko) Chrome/138.0.7204.183 Mobile Safari/537.36 (compatible; GoogleOther)"
66.249.79.35 - - [03/Aug/2025:16:22:12 +0300] "GET /shopdetail/2720000/ HTTP/1.1" 200 22562 "-" "Mozilla/5.0 (Linux; Android 6.0.1; Nexus 5X Build/MMB29P) AppleWebKit/537.36 (KHTML, like Gecko) Chrome/138.0.7204.183 Mobile Safari/537.36 (compatible; GoogleOther)"
57.141.6.5 - - [03/Aug/2025:16:22:39 +0300] "GET /shopdetail/4827200/ HTTP/2" 404 105046 "-" "meta-externalagent/1.1 (+https://developers.facebook.com/docs/sharing/webmasters/crawler)"
66.249.79.35 - - [03/Aug/2025:16:22:47 +0300] "GET /shopdetail/30987088/ HTTP/1.1" 200 22376 "-" "Mozilla/5.0 (Linux; Android 6.0.1; Nexus 5X Build/MMB29P) AppleWebKit/537.36 (KHTML, like Gecko) Chrome/138.0.7204.183 Mobile Safari/537.36 (compatible; GoogleOther)"
66.249.79.35 - - [03/Aug/2025:16:22:50 +0300] "GET /shopdetail/10341877/ HTTP/1.1" 200 21870 "-" "Mozilla/5.0 (Linux; Android 6.0.1; Nexus 5X Build/MMB29P) AppleWebKit/537.36 (KHTML, like Gecko) Chrome/138.0.7204.183 Mobile Safari/537.36 (compatible; Googlebot/2.1; +http://www.google.com/bot.html)"
66.249.79.37 - - [03/Aug/2025:16:23:02 +0300] "GET /product_tag-sitemap.xml HTTP/1.1" 200 1641 "-" "Mozilla/5.0 (compatible; Googlebot/2.1; +http://www.google.com/bot.html)"
66.249.79.36 - - [03/Aug/2025:16:23:06 +0300] "GET /shopdetail/3424066/ HTTP/1.1" 200 22030 "-" "Mozilla/5.0 (Linux; Android 6.0.1; Nexus 5X Build/MMB29P) AppleWebKit/537.36 (KHTML, like Gecko) Chrome/138.0.7204.183 Mobile Safari/537.36 (compatible; GoogleOther)"
66.249.79.35 - - [03/Aug/2025:16:23:16 +0300] "GET /shopdetail/17245399/ HTTP/1.1" 200 22111 "-" "Mozilla/5.0 (Linux; Android 6.0.1; Nexus 5X Build/MMB29P) AppleWebKit/537.36 (KHTML, like Gecko) Chrome/138.0.7204.183 Mobile Safari/537.36 (compatible; GoogleOther)"
66.249.79.35 - - [03/Aug/2025:16:23:20 +0300] "GET /product_cat-sitemap.xml HTTP/1.1" 200 1666 "-" "Mozilla/5.0 (compatible; Googlebot/2.1; +http://www.google.com/bot.html)"
66.249.79.35 - - [03/Aug/2025:16:21:48 +0300] "GET /shopdetail/29965188/ HTTP/1.1" 200 22102 "-" "Mozilla/5.0 (Linux; Android 6.0.1; Nexus 5X Build/MMB29P) AppleWebKit/537.36 (KHTML, like Gecko) Chrome/138.0.7204.183 Mobile Safari/537.36 (compatible; GoogleOther)"
66.249.79.35 - - [03/Aug/2025:16:22:16 +0300] "GET /shopdetail/1619455/ HTTP/1.1" 200 22537 "-" "Mozilla/5.0 (Linux; Android 6.0.1; Nexus 5X Build/MMB29P) AppleWebKit/537.36 (KHTML, like Gecko) Chrome/138.0.7204.183 Mobile Safari/537.36 (compatible; GoogleOther)"
66.249.79.35 - - [03/Aug/2025:16:22:17 +0300] "GET /shopdetail/25186811/ HTTP/1.1" 200 22192 "-" "Mozilla/5.0 (Linux; Android 6.0.1; Nexus 5X Build/MMB29P) AppleWebKit/537.36 (KHTML, like Gecko) Chrome/138.0.7204.183 Mobile Safari/537.36 (compatible; GoogleOther)"
66.249.79.35 - - [03/Aug/2025:16:22:21 +0300] "GET /shopdetail/6855099/ HTTP/1.1" 200 22250 "-" "Mozilla/5.0 (Linux; Android 6.0.1; Nexus 5X Build/MMB29P) AppleWebKit/537.36 (KHTML, like Gecko) Chrome/138.0.7204.183 Mobile Safari/537.36 (compatible; GoogleOther)"
66.249.79.35 - - [03/Aug/2025:16:22:27 +0300] "GET /shopdetail/3988700/ HTTP/1.1" 200 21802 "-" "Mozilla/5.0 (Linux; Android 6.0.1; Nexus 5X Build/MMB29P) AppleWebKit/537.36 (KHTML, like Gecko) Chrome/138.0.7204.183 Mobile Safari/537.36 (compatible; GoogleOther)"
66.249.79.35 - - [03/Aug/2025:16:22:37 +0300] "GET /shopdetail/2311499/ HTTP/1.1" 200 21841 "-" "Mozilla/5.0 (Linux; Android 6.0.1; Nexus 5X Build/MMB29P) AppleWebKit/537.36 (KHTML, like Gecko) Chrome/138.0.7204.183 Mobile Safari/537.36 (compatible; GoogleOther)"
66.249.79.35 - - [03/Aug/2025:16:22:56 +0300] "GET /shopdetail/24538666/ HTTP/1.1" 200 23193 "-" "Mozilla/5.0 (Linux; Android 6.0.1; Nexus 5X Build/MMB29P) AppleWebKit/537.36 (KHTML, like Gecko) Chrome/138.0.7204.183 Mobile Safari/537.36 (compatible; GoogleOther)"
66.249.79.35 - - [03/Aug/2025:16:23:05 +0300] "GET /shopdetail/26428211/ HTTP/1.1" 200 22747 "-" "Mozilla/5.0 (Linux; Android 6.0.1; Nexus 5X Build/MMB29P) AppleWebKit/537.36 (KHTML, like Gecko) Chrome/138.0.7204.183 Mobile Safari/537.36 (compatible; GoogleOther)"
66.249.79.35 - - [03/Aug/2025:16:23:28 +0300] "GET /shopdetail/1616899/ HTTP/1.1" 200 22172 "-" "Mozilla/5.0 (Linux; Android 6.0.1; Nexus 5X Build/MMB29P) AppleWebKit/537.36 (KHTML, like Gecko) Chrome/138.0.7204.183 Mobile Safari/537.36 (compatible; GoogleOther)"
166.108.233.123 - - [03/Aug/2025:16:23:31 +0300] "GET /product-tag/tandoori-grill/ HTTP/2" 200 22004 "https://silvercommercialkitchen.com/product-tag/tandoori-grill/" "Mozilla/5.0 (Macintosh; Intel Mac OS X 10_15_7) AppleWebKit/537.36 (KHTML, like Gecko) Chrome/123.0.0.0 Safari/537.36"
66.249.79.35 - - [03/Aug/2025:16:23:35 +0300] "GET /shopdetail/30523077/ HTTP/1.1" 200 22620 "-" "Mozilla/5.0 (Linux; Android 6.0.1; Nexus 5X Build/MMB29P) AppleWebKit/537.36 (KHTML, like Gecko) Chrome/138.0.7204.183 Mobile Safari/537.36 (compatible; GoogleOther)"
57.141.6.16 - - [03/Aug/2025:16:23:36 +0300] "GET /shopdetail/25491211/ HTTP/2" 404 105050 "-" "meta-externalagent/1.1 (+https://developers.facebook.com/docs/sharing/webmasters/crawler)"
66.249.79.35 - - [03/Aug/2025:16:23:39 +0300] "GET /shopdetail/23605877/ HTTP/1.1" 200 21826 "-" "Mozilla/5.0 (Linux; Android 6.0.1; Nexus 5X Build/MMB29P) AppleWebKit/537.36 (KHTML, like Gecko) Chrome/138.0.7204.183 Mobile Safari/537.36 (compatible; GoogleOther)"
66.249.79.35 - - [03/Aug/2025:16:23:45 +0300] "GET /shopdetail/7776222/ HTTP/1.1" 200 22400 "-" "Mozilla/5.0 (Linux; Android 6.0.1; Nexus 5X Build/MMB29P) AppleWebKit/537.36 (KHTML, like Gecko) Chrome/138.0.7204.183 Mobile Safari/537.36 (compatible; GoogleOther)"
66.249.79.35 - - [03/Aug/2025:16:24:40 +0300] "GET /shopdetail/11494322/ HTTP/1.1" 200 22244 "-" "Mozilla/5.0 (Linux; Android 6.0.1; Nexus 5X Build/MMB29P) AppleWebKit/537.36 (KHTML, like Gecko) Chrome/138.0.7204.183 Mobile Safari/537.36 (compatible; GoogleOther)"
66.249.79.35 - - [03/Aug/2025:16:23:26 +0300] "GET /shopdetail/2169422/ HTTP/1.1" 200 22612 "-" "Mozilla/5.0 (Linux; Android 6.0.1; Nexus 5X Build/MMB29P) AppleWebKit/537.36 (KHTML, like Gecko) Chrome/138.0.7204.183 Mobile Safari/537.36 (compatible; Googlebot/2.1; +http://www.google.com/bot.html)"
66.249.79.35 - - [03/Aug/2025:16:23:52 +0300] "GET /shopdetail/11617300/ HTTP/1.1" 200 23251 "-" "Mozilla/5.0 (Linux; Android 6.0.1; Nexus 5X Build/MMB29P) AppleWebKit/537.36 (KHTML, like Gecko) Chrome/138.0.7204.183 Mobile Safari/537.36 (compatible; GoogleOther)"
66.249.79.35 - - [03/Aug/2025:16:23:55 +0300] "GET /shopdetail/27636700/ HTTP/1.1" 200 21692 "-" "Mozilla/5.0 (Linux; Android 6.0.1; Nexus 5X Build/MMB29P) AppleWebKit/537.36 (KHTML, like Gecko) Chrome/138.0.7204.183 Mobile Safari/537.36 (compatible; GoogleOther)"
66.249.79.35 - - [03/Aug/2025:16:24:04 +0300] "GET /shopdetail/11707422/ HTTP/1.1" 200 21765 "-" "Mozilla/5.0 (Linux; Android 6.0.1; Nexus 5X Build/MMB29P) AppleWebKit/537.36 (KHTML, like Gecko) Chrome/138.0.7204.183 Mobile Safari/537.36 (compatible; GoogleOther)"
66.249.79.35 - - [03/Aug/2025:16:24:14 +0300] "GET /shopdetail/20815111/ HTTP/1.1" 200 22219 "-" "Mozilla/5.0 (Linux; Android 6.0.1; Nexus 5X Build/MMB29P) AppleWebKit/537.36 (KHTML, like Gecko) Chrome/138.0.7204.183 Mobile Safari/537.36 (compatible; GoogleOther)"
66.249.79.35 - - [03/Aug/2025:16:24:24 +0300] "GET /shopdetail/1806711/ HTTP/1.1" 200 22878 "-" "Mozilla/5.0 (Linux; Android 6.0.1; Nexus 5X Build/MMB29P) AppleWebKit/537.36 (KHTML, like Gecko) Chrome/138.0.7204.183 Mobile Safari/537.36 (compatible; GoogleOther)"
66.249.79.35 - - [03/Aug/2025:16:24:26 +0300] "GET /shopdetail/23360066/ HTTP/1.1" 200 22391 "-" "Mozilla/5.0 (Linux; Android 6.0.1; Nexus 5X Build/MMB29P) AppleWebKit/537.36 (KHTML, like Gecko) Chrome/138.0.7204.183 Mobile Safari/537.36 (compatible; GoogleOther)"
66.249.79.35 - - [03/Aug/2025:16:24:34 +0300] "GET /shopdetail/7615933/ HTTP/1.1" 200 22442 "-" "Mozilla/5.0 (Linux; Android 6.0.1; Nexus 5X Build/MMB29P) AppleWebKit/537.36 (KHTML, like Gecko) Chrome/138.0.7204.183 Mobile Safari/537.36 (compatible; GoogleOther)"
57.141.6.13 - - [03/Aug/2025:16:24:37 +0300] "GET /shopdetail/26046111/ HTTP/2" 404 105050 "-" "meta-externalagent/1.1 (+https://developers.facebook.com/docs/sharing/webmasters/crawler)"
66.249.79.35 - - [03/Aug/2025:16:24:39 +0300] "GET /shopdetail/23303711/ HTTP/1.1" 200 22081 "-" "Mozilla/5.0 (Linux; Android 6.0.1; Nexus 5X Build/MMB29P) AppleWebKit/537.36 (KHTML, like Gecko) Chrome/138.0.7204.183 Mobile Safari/537.36 (compatible; GoogleOther)"
66.249.79.35 - - [03/Aug/2025:16:24:46 +0300] "GET /shopdetail/8750066/ HTTP/1.1" 200 21786 "-" "Mozilla/5.0 (Linux; Android 6.0.1; Nexus 5X Build/MMB29P) AppleWebKit/537.36 (KHTML, like Gecko) Chrome/138.0.7204.183 Mobile Safari/537.36 (compatible; Googlebot/2.1; +http://www.google.com/bot.html)"
66.249.79.36 - - [03/Aug/2025:16:24:59 +0300] "GET /shopdetail/11378855/ HTTP/1.1" 200 22413 "-" "Mozilla/5.0 (Linux; Android 6.0.1; Nexus 5X Build/MMB29P) AppleWebKit/537.36 (KHTML, like Gecko) Chrome/138.0.7204.183 Mobile Safari/537.36 (compatible; GoogleOther)"
66.249.79.35 - - [03/Aug/2025:16:25:17 +0300] "GET /shopdetail/30997600/ HTTP/1.1" 200 21782 "-" "Mozilla/5.0 (Linux; Android 6.0.1; Nexus 5X Build/MMB29P) AppleWebKit/537.36 (KHTML, like Gecko) Chrome/138.0.7204.183 Mobile Safari/537.36 (compatible; GoogleOther)"
66.249.79.35 - - [03/Aug/2025:16:25:32 +0300] "GET /shopdetail/22945377/ HTTP/1.1" 200 22582 "-" "Mozilla/5.0 (Linux; Android 6.0.1; Nexus 5X Build/MMB29P) AppleWebKit/537.36 (KHTML, like Gecko) Chrome/138.0.7204.183 Mobile Safari/537.36 (compatible; GoogleOther)"
66.249.79.35 - - [03/Aug/2025:16:25:34 +0300] "GET /shopdetail/1899011/ HTTP/1.1" 200 23023 "-" "Mozilla/5.0 (Linux; Android 6.0.1; Nexus 5X Build/MMB29P) AppleWebKit/537.36 (KHTML, like Gecko) Chrome/138.0.7204.183 Mobile Safari/537.36 (compatible; GoogleOther)"
66.249.79.35 - - [03/Aug/2025:16:24:41 +0300] "GET /shopdetail/8852777/ HTTP/1.1" 200 21968 "-" "Mozilla/5.0 (Linux; Android 6.0.1; Nexus 5X Build/MMB29P) AppleWebKit/537.36 (KHTML, like Gecko) Chrome/138.0.7204.183 Mobile Safari/537.36 (compatible; GoogleOther)"
66.249.79.35 - - [03/Aug/2025:16:24:45 +0300] "GET /shopdetail/7750133/ HTTP/1.1" 200 22221 "-" "Mozilla/5.0 (Linux; Android 6.0.1; Nexus 5X Build/MMB29P) AppleWebKit/537.36 (KHTML, like Gecko) Chrome/138.0.7204.183 Mobile Safari/537.36 (compatible; GoogleOther)"
66.249.79.35 - - [03/Aug/2025:16:24:57 +0300] "GET /shopdetail/24209844/ HTTP/1.1" 200 22482 "-" "Mozilla/5.0 (Linux; Android 6.0.1; Nexus 5X Build/MMB29P) AppleWebKit/537.36 (KHTML, like Gecko) Chrome/138.0.7204.183 Mobile Safari/537.36 (compatible; GoogleOther)"
