20.39.202.118 - - [04/Aug/2025:00:22:09 +0300] "GET /wp-includes/SimplePie/wp-conflg.php HTTP/1.1" 404 105010 "-" "-"
20.39.202.118 - - [04/Aug/2025:00:22:11 +0300] "GET /wp-content/wp-configs.php HTTP/1.1" 404 104966 "-" "-"
20.39.202.118 - - [04/Aug/2025:00:22:24 +0300] "GET /wp-admin/user/index.php HTTP/1.1" 302 0 "-" "-"
20.39.202.118 - - [04/Aug/2025:00:22:39 +0300] "GET /wp-content/upgrade-temp-backup/alfa-rex.php HTTP/1.1" 404 105042 "-" "-"
20.39.202.118 - - [04/Aug/2025:00:22:43 +0300] "GET /.well-known/pki-validation/jp.php HTTP/1.1" 404 796 "-" "-"
20.39.202.118 - - [04/Aug/2025:00:22:44 +0300] "GET /wp-includes/Requests/Response/siteindex.php HTTP/1.1" 404 105046 "-" "-"
20.39.202.118 - - [04/Aug/2025:00:22:46 +0300] "GET /wp-includes/blocks/wp-conflg.php HTTP/1.1" 404 104998 "-" "-"
20.39.202.118 - - [04/Aug/2025:00:22:49 +0300] "GET /wp-admin/tools.php HTTP/1.1" 302 0 "-" "-"
20.39.202.118 - - [04/Aug/2025:00:23:00 +0300] "GET /.well-known/themes.php HTTP/1.1" 404 104954 "-" "-"
20.39.202.118 - - [04/Aug/2025:00:23:02 +0300] "GET /wp-includes/mah.php HTTP/1.1" 404 104942 "-" "-"
20.39.202.118 - - [04/Aug/2025:00:23:05 +0300] "GET /wp-includes/pomo/install.php HTTP/1.1" 404 104982 "-" "-"
20.39.202.118 - - [04/Aug/2025:00:23:07 +0300] "GET /wp-includes/packed.php HTTP/1.1" 404 104954 "-" "-"
20.39.202.118 - - [04/Aug/2025:00:23:09 +0300] "GET /simple.php HTTP/1.1" 404 104902 "-" "-"
20.39.202.118 - - [04/Aug/2025:00:23:12 +0300] "GET /wp-admin/css/index.php HTTP/1.1" 301 0 "-" "-"
20.39.202.118 - - [04/Aug/2025:00:23:13 +0300] "GET /wp-admin/css/ HTTP/1.1" 200 29281 "-" "-"
216.244.66.202 - - [04/Aug/2025:00:28:35 +0300] "GET /product-tag/meat-fridge/ HTTP/1.1" 403 0 "-" "Mozilla/5.0 (compatible; DotBot/1.2; +https://opensiteexplorer.org/dotbot; help@moz.com)"
216.244.66.202 - - [04/Aug/2025:00:28:55 +0300] "GET /product-tag/portable-weighing-scale/ HTTP/1.1" 403 0 "-" "Mozilla/5.0 (compatible; DotBot/1.2; +https://opensiteexplorer.org/dotbot; help@moz.com)"
58.136.169.71 - - [04/Aug/2025:00:32:00 +0300] "GET /wp-json/wp/v2/posts HTTP/1.1" 200 0 "-" "Mozilla/5.0 (Windows NT 10.0; Win64; x64) AppleWebKit/537.36 (KHTML, like Gecko) Chrome/120.0.0.0 Safari/537.36"
179.53.219.150 - - [04/Aug/2025:00:32:11 +0300] "GET /wp-json/wp/v2/posts HTTP/1.1" 200 0 "-" "Mozilla/5.0 (Windows NT 10.0; Win64; x64) AppleWebKit/537.36 (KHTML, like Gecko) Chrome/120.0.0.0 Safari/537.36"
216.244.66.202 - - [04/Aug/2025:00:39:42 +0300] "GET /product-category/institutional-appliances/page/2/?add_to_compare=4044 HTTP/1.1" 403 0 "-" "Mozilla/5.0 (compatible; DotBot/1.2; +https://opensiteexplorer.org/dotbot; help@moz.com)"
216.244.66.202 - - [04/Aug/2025:00:52:02 +0300] "GET /shop/page/6/?add_to_compare=3995 HTTP/1.1" 403 0 "-" "Mozilla/5.0 (compatible; DotBot/1.2; +https://opensiteexplorer.org/dotbot; help@moz.com)"
216.244.66.202 - - [04/Aug/2025:00:52:32 +0300] "GET /shop/page/6/?add_to_compare=3764 HTTP/1.1" 403 0 "-" "Mozilla/5.0 (compatible; DotBot/1.2; +https://opensiteexplorer.org/dotbot; help@moz.com)"
149.88.26.14 - - [04/Aug/2025:01:01:54 +0300] "GET / HTTP/1.1" 301 0 "-" "Mozilla/5.0 (Windows NT 10.0; Win64; x64) AppleWebKit/537.36 (KHTML, like Gecko) Chrome/96.0.4664.175 Safari/537.36"
216.244.66.202 - - [04/Aug/2025:01:17:15 +0300] "GET /product-tag/4ft-meat-chiller/ HTTP/1.1" 403 0 "-" "Mozilla/5.0 (compatible; DotBot/1.2; +https://opensiteexplorer.org/dotbot; help@moz.com)"
216.244.66.202 - - [04/Aug/2025:01:17:29 +0300] "GET /product-tag/handheld-bone-saw/ HTTP/1.1" 403 0 "-" "Mozilla/5.0 (compatible; DotBot/1.2; +https://opensiteexplorer.org/dotbot; help@moz.com)"
216.244.66.202 - - [04/Aug/2025:01:20:08 +0300] "GET /shop/page/10/?add-to-cart=4795 HTTP/1.1" 403 0 "-" "Mozilla/5.0 (compatible; DotBot/1.2; +https://opensiteexplorer.org/dotbot; help@moz.com)"
216.244.66.202 - - [04/Aug/2025:01:20:38 +0300] "GET /shop/page/8/?add-to-cart=3873 HTTP/1.1" 403 0 "-" "Mozilla/5.0 (compatible; DotBot/1.2; +https://opensiteexplorer.org/dotbot; help@moz.com)"
216.244.66.202 - - [04/Aug/2025:01:30:21 +0300] "GET /product/wall-mounted-sluice-sink/feed/ HTTP/1.1" 403 0 "-" "Mozilla/5.0 (compatible; DotBot/1.2; +https://opensiteexplorer.org/dotbot; help@moz.com)"
216.244.66.202 - - [04/Aug/2025:01:36:49 +0300] "GET /shop/page/6/?add-to-cart=4099 HTTP/1.1" 403 0 "-" "Mozilla/5.0 (compatible; DotBot/1.2; +https://opensiteexplorer.org/dotbot; help@moz.com)"
216.244.66.202 - - [04/Aug/2025:01:40:22 +0300] "GET /product/meat-chiller-4ft/?add-to-wishlist=3759 HTTP/1.1" 403 0 "-" "Mozilla/5.0 (compatible; DotBot/1.2; +https://opensiteexplorer.org/dotbot; help@moz.com)"
216.244.66.202 - - [04/Aug/2025:01:40:54 +0300] "GET /product/table-top-ice-cream-machine/?add_to_compare=3932 HTTP/1.1" 403 0 "-" "Mozilla/5.0 (compatible; DotBot/1.2; +https://opensiteexplorer.org/dotbot; help@moz.com)"
216.244.66.202 - - [04/Aug/2025:01:41:26 +0300] "GET /product-category/kitchen-equipment/smallware/?add_to_compare=3876 HTTP/1.1" 403 0 "-" "Mozilla/5.0 (compatible; DotBot/1.2; +https://opensiteexplorer.org/dotbot; help@moz.com)"
216.244.66.202 - - [04/Aug/2025:01:42:52 +0300] "GET /product-category/kitchen-equipment/commercial/page/2/?add-to-cart=3770 HTTP/1.1" 403 0 "-" "Mozilla/5.0 (compatible; DotBot/1.2; +https://opensiteexplorer.org/dotbot; help@moz.com)"
180.110.203.108 - - [04/Aug/2025:01:26:13 +0300] "GET / HTTP/1.1" 200 0 "-" "Mozilla/5.0 (iPhone; CPU iPhone OS 13_2_3 like Mac OS X) AppleWebKit/605.1.15 (KHTML, like Gecko) Version/13.0.3 Mobile/15E148 Safari/604.1"
216.244.66.202 - - [04/Aug/2025:01:32:43 +0300] "GET /wp-content/uploads/2025/02/Deep-Fryer-1717L-with-Oil-Tap.png HTTP/1.1" 200 265618 "-" "Mozilla/5.0 (compatible; DotBot/1.2; +https://opensiteexplorer.org/dotbot; help@moz.com)"
216.244.66.202 - - [04/Aug/2025:01:34:13 +0300] "GET /product-tag/cooling-rack/?orderby=date HTTP/1.1" 403 0 "-" "Mozilla/5.0 (compatible; DotBot/1.2; +https://opensiteexplorer.org/dotbot; help@moz.com)"
216.244.66.202 - - [04/Aug/2025:01:36:17 +0300] "GET /shop/page/6/?add-to-cart=3755 HTTP/1.1" 403 0 "-" "Mozilla/5.0 (compatible; DotBot/1.2; +https://opensiteexplorer.org/dotbot; help@moz.com)"
216.244.66.202 - - [04/Aug/2025:01:37:40 +0300] "GET /product-tag/luxury-restaurant-chair/?add_to_compare=4848 HTTP/1.1" 403 0 "-" "Mozilla/5.0 (compatible; DotBot/1.2; +https://opensiteexplorer.org/dotbot; help@moz.com)"
216.244.66.202 - - [04/Aug/2025:01:38:15 +0300] "GET /product-tag/steel-water-tower-construction/?orderby=menu_order HTTP/1.1" 403 0 "-" "Mozilla/5.0 (compatible; DotBot/1.2; +https://opensiteexplorer.org/dotbot; help@moz.com)"
216.244.66.202 - - [04/Aug/2025:01:41:56 +0300] "GET /shop/page/4/?add_to_compare=4781 HTTP/1.1" 403 0 "-" "Mozilla/5.0 (compatible; DotBot/1.2; +https://opensiteexplorer.org/dotbot; help@moz.com)"
216.244.66.202 - - [04/Aug/2025:01:46:02 +0300] "GET /product-tag/bale-boss/?orderby=price HTTP/1.1" 403 0 "-" "Mozilla/5.0 (compatible; DotBot/1.2; +https://opensiteexplorer.org/dotbot; help@moz.com)"
58.186.248.235 - - [04/Aug/2025:01:56:01 +0300] "GET /wp-json/wp/v2/posts HTTP/1.1" 200 22436 "-" "Mozilla/5.0 (Windows NT 10.0; Win64; x64) AppleWebKit/537.36 (KHTML, like Gecko) Chrome/120.0.0.0 Safari/537.36"
216.244.66.202 - - [04/Aug/2025:01:54:27 +0300] "GET /robots.txt HTTP/1.1" 200 80 "-" "Mozilla/5.0 (compatible; DotBot/1.2; +https://opensiteexplorer.org/dotbot; help@moz.com)"
171.7.57.23 - - [04/Aug/2025:01:55:30 +0300] "GET /wp-json/wp/v2/posts HTTP/1.1" 200 0 "-" "Mozilla/5.0 (Windows NT 10.0; Win64; x64) AppleWebKit/537.36 (KHTML, like Gecko) Chrome/120.0.0.0 Safari/537.36"
121.140.149.219 - - [04/Aug/2025:01:55:40 +0300] "GET /wp-json/wp/v2/posts HTTP/1.1" 200 0 "-" "Mozilla/5.0 (Windows NT 10.0; Win64; x64) AppleWebKit/537.36 (KHTML, like Gecko) Chrome/120.0.0.0 Safari/537.36"
216.244.66.202 - - [04/Aug/2025:02:04:09 +0300] "GET /product-tag/boiler-sufuria/ HTTP/1.1" 403 0 "-" "Mozilla/5.0 (compatible; DotBot/1.2; +https://opensiteexplorer.org/dotbot; help@moz.com)"
216.244.66.202 - - [04/Aug/2025:02:04:20 +0300] "GET /product-tag/wall-mounted-sluice-sink/ HTTP/1.1" 403 0 "-" "Mozilla/5.0 (compatible; DotBot/1.2; +https://opensiteexplorer.org/dotbot; help@moz.com)"
216.244.66.202 - - [04/Aug/2025:02:05:02 +0300] "GET /product-tag/durable-stainless-steel-knife/ HTTP/1.1" 403 0 "-" "Mozilla/5.0 (compatible; DotBot/1.2; +https://opensiteexplorer.org/dotbot; help@moz.com)"
216.244.66.202 - - [04/Aug/2025:02:04:31 +0300] "GET /product-tag/brown-wooden-handle-knife/ HTTP/1.1" 403 0 "-" "Mozilla/5.0 (compatible; DotBot/1.2; +https://opensiteexplorer.org/dotbot; help@moz.com)"
216.244.66.202 - - [04/Aug/2025:02:14:44 +0300] "GET /product-tag/deli-slicer-semi-auto/ HTTP/1.1" 403 0 "-" "Mozilla/5.0 (compatible; DotBot/1.2; +https://opensiteexplorer.org/dotbot; help@moz.com)"
66.249.75.34 - - [04/Aug/2025:02:20:14 +0300] "GET /shopdetail/5081544/ HTTP/1.1" 200 22029 "-" "Mozilla/5.0 (Linux; Android 6.0.1; Nexus 5X Build/MMB29P) AppleWebKit/537.36 (KHTML, like Gecko) Chrome/138.0.7204.183 Mobile Safari/537.36 (compatible; Googlebot/2.1; +http://www.google.com/bot.html)"
66.249.75.34 - - [04/Aug/2025:02:20:17 +0300] "GET /shopdetail/6985344/ HTTP/1.1" 200 22625 "-" "Mozilla/5.0 (Linux; Android 6.0.1; Nexus 5X Build/MMB29P) AppleWebKit/537.36 (KHTML, like Gecko) Chrome/138.0.7204.183 Mobile Safari/537.36 (compatible; Googlebot/2.1; +http://www.google.com/bot.html)"
66.249.75.35 - - [04/Aug/2025:02:20:18 +0300] "GET /shopdetail/6990577/ HTTP/1.1" 200 22713 "-" "Mozilla/5.0 (Linux; Android 6.0.1; Nexus 5X Build/MMB29P) AppleWebKit/537.36 (KHTML, like Gecko) Chrome/138.0.7204.183 Mobile Safari/537.36 (compatible; Googlebot/2.1; +http://www.google.com/bot.html)"
66.249.75.34 - - [04/Aug/2025:02:20:20 +0300] "GET /shopdetail/6994922/ HTTP/1.1" 200 22539 "-" "Mozilla/5.0 (Linux; Android 6.0.1; Nexus 5X Build/MMB29P) AppleWebKit/537.36 (KHTML, like Gecko) Chrome/138.0.7204.183 Mobile Safari/537.36 (compatible; Googlebot/2.1; +http://www.google.com/bot.html)"
66.249.75.34 - - [04/Aug/2025:02:20:23 +0300] "GET /shopdetail/6996677/ HTTP/1.1" 200 22642 "-" "Mozilla/5.0 (Linux; Android 6.0.1; Nexus 5X Build/MMB29P) AppleWebKit/537.36 (KHTML, like Gecko) Chrome/138.0.7204.183 Mobile Safari/537.36 (compatible; Googlebot/2.1; +http://www.google.com/bot.html)"
66.249.75.34 - - [04/Aug/2025:02:20:24 +0300] "GET /shop/pg/1005024010 HTTP/1.1" 200 22330 "-" "Mozilla/5.0 (Linux; Android 6.0.1; Nexus 5X Build/MMB29P) AppleWebKit/537.36 (KHTML, like Gecko) Chrome/138.0.7204.183 Mobile Safari/537.36 (compatible; Googlebot/2.1; +http://www.google.com/bot.html)"
216.244.66.202 - - [04/Aug/2025:02:30:18 +0300] "GET /product-tag/chilled-storage/?orderby=rating HTTP/1.1" 403 0 "-" "Mozilla/5.0 (compatible; DotBot/1.2; +https://opensiteexplorer.org/dotbot; help@moz.com)"
66.249.75.34 - - [04/Aug/2025:02:19:59 +0300] "GET /robots.txt HTTP/1.1" 200 80 "-" "Mozilla/5.0 (compatible; Googlebot/2.1; +http://www.google.com/bot.html)"
66.249.75.35 - - [04/Aug/2025:02:20:04 +0300] "GET /shopdetail/5019955/ HTTP/1.1" 200 22626 "-" "Mozilla/5.0 (Linux; Android 6.0.1; Nexus 5X Build/MMB29P) AppleWebKit/537.36 (KHTML, like Gecko) Chrome/138.0.7204.183 Mobile Safari/537.36 (compatible; Googlebot/2.1; +http://www.google.com/bot.html)"
66.249.75.35 - - [04/Aug/2025:02:20:04 +0300] "GET /shopdetail/6998144/ HTTP/1.1" 200 22558 "-" "Mozilla/5.0 (Linux; Android 6.0.1; Nexus 5X Build/MMB29P) AppleWebKit/537.36 (KHTML, like Gecko) Chrome/138.0.7204.183 Mobile Safari/537.36 (compatible; Googlebot/2.1; +http://www.google.com/bot.html)"
66.249.75.36 - - [04/Aug/2025:02:20:05 +0300] "GET /shopdetail/6993666/ HTTP/1.1" 200 22407 "-" "Mozilla/5.0 (Linux; Android 6.0.1; Nexus 5X Build/MMB29P) AppleWebKit/537.36 (KHTML, like Gecko) Chrome/138.0.7204.183 Mobile Safari/537.36 (compatible; Googlebot/2.1; +http://www.google.com/bot.html)"
66.249.75.34 - - [04/Aug/2025:02:20:07 +0300] "GET /shopdetail/6994177/ HTTP/1.1" 200 22538 "-" "Mozilla/5.0 (Linux; Android 6.0.1; Nexus 5X Build/MMB29P) AppleWebKit/537.36 (KHTML, like Gecko) Chrome/138.0.7204.183 Mobile Safari/537.36 (compatible; Googlebot/2.1; +http://www.google.com/bot.html)"
66.249.75.34 - - [04/Aug/2025:02:20:09 +0300] "GET /shopdetail/12703088/ HTTP/1.1" 200 22572 "-" "Mozilla/5.0 (Linux; Android 6.0.1; Nexus 5X Build/MMB29P) AppleWebKit/537.36 (KHTML, like Gecko) Chrome/138.0.7204.183 Mobile Safari/537.36 (compatible; Googlebot/2.1; +http://www.google.com/bot.html)"
66.249.75.34 - - [04/Aug/2025:02:20:09 +0300] "GET /shopdetail/6988411/ HTTP/1.1" 200 22558 "-" "Mozilla/5.0 (Linux; Android 6.0.1; Nexus 5X Build/MMB29P) AppleWebKit/537.36 (KHTML, like Gecko) Chrome/138.0.7204.183 Mobile Safari/537.36 (compatible; Googlebot/2.1; +http://www.google.com/bot.html)"
66.249.75.35 - - [04/Aug/2025:02:20:13 +0300] "GET /shopdetail/6990844/ HTTP/1.1" 200 22911 "-" "Mozilla/5.0 (Linux; Android 6.0.1; Nexus 5X Build/MMB29P) AppleWebKit/537.36 (KHTML, like Gecko) Chrome/138.0.7204.183 Mobile Safari/537.36 (compatible; Googlebot/2.1; +http://www.google.com/bot.html)"
216.244.66.202 - - [04/Aug/2025:02:22:14 +0300] "GET /product-tag/commercial-milk-pasteurizer/?orderby=menu_order HTTP/1.1" 403 0 "-" "Mozilla/5.0 (compatible; DotBot/1.2; +https://opensiteexplorer.org/dotbot; help@moz.com)"
216.244.66.202 - - [04/Aug/2025:02:23:34 +0300] "GET /shop/page/5/?add-to-wishlist=3932 HTTP/1.1" 403 0 "-" "Mozilla/5.0 (compatible; DotBot/1.2; +https://opensiteexplorer.org/dotbot; help@moz.com)"
216.244.66.202 - - [04/Aug/2025:02:29:42 +0300] "GET /product-tag/bread-slicing-tool/?orderby=price HTTP/1.1" 403 0 "-" "Mozilla/5.0 (compatible; DotBot/1.2; +https://opensiteexplorer.org/dotbot; help@moz.com)"
216.244.66.202 - - [04/Aug/2025:02:30:49 +0300] "GET /product-tag/cutting-board/?orderby=rating HTTP/1.1" 403 0 "-" "Mozilla/5.0 (compatible; DotBot/1.2; +https://opensiteexplorer.org/dotbot; help@moz.com)"
216.244.66.202 - - [04/Aug/2025:02:31:19 +0300] "GET /product-tag/haccp-storage-zone/?orderby=price HTTP/1.1" 403 0 "-" "Mozilla/5.0 (compatible; DotBot/1.2; +https://opensiteexplorer.org/dotbot; help@moz.com)"
43.157.191.20 - - [04/Aug/2025:02:54:53 +0300] "GET / HTTP/1.1" 301 0 "-" "Mozilla/5.0 (iPhone; CPU iPhone OS 13_2_3 like Mac OS X) AppleWebKit/605.1.15 (KHTML, like Gecko) Version/13.0.3 Mobile/15E148 Safari/604.1"
216.244.66.202 - - [04/Aug/2025:02:55:19 +0300] "GET /robots.txt HTTP/1.1" 200 80 "-" "Mozilla/5.0 (compatible; DotBot/1.2; +https://opensiteexplorer.org/dotbot; help@moz.com)"
216.244.66.202 - - [04/Aug/2025:03:03:27 +0300] "GET /product-tag/meat-skinning-knife/ HTTP/1.1" 403 0 "-" "Mozilla/5.0 (compatible; DotBot/1.2; +https://opensiteexplorer.org/dotbot; help@moz.com)"
216.244.66.202 - - [04/Aug/2025:03:08:47 +0300] "GET /shop/page/10/?add_to_compare=3770 HTTP/1.1" 403 0 "-" "Mozilla/5.0 (compatible; DotBot/1.2; +https://opensiteexplorer.org/dotbot; help@moz.com)"
216.244.66.202 - - [04/Aug/2025:03:09:13 +0300] "GET /shop/page/10/?add_to_compare=4795 HTTP/1.1" 403 0 "-" "Mozilla/5.0 (compatible; DotBot/1.2; +https://opensiteexplorer.org/dotbot; help@moz.com)"
216.244.66.202 - - [04/Aug/2025:03:09:45 +0300] "GET /shop/page/11/?add_to_compare=4049 HTTP/1.1" 403 0 "-" "Mozilla/5.0 (compatible; DotBot/1.2; +https://opensiteexplorer.org/dotbot; help@moz.com)"
216.244.66.202 - - [04/Aug/2025:03:13:34 +0300] "GET /product-tag/countertop-storage/ HTTP/1.1" 403 0 "-" "Mozilla/5.0 (compatible; DotBot/1.2; +https://opensiteexplorer.org/dotbot; help@moz.com)"
216.244.66.202 - - [04/Aug/2025:03:21:31 +0300] "GET /product-tag/restaurant-chairs/feed/ HTTP/1.1" 403 0 "-" "Mozilla/5.0 (compatible; DotBot/1.2; +https://opensiteexplorer.org/dotbot; help@moz.com)"
216.244.66.202 - - [04/Aug/2025:03:23:19 +0300] "GET /product-tag/electric-rotary-oven-32-trays/?orderby=price-desc HTTP/1.1" 403 0 "-" "Mozilla/5.0 (compatible; DotBot/1.2; +https://opensiteexplorer.org/dotbot; help@moz.com)"
66.249.75.35 - - [04/Aug/2025:03:24:23 +0300] "GET /robots.txt HTTP/1.1" 200 80 "-" "Mozilla/5.0 (compatible; Googlebot/2.1; +http://www.google.com/bot.html)"
66.249.75.35 - - [04/Aug/2025:03:24:23 +0300] "GET /shopdetail/6998000/ HTTP/1.1" 200 22278 "-" "Mozilla/5.0 (Linux; Android 6.0.1; Nexus 5X Build/MMB29P) AppleWebKit/537.36 (KHTML, like Gecko) Chrome/138.0.7204.183 Mobile Safari/537.36 (compatible; Googlebot/2.1; +http://www.google.com/bot.html)"
216.244.66.202 - - [04/Aug/2025:03:24:41 +0300] "GET /shop/page/3/?add_to_compare=3853 HTTP/1.1" 403 0 "-" "Mozilla/5.0 (compatible; DotBot/1.2; +https://opensiteexplorer.org/dotbot; help@moz.com)"
216.244.66.202 - - [04/Aug/2025:03:22:19 +0300] "GET /product-tag/restaurant-chairs/?orderby=menu_order HTTP/1.1" 403 0 "-" "Mozilla/5.0 (compatible; DotBot/1.2; +https://opensiteexplorer.org/dotbot; help@moz.com)"
216.244.66.202 - - [04/Aug/2025:03:22:49 +0300] "GET /product-tag/water-tower-fabrication/?add-to-cart=4879 HTTP/1.1" 403 0 "-" "Mozilla/5.0 (compatible; DotBot/1.2; +https://opensiteexplorer.org/dotbot; help@moz.com)"
216.244.66.202 - - [04/Aug/2025:03:26:25 +0300] "GET /product-tag/deep-freeze-depot/?orderby=price HTTP/1.1" 403 0 "-" "Mozilla/5.0 (compatible; DotBot/1.2; +https://opensiteexplorer.org/dotbot; help@moz.com)"
144.91.88.83 - - [04/Aug/2025:03:31:59 +0300] "GET / HTTP/1.1" 301 0 "-" "Mozilla/5.0 (Windows NT 10.0; Win64; x64; rv:125.0.1) Gecko/20100101 Firefox/125.0.1"
216.244.66.202 - - [04/Aug/2025:03:50:54 +0300] "GET /product-tag/wood-fired-tandoori-oven/ HTTP/1.1" 403 0 "-" "Mozilla/5.0 (compatible; DotBot/1.2; +https://opensiteexplorer.org/dotbot; help@moz.com)"
216.244.66.202 - - [04/Aug/2025:03:42:07 +0300] "GET /robots.txt HTTP/1.1" 200 80 "-" "Mozilla/5.0 (compatible; DotBot/1.2; +https://opensiteexplorer.org/dotbot; help@moz.com)"
216.244.66.202 - - [04/Aug/2025:04:01:55 +0300] "GET /product-tag/cordless-electric-soup-kettle/ HTTP/1.1" 403 0 "-" "Mozilla/5.0 (compatible; DotBot/1.2; +https://opensiteexplorer.org/dotbot; help@moz.com)"
216.244.66.202 - - [04/Aug/2025:04:03:27 +0300] "GET /product-tag/durable-design/ HTTP/1.1" 403 0 "-" "Mozilla/5.0 (compatible; DotBot/1.2; +https://opensiteexplorer.org/dotbot; help@moz.com)"
216.244.66.202 - - [04/Aug/2025:04:04:00 +0300] "GET /product/wardrobe-8ft-long/feed/ HTTP/1.1" 403 0 "-" "Mozilla/5.0 (compatible; DotBot/1.2; +https://opensiteexplorer.org/dotbot; help@moz.com)"
216.244.66.202 - - [04/Aug/2025:04:07:38 +0300] "GET /product-tag/theatre-scrub-sink/?orderby=price HTTP/1.1" 403 0 "-" "Mozilla/5.0 (compatible; DotBot/1.2; +https://opensiteexplorer.org/dotbot; help@moz.com)"
216.244.66.202 - - [04/Aug/2025:04:08:08 +0300] "GET /product-tag/hospital-scrub-sink/?orderby=rating HTTP/1.1" 403 0 "-" "Mozilla/5.0 (compatible; DotBot/1.2; +https://opensiteexplorer.org/dotbot; help@moz.com)"
216.244.66.202 - - [04/Aug/2025:04:08:39 +0300] "GET /product-tag/theatre-scrub-sink/?orderby=rating HTTP/1.1" 403 0 "-" "Mozilla/5.0 (compatible; DotBot/1.2; +https://opensiteexplorer.org/dotbot; help@moz.com)"
216.244.66.202 - - [04/Aug/2025:04:09:40 +0300] "GET /shop/page/6/?add-to-cart=4874 HTTP/1.1" 403 0 "-" "Mozilla/5.0 (compatible; DotBot/1.2; +https://opensiteexplorer.org/dotbot; help@moz.com)"
216.244.66.202 - - [04/Aug/2025:04:07:06 +0300] "GET /product-tag/medical-scrub-sink/?orderby=date HTTP/1.1" 403 0 "-" "Mozilla/5.0 (compatible; DotBot/1.2; +https://opensiteexplorer.org/dotbot; help@moz.com)"
216.244.66.202 - - [04/Aug/2025:04:09:10 +0300] "GET /product-tag/animal-feed/?orderby=menu_order HTTP/1.1" 403 0 "-" "Mozilla/5.0 (compatible; DotBot/1.2; +https://opensiteexplorer.org/dotbot; help@moz.com)"
216.244.66.202 - - [04/Aug/2025:04:10:38 +0300] "GET /product/juice-dispenser-3-taps/?add_to_compare=4493 HTTP/1.1" 403 0 "-" "Mozilla/5.0 (compatible; DotBot/1.2; +https://opensiteexplorer.org/dotbot; help@moz.com)"
216.244.66.202 - - [04/Aug/2025:04:40:18 +0300] "GET /product-tag/commercial-cooking-sufuria/ HTTP/1.1" 403 0 "-" "Mozilla/5.0 (compatible; DotBot/1.2; +https://opensiteexplorer.org/dotbot; help@moz.com)"
216.244.66.202 - - [04/Aug/2025:04:40:30 +0300] "GET /product-tag/high-quality-wooden-handle-knife/ HTTP/1.1" 403 0 "-" "Mozilla/5.0 (compatible; DotBot/1.2; +https://opensiteexplorer.org/dotbot; help@moz.com)"
165.232.129.1 - - [04/Aug/2025:04:54:44 +0300] "GET /files.php HTTP/1.1" 404 22683 "https://www.google.com" "Mozilla/5.0 (Linux; Android 7.0; SM-G892A Build/NRD90M; wv) AppleWebKit/537.36 (KHTML, like Gecko) Version/4.0 Chrome/60.0.3112.107 Mobile Safari/537.36"
216.244.66.202 - - [04/Aug/2025:04:56:45 +0300] "GET /product-tag/steel-water-tower-construction/?add-to-wishlist=4879 HTTP/1.1" 403 0 "-" "Mozilla/5.0 (compatible; DotBot/1.2; +https://opensiteexplorer.org/dotbot; help@moz.com)"
216.244.66.202 - - [04/Aug/2025:05:00:39 +0300] "GET /product-tag/heavy-duty-fryer/?orderby=rating HTTP/1.1" 403 0 "-" "Mozilla/5.0 (compatible; DotBot/1.2; +https://opensiteexplorer.org/dotbot; help@moz.com)"
216.244.66.202 - - [04/Aug/2025:05:02:45 +0300] "GET /product-tag/aluminum-cooking-tray/?orderby=rating HTTP/1.1" 403 0 "-" "Mozilla/5.0 (compatible; DotBot/1.2; +https://opensiteexplorer.org/dotbot; help@moz.com)"
69.171.230.6 - - [04/Aug/2025:05:02:50 +0300] "GET /robots.txt HTTP/1.1" 206 80 "-" "facebookexternalhit/1.1 (+http://www.facebook.com/externalhit_uatext.php)"
167.94.138.202 - - [04/Aug/2025:05:09:35 +0300] "GET /favicon.ico HTTP/1.1" 404 796 "-" "Mozilla/5.0 (compatible; CensysInspect/1.1; +https://about.censys.io/)"
167.94.138.202 - - [04/Aug/2025:05:09:49 +0300] "GET /wiki HTTP/1.1" 403 0 "-" "Mozilla/5.0 (compatible; CensysInspect/1.1; +https://about.censys.io/)"
132.232.165.4 - - [04/Aug/2025:04:26:48 +0300] "GET / HTTP/1.1" 301 0 "-" "Mozilla/5.0 (iPhone; CPU iPhone OS 13_2_3 like Mac OS X) AppleWebKit/605.1.15 (KHTML, like Gecko) Version/13.0.3 Mobile/15E148 Safari/604.1"
216.244.66.202 - - [04/Aug/2025:04:30:07 +0300] "GET /robots.txt HTTP/1.1" 200 80 "-" "Mozilla/5.0 (compatible; DotBot/1.2; +https://opensiteexplorer.org/dotbot; help@moz.com)"
216.244.66.202 - - [04/Aug/2025:04:51:24 +0300] "GET /product/steel-outdoor-bench/feed/ HTTP/1.1" 403 0 "-" "Mozilla/5.0 (compatible; DotBot/1.2; +https://opensiteexplorer.org/dotbot; help@moz.com)"
216.244.66.202 - - [04/Aug/2025:04:55:43 +0300] "GET /product-tag/animal-feed/?orderby=price-desc HTTP/1.1" 403 0 "-" "Mozilla/5.0 (compatible; DotBot/1.2; +https://opensiteexplorer.org/dotbot; help@moz.com)"
216.244.66.202 - - [04/Aug/2025:05:00:08 +0300] "GET /product-tag/easy-to-assemble/?orderby=date HTTP/1.1" 403 0 "-" "Mozilla/5.0 (compatible; DotBot/1.2; +https://opensiteexplorer.org/dotbot; help@moz.com)"
216.244.66.202 - - [04/Aug/2025:05:01:09 +0300] "GET /product-tag/manual-meat-saw/?orderby=date HTTP/1.1" 403 0 "-" "Mozilla/5.0 (compatible; DotBot/1.2; +https://opensiteexplorer.org/dotbot; help@moz.com)"
216.244.66.202 - - [04/Aug/2025:05:01:39 +0300] "GET /product-brand/generic/feed/ HTTP/1.1" 403 0 "-" "Mozilla/5.0 (compatible; DotBot/1.2; +https://opensiteexplorer.org/dotbot; help@moz.com)"
216.244.66.202 - - [04/Aug/2025:05:02:13 +0300] "GET /product-tag/airflow-master/feed/ HTTP/1.1" 403 0 "-" "Mozilla/5.0 (compatible; DotBot/1.2; +https://opensiteexplorer.org/dotbot; help@moz.com)"
57.141.6.29 - - [04/Aug/2025:05:04:07 +0300] "GET /sitemap.xml HTTP/1.1" 200 8385 "-" "meta-externalagent/1.1 (+https://developers.facebook.com/docs/sharing/webmasters/crawler)"
167.94.138.202 - - [04/Aug/2025:05:09:21 +0300] "GET / HTTP/1.1" 403 0 "-" "Mozilla/5.0 (compatible; CensysInspect/1.1; +https://about.censys.io/)"
103.240.4.253 - - [04/Aug/2025:05:19:57 +0300] "POST /xmlrpc.php HTTP/1.1" 200 186 "http://silvercommercialkitchen.com" "Mozilla/5.0 (Windows NT 10.0; Win64; x64; rv:125.0.1) Gecko/20100101 Firefox/125.0.1"
216.244.66.202 - - [04/Aug/2025:05:27:21 +0300] "GET /robots.txt HTTP/1.1" 200 80 "-" "Mozilla/5.0 (compatible; DotBot/1.2; +https://opensiteexplorer.org/dotbot; help@moz.com)"
50.63.142.110 - - [04/Aug/2025:05:30:00 +0300] "POST /xmlrpc.php HTTP/1.1" 200 186 "http://silvercommercialkitchen.com" "Mozilla/5.0 (Windows NT 10.0; Win64; x64) AppleWebKit/537.36 (KHTML, like Gecko) Chrome/115.0.5790.171 Safari/537.36 Edg/115.0.1901.203"
216.244.66.202 - - [04/Aug/2025:05:35:41 +0300] "GET /product-tag/digital-scale/ HTTP/1.1" 403 0 "-" "Mozilla/5.0 (compatible; DotBot/1.2; +https://opensiteexplorer.org/dotbot; help@moz.com)"
216.244.66.202 - - [04/Aug/2025:05:35:52 +0300] "GET /product-tag/dressing-trolley/ HTTP/1.1" 403 0 "-" "Mozilla/5.0 (compatible; DotBot/1.2; +https://opensiteexplorer.org/dotbot; help@moz.com)"
216.244.66.202 - - [04/Aug/2025:05:36:12 +0300] "GET /product-tag/precision-hunting-knife/ HTTP/1.1" 403 0 "-" "Mozilla/5.0 (compatible; DotBot/1.2; +https://opensiteexplorer.org/dotbot; help@moz.com)"
216.244.66.202 - - [04/Aug/2025:05:36:45 +0300] "GET /product-tag/rechargeable-scale/ HTTP/1.1" 403 0 "-" "Mozilla/5.0 (compatible; DotBot/1.2; +https://opensiteexplorer.org/dotbot; help@moz.com)"
216.244.66.202 - - [04/Aug/2025:05:41:05 +0300] "GET /product-tag/meat-storage-hook/ HTTP/1.1" 403 0 "-" "Mozilla/5.0 (compatible; DotBot/1.2; +https://opensiteexplorer.org/dotbot; help@moz.com)"
216.244.66.202 - - [04/Aug/2025:05:45:42 +0300] "GET /product-tag/bakery-oven/?orderby=rating HTTP/1.1" 403 0 "-" "Mozilla/5.0 (compatible; DotBot/1.2; +https://opensiteexplorer.org/dotbot; help@moz.com)"
216.244.66.202 - - [04/Aug/2025:05:46:21 +0300] "GET /product-tag/electric-mini-convention-oven-5-trays/?orderby=rating HTTP/1.1" 403 0 "-" "Mozilla/5.0 (compatible; DotBot/1.2; +https://opensiteexplorer.org/dotbot; help@moz.com)"
103.240.4.253 - - [04/Aug/2025:05:46:23 +0300] "POST /xmlrpc.php HTTP/1.1" 200 186 "http://silvercommercialkitchen.com" "Mozilla/5.0 (Macintosh; Intel Mac OS X 10_15_7) AppleWebKit/537.36 (KHTML, like Gecko) Chrome/115.0.5790.102 Safari/537.36"
185.231.115.91 - - [04/Aug/2025:05:35:12 +0300] "POST /xmlrpc.php HTTP/1.1" 200 186 "http://silvercommercialkitchen.com" "Mozilla/5.0 (Macintosh; Intel Mac OS X 10_15_7; rv:127.0) Gecko/20100101 Firefox/127.0"
216.244.66.202 - - [04/Aug/2025:05:37:16 +0300] "GET /product-tag/spiral-mixer/ HTTP/1.1" 403 0 "-" "Mozilla/5.0 (compatible; DotBot/1.2; +https://opensiteexplorer.org/dotbot; help@moz.com)"
216.244.66.202 - - [04/Aug/2025:05:42:09 +0300] "GET /product/table-top-ice-cream-machine/feed/ HTTP/1.1" 403 0 "-" "Mozilla/5.0 (compatible; DotBot/1.2; +https://opensiteexplorer.org/dotbot; help@moz.com)"
216.244.66.202 - - [04/Aug/2025:05:43:07 +0300] "GET /wp-content/uploads/2025/02/Hay-Baler.png HTTP/1.1" 200 217299 "-" "Mozilla/5.0 (compatible; DotBot/1.2; +https://opensiteexplorer.org/dotbot; help@moz.com)"
216.244.66.202 - - [04/Aug/2025:05:45:11 +0300] "GET /product-tag/animal-feed/?orderby=price HTTP/1.1" 403 0 "-" "Mozilla/5.0 (compatible; DotBot/1.2; +https://opensiteexplorer.org/dotbot; help@moz.com)"
216.244.66.202 - - [04/Aug/2025:05:49:36 +0300] "GET /product-tag/hospital-scrub-sink/feed/ HTTP/1.1" 403 0 "-" "Mozilla/5.0 (compatible; DotBot/1.2; +https://opensiteexplorer.org/dotbot; help@moz.com)"
216.244.66.202 - - [04/Aug/2025:05:50:06 +0300] "GET /product-tag/rotary-oven/?orderby=price-desc HTTP/1.1" 403 0 "-" "Mozilla/5.0 (compatible; DotBot/1.2; +https://opensiteexplorer.org/dotbot; help@moz.com)"
216.244.66.202 - - [04/Aug/2025:05:51:01 +0300] "GET /shop/page/6/?add-to-cart=3941 HTTP/1.1" 403 0 "-" "Mozilla/5.0 (compatible; DotBot/1.2; +https://opensiteexplorer.org/dotbot; help@moz.com)"
78.128.60.41 - - [04/Aug/2025:05:51:59 +0300] "POST /xmlrpc.php HTTP/1.1" 200 186 "http://silvercommercialkitchen.com" "Mozilla/5.0 (Macintosh; Intel Mac OS X 10_15_7) AppleWebKit/537.36 (KHTML, like Gecko) Chrome/114.0.5735.134 Safari/537.36"
216.244.66.202 - - [04/Aug/2025:05:53:03 +0300] "GET /shop/page/5/?add-to-wishlist=4876 HTTP/1.1" 403 0 "-" "Mozilla/5.0 (compatible; DotBot/1.2; +https://opensiteexplorer.org/dotbot; help@moz.com)"
216.244.66.202 - - [04/Aug/2025:05:53:33 +0300] "GET /shop/page/5/?add_to_compare=3772 HTTP/1.1" 403 0 "-" "Mozilla/5.0 (compatible; DotBot/1.2; +https://opensiteexplorer.org/dotbot; help@moz.com)"
192.185.2.82 - - [04/Aug/2025:05:53:23 +0300] "GET /wp-json/wp/v2/users HTTP/1.1" 200 0 "-" "Mozilla/5.0 (Windows NT 10.0; Win64; x64; rv:85.0) Gecko/20100101 Firefox/85.0"
192.185.2.82 - - [04/Aug/2025:05:53:43 +0300] "GET /wp-json/wp/v2/users HTTP/1.1" 200 0 "-" "Mozilla/5.0 (Windows NT 10.0; Win64; x64; rv:85.0) Gecko/20100101 Firefox/85.0"
43.153.192.98 - - [04/Aug/2025:05:56:05 +0300] "GET / HTTP/1.1" 301 0 "-" "Mozilla/5.0 (iPhone; CPU iPhone OS 13_2_3 like Mac OS X) AppleWebKit/605.1.15 (KHTML, like Gecko) Version/13.0.3 Mobile/15E148 Safari/604.1"
216.244.66.202 - - [04/Aug/2025:05:54:03 +0300] "GET /shop/page/6/?add_to_compare=4784 HTTP/1.1" 403 0 "-" "Mozilla/5.0 (compatible; DotBot/1.2; +https://opensiteexplorer.org/dotbot; help@moz.com)"
216.244.66.202 - - [04/Aug/2025:05:55:52 +0300] "GET /product-category/furniture/page/2/?add_to_compare=4792 HTTP/1.1" 403 0 "-" "Mozilla/5.0 (compatible; DotBot/1.2; +https://opensiteexplorer.org/dotbot; help@moz.com)"
216.244.66.202 - - [04/Aug/2025:05:57:14 +0300] "GET /product-brand/sab-italy/?orderby=price HTTP/1.1" 403 0 "-" "Mozilla/5.0 (compatible; DotBot/1.2; +https://opensiteexplorer.org/dotbot; help@moz.com)"
51.222.43.65 - - [04/Aug/2025:05:57:31 +0300] "POST /xmlrpc.php HTTP/1.1" 200 186 "http://silvercommercialkitchen.com" "Mozilla/5.0 (Windows NT 10.0; Win64; x64) AppleWebKit/537.36 (KHTML, like Gecko) Chrome/115.0.5790.171 Safari/537.36 Edg/115.0.1901.203"
134.199.157.178 - - [04/Aug/2025:06:08:54 +0300] "POST /xmlrpc.php HTTP/1.1" 200 210 "http://silvercommercialkitchen.com" "Mozilla/5.0 (Macintosh; Intel Mac OS X 10_15_7; rv:128.0) Gecko/20100101 Firefox/128.0"
216.244.66.202 - - [04/Aug/2025:06:20:35 +0300] "GET /product/morgue-cold-room/ HTTP/1.1" 403 0 "-" "Mozilla/5.0 (compatible; DotBot/1.2; +https://opensiteexplorer.org/dotbot; help@moz.com)"
216.244.66.202 - - [04/Aug/2025:06:21:15 +0300] "GET /product-tag/professional-ice-cream-maker/ HTTP/1.1" 403 0 "-" "Mozilla/5.0 (compatible; DotBot/1.2; +https://opensiteexplorer.org/dotbot; help@moz.com)"
194.31.108.8 - - [04/Aug/2025:06:14:30 +0300] "POST /xmlrpc.php HTTP/1.1" 200 186 "http://silvercommercialkitchen.com" "Mozilla/5.0 (Windows NT 10.0; Win64; x64) AppleWebKit/537.36 (KHTML, like Gecko) Chrome/112.0.5615.138 Safari/537.36"
216.244.66.202 - - [04/Aug/2025:06:14:36 +0300] "GET /robots.txt HTTP/1.1" 200 80 "-" "Mozilla/5.0 (compatible; DotBot/1.2; +https://opensiteexplorer.org/dotbot; help@moz.com)"
81.0.247.156 - - [04/Aug/2025:06:19:58 +0300] "POST /xmlrpc.php HTTP/1.1" 200 186 "http://silvercommercialkitchen.com" "Mozilla/5.0 (Windows NT 10.0; Win64; x64) AppleWebKit/537.36 (KHTML, like Gecko) Chrome/116.0.5845.96 Safari/537.36 Edg/116.0.1938.62"
167.172.190.211 - - [04/Aug/2025:06:21:06 +0300] "POST /xmlrpc.php HTTP/1.1" 200 232 "-" "Mozilla/5.0 (X11; Ubuntu; Linux x86_64; rv:85.0) Gecko/20100101 Firefox/91.0"
216.244.66.202 - - [04/Aug/2025:06:23:02 +0300] "GET /shop/page/10/?add-to-wishlist=4792 HTTP/1.1" 403 0 "-" "Mozilla/5.0 (compatible; DotBot/1.2; +https://opensiteexplorer.org/dotbot; help@moz.com)"
216.244.66.202 - - [04/Aug/2025:06:27:07 +0300] "GET /product-tag/feed-mixers/?orderby=rating HTTP/1.1" 403 0 "-" "Mozilla/5.0 (compatible; DotBot/1.2; +https://opensiteexplorer.org/dotbot; help@moz.com)"
216.244.66.202 - - [04/Aug/2025:06:29:21 +0300] "GET /product-tag/hospital-scrub-sink/?add-to-cart=4874 HTTP/1.1" 403 0 "-" "Mozilla/5.0 (compatible; DotBot/1.2; +https://opensiteexplorer.org/dotbot; help@moz.com)"
216.244.66.202 - - [04/Aug/2025:06:40:43 +0300] "GET /product-tag/3-deck-oven/?orderby=rating HTTP/1.1" 403 0 "-" "Mozilla/5.0 (compatible; DotBot/1.2; +https://opensiteexplorer.org/dotbot; help@moz.com)"
35.211.191.91 - - [04/Aug/2025:06:42:16 +0300] "POST /xmlrpc.php HTTP/1.1" 200 186 "http://silvercommercialkitchen.com" "Mozilla/5.0 (Windows NT 10.0; Win64; x64) AppleWebKit/537.36 (KHTML, like Gecko) Chrome/116.0.5845.96 Safari/537.36"
190.6.176.90 - - [04/Aug/2025:06:31:28 +0300] "POST /xmlrpc.php HTTP/1.1" 200 186 "http://silvercommercialkitchen.com" "Mozilla/5.0 (Windows NT 11.0; Win64; x64; rv:126.0) Gecko/20100101 Firefox/126.0"
216.244.66.202 - - [04/Aug/2025:06:35:25 +0300] "GET /product-tag/staircase-handrails/?add_to_compare=4074 HTTP/1.1" 403 0 "-" "Mozilla/5.0 (compatible; DotBot/1.2; +https://opensiteexplorer.org/dotbot; help@moz.com)"
23.239.27.53 - - [04/Aug/2025:06:36:41 +0300] "POST /xmlrpc.php HTTP/1.1" 200 186 "http://silvercommercialkitchen.com" "Mozilla/5.0 (Windows NT 10.0; Win64; x64) AppleWebKit/537.36 (KHTML, like Gecko) Chrome/115.0.5790.171 Safari/537.36 Edg/115.0.1901.203"
216.244.66.202 - - [04/Aug/2025:06:41:15 +0300] "GET /product-tag/durable-cabinet/?orderby=rating HTTP/1.1" 403 0 "-" "Mozilla/5.0 (compatible; DotBot/1.2; +https://opensiteexplorer.org/dotbot; help@moz.com)"
216.244.66.202 - - [04/Aug/2025:06:41:45 +0300] "GET /product-tag/led-lighting/?orderby=price HTTP/1.1" 403 0 "-" "Mozilla/5.0 (compatible; DotBot/1.2; +https://opensiteexplorer.org/dotbot; help@moz.com)"
216.244.66.202 - - [04/Aug/2025:06:42:16 +0300] "GET /product-tag/all-in-one-posho-mill-huller/?orderby=price HTTP/1.1" 403 0 "-" "Mozilla/5.0 (compatible; DotBot/1.2; +https://opensiteexplorer.org/dotbot; help@moz.com)"
216.244.66.202 - - [04/Aug/2025:06:42:52 +0300] "GET /product-tag/chilled-preserved/?add-to-cart=3937 HTTP/1.1" 403 0 "-" "Mozilla/5.0 (compatible; DotBot/1.2; +https://opensiteexplorer.org/dotbot; help@moz.com)"
213.189.56.61 - - [04/Aug/2025:06:47:22 +0300] "POST /xmlrpc.php HTTP/1.1" 200 232 "-" "Mozilla/5.0 (X11; Ubuntu; Linux x86_64; rv:85.0) Gecko/20100101 Firefox/91.0"
103.161.46.26 - - [04/Aug/2025:06:47:46 +0300] "POST /xmlrpc.php HTTP/1.1" 200 186 "http://silvercommercialkitchen.com" "Mozilla/5.0 (Macintosh; Intel Mac OS X 10_15_7; rv:126.0) Gecko/20100101 Firefox/126.0"
192.250.235.149 - - [04/Aug/2025:06:53:19 +0300] "POST /xmlrpc.php HTTP/1.1" 200 210 "http://silvercommercialkitchen.com" "Mozilla/5.0 (Macintosh; Intel Mac OS X 10_15_7) AppleWebKit/537.36 (KHTML, like Gecko) Chrome/114.0.5735.134 Safari/537.36"
43.155.162.41 - - [04/Aug/2025:06:57:38 +0300] "GET / HTTP/1.1" 301 0 "-" "Mozilla/5.0 (iPhone; CPU iPhone OS 13_2_3 like Mac OS X) AppleWebKit/605.1.15 (KHTML, like Gecko) Version/13.0.3 Mobile/15E148 Safari/604.1"
216.244.66.202 - - [04/Aug/2025:07:00:47 +0300] "GET /robots.txt HTTP/1.1" 200 80 "-" "Mozilla/5.0 (compatible; DotBot/1.2; +https://opensiteexplorer.org/dotbot; help@moz.com)"
14.160.24.238 - - [04/Aug/2025:06:59:00 +0300] "POST /xmlrpc.php HTTP/1.1" 200 186 "http://silvercommercialkitchen.com" "Mozilla/5.0 (Macintosh; Intel Mac OS X 10_15_7; rv:127.0) Gecko/20100101 Firefox/127.0"
216.244.66.202 - - [04/Aug/2025:07:09:01 +0300] "GET /shop/page/3/?add-to-wishlist=3832 HTTP/1.1" 403 0 "-" "Mozilla/5.0 (compatible; DotBot/1.2; +https://opensiteexplorer.org/dotbot; help@moz.com)"
216.244.66.202 - - [04/Aug/2025:07:09:34 +0300] "GET /product-category/commercial-equipment/agricultural-machines/?product_brand=silver HTTP/1.1" 403 0 "-" "Mozilla/5.0 (compatible; DotBot/1.2; +https://opensiteexplorer.org/dotbot; help@moz.com)"
216.244.66.202 - - [04/Aug/2025:07:09:54 +0300] "GET /product-tag/manual-juice-dispenser/ HTTP/1.1" 403 0 "-" "Mozilla/5.0 (compatible; DotBot/1.2; +https://opensiteexplorer.org/dotbot; help@moz.com)"
136.243.15.105 - - [04/Aug/2025:07:09:55 +0300] "POST /xmlrpc.php HTTP/1.1" 200 232 "-" "Mozilla/5.0 (X11; U; Linux i686; en-US; rv:96.0) Gecko/20071914 Firefox/96.0"
51.158.61.113 - - [04/Aug/2025:07:10:07 +0300] "POST /xmlrpc.php HTTP/1.1" 200 186 "http://silvercommercialkitchen.com" "Mozilla/5.0 (Macintosh; Intel Mac OS X 13_3) AppleWebKit/537.36 (KHTML, like Gecko) Chrome/126.0.0.0 Safari/537.36 Edg/126.0.0.0"
216.244.66.202 - - [04/Aug/2025:07:10:26 +0300] "GET /product-tag/meat-slicer/ HTTP/1.1" 403 0 "-" "Mozilla/5.0 (compatible; DotBot/1.2; +https://opensiteexplorer.org/dotbot; help@moz.com)"
94.46.176.56 - - [04/Aug/2025:07:04:33 +0300] "POST /xmlrpc.php HTTP/1.1" 200 186 "http://silvercommercialkitchen.com" "Mozilla/5.0 (Windows NT 10.0; Win64; x64; rv:127.0) Gecko/20100101 Firefox/127.0"
216.244.66.202 - - [04/Aug/2025:07:21:11 +0300] "GET /product-tag/premium-stainless-steel-medical-scrub-sink/?product_brand=silver HTTP/1.1" 403 0 "-" "Mozilla/5.0 (compatible; DotBot/1.2; +https://opensiteexplorer.org/dotbot; help@moz.com)"
192.64.85.194 - - [04/Aug/2025:07:15:46 +0300] "POST /xmlrpc.php HTTP/1.1" 200 186 "http://silvercommercialkitchen.com" "Mozilla/5.0 (Windows NT 10.0; Win64; x64) AppleWebKit/537.36 (KHTML, like Gecko) Chrome/126.0.0.0 Safari/537.36 Edg/126.0.0.0"
216.244.66.202 - - [04/Aug/2025:07:18:03 +0300] "GET /shop/page/5/?add-to-cart=3980 HTTP/1.1" 403 0 "-" "Mozilla/5.0 (compatible; DotBot/1.2; +https://opensiteexplorer.org/dotbot; help@moz.com)"
216.244.66.202 - - [04/Aug/2025:07:24:31 +0300] "GET /product/meat-chiller-6ft/?add_to_compare=3764 HTTP/1.1" 403 0 "-" "Mozilla/5.0 (compatible; DotBot/1.2; +https://opensiteexplorer.org/dotbot; help@moz.com)"
216.244.66.202 - - [04/Aug/2025:07:25:59 +0300] "GET /product-category/kitchen-equipment/page/4/?add-to-cart=3730 HTTP/1.1" 403 0 "-" "Mozilla/5.0 (compatible; DotBot/1.2; +https://opensiteexplorer.org/dotbot; help@moz.com)"
216.244.66.202 - - [04/Aug/2025:07:26:30 +0300] "GET /product-category/kitchen-equipment/smallware/?add-to-wishlist=3876 HTTP/1.1" 403 0 "-" "Mozilla/5.0 (compatible; DotBot/1.2; +https://opensiteexplorer.org/dotbot; help@moz.com)"
43.153.38.28 - - [04/Aug/2025:07:26:09 +0300] "GET /wp-json/wp/v2/posts/wp-json/wp/v2/posts HTTP/1.1" 200 0 "-" "Mozilla/5.0 (Windows NT 10.0; Win64; x64) AppleWebKit/537.36 (KHTML, like Gecko) Chrome/120.0.0.0 Safari/537.36"
2.50.76.203 - - [04/Aug/2025:07:26:04 +0300] "GET /wp-json/wp/v2/posts HTTP/1.1" 200 0 "-" "Mozilla/5.0 (Windows NT 10.0; Win64; x64) AppleWebKit/537.36 (KHTML, like Gecko) Chrome/120.0.0.0 Safari/537.36"
223.206.51.21 - - [04/Aug/2025:07:26:29 +0300] "GET /wp-json/wp/v2/posts HTTP/1.1" 200 0 "-" "Mozilla/5.0 (Windows NT 10.0; Win64; x64) AppleWebKit/537.36 (KHTML, like Gecko) Chrome/120.0.0.0 Safari/537.36"
216.244.66.202 - - [04/Aug/2025:07:27:00 +0300] "GET /shop/page/3/?add-to-wishlist=3913 HTTP/1.1" 403 0 "-" "Mozilla/5.0 (compatible; DotBot/1.2; +https://opensiteexplorer.org/dotbot; help@moz.com)"
54.38.94.194 - - [04/Aug/2025:07:27:05 +0300] "POST /xmlrpc.php HTTP/1.1" 200 210 "http://silvercommercialkitchen.com" "Mozilla/5.0 (Macintosh; Intel Mac OS X 14_6) AppleWebKit/605.1.15 (KHTML, like Gecko) Version/17.5 Safari/605.1.15"
216.244.66.202 - - [04/Aug/2025:07:29:21 +0300] "GET /product-tag/bread-cutter/?orderby=price HTTP/1.1" 403 0 "-" "Mozilla/5.0 (compatible; DotBot/1.2; +https://opensiteexplorer.org/dotbot; help@moz.com)"
|