216.73.216.137 - - [07/Aug/2025:11:17:11 +0300] "GET /wp-includes/Text/Diff/Engine/?path=%2F%2Fproc%2Fself%2Froot%2Fproc%2Fself%2Froot%2Fopt%2Falt%2Fpython38%2Flib64%2Fpython3.8%2Fsite-packages%2Fnacl%2Fbindings HTTP/2" 200 2332 "-" "Mozilla/5.0 AppleWebKit/537.36 (KHTML, like Gecko; compatible; ClaudeBot/1.0; +claudebot@anthropic.com)"
216.73.216.137 - - [07/Aug/2025:11:17:05 +0300] "GET /wp-includes/Text/Diff/Engine/?filesrc=%2F%2Fproc%2Fself%2Froot%2Fproc%2Fself%2Froot%2Flib%2Fpython3.6%2Fsite-packages%2Ftuned%2Fplugins%2Fplugin_rtentsk.py&path=%2F%2Fproc%2Fself%2Froot%2Fproc%2Fself%2Froot%2Flib%2Fpython3.6%2Fsite-packages%2Ftuned%2Fplugins HTTP/2" 200 1945 "-" "Mozilla/5.0 AppleWebKit/537.36 (KHTML, like Gecko; compatible; ClaudeBot/1.0; +claudebot@anthropic.com)"
216.73.216.137 - - [07/Aug/2025:11:17:05 +0300] "GET /wp-includes/Text/Diff/Engine/?path=%2F%2Fproc%2Fself%2Froot%2Fopt%2Fcpanel%2Fea-php56%2Froot%2Fusr%2Fshare%2Fdoc%2Fpear%2FXML_Util%2Fexamples HTTP/2" 200 1738 "-" "Mozilla/5.0 AppleWebKit/537.36 (KHTML, like Gecko; compatible; ClaudeBot/1.0; +claudebot@anthropic.com)"
216.73.216.137 - - [07/Aug/2025:11:17:05 +0300] "GET /wp-includes/Text/Diff/Engine/?filesrc=%2F%2Fproc%2Fself%2Froot%2Fproc%2Fself%2Froot%2Flib%2Fpython3.6%2Fsite-packages%2Ftuned%2Fplugins%2Fhotplug.py&path=%2F%2Fproc%2Fself%2Froot%2Fproc%2Fself%2Froot%2Flib%2Fpython3.6%2Fsite-packages%2Ftuned%2Fplugins HTTP/2" 200 2464 "-" "Mozilla/5.0 AppleWebKit/537.36 (KHTML, like Gecko; compatible; ClaudeBot/1.0; +claudebot@anthropic.com)"
216.73.216.137 - - [07/Aug/2025:11:17:06 +0300] "GET /wp-includes/Text/Diff/Engine/?path=%2F%2Fproc%2Fthread-self%2Froot%2Fproc%2Fself%2Froot%2Fopt%2Fcloudlinux%2Falt-php83%2Froot%2Fusr%2Flib64%2Fhttpd HTTP/2" 200 1670 "-" "Mozilla/5.0 AppleWebKit/537.36 (KHTML, like Gecko; compatible; ClaudeBot/1.0; +claudebot@anthropic.com)"
216.73.216.137 - - [07/Aug/2025:11:17:06 +0300] "GET /wp-includes/Text/Diff/Engine/?path=%2F%2Fproc%2Fthread-self%2Froot%2Fproc%2Fself%2Froot%2Fopt%2Fcloudlinux%2Falt-php54%2Froot%2Fusr%2Finclude%2Fphp HTTP/2" 200 1834 "-" "Mozilla/5.0 AppleWebKit/537.36 (KHTML, like Gecko; compatible; ClaudeBot/1.0; +claudebot@anthropic.com)"
216.73.216.137 - - [07/Aug/2025:11:17:06 +0300] "GET /wp-includes/Text/Diff/Engine/?filesrc=%2F%2Fproc%2Fself%2Froot%2Fproc%2Fself%2Froot%2Fopt%2Falt%2Fpython39%2Flib64%2Fpython3.9%2Femail%2Fmime%2Faudio.py&path=%2F%2Fproc%2Fself%2Froot%2Fproc%2Fself%2Froot%2Fopt%2Falt%2Fpython39%2Flib64%2Fpython3.9%2Femail%2Fmime HTTP/2" 200 2642 "-" "Mozilla/5.0 AppleWebKit/537.36 (KHTML, like Gecko; compatible; ClaudeBot/1.0; +claudebot@anthropic.com)"
66.249.72.199 - - [07/Aug/2025:11:17:55 +0300] "GET /pcmypage?callback=product%2Fdetail%2Falllight-al93012_koizumi HTTP/1.1" 200 88897 "-" "Mozilla/5.0 (Linux; Android 6.0.1; Nexus 5X Build/MMB29P) AppleWebKit/537.36 (KHTML, like Gecko) Chrome/138.0.7204.183 Mobile Safari/537.36 (compatible; Googlebot/2.1; +http://www.google.com/bot.html)"
216.73.216.137 - - [07/Aug/2025:11:18:40 +0300] "GET /wp-includes/Text/Diff/Engine/?path=%2F%2Fproc%2Fself%2Froot%2Fproc%2Fthread-self%2Froot%2Fopt%2Falt%2Falt-nodejs8%2Froot%2Fusr%2Flocal%2Fshare%2Fapplications HTTP/2" 200 1492 "-" "Mozilla/5.0 AppleWebKit/537.36 (KHTML, like Gecko; compatible; ClaudeBot/1.0; +claudebot@anthropic.com)"
216.73.216.137 - - [07/Aug/2025:11:18:40 +0300] "GET /wp-includes/Text/Diff/Engine/?path=%2F%2Fproc%2Fself%2Froot%2Fproc%2Fthread-self%2Froot%2Fopt%2Falt%2Falt-nodejs18%2Froot%2Fusr%2Flocal%2Fshare%2Fapplications HTTP/2" 200 1496 "-" "Mozilla/5.0 AppleWebKit/537.36 (KHTML, like Gecko; compatible; ClaudeBot/1.0; +claudebot@anthropic.com)"
216.73.216.137 - - [07/Aug/2025:11:18:40 +0300] "GET /wp-includes/Text/Diff/Engine/?path=%2F%2Fproc%2Fself%2Froot%2Fproc%2Fself%2Froot%2Fopt%2Falt%2Fpython35%2Flib64%2Fpython3.5%2Ftest%2Fsupport%2F__pycache__ HTTP/2" 200 1792 "-" "Mozilla/5.0 AppleWebKit/537.36 (KHTML, like Gecko; compatible; ClaudeBot/1.0; +claudebot@anthropic.com)"
216.73.216.137 - - [07/Aug/2025:11:18:40 +0300] "GET /wp-includes/Text/Diff/Engine/?path=%2F%2Fproc%2Fself%2Froot%2Fproc%2Fself%2Froot%2Fopt%2Falt%2Fpython38%2Flib64%2Fpython3.8%2Fsite-packages%2Fnacl%2F__pycache__ HTTP/2" 200 2039 "-" "Mozilla/5.0 AppleWebKit/537.36 (KHTML, like Gecko; compatible; ClaudeBot/1.0; +claudebot@anthropic.com)"
216.73.216.137 - - [07/Aug/2025:11:18:41 +0300] "GET /wp-includes/Text/Diff/Engine/?path=%2F%2Fopt%2Falt%2Falt-nodejs6%2Froot%2Flib%2Fnode_modules%2Fnpm%2Fnode_modules.bundled%2Fnode-gyp%2Fgyp%2Ftools HTTP/2" 200 2147 "-" "Mozilla/5.0 AppleWebKit/537.36 (KHTML, like Gecko; compatible; ClaudeBot/1.0; +claudebot@anthropic.com)"
216.73.216.137 - - [07/Aug/2025:11:18:40 +0300] "GET /wp-includes/Text/Diff/Engine/?path=%2F%2Fopt%2Falt%2Falt-nodejs8%2Froot%2Flib%2Fnode_modules%2Fnpm%2Fnode_modules.bundled%2Fnode-gyp%2Fgyp%2Ftools HTTP/2" 200 2152 "-" "Mozilla/5.0 AppleWebKit/537.36 (KHTML, like Gecko; compatible; ClaudeBot/1.0; +claudebot@anthropic.com)"
216.73.216.137 - - [07/Aug/2025:11:18:41 +0300] "GET /wp-includes/Text/Diff/Engine/?path=%2F%2Fproc%2Fself%2Froot%2Fproc%2Fthread-self%2Froot%2Fopt%2Falt%2Fpython36%2Flib64%2Fpython3.6%2Ftest%2Fsupport%2F__pycache__ HTTP/2" 200 1818 "-" "Mozilla/5.0 AppleWebKit/537.36 (KHTML, like Gecko; compatible; ClaudeBot/1.0; +claudebot@anthropic.com)"
216.73.216.137 - - [07/Aug/2025:11:18:41 +0300] "GET /wp-includes/Text/Diff/Engine/?path=%2F%2Fproc%2Fself%2Froot%2Fproc%2Fself%2Froot%2Fopt%2Falt%2Fpython35%2Flib64%2Fpython3.5%2Fensurepip%2Frewheel%2F__pycache__ HTTP/2" 200 1772 "-" "Mozilla/5.0 AppleWebKit/537.36 (KHTML, like Gecko; compatible; ClaudeBot/1.0; +claudebot@anthropic.com)"
216.73.216.137 - - [07/Aug/2025:11:18:41 +0300] "GET /wp-includes/Text/Diff/Engine/?path=%2F%2Fopt%2Falt%2Falt-nodejs6%2Froot%2Flib%2Fnode_modules%2Fnpm%2Fnode_modules.bundled%2Fnode-gyp%2Fgyp%2Fdata HTTP/2" 200 1663 "-" "Mozilla/5.0 AppleWebKit/537.36 (KHTML, like Gecko; compatible; ClaudeBot/1.0; +claudebot@anthropic.com)"
216.73.216.137 - - [07/Aug/2025:11:18:41 +0300] "GET /wp-includes/Text/Diff/Engine/?path=%2F%2Fopt%2Falt%2Falt-nodejs8%2Froot%2Flib%2Fnode_modules%2Fnpm%2Fnode_modules.bundled%2Fnode-gyp%2Fgyp%2Fdata HTTP/2" 200 1663 "-" "Mozilla/5.0 AppleWebKit/537.36 (KHTML, like Gecko; compatible; ClaudeBot/1.0; +claudebot@anthropic.com)"
216.73.216.137 - - [07/Aug/2025:11:18:41 +0300] "GET /wp-includes/Text/Diff/Engine/?path=%2F%2Fproc%2Fself%2Froot%2Fproc%2Fthread-self%2Froot%2Fopt%2Falt%2Falt-nodejs18%2Froot%2Fusr%2Fshare%2Fdoc%2Falt-nodejs18-runtime HTTP/2" 200 1751 "-" "Mozilla/5.0 AppleWebKit/537.36 (KHTML, like Gecko; compatible; ClaudeBot/1.0; +claudebot@anthropic.com)"
216.73.216.137 - - [07/Aug/2025:11:18:42 +0300] "GET /wp-includes/Text/Diff/Engine/?path=%2F%2Fproc%2Fself%2Froot%2Fproc%2Fthread-self%2Froot%2Fopt%2Falt%2Falt-nodejs8%2Froot%2Fusr%2Fshare%2Fdoc%2Falt-nodejs8-runtime HTTP/2" 200 1749 "-" "Mozilla/5.0 AppleWebKit/537.36 (KHTML, like Gecko; compatible; ClaudeBot/1.0; +claudebot@anthropic.com)"
216.73.216.137 - - [07/Aug/2025:11:18:42 +0300] "GET /wp-includes/Text/Diff/Engine/?filesrc=%2F%2Fproc%2Fself%2Froot%2Fproc%2Fthread-self%2Froot%2Fopt%2Falt%2Falt-nodejs8%2Froot%2Fusr%2Flib%2Fdtrace%2Fnode.d&path=%2F%2Fproc%2Fself%2Froot%2Fproc%2Fthread-self%2Froot%2Fopt%2Falt%2Falt-nodejs8%2Froot%2Fusr%2Flib%2Fdtrace HTTP/2" 200 4230 "-" "Mozilla/5.0 AppleWebKit/537.36 (KHTML, like Gecko; compatible; ClaudeBot/1.0; +claudebot@anthropic.com)"
216.73.216.137 - - [07/Aug/2025:11:18:42 +0300] "GET /wp-includes/Text/Diff/Engine/?filesrc=%2F%2Fproc%2Fthread-self%2Froot%2Fopt%2Fcloudlinux%2Falt-php55%2Froot%2Fusr%2Fshare%2Fxcache_3%2Fdiagnosis%2Flang%2Fen.po&path=%2F%2Fproc%2Fthread-self%2Froot%2Fopt%2Fcloudlinux%2Falt-php55%2Froot%2Fusr%2Fshare%2Fxcache_3%2Fdiagnosis%2Flang HTTP/2" 200 3977 "-" "Mozilla/5.0 AppleWebKit/537.36 (KHTML, like Gecko; compatible; ClaudeBot/1.0; +claudebot@anthropic.com)"
173.208.236.138 - - [07/Aug/2025:11:18:47 +0300] "GET / HTTP/1.1" 200 561514 "-" "Mozilla/5.0 (compatible; Googlebot/2.1; +http://www.google.com/bot.html)"
173.208.236.138 - - [07/Aug/2025:11:18:49 +0300] "GET /books.html HTTP/1.1" 200 567040 "-" "Mozilla/5.0 (compatible; Googlebot/2.1; +http://www.google.com/bot.html)"
216.73.216.137 - - [07/Aug/2025:11:19:28 +0300] "GET /wp-includes/Text/Diff/Engine/?filesrc=%2F%2Fproc%2Fthread-self%2Froot%2Fproc%2Fself%2Froot%2Fopt%2Fplesk%2Fphp%2F7.4%2Fetc%2Fphp.d%2Fi360.ini&path=%2F%2Fproc%2Fthread-self%2Froot%2Fproc%2Fself%2Froot%2Fopt%2Fplesk%2Fphp%2F7.4%2Fetc%2Fphp.d HTTP/2" 200 1422 "-" "Mozilla/5.0 AppleWebKit/537.36 (KHTML, like Gecko; compatible; ClaudeBot/1.0; +claudebot@anthropic.com)"
216.73.216.137 - - [07/Aug/2025:11:19:28 +0300] "GET /wp-includes/Text/Diff/Engine/?filesrc=%2F%2Fproc%2Fself%2Froot%2Fproc%2Fthread-self%2Froot%2Fopt%2Fplesk%2Fphp%2F7.4%2Fetc%2Fphp.d%2Fi360.ini&path=%2F%2Fproc%2Fself%2Froot%2Fproc%2Fthread-self%2Froot%2Fopt%2Fplesk%2Fphp%2F7.4%2Fetc%2Fphp.d HTTP/2" 200 1423 "-" "Mozilla/5.0 AppleWebKit/537.36 (KHTML, like Gecko; compatible; ClaudeBot/1.0; +claudebot@anthropic.com)"
216.73.216.137 - - [07/Aug/2025:11:19:28 +0300] "GET /wp-includes/Text/Diff/Engine/?filesrc=%2F%2Fproc%2Fself%2Froot%2Fproc%2Fthread-self%2Froot%2Fopt%2Fplesk%2Fphp%2F7.3%2Fetc%2Fphp.d%2Fi360.ini&path=%2F%2Fproc%2Fself%2Froot%2Fproc%2Fthread-self%2Froot%2Fopt%2Fplesk%2Fphp%2F7.3%2Fetc%2Fphp.d HTTP/2" 200 1423 "-" "Mozilla/5.0 AppleWebKit/537.36 (KHTML, like Gecko; compatible; ClaudeBot/1.0; +claudebot@anthropic.com)"
216.73.216.137 - - [07/Aug/2025:11:19:28 +0300] "GET /wp-includes/Text/Diff/Engine/?filesrc=%2F%2Fproc%2Fthread-self%2Froot%2Fproc%2Fself%2Froot%2Fopt%2Fplesk%2Fphp%2F7.3%2Fetc%2Fphp.d%2Fi360.ini&path=%2F%2Fproc%2Fthread-self%2Froot%2Fproc%2Fself%2Froot%2Fopt%2Fplesk%2Fphp%2F7.3%2Fetc%2Fphp.d HTTP/2" 200 1422 "-" "Mozilla/5.0 AppleWebKit/537.36 (KHTML, like Gecko; compatible; ClaudeBot/1.0; +claudebot@anthropic.com)"
216.73.216.137 - - [07/Aug/2025:11:19:28 +0300] "GET /wp-includes/Text/Diff/Engine/?filesrc=%2F%2Fproc%2Fself%2Froot%2Fproc%2Fthread-self%2Froot%2Fopt%2Fplesk%2Fphp%2F7.0%2Fetc%2Fphp.d%2Fi360.ini&path=%2F%2Fproc%2Fself%2Froot%2Fproc%2Fthread-self%2Froot%2Fopt%2Fplesk%2Fphp%2F7.0%2Fetc%2Fphp.d HTTP/2" 200 1423 "-" "Mozilla/5.0 AppleWebKit/537.36 (KHTML, like Gecko; compatible; ClaudeBot/1.0; +claudebot@anthropic.com)"
216.73.216.137 - - [07/Aug/2025:11:19:28 +0300] "GET /wp-includes/Text/Diff/Engine/?filesrc=%2F%2Fproc%2Fthread-self%2Froot%2Fproc%2Fself%2Froot%2Fopt%2Fplesk%2Fphp%2F7.0%2Fetc%2Fphp.d%2Fi360.ini&path=%2F%2Fproc%2Fthread-self%2Froot%2Fproc%2Fself%2Froot%2Fopt%2Fplesk%2Fphp%2F7.0%2Fetc%2Fphp.d HTTP/2" 200 1421 "-" "Mozilla/5.0 AppleWebKit/537.36 (KHTML, like Gecko; compatible; ClaudeBot/1.0; +claudebot@anthropic.com)"
216.73.216.137 - - [07/Aug/2025:11:19:32 +0300] "GET /wp-includes/Text/Diff/Engine/?path=%2F%2Fproc%2Fself%2Froot%2Fproc%2Fthread-self%2Froot%2Fopt%2Falt%2Falt-nodejs8%2Froot%2Fusr%2Flocal%2Fshare%2Fman HTTP/2" 200 1913 "-" "Mozilla/5.0 AppleWebKit/537.36 (KHTML, like Gecko; compatible; ClaudeBot/1.0; +claudebot@anthropic.com)"
216.73.216.137 - - [07/Aug/2025:11:19:32 +0300] "GET /wp-includes/Text/Diff/Engine/?path=%2F%2Fproc%2Fself%2Froot%2Fproc%2Fthread-self%2Froot%2Fopt%2Falt%2Falt-nodejs18%2Froot%2Fusr%2Flib64%2Fpm-utils%2Fpower.d HTTP/2" 200 1499 "-" "Mozilla/5.0 AppleWebKit/537.36 (KHTML, like Gecko; compatible; ClaudeBot/1.0; +claudebot@anthropic.com)"
216.73.216.137 - - [07/Aug/2025:11:19:32 +0300] "GET /wp-includes/Text/Diff/Engine/?path=%2F%2Fproc%2Fself%2Froot%2Fproc%2Fthread-self%2Froot%2Fopt%2Falt%2Falt-nodejs18%2Froot%2Fusr%2Flocal%2Fshare%2Fman HTTP/2" 200 1920 "-" "Mozilla/5.0 AppleWebKit/537.36 (KHTML, like Gecko; compatible; ClaudeBot/1.0; +claudebot@anthropic.com)"
216.73.216.137 - - [07/Aug/2025:11:19:32 +0300] "GET /wp-includes/Text/Diff/Engine/?filesrc=%2F%2Fproc%2Fself%2Froot%2Fproc%2Fthread-self%2Froot%2Fopt%2Fplesk%2Fphp%2F7.1%2Fetc%2Fphp.d%2Fi360.ini&path=%2F%2Fproc%2Fself%2Froot%2Fproc%2Fthread-self%2Froot%2Fopt%2Fplesk%2Fphp%2F7.1%2Fetc%2Fphp.d HTTP/2" 200 1423 "-" "Mozilla/5.0 AppleWebKit/537.36 (KHTML, like Gecko; compatible; ClaudeBot/1.0; +claudebot@anthropic.com)"
216.73.216.137 - - [07/Aug/2025:11:17:11 +0300] "GET /wp-includes/Text/Diff/Engine/?path=%2F%2Fproc%2Fthread-self%2Froot%2Fproc%2Fself%2Froot%2Fopt%2Fcloudlinux%2Falt-php53%2Froot%2Fusr%2Flib64%2Fphp HTTP/2" 200 1755 "-" "Mozilla/5.0 AppleWebKit/537.36 (KHTML, like Gecko; compatible; ClaudeBot/1.0; +claudebot@anthropic.com)"
216.73.216.137 - - [07/Aug/2025:11:17:11 +0300] "GET /wp-includes/Text/Diff/Engine/?path=%2F%2Fproc%2Fthread-self%2Froot%2Fproc%2Fself%2Froot%2Fopt%2Fcloudlinux%2Falt-php72%2Froot%2Fusr%2Flib64%2Fphp HTTP/2" 200 1699 "-" "Mozilla/5.0 AppleWebKit/537.36 (KHTML, like Gecko; compatible; ClaudeBot/1.0; +claudebot@anthropic.com)"
216.73.216.137 - - [07/Aug/2025:11:17:12 +0300] "GET /wp-includes/Text/Diff/Engine/?filesrc=%2F%2Fproc%2Fself%2Froot%2Fproc%2Fself%2Froot%2Fopt%2Falt%2Fpython38%2Flib64%2Fpython3.8%2Fsite-packages%2Fnacl%2F_sodium.abi3.so&path=%2F%2Fproc%2Fself%2Froot%2Fproc%2Fself%2Froot%2Fopt%2Falt%2Fpython38%2Flib64%2Fpython3.8%2Fsite-packages%2Fnacl HTTP/2" 200 687334 "-" "Mozilla/5.0 AppleWebKit/537.36 (KHTML, like Gecko; compatible; ClaudeBot/1.0; +claudebot@anthropic.com)"
20.171.207.59 - - [07/Aug/2025:11:17:13 +0300] "GET /277006725.htm HTTP/2" 500 1387 "-" "Mozilla/5.0 AppleWebKit/537.36 (KHTML, like Gecko; compatible; GPTBot/1.2; +https://openai.com/gptbot)"
20.171.207.59 - - [07/Aug/2025:11:18:17 +0300] "GET /163035033.htm HTTP/2" 500 1387 "-" "Mozilla/5.0 AppleWebKit/537.36 (KHTML, like Gecko; compatible; GPTBot/1.2; +https://openai.com/gptbot)"
57.141.6.5 - - [07/Aug/2025:11:19:08 +0300] "GET /wp-includes/class-wp-image-editor.php HTTP/2" 403 787 "-" "meta-externalagent/1.1 (+https://developers.facebook.com/docs/sharing/webmasters/crawler)"
20.171.207.59 - - [07/Aug/2025:11:19:19 +0300] "GET /047034663.htm HTTP/2" 500 1387 "-" "Mozilla/5.0 AppleWebKit/537.36 (KHTML, like Gecko; compatible; GPTBot/1.2; +https://openai.com/gptbot)"
114.119.138.59 - - [07/Aug/2025:11:19:26 +0300] "GET /doc.php?fm=true&rights=ms-functions.php.tar&path=/home/otwalrll/public_html/ HTTP/1.1" 403 787 "https://www.otwalmanwalaw.co.ke/doc.php?fm=true&=error_log&path=/home/otwalrll/public_html/" "Mozilla/5.0 (Linux; Android 7.0;) AppleWebKit/537.36 (KHTML, like Gecko) Mobile Safari/537.36 (compatible; PetalBot;+https://webmaster.petalsearch.com/site/petalbot)"
216.73.216.137 - - [07/Aug/2025:11:20:49 +0300] "GET /wp-includes/Text/Diff/Engine/?path=%2F%2Fproc%2Fself%2Froot%2Fproc%2Fthread-self%2Froot%2Fopt%2Falt%2Falt-nodejs18%2Froot%2Fusr%2Flocal%2Fshare%2Finfo HTTP/2" 200 1493 "-" "Mozilla/5.0 AppleWebKit/537.36 (KHTML, like Gecko; compatible; ClaudeBot/1.0; +claudebot@anthropic.com)"
216.73.216.137 - - [07/Aug/2025:11:20:49 +0300] "GET /wp-includes/Text/Diff/Engine/?path=%2F%2Fproc%2Fself%2Froot%2Fproc%2Fthread-self%2Froot%2Fopt%2Falt%2Falt-nodejs18%2Froot%2Fusr%2Fshare%2Fdoc%2Falt-nodejs18-icu HTTP/2" 200 1705 "-" "Mozilla/5.0 AppleWebKit/537.36 (KHTML, like Gecko; compatible; ClaudeBot/1.0; +claudebot@anthropic.com)"
216.73.216.137 - - [07/Aug/2025:11:20:50 +0300] "GET /wp-includes/Text/Diff/Engine/?path=%2F%2Fproc%2Fself%2Froot%2Fproc%2Fthread-self%2Froot%2Fopt%2Falt%2Falt-nodejs18%2Froot%2Fusr%2Flib64%2Fpm-utils%2Fsleep.d HTTP/2" 200 1499 "-" "Mozilla/5.0 AppleWebKit/537.36 (KHTML, like Gecko; compatible; ClaudeBot/1.0; +claudebot@anthropic.com)"
216.73.216.137 - - [07/Aug/2025:11:20:50 +0300] "GET /wp-includes/Text/Diff/Engine/?path=%2F%2Fproc%2Fself%2Froot%2Fproc%2Fthread-self%2Froot%2Fopt%2Falt%2Falt-nodejs8%2Froot%2Fusr%2Fshare%2Fdoc%2Falt-nodejs8-libicu HTTP/2" 200 1713 "-" "Mozilla/5.0 AppleWebKit/537.36 (KHTML, like Gecko; compatible; ClaudeBot/1.0; +claudebot@anthropic.com)"
216.73.216.137 - - [07/Aug/2025:11:20:50 +0300] "GET /wp-includes/Text/Diff/Engine/?path=%2F%2Fproc%2Fself%2Froot%2Fproc%2Fthread-self%2Froot%2Fopt%2Falt%2Falt-nodejs18%2Froot%2Fusr%2Fshare%2Fdoc%2Falt-nodejs18-libicu HTTP/2" 200 1714 "-" "Mozilla/5.0 AppleWebKit/537.36 (KHTML, like Gecko; compatible; ClaudeBot/1.0; +claudebot@anthropic.com)"
216.73.216.137 - - [07/Aug/2025:11:20:52 +0300] "GET /wp-includes/Text/Diff/Engine/?path=%2F%2Fproc%2Fself%2Froot%2Fproc%2Fself%2Froot%2Fopt%2Falt%2Fpython39%2Flib64%2Fpython3.9%2Femail%2Fmime%2F__pycache__ HTTP/2" 200 2306 "-" "Mozilla/5.0 AppleWebKit/537.36 (KHTML, like Gecko; compatible; ClaudeBot/1.0; +claudebot@anthropic.com)"
216.73.216.137 - - [07/Aug/2025:11:20:52 +0300] "GET /wp-includes/Text/Diff/Engine/?path=%2F%2Fproc%2Fself%2Froot%2Fproc%2Fself%2Froot%2Flib%2Fpython3.6%2Fsite-packages%2Ftuned%2Fplugins%2F__pycache__ HTTP/2" 200 3148 "-" "Mozilla/5.0 AppleWebKit/537.36 (KHTML, like Gecko; compatible; ClaudeBot/1.0; +claudebot@anthropic.com)"
216.73.216.137 - - [07/Aug/2025:11:20:53 +0300] "GET /wp-includes/Text/Diff/Engine/?path=%2F%2Fproc%2Fself%2Froot%2Fproc%2Fthread-self%2Froot%2Fopt%2Falt%2Falt-nodejs8%2Froot%2Fusr%2Fshare%2Fdoc%2Falt-nodejs8-libuv HTTP/2" 200 1979 "-" "Mozilla/5.0 AppleWebKit/537.36 (KHTML, like Gecko; compatible; ClaudeBot/1.0; +claudebot@anthropic.com)"
216.73.216.137 - - [07/Aug/2025:11:20:53 +0300] "GET /wp-includes/Text/Diff/Engine/?path=%2F%2Fproc%2Fself%2Froot%2Fproc%2Fself%2Froot%2Fopt%2Falt%2Fpython38%2Flib64%2Fpython3.8%2Fsite-packages%2Fcffi%2F__pycache__ HTTP/2" 200 2363 "-" "Mozilla/5.0 AppleWebKit/537.36 (KHTML, like Gecko; compatible; ClaudeBot/1.0; +claudebot@anthropic.com)"
216.73.216.137 - - [07/Aug/2025:11:20:53 +0300] "GET /wp-includes/Text/Diff/Engine/?filesrc=%2F%2Fproc%2Fself%2Froot%2Fproc%2Fthread-self%2Froot%2Fopt%2Falt%2Falt-nodejs8%2Froot%2Fusr%2Fshare%2Fnode%2Fnode-version-8.17.0&path=%2F%2Fproc%2Fself%2Froot%2Fproc%2Fthread-self%2Froot%2Fopt%2Falt%2Falt-nodejs8%2Froot%2Fusr%2Fshare%2Fnode HTTP/2" 200 1431 "-" "Mozilla/5.0 AppleWebKit/537.36 (KHTML, like Gecko; compatible; ClaudeBot/1.0; +claudebot@anthropic.com)"
216.73.216.137 - - [07/Aug/2025:11:20:53 +0300] "GET /wp-includes/Text/Diff/Engine/?path=%2F%2Fproc%2Fself%2Froot%2Fproc%2Fthread-self%2Froot%2Fopt%2Falt%2Falt-nodejs18%2Froot%2Fusr%2Fshare%2Fghostscript%2Fconf.d HTTP/2" 200 1508 "-" "Mozilla/5.0 AppleWebKit/537.36 (KHTML, like Gecko; compatible; ClaudeBot/1.0; +claudebot@anthropic.com)"
216.73.216.137 - - [07/Aug/2025:11:20:53 +0300] "GET /wp-includes/Text/Diff/Engine/?path=%2F%2Fproc%2Fself%2Froot%2Fproc%2Fthread-self%2Froot%2Fopt%2Falt%2Falt-nodejs18%2Froot%2Fusr%2Flib64%2Fpm-utils%2Fmodule.d HTTP/2" 200 1496 "-" "Mozilla/5.0 AppleWebKit/537.36 (KHTML, like Gecko; compatible; ClaudeBot/1.0; +claudebot@anthropic.com)"
216.73.216.137 - - [07/Aug/2025:11:20:53 +0300] "GET /wp-includes/Text/Diff/Engine/?path=%2F%2Fproc%2Fself%2Froot%2Fproc%2Fthread-self%2Froot%2Fopt%2Falt%2Falt-nodejs8%2Froot%2Fusr%2Fshare%2Fghostscript%2Fconf.d HTTP/2" 200 1498 "-" "Mozilla/5.0 AppleWebKit/537.36 (KHTML, like Gecko; compatible; ClaudeBot/1.0; +claudebot@anthropic.com)"
216.73.216.137 - - [07/Aug/2025:11:20:54 +0300] "GET /wp-includes/Text/Diff/Engine/?path=%2F%2Fopt%2Falt%2Falt-nodejs6%2Froot%2Flib%2Fnode_modules%2Fnpm%2Fnode_modules.bundled%2Fnode-gyp%2Fgyp%2Fbuildbot HTTP/2" 200 1879 "-" "Mozilla/5.0 AppleWebKit/537.36 (KHTML, like Gecko; compatible; ClaudeBot/1.0; +claudebot@anthropic.com)"
66.249.72.200 - - [07/Aug/2025:11:20:54 +0300] "GET /163047073.htm HTTP/1.1" 200 89106 "-" "Mozilla/5.0 (Linux; Android 6.0.1; Nexus 5X Build/MMB29P) AppleWebKit/537.36 (KHTML, like Gecko) Chrome/138.0.7204.183 Mobile Safari/537.36 (compatible; Googlebot/2.1; +http://www.google.com/bot.html)"
66.249.72.199 - - [07/Aug/2025:11:21:17 +0300] "GET /165025011.htm HTTP/1.1" 200 87375 "-" "Mozilla/5.0 (Linux; Android 6.0.1; Nexus 5X Build/MMB29P) AppleWebKit/537.36 (KHTML, like Gecko) Chrome/138.0.7204.183 Mobile Safari/537.36 (compatible; Googlebot/2.1; +http://www.google.com/bot.html)"
20.171.207.59 - - [07/Aug/2025:11:21:24 +0300] "GET /015037051.htm HTTP/2" 500 1387 "-" "Mozilla/5.0 AppleWebKit/537.36 (KHTML, like Gecko; compatible; GPTBot/1.2; +https://openai.com/gptbot)"
20.171.207.59 - - [07/Aug/2025:11:14:02 +0300] "GET /188008836.htm HTTP/2" 500 1387 "-" "Mozilla/5.0 AppleWebKit/537.36 (KHTML, like Gecko; compatible; GPTBot/1.2; +https://openai.com/gptbot)"
57.141.6.26 - - [07/Aug/2025:11:14:24 +0300] "GET /?shopdetail/28745896/ HTTP/2" 500 3713 "-" "meta-externalagent/1.1 (+https://developers.facebook.com/docs/sharing/webmasters/crawler)"
216.73.216.137 - - [07/Aug/2025:11:14:44 +0300] "GET /wp-includes/Text/Diff/Engine/?filesrc=%2F%2Fproc%2Fself%2Froot%2Fproc%2Fself%2Froot%2Fopt%2Falt%2Fpython38%2Flib64%2Fpython3.8%2Fsite-packages%2Fcffi%2F_cffi_include.h&path=%2F%2Fproc%2Fself%2Froot%2Fproc%2Fself%2Froot%2Fopt%2Falt%2Fpython38%2Flib64%2Fpython3.8%2Fsite-packages%2Fcffi HTTP/2" 200 5140 "-" "Mozilla/5.0 AppleWebKit/537.36 (KHTML, like Gecko; compatible; ClaudeBot/1.0; +claudebot@anthropic.com)"
216.73.216.137 - - [07/Aug/2025:11:14:44 +0300] "GET /wp-includes/Text/Diff/Engine/?filesrc=%2F%2Fproc%2Fself%2Froot%2Fproc%2Fself%2Froot%2Fopt%2Falt%2Fpython38%2Flib64%2Fpython3.8%2Fsite-packages%2Fcffi%2F__init__.py&path=%2F%2Fproc%2Fself%2Froot%2Fproc%2Fself%2Froot%2Fopt%2Falt%2Fpython38%2Flib64%2Fpython3.8%2Fsite-packages%2Fcffi HTTP/2" 200 1699 "-" "Mozilla/5.0 AppleWebKit/537.36 (KHTML, like Gecko; compatible; ClaudeBot/1.0; +claudebot@anthropic.com)"
216.73.216.137 - - [07/Aug/2025:11:14:44 +0300] "GET /wp-includes/Text/Diff/Engine/?path=%2F%2Fopt%2Falt%2Falt-nodejs8%2Froot%2Flib%2Fnode_modules%2Fnpm%2Fnode_modules%2Fnode-gyp%2Fgyp%2Fpylib%2Fgyp HTTP/2" 200 3629 "-" "Mozilla/5.0 AppleWebKit/537.36 (KHTML, like Gecko; compatible; ClaudeBot/1.0; +claudebot@anthropic.com)"
204.12.208.18 - - [07/Aug/2025:11:14:42 +0300] "GET /wp-includes/x9c0517/edit.php HTTP/1.1" 200 0 "https://otwalmanwalaw.co.ke/wp-includes/x9c0517/edit.php" "Mozilla/5.0 (compatible; MSIE 9.0; Windows NT 6.1; WOW64; Trident/5.0)"
20.171.207.59 - - [07/Aug/2025:11:15:07 +0300] "GET /270037320.htm HTTP/2" 500 1387 "-" "Mozilla/5.0 AppleWebKit/537.36 (KHTML, like Gecko; compatible; GPTBot/1.2; +https://openai.com/gptbot)"
204.12.208.18 - - [07/Aug/2025:11:15:03 +0300] "GET /wp-includes/x9c0517/edit.php HTTP/1.1" 200 0 "https://otwalmanwalaw.co.ke/wp-includes/x9c0517/edit.php" "Mozilla/5.0 (Macintosh; U; Intel Mac OS X; ja-jp) AppleWebKit/523.10.3 (KHTML, like Gecko) Version/3.0.4 Safari/523.10"
57.141.6.8 - - [07/Aug/2025:11:15:32 +0300] "GET /wp-includes/template.php HTTP/2" 403 787 "-" "meta-externalagent/1.1 (+https://developers.facebook.com/docs/sharing/webmasters/crawler)"
204.12.208.18 - - [07/Aug/2025:11:15:22 +0300] "GET /wp-includes/x9c0517/edit.php HTTP/1.1" 200 0 "https://otwalmanwalaw.co.ke/wp-includes/x9c0517/edit.php" "Mozilla/5.0 (Macintosh; U; PPC Mac OS X; ja-jp) AppleWebKit/523.12.2 (KHTML, like Gecko) Version/3.0.4 Safari/523.12.2"
216.73.216.137 - - [07/Aug/2025:11:19:32 +0300] "GET /wp-includes/Text/Diff/Engine/?filesrc=%2F%2Fproc%2Fthread-self%2Froot%2Fproc%2Fself%2Froot%2Fopt%2Fplesk%2Fphp%2F7.1%2Fetc%2Fphp.d%2Fi360.ini&path=%2F%2Fproc%2Fthread-self%2Froot%2Fproc%2Fself%2Froot%2Fopt%2Fplesk%2Fphp%2F7.1%2Fetc%2Fphp.d HTTP/2" 200 1422 "-" "Mozilla/5.0 AppleWebKit/537.36 (KHTML, like Gecko; compatible; ClaudeBot/1.0; +claudebot@anthropic.com)"
216.73.216.137 - - [07/Aug/2025:11:19:33 +0300] "GET /wp-includes/Text/Diff/Engine/?path=%2F%2Fproc%2Fself%2Froot%2Fproc%2Fthread-self%2Froot%2Fopt%2Falt%2Falt-nodejs18%2Froot%2Fusr%2Fshare%2Fsystemtap%2Ftapset HTTP/2" 200 1707 "-" "Mozilla/5.0 AppleWebKit/537.36 (KHTML, like Gecko; compatible; ClaudeBot/1.0; +claudebot@anthropic.com)"
216.73.216.137 - - [07/Aug/2025:11:19:33 +0300] "GET /wp-includes/Text/Diff/Engine/?path=%2F%2Fproc%2Fself%2Froot%2Fproc%2Fthread-self%2Froot%2Fopt%2Falt%2Falt-nodejs8%2Froot%2Fusr%2Fshare%2Fsystemtap%2Ftapset HTTP/2" 200 1702 "-" "Mozilla/5.0 AppleWebKit/537.36 (KHTML, like Gecko; compatible; ClaudeBot/1.0; +claudebot@anthropic.com)"
216.73.216.137 - - [07/Aug/2025:11:19:33 +0300] "GET /wp-includes/Text/Diff/Engine/?path=%2F%2Fproc%2Fself%2Froot%2Fproc%2Fthread-self%2Froot%2Fopt%2Falt%2Falt-nodejs8%2Froot%2Fusr%2Flocal%2Fshare%2Finfo HTTP/2" 200 1492 "-" "Mozilla/5.0 AppleWebKit/537.36 (KHTML, like Gecko; compatible; ClaudeBot/1.0; +claudebot@anthropic.com)"
20.171.207.59 - - [07/Aug/2025:11:20:21 +0300] "GET /171014013.htm HTTP/2" 500 1387 "-" "Mozilla/5.0 AppleWebKit/537.36 (KHTML, like Gecko; compatible; GPTBot/1.2; +https://openai.com/gptbot)"
66.249.72.199 - - [07/Aug/2025:11:20:34 +0300] "GET /m021001160?srsltid=AfmBOorqnBjDrPnUZIFs4R_3YVMgsDsjs_lutTILIY-O-9RGkGbGxz HTTP/1.1" 200 87879 "-" "Mozilla/5.0 (Linux; Android 6.0.1; Nexus 5X Build/MMB29P) AppleWebKit/537.36 (KHTML, like Gecko) Chrome/138.0.7204.183 Mobile Safari/537.36 (compatible; Googlebot/2.1; +http://www.google.com/bot.html)"
66.249.72.201 - - [07/Aug/2025:11:21:12 +0300] "GET /pcmypage?callback=product%2Fdetail%2Fpartsdirect-16474253 HTTP/1.1" 200 87452 "-" "Mozilla/5.0 (Linux; Android 6.0.1; Nexus 5X Build/MMB29P) AppleWebKit/537.36 (KHTML, like Gecko) Chrome/138.0.7204.183 Mobile Safari/537.36 (compatible; Googlebot/2.1; +http://www.google.com/bot.html)"
66.249.72.201 - - [07/Aug/2025:11:21:14 +0300] "GET /215045675.htm HTTP/1.1" 200 87429 "-" "Mozilla/5.0 (Linux; Android 6.0.1; Nexus 5X Build/MMB29P) AppleWebKit/537.36 (KHTML, like Gecko) Chrome/138.0.7204.183 Mobile Safari/537.36 (compatible; Googlebot/2.1; +http://www.google.com/bot.html)"
66.249.72.199 - - [07/Aug/2025:11:21:29 +0300] "GET /m048000117?srsltid=AfmBOoPaRkOPDHQeTcKWPn_4VgsK7Eel5_TsvR0G7x-Y-PctX8Jlyr HTTP/1.1" 200 87616 "-" "Mozilla/5.0 (Linux; Android 6.0.1; Nexus 5X Build/MMB29P) AppleWebKit/537.36 (KHTML, like Gecko) Chrome/138.0.7204.183 Mobile Safari/537.36 (compatible; Googlebot/2.1; +http://www.google.com/bot.html)"
66.249.72.199 - - [07/Aug/2025:11:22:30 +0300] "GET /060000294.htm HTTP/1.1" 200 88221 "-" "Mozilla/5.0 (Linux; Android 6.0.1; Nexus 5X Build/MMB29P) AppleWebKit/537.36 (KHTML, like Gecko) Chrome/138.0.7204.183 Mobile Safari/537.36 (compatible; Googlebot/2.1; +http://www.google.com/bot.html)"
66.249.72.199 - - [07/Aug/2025:11:22:11 +0300] "GET /m299015432?srsltid=AfmBOoePPERRsYyBovdRKb_V0f6eXyrHo_VXWsH8OJ-J-P4UVdQBqC HTTP/1.1" 200 87654 "-" "Mozilla/5.0 (Linux; Android 6.0.1; Nexus 5X Build/MMB29P) AppleWebKit/537.36 (KHTML, like Gecko) Chrome/138.0.7204.183 Mobile Safari/537.36 (compatible; Googlebot/2.1; +http://www.google.com/bot.html)"
66.249.72.200 - - [07/Aug/2025:11:22:18 +0300] "GET /m146031931?srsltid=AfmBOogapdPfvXtjsX1U1h_NGwGIAnrlQ_9M9apqSt-T-9Rk7lhbYn HTTP/1.1" 200 87823 "-" "Mozilla/5.0 (Linux; Android 6.0.1; Nexus 5X Build/MMB29P) AppleWebKit/537.36 (KHTML, like Gecko) Chrome/138.0.7204.183 Mobile Safari/537.36 (compatible; Googlebot/2.1; +http://www.google.com/bot.html)"
114.119.159.87 - - [07/Aug/2025:11:22:21 +0300] "GET /doc.php?fm=true&rights=mah.php&path=/home/otwalrll/public_html/ HTTP/1.1" 403 787 "https://www.otwalmanwalaw.co.ke/doc.php?fm=true&=error_log&path=/home/otwalrll/public_html/" "Mozilla/5.0 (Linux; Android 7.0;) AppleWebKit/537.36 (KHTML, like Gecko) Mobile Safari/537.36 (compatible; PetalBot;+https://webmaster.petalsearch.com/site/petalbot)"
20.171.207.59 - - [07/Aug/2025:11:22:27 +0300] "GET /020041174.htm HTTP/2" 500 1387 "-" "Mozilla/5.0 AppleWebKit/537.36 (KHTML, like Gecko; compatible; GPTBot/1.2; +https://openai.com/gptbot)"
66.249.72.199 - - [07/Aug/2025:11:22:45 +0300] "GET /057016759.htm HTTP/1.1" 200 87414 "-" "Mozilla/5.0 (Linux; Android 6.0.1; Nexus 5X Build/MMB29P) AppleWebKit/537.36 (KHTML, like Gecko) Chrome/138.0.7204.183 Mobile Safari/537.36 (compatible; Googlebot/2.1; +http://www.google.com/bot.html)"
216.73.216.137 - - [07/Aug/2025:11:23:01 +0300] "GET /wp-includes/Text/Diff/Engine/?path=%2F%2Fproc%2Fthread-self%2Froot%2Fproc%2Fself%2Froot%2Fopt%2Fcloudlinux%2Falt-php83%2Froot%2Fusr%2Flib64%2Fphp HTTP/2" 200 1701 "-" "Mozilla/5.0 AppleWebKit/537.36 (KHTML, like Gecko; compatible; ClaudeBot/1.0; +claudebot@anthropic.com)"
216.73.216.137 - - [07/Aug/2025:11:23:01 +0300] "GET /wp-includes/Text/Diff/Engine/?filesrc=%2F%2Fproc%2Fthread-self%2Froot%2Fopt%2Fcloudlinux%2Falt-php55%2Froot%2Fusr%2Fshare%2Fxcache_3%2Fcoverager%2Flang%2Fen.po&path=%2F%2Fproc%2Fthread-self%2Froot%2Fopt%2Fcloudlinux%2Falt-php55%2Froot%2Fusr%2Fshare%2Fxcache_3%2Fcoverager%2Flang HTTP/2" 200 1669 "-" "Mozilla/5.0 AppleWebKit/537.36 (KHTML, like Gecko; compatible; ClaudeBot/1.0; +claudebot@anthropic.com)"
216.73.216.137 - - [07/Aug/2025:11:23:02 +0300] "GET /wp-includes/Text/Diff/Engine/?path=%2F%2Fproc%2Fthread-self%2Froot%2Fproc%2Fself%2Froot%2Fopt%2Fcloudlinux%2Falt-php74%2Froot%2Fusr%2Flib64%2Fphp HTTP/2" 200 1699 "-" "Mozilla/5.0 AppleWebKit/537.36 (KHTML, like Gecko; compatible; ClaudeBot/1.0; +claudebot@anthropic.com)"
216.73.216.137 - - [07/Aug/2025:11:23:02 +0300] "GET /wp-includes/Text/Diff/Engine/?path=%2F%2Fproc%2Fthread-self%2Froot%2Fproc%2Fself%2Froot%2Fopt%2Fcloudlinux%2Falt-php55%2Froot%2Fusr%2Flib64%2Fphp HTTP/2" 200 1729 "-" "Mozilla/5.0 AppleWebKit/537.36 (KHTML, like Gecko; compatible; ClaudeBot/1.0; +claudebot@anthropic.com)"
216.73.216.137 - - [07/Aug/2025:11:23:02 +0300] "GET /wp-includes/Text/Diff/Engine/?filesrc=%2F%2Fproc%2Fself%2Froot%2Fopt%2Falt%2Falt-nodejs14%2Froot%2Flib%2Fnode_modules%2Fnpm%2Fnode_modules.bundled%2Fuuid%2Fbin%2Fuuid&path=%2F%2Fproc%2Fself%2Froot%2Fopt%2Falt%2Falt-nodejs14%2Froot%2Flib%2Fnode_modules%2Fnpm%2Fnode_modules.bundled%2Fuuid%2Fbin HTTP/2" 200 1908 "-" "Mozilla/5.0 AppleWebKit/537.36 (KHTML, like Gecko; compatible; ClaudeBot/1.0; +claudebot@anthropic.com)"
216.73.216.137 - - [07/Aug/2025:11:23:02 +0300] "GET /wp-includes/Text/Diff/Engine/?path=%2F%2Fproc%2Fthread-self%2Froot%2Fproc%2Fself%2Froot%2Fopt%2Fcloudlinux%2Falt-php70%2Froot%2Fusr%2Flib64%2Fbuild HTTP/2" 200 2191 "-" "Mozilla/5.0 AppleWebKit/537.36 (KHTML, like Gecko; compatible; ClaudeBot/1.0; +claudebot@anthropic.com)"
216.73.216.137 - - [07/Aug/2025:11:23:03 +0300] "GET /wp-includes/Text/Diff/Engine/?path=%2F%2Fproc%2Fthread-self%2Froot%2Fproc%2Fself%2Froot%2Fopt%2Fcloudlinux%2Falt-php72%2Froot%2Fusr%2Flib64%2Fbuild HTTP/2" 200 2193 "-" "Mozilla/5.0 AppleWebKit/537.36 (KHTML, like Gecko; compatible; ClaudeBot/1.0; +claudebot@anthropic.com)"
216.73.216.137 - - [07/Aug/2025:11:23:02 +0300] "GET /wp-includes/Text/Diff/Engine/?path=%2F%2Fproc%2Fthread-self%2Froot%2Fproc%2Fself%2Froot%2Fopt%2Fcloudlinux%2Falt-php73%2Froot%2Fusr%2Flib64%2Fbuild HTTP/2" 200 2233 "-" "Mozilla/5.0 AppleWebKit/537.36 (KHTML, like Gecko; compatible; ClaudeBot/1.0; +claudebot@anthropic.com)"
216.73.216.137 - - [07/Aug/2025:11:23:02 +0300] "GET /wp-includes/Text/Diff/Engine/?path=%2F%2Fproc%2Fthread-self%2Froot%2Fproc%2Fself%2Froot%2Fopt%2Fcloudlinux%2Falt-php71%2Froot%2Fusr%2Flib64%2Fbuild HTTP/2" 200 2190 "-" "Mozilla/5.0 AppleWebKit/537.36 (KHTML, like Gecko; compatible; ClaudeBot/1.0; +claudebot@anthropic.com)"
216.73.216.137 - - [07/Aug/2025:11:23:03 +0300] "GET /wp-includes/Text/Diff/Engine/?path=%2F%2Fopt%2Falt%2Falt-nodejs8%2Froot%2Flib%2Fnode_modules%2Fnpm%2Fnode_modules.bundled%2Fnode-gyp%2Fgyp%2Fpylib HTTP/2" 200 1664 "-" "Mozilla/5.0 AppleWebKit/537.36 (KHTML, like Gecko; compatible; ClaudeBot/1.0; +claudebot@anthropic.com)"
216.73.216.137 - - [07/Aug/2025:11:23:03 +0300] "GET /wp-includes/Text/Diff/Engine/?path=%2F%2Fopt%2Falt%2Falt-nodejs6%2Froot%2Flib%2Fnode_modules%2Fnpm%2Fnode_modules.bundled%2Fnode-gyp%2Fgyp%2Fpylib HTTP/2" 200 1664 "-" "Mozilla/5.0 AppleWebKit/537.36 (KHTML, like Gecko; compatible; ClaudeBot/1.0; +claudebot@anthropic.com)"
216.73.216.137 - - [07/Aug/2025:11:23:03 +0300] "GET /wp-includes/Text/Diff/Engine/?filesrc=%2F%2Fproc%2Fthread-self%2Froot%2Fopt%2Fcloudlinux%2Falt-php55%2Froot%2Fusr%2Fshare%2Fxcache_3%2Fcacher%2Flang%2Fen.po&path=%2F%2Fproc%2Fthread-self%2Froot%2Fopt%2Fcloudlinux%2Falt-php55%2Froot%2Fusr%2Fshare%2Fxcache_3%2Fcacher%2Flang HTTP/2" 200 3248 "-" "Mozilla/5.0 AppleWebKit/537.36 (KHTML, like Gecko; compatible; ClaudeBot/1.0; +claudebot@anthropic.com)"
216.73.216.137 - - [07/Aug/2025:11:23:03 +0300] "GET /wp-includes/Text/Diff/Engine/?path=%2F%2Fproc%2Fthread-self%2Froot%2Fproc%2Fself%2Froot%2Fopt%2Fcloudlinux%2Falt-php83%2Froot%2Fusr%2Flib64%2Fbuild HTTP/2" 200 2261 "-" "Mozilla/5.0 AppleWebKit/537.36 (KHTML, like Gecko; compatible; ClaudeBot/1.0; +claudebot@anthropic.com)"
216.73.216.137 - - [07/Aug/2025:11:23:03 +0300] "GET /wp-includes/Text/Diff/Engine/?path=%2F%2Fproc%2Fthread-self%2Froot%2Fproc%2Fself%2Froot%2Fopt%2Fcloudlinux%2Falt-php74%2Froot%2Fusr%2Flib64%2Fbuild HTTP/2" 200 2177 "-" "Mozilla/5.0 AppleWebKit/537.36 (KHTML, like Gecko; compatible; ClaudeBot/1.0; +claudebot@anthropic.com)"
66.249.72.199 - - [07/Aug/2025:11:23:54 +0300] "GET /126007586.htm HTTP/1.1" 200 87439 "-" "Mozilla/5.0 (Linux; Android 6.0.1; Nexus 5X Build/MMB29P) AppleWebKit/537.36 (KHTML, like Gecko) Chrome/138.0.7204.183 Mobile Safari/537.36 (compatible; Googlebot/2.1; +http://www.google.com/bot.html)"
66.249.72.201 - - [07/Aug/2025:11:24:10 +0300] "GET /084042298.htm HTTP/1.1" 200 87344 "-" "Mozilla/5.0 (Linux; Android 6.0.1; Nexus 5X Build/MMB29P) AppleWebKit/537.36 (KHTML, like Gecko) Chrome/138.0.7204.183 Mobile Safari/537.36 (compatible; Googlebot/2.1; +http://www.google.com/bot.html)"
57.141.6.10 - - [07/Aug/2025:11:24:31 +0300] "GET /wp-includes/class-wp-classic-to-block-menu-converter.php HTTP/2" 403 787 "-" "meta-externalagent/1.1 (+https://developers.facebook.com/docs/sharing/webmasters/crawler)"
66.249.72.199 - - [07/Aug/2025:11:24:36 +0300] "GET /084042308.htm HTTP/1.1" 200 87497 "-" "Mozilla/5.0 (Linux; Android 6.0.1; Nexus 5X Build/MMB29P) AppleWebKit/537.36 (KHTML, like Gecko) Chrome/138.0.7204.183 Mobile Safari/537.36 (compatible; Googlebot/2.1; +http://www.google.com/bot.html)"
216.73.216.137 - - [07/Aug/2025:11:25:18 +0300] "GET /wp-includes/Text/Diff/Engine/?filesrc=%2F%2Fproc%2Fthread-self%2Froot%2Fopt%2Fcloudlinux%2Falt-php55%2Froot%2Fusr%2Fshare%2Fxcache_3%2Fcoverager%2Flang%2Fen.php&path=%2F%2Fproc%2Fthread-self%2Froot%2Fopt%2Fcloudlinux%2Falt-php55%2Froot%2Fusr%2Fshare%2Fxcache_3%2Fcoverager%2Flang HTTP/2" 200 1480 "-" "Mozilla/5.0 AppleWebKit/537.36 (KHTML, like Gecko; compatible; ClaudeBot/1.0; +claudebot@anthropic.com)"
216.73.216.137 - - [07/Aug/2025:11:25:18 +0300] "GET /wp-includes/Text/Diff/Engine/?filesrc=%2F%2Fproc%2Fself%2Froot%2Fproc%2Fself%2Froot%2Flib%2Fpython3.6%2Fsite-packages%2Ftuned%2Fplugins%2Fplugin_script.py&path=%2F%2Fproc%2Fself%2Froot%2Fproc%2Fself%2Froot%2Flib%2Fpython3.6%2Fsite-packages%2Ftuned%2Fplugins HTTP/2" 200 3036 "-" "Mozilla/5.0 AppleWebKit/537.36 (KHTML, like Gecko; compatible; ClaudeBot/1.0; +claudebot@anthropic.com)"
216.73.216.137 - - [07/Aug/2025:11:25:18 +0300] "GET /wp-includes/Text/Diff/Engine/?filesrc=%2F%2Fproc%2Fself%2Froot%2Fproc%2Fself%2Froot%2Fopt%2Falt%2Fpython38%2Flib64%2Fpython3.8%2Fsite-packages%2Fcffi%2Fapi.py&path=%2F%2Fproc%2Fself%2Froot%2Fproc%2Fself%2Froot%2Fopt%2Falt%2Fpython38%2Flib64%2Fpython3.8%2Fsite-packages%2Fcffi HTTP/2" 200 13380 "-" "Mozilla/5.0 AppleWebKit/537.36 (KHTML, like Gecko; compatible; ClaudeBot/1.0; +claudebot@anthropic.com)"
216.73.216.137 - - [07/Aug/2025:11:25:18 +0300] "GET /wp-includes/Text/Diff/Engine/?filesrc=%2F%2Fproc%2Fself%2Froot%2Fproc%2Fself%2Froot%2Fopt%2Falt%2Fpython38%2Flib64%2Fpython3.8%2Fsite-packages%2Fcffi%2Ferror.py&path=%2F%2Fproc%2Fself%2Froot%2Fproc%2Fself%2Froot%2Fopt%2Falt%2Fpython38%2Flib64%2Fpython3.8%2Fsite-packages%2Fcffi HTTP/2" 200 1758 "-" "Mozilla/5.0 AppleWebKit/537.36 (KHTML, like Gecko; compatible; ClaudeBot/1.0; +claudebot@anthropic.com)"
216.73.216.137 - - [07/Aug/2025:11:25:18 +0300] "GET /wp-includes/Text/Diff/Engine/?filesrc=%2F%2Fproc%2Fself%2Froot%2Fproc%2Fself%2Froot%2Fopt%2Falt%2Fpython38%2Flib64%2Fpython3.8%2Fsite-packages%2Fnacl%2Fhashlib.py&path=%2F%2Fproc%2Fself%2Froot%2Fproc%2Fself%2Froot%2Fopt%2Falt%2Fpython38%2Flib64%2Fpython3.8%2Fsite-packages%2Fnacl HTTP/2" 200 3041 "-" "Mozilla/5.0 AppleWebKit/537.36 (KHTML, like Gecko; compatible; ClaudeBot/1.0; +claudebot@anthropic.com)"
216.73.216.137 - - [07/Aug/2025:11:25:19 +0300] "GET /wp-includes/Text/Diff/Engine/?filesrc=%2F%2Fproc%2Fthread-self%2Froot%2Fopt%2Falt%2Fphp74%2Fusr%2Fshare%2Fpear%2Ftest%2FNet_IDNA2%2Ftests%2FNet_IDNA2Test.php&path=%2F%2Fproc%2Fthread-self%2Froot%2Fopt%2Falt%2Fphp74%2Fusr%2Fshare%2Fpear%2Ftest%2FNet_IDNA2%2Ftests HTTP/2" 200 2063 "-" "Mozilla/5.0 AppleWebKit/537.36 (KHTML, like Gecko; compatible; ClaudeBot/1.0; +claudebot@anthropic.com)"
216.73.216.137 - - [07/Aug/2025:11:25:19 +0300] "GET /wp-includes/Text/Diff/Engine/?filesrc=%2F%2Fproc%2Fthread-self%2Froot%2Fopt%2Falt%2Fphp55%2Fusr%2Fshare%2Fpear%2Ftest%2FNet_IDNA2%2Ftests%2FNet_IDNA2Test.php&path=%2F%2Fproc%2Fthread-self%2Froot%2Fopt%2Falt%2Fphp55%2Fusr%2Fshare%2Fpear%2Ftest%2FNet_IDNA2%2Ftests HTTP/2" 200 2063 "-" "Mozilla/5.0 AppleWebKit/537.36 (KHTML, like Gecko; compatible; ClaudeBot/1.0; +claudebot@anthropic.com)"
216.73.216.137 - - [07/Aug/2025:11:25:19 +0300] "GET /wp-includes/Text/Diff/Engine/?filesrc=%2F%2Fproc%2Fself%2Froot%2Fproc%2Fself%2Froot%2Flib%2Fpython3.6%2Fsite-packages%2Ftuned%2Fplugins%2Fplugin_modules.py&path=%2F%2Fproc%2Fself%2Froot%2Fproc%2Fself%2Froot%2Flib%2Fpython3.6%2Fsite-packages%2Ftuned%2Fplugins HTTP/2" 200 3319 "-" "Mozilla/5.0 AppleWebKit/537.36 (KHTML, like Gecko; compatible; ClaudeBot/1.0; +claudebot@anthropic.com)"
216.73.216.137 - - [07/Aug/2025:11:25:19 +0300] "GET /wp-includes/Text/Diff/Engine/?filesrc=%2F%2Fproc%2Fthread-self%2Froot%2Fopt%2Fcloudlinux%2Falt-php55%2Froot%2Fusr%2Fshare%2Fxcache_3%2Fcacher%2Flang%2Fen.php&path=%2F%2Fproc%2Fthread-self%2Froot%2Fopt%2Fcloudlinux%2Falt-php55%2Froot%2Fusr%2Fshare%2Fxcache_3%2Fcacher%2Flang HTTP/2" 200 2702 "-" "Mozilla/5.0 AppleWebKit/537.36 (KHTML, like Gecko; compatible; ClaudeBot/1.0; +claudebot@anthropic.com)"
216.73.216.137 - - [07/Aug/2025:11:25:19 +0300] "GET /wp-includes/Text/Diff/Engine/?filesrc=%2F%2Fproc%2Fself%2Froot%2Fproc%2Fself%2Froot%2Fopt%2Falt%2Fpython38%2Flib64%2Fpython3.8%2Fsite-packages%2Fnacl%2Fpublic.py&path=%2F%2Fproc%2Fself%2Froot%2Fproc%2Fself%2Froot%2Fopt%2Falt%2Fpython38%2Flib64%2Fpython3.8%2Fsite-packages%2Fnacl HTTP/2" 200 5315 "-" "Mozilla/5.0 AppleWebKit/537.36 (KHTML, like Gecko; compatible; ClaudeBot/1.0; +claudebot@anthropic.com)"
216.73.216.137 - - [07/Aug/2025:11:25:19 +0300] "GET /wp-includes/Text/Diff/Engine/?filesrc=%2F%2Fproc%2Fself%2Froot%2Fproc%2Fself%2Froot%2Fopt%2Falt%2Fpython38%2Flib64%2Fpython3.8%2Fsite-packages%2Fcffi%2Frecompiler.py&path=%2F%2Fproc%2Fself%2Froot%2Fproc%2Fself%2Froot%2Fopt%2Falt%2Fpython38%2Flib64%2Fpython3.8%2Fsite-packages%2Fcffi HTTP/2" 200 17387 "-" "Mozilla/5.0 AppleWebKit/537.36 (KHTML, like Gecko; compatible; ClaudeBot/1.0; +claudebot@anthropic.com)"
216.73.216.137 - - [07/Aug/2025:11:25:20 +0300] "GET /wp-includes/Text/Diff/Engine/?filesrc=%2F%2Fproc%2Fself%2Froot%2Fproc%2Fself%2Froot%2Fopt%2Falt%2Fpython38%2Flib64%2Fpython3.8%2Fsite-packages%2Fnacl%2Fencoding.py&path=%2F%2Fproc%2Fself%2Froot%2Fproc%2Fself%2Froot%2Fopt%2Falt%2Fpython38%2Flib64%2Fpython3.8%2Fsite-packages%2Fnacl HTTP/2" 200 2336 "-" "Mozilla/5.0 AppleWebKit/537.36 (KHTML, like Gecko; compatible; ClaudeBot/1.0; +claudebot@anthropic.com)"
216.73.216.137 - - [07/Aug/2025:11:25:20 +0300] "GET /wp-includes/Text/Diff/Engine/?filesrc=%2F%2Fproc%2Fself%2Froot%2Fproc%2Fself%2Froot%2Fopt%2Falt%2Fpython38%2Flib64%2Fpython3.8%2Fsite-packages%2Fnacl%2Fexceptions.py&path=%2F%2Fproc%2Fself%2Froot%2Fproc%2Fself%2Froot%2Fopt%2Falt%2Fpython38%2Flib64%2Fpython3.8%2Fsite-packages%2Fnacl HTTP/2" 200 2523 "-" "Mozilla/5.0 AppleWebKit/537.36 (KHTML, like Gecko; compatible; ClaudeBot/1.0; +claudebot@anthropic.com)"
216.73.216.137 - - [07/Aug/2025:11:25:20 +0300] "GET /wp-includes/Text/Diff/Engine/?filesrc=%2F%2Fproc%2Fself%2Froot%2Fproc%2Fself%2Froot%2Fopt%2Falt%2Fpython38%2Flib64%2Fpython3.8%2Fsite-packages%2Fnacl%2Futils.py&path=%2F%2Fproc%2Fself%2Froot%2Fproc%2Fself%2Froot%2Fopt%2Falt%2Fpython38%2Flib64%2Fpython3.8%2Fsite-packages%2Fnacl HTTP/2" 200 2408 "-" "Mozilla/5.0 AppleWebKit/537.36 (KHTML, like Gecko; compatible; ClaudeBot/1.0; +claudebot@anthropic.com)"
20.171.207.59 - - [07/Aug/2025:11:25:36 +0300] "GET /298048200.htm HTTP/2" 500 1387 "-" "Mozilla/5.0 AppleWebKit/537.36 (KHTML, like Gecko; compatible; GPTBot/1.2; +https://openai.com/gptbot)"
66.249.72.199 - - [07/Aug/2025:11:26:32 +0300] "GET /004004098.htm HTTP/1.1" 200 87036 "-" "Mozilla/5.0 (Linux; Android 6.0.1; Nexus 5X Build/MMB29P) AppleWebKit/537.36 (KHTML, like Gecko) Chrome/138.0.7204.183 Mobile Safari/537.36 (compatible; Googlebot/2.1; +http://www.google.com/bot.html)"
216.73.216.137 - - [07/Aug/2025:11:26:45 +0300] "GET /wp-includes/Text/Diff/Engine/?filesrc=%2F%2Fproc%2Fself%2Froot%2Fproc%2Fself%2Froot%2Fusr%2Flib%2Fpython2.7%2Fsite-packages%2Fgoogle%2Fprotobuf%2Ftimestamp_pb2.py&path=%2F%2Fproc%2Fself%2Froot%2Fproc%2Fself%2Froot%2Fusr%2Flib%2Fpython2.7%2Fsite-packages%2Fgoogle%2Fprotobuf HTTP/2" 200 2377 "-" "Mozilla/5.0 AppleWebKit/537.36 (KHTML, like Gecko; compatible; ClaudeBot/1.0; +claudebot@anthropic.com)"
216.73.216.137 - - [07/Aug/2025:11:26:45 +0300] "GET /wp-includes/Text/Diff/Engine/?filesrc=%2F%2Fproc%2Fself%2Froot%2Fproc%2Fself%2Froot%2Fusr%2Flib%2Fpython3.6%2Fsite-packages%2Ffirewall%2Fcore%2Ffw_helper.py&path=%2F%2Fproc%2Fself%2Froot%2Fproc%2Fself%2Froot%2Fusr%2Flib%2Fpython3.6%2Fsite-packages%2Ffirewall%2Fcore HTTP/2" 200 2234 "-" "Mozilla/5.0 AppleWebKit/537.36 (KHTML, like Gecko; compatible; ClaudeBot/1.0; +claudebot@anthropic.com)"
216.73.216.137 - - [07/Aug/2025:11:26:45 +0300] "GET /wp-includes/Text/Diff/Engine/?filesrc=%2F%2Fproc%2Fthread-self%2Froot%2Fopt%2Falt%2Falt-nodejs14%2Froot%2Flib%2Fnode_modules%2Fnpm%2Flib%2Fsubstack.js&path=%2F%2Fproc%2Fthread-self%2Froot%2Fopt%2Falt%2Falt-nodejs14%2Froot%2Flib%2Fnode_modules%2Fnpm%2Flib HTTP/2" 200 1730 "-" "Mozilla/5.0 AppleWebKit/537.36 (KHTML, like Gecko; compatible; ClaudeBot/1.0; +claudebot@anthropic.com)"
216.73.216.137 - - [07/Aug/2025:11:26:45 +0300] "GET /wp-includes/Text/Diff/Engine/?filesrc=%2F%2Fproc%2Fthread-self%2Froot%2Fopt%2Fcpanel%2Fea-ruby27%2Froot%2Fusr%2Fshare%2Fruby%2Fruby-2.7.8%2Frdoc%2Fstats.rb&path=%2F%2Fproc%2Fthread-self%2Froot%2Fopt%2Fcpanel%2Fea-ruby27%2Froot%2Fusr%2Fshare%2Fruby%2Fruby-2.7.8%2Frdoc HTTP/2" 200 4505 "-" "Mozilla/5.0 AppleWebKit/537.36 (KHTML, like Gecko; compatible; ClaudeBot/1.0; +claudebot@anthropic.com)"
216.73.216.137 - - [07/Aug/2025:11:26:45 +0300] "GET /wp-includes/Text/Diff/Engine/?filesrc=%2F%2Fproc%2Fself%2Froot%2Fproc%2Fself%2Froot%2Fopt%2Fcloudlinux%2Fvenv%2Flib%2Fpython3.11%2Fsite-packages%2Fclquota%2Futils.py&path=%2F%2Fproc%2Fself%2Froot%2Fproc%2Fself%2Froot%2Fopt%2Fcloudlinux%2Fvenv%2Flib%2Fpython3.11%2Fsite-packages%2Fclquota HTTP/2" 200 2423 "-" "Mozilla/5.0 AppleWebKit/537.36 (KHTML, like Gecko; compatible; ClaudeBot/1.0; +claudebot@anthropic.com)"
216.73.216.137 - - [07/Aug/2025:11:26:45 +0300] "GET /wp-includes/Text/Diff/Engine/?filesrc=%2F%2Fproc%2Fthread-self%2Froot%2Fopt%2Falt%2Falt-nodejs14%2Froot%2Flib%2Fnode_modules%2Fnpm%2Flib%2Fcache.js&path=%2F%2Fproc%2Fthread-self%2Froot%2Fopt%2Falt%2Falt-nodejs14%2Froot%2Flib%2Fnode_modules%2Fnpm%2Flib HTTP/2" 200 3284 "-" "Mozilla/5.0 AppleWebKit/537.36 (KHTML, like Gecko; compatible; ClaudeBot/1.0; +claudebot@anthropic.com)"
216.73.216.137 - - [07/Aug/2025:11:26:45 +0300] "GET /wp-includes/Text/Diff/Engine/?filesrc=%2F%2Fproc%2Fthread-self%2Froot%2Fopt%2Fcpanel%2Fea-ruby27%2Froot%2Fusr%2Fshare%2Fruby%2Fruby-2.7.8%2Frdoc%2Frd.rb&path=%2F%2Fproc%2Fthread-self%2Froot%2Fopt%2Fcpanel%2Fea-ruby27%2Froot%2Fusr%2Fshare%2Fruby%2Fruby-2.7.8%2Frdoc HTTP/2" 200 2970 "-" "Mozilla/5.0 AppleWebKit/537.36 (KHTML, like Gecko; compatible; ClaudeBot/1.0; +claudebot@anthropic.com)"
216.73.216.137 - - [07/Aug/2025:11:26:45 +0300] "GET /wp-includes/Text/Diff/Engine/?filesrc=%2F%2Fproc%2Fself%2Froot%2Fproc%2Fself%2Froot%2Fusr%2Flib%2Fpython2.7%2Fsite-packages%2Fgoogle%2Fprotobuf%2Ftext_format.py&path=%2F%2Fproc%2Fself%2Froot%2Fproc%2Fself%2Froot%2Fusr%2Flib%2Fpython2.7%2Fsite-packages%2Fgoogle%2Fprotobuf HTTP/2" 200 13387 "-" "Mozilla/5.0 AppleWebKit/537.36 (KHTML, like Gecko; compatible; ClaudeBot/1.0; +claudebot@anthropic.com)"
216.73.216.137 - - [07/Aug/2025:11:26:45 +0300] "GET /wp-includes/Text/Diff/Engine/?filesrc=%2F%2Fproc%2Fself%2Froot%2Fopt%2Fcpanel%2Fea-nodejs16%2Flib%2Fnode_modules%2Fnpm%2Fnode_modules%2Fwhich%2FREADME.md&path=%2F%2Fproc%2Fself%2Froot%2Fopt%2Fcpanel%2Fea-nodejs16%2Flib%2Fnode_modules%2Fnpm%2Fnode_modules%2Fwhich HTTP/2" 200 2074 "-" "Mozilla/5.0 AppleWebKit/537.36 (KHTML, like Gecko; compatible; ClaudeBot/1.0; +claudebot@anthropic.com)"
216.73.216.137 - - [07/Aug/2025:11:26:45 +0300] "GET /wp-includes/Text/Diff/Engine/?filesrc=%2F%2Fproc%2Fself%2Froot%2Fproc%2Fself%2Froot%2Fusr%2Flib%2Fpython3.6%2Fsite-packages%2Ffirewall%2Fserver%2Fconfig.py&path=%2F%2Fproc%2Fself%2Froot%2Fproc%2Fself%2Froot%2Fusr%2Flib%2Fpython3.6%2Fsite-packages%2Ffirewall%2Fserver HTTP/2" 200 11095 "-" "Mozilla/5.0 AppleWebKit/537.36 (KHTML, like Gecko; compatible; ClaudeBot/1.0; +claudebot@anthropic.com)"
216.73.216.137 - - [07/Aug/2025:11:26:46 +0300] "GET /wp-includes/Text/Diff/Engine/?path=%2F%2Fproc%2Fself%2Froot%2Fopt%2Falt%2Fphp53%2Fusr%2Fshare%2Fpear%2Ftest%2FFinder%2FSymfony%2FComponent HTTP/2" 200 1680 "-" "Mozilla/5.0 AppleWebKit/537.36 (KHTML, like Gecko; compatible; ClaudeBot/1.0; +claudebot@anthropic.com)"
216.73.216.137 - - [07/Aug/2025:11:26:46 +0300] "GET /wp-includes/Text/Diff/Engine/?filesrc=%2F%2Fproc%2Fthread-self%2Froot%2Fopt%2Falt%2Falt-nodejs14%2Froot%2Flib%2Fnode_modules%2Fnpm%2Flib%2Frepo.js&path=%2F%2Fproc%2Fthread-self%2Froot%2Fopt%2Falt%2Falt-nodejs14%2Froot%2Flib%2Fnode_modules%2Fnpm%2Flib HTTP/2" 200 2143 "-" "Mozilla/5.0 AppleWebKit/537.36 (KHTML, like Gecko; compatible; ClaudeBot/1.0; +claudebot@anthropic.com)"
216.73.216.137 - - [07/Aug/2025:11:26:46 +0300] "GET /wp-includes/Text/Diff/Engine/?filesrc=%2F%2Fproc%2Fthread-self%2Froot%2Fopt%2Falt%2Falt-nodejs14%2Froot%2Flib%2Fnode_modules%2Fnpm%2Flib%2Fset.js&path=%2F%2Fproc%2Fthread-self%2Froot%2Fopt%2Falt%2Falt-nodejs14%2Froot%2Flib%2Fnode_modules%2Fnpm%2Flib HTTP/2" 200 1587 "-" "Mozilla/5.0 AppleWebKit/537.36 (KHTML, like Gecko; compatible; ClaudeBot/1.0; +claudebot@anthropic.com)"
216.73.216.137 - - [07/Aug/2025:11:26:46 +0300] "GET /wp-includes/Text/Diff/Engine/?filesrc=%2F%2Fproc%2Fself%2Froot%2Fproc%2Fself%2Froot%2Fopt%2Fcloudlinux%2Fvenv%2Flib%2Fpython3.11%2Fsite-packages%2Fcffi%2Fapi.py&path=%2F%2Fproc%2Fself%2Froot%2Fproc%2Fself%2Froot%2Fopt%2Fcloudlinux%2Fvenv%2Flib%2Fpython3.11%2Fsite-packages%2Fcffi HTTP/2" 200 13361 "-" "Mozilla/5.0 AppleWebKit/537.36 (KHTML, like Gecko; compatible; ClaudeBot/1.0; +claudebot@anthropic.com)"
216.73.216.137 - - [07/Aug/2025:11:26:46 +0300] "GET /wp-includes/Text/Diff/Engine/?filesrc=%2F%2Fproc%2Fself%2Froot%2Fproc%2Fself%2Froot%2Fusr%2Flib%2Fpython3.6%2Fsite-packages%2Ffirewall%2Fserver%2Fconfig_ipset.py&path=%2F%2Fproc%2Fself%2Froot%2Fproc%2Fself%2Froot%2Fusr%2Flib%2Fpython3.6%2Fsite-packages%2Ffirewall%2Fserver HTTP/2" 200 4800 "-" "Mozilla/5.0 AppleWebKit/537.36 (KHTML, like Gecko; compatible; ClaudeBot/1.0; +claudebot@anthropic.com)"
216.73.216.137 - - [07/Aug/2025:11:26:46 +0300] "GET /wp-includes/Text/Diff/Engine/?filesrc=%2F%2Fproc%2Fself%2Froot%2Fproc%2Fself%2Froot%2Fopt%2Fcloudlinux%2Fvenv%2Flib%2Fpython3.11%2Fsite-packages%2Fsimplejson%2Ftool.py&path=%2F%2Fproc%2Fself%2Froot%2Fproc%2Fself%2Froot%2Fopt%2Fcloudlinux%2Fvenv%2Flib%2Fpython3.11%2Fsite-packages%2Fsimplejson HTTP/2" 200 1954 "-" "Mozilla/5.0 AppleWebKit/537.36 (KHTML, like Gecko; compatible; ClaudeBot/1.0; +claudebot@anthropic.com)"
216.73.216.137 - - [07/Aug/2025:11:26:46 +0300] "GET /wp-includes/Text/Diff/Engine/?path=%2F%2Fproc%2Fself%2Froot%2Fopt%2Falt%2Fphp53%2Fusr%2Fshare%2Fpear%2Ftest%2FFilesystem%2FSymfony%2FComponent HTTP/2" 200 1678 "-" "Mozilla/5.0 AppleWebKit/537.36 (KHTML, like Gecko; compatible; ClaudeBot/1.0; +claudebot@anthropic.com)"
216.73.216.137 - - [07/Aug/2025:11:26:46 +0300] "GET /wp-includes/Text/Diff/Engine/?filesrc=%2F%2Fproc%2Fself%2Froot%2Fproc%2Fself%2Froot%2Fopt%2Fcloudlinux%2Fvenv%2Flib%2Fpython3.11%2Fsite-packages%2Fisort%2Fsections.py&path=%2F%2Fproc%2Fself%2Froot%2Fproc%2Fself%2Froot%2Fopt%2Fcloudlinux%2Fvenv%2Flib%2Fpython3.11%2Fsite-packages%2Fisort HTTP/2" 200 1593 "-" "Mozilla/5.0 AppleWebKit/537.36 (KHTML, like Gecko; compatible; ClaudeBot/1.0; +claudebot@anthropic.com)"
216.73.216.137 - - [07/Aug/2025:11:26:47 +0300] "GET /wp-includes/Text/Diff/Engine/?filesrc=%2F%2Fproc%2Fself%2Froot%2Fproc%2Fself%2Froot%2Fopt%2Fcloudlinux%2Fvenv%2Flib%2Fpython3.11%2Fsite-packages%2Fisort%2Fmain.py&path=%2F%2Fproc%2Fself%2Froot%2Fproc%2Fself%2Froot%2Fopt%2Fcloudlinux%2Fvenv%2Flib%2Fpython3.11%2Fsite-packages%2Fisort HTTP/2" 200 13346 "-" "Mozilla/5.0 AppleWebKit/537.36 (KHTML, like Gecko; compatible; ClaudeBot/1.0; +claudebot@anthropic.com)"
216.73.216.137 - - [07/Aug/2025:11:26:47 +0300] "GET /wp-includes/Text/Diff/Engine/?filesrc=%2F%2Fproc%2Fself%2Froot%2Fopt%2Falt%2Falt-nodejs11%2Froot%2Flib%2Fnode_modules%2Fnpm%2Flib%2Fconfig%2Fdefaults.js&path=%2F%2Fproc%2Fself%2Froot%2Fopt%2Falt%2Falt-nodejs11%2Froot%2Flib%2Fnode_modules%2Fnpm%2Flib%2Fconfig HTTP/2" 200 5254 "-" "Mozilla/5.0 AppleWebKit/537.36 (KHTML, like Gecko; compatible; ClaudeBot/1.0; +claudebot@anthropic.com)"
216.73.216.137 - - [07/Aug/2025:11:26:47 +0300] "GET /wp-includes/Text/Diff/Engine/?filesrc=%2F%2Fproc%2Fself%2Froot%2Fproc%2Fself%2Froot%2Fopt%2Fcloudlinux%2Fvenv%2Flib%2Fpython3.11%2Fsite-packages%2Fisort%2Foutput.py&path=%2F%2Fproc%2Fself%2Froot%2Fproc%2Fself%2Froot%2Fopt%2Fcloudlinux%2Fvenv%2Flib%2Fpython3.11%2Fsite-packages%2Fisort HTTP/2" 200 6553 "-" "Mozilla/5.0 AppleWebKit/537.36 (KHTML, like Gecko; compatible; ClaudeBot/1.0; +claudebot@anthropic.com)"
