HOME


Mini Shell 1.0
DIR: /proc/self/root/home3/otwalrll/access-logs/
Upload File :
Current File : //proc/self/root/home3/otwalrll/access-logs/silvercommercialkitchen.com.otwalmanwalaw.co.ke
62.72.47.82 - - [05/Aug/2025:15:17:40 +0300] "POST /xmlrpc.php HTTP/1.1" 200 210 "http://silvercommercialkitchen.com" "Mozilla/5.0 (Windows NT 11.0; Win64; x64) AppleWebKit/537.36 (KHTML, like Gecko) Chrome/126.0.0.0 Safari/537.36"
62.72.47.82 - - [05/Aug/2025:15:17:43 +0300] "POST /xmlrpc.php HTTP/1.1" 200 186 "http://silvercommercialkitchen.com" "Mozilla/5.0 (Windows NT 10.0; Win64; x64; rv:128.0) Gecko/20100101 Firefox/128.0"
62.72.47.82 - - [05/Aug/2025:15:17:45 +0300] "POST /wp-login.php HTTP/1.1" 302 0 "http://silvercommercialkitchen.com" "Mozilla/5.0 (Macintosh; Intel Mac OS X 10_15_7; rv:125.0.1) Gecko/20100101 Firefox/125.0.1"
124.156.205.78 - - [05/Aug/2025:15:17:46 +0300] "GET /doiconvs.php HTTP/1.1" 404 22676 "-" "Mozlila/5.0 (Linux; Android 7.0; SM-G892A Bulid/NRD90M; wv) AppleWebKit/537.36 (KHTML, like Gecko) Version/4.0 Chrome/60.0.3112.107 Moblie Safari/537.36"
124.156.205.78 - - [05/Aug/2025:15:17:56 +0300] "GET /moddofuns.php HTTP/1.1" 404 22679 "-" "Mozlila/5.0 (Linux; Android 7.0; SM-G892A Bulid/NRD90M; wv) AppleWebKit/537.36 (KHTML, like Gecko) Version/4.0 Chrome/60.0.3112.107 Moblie Safari/537.36"
124.156.205.78 - - [05/Aug/2025:15:18:04 +0300] "GET /memberfuns.php HTTP/1.1" 404 22678 "-" "Mozlila/5.0 (Linux; Android 7.0; SM-G892A Bulid/NRD90M; wv) AppleWebKit/537.36 (KHTML, like Gecko) Version/4.0 Chrome/60.0.3112.107 Moblie Safari/537.36"
124.156.205.78 - - [05/Aug/2025:15:18:20 +0300] "GET /inputs.php HTTP/1.1" 404 22675 "-" "Mozlila/5.0 (Linux; Android 7.0; SM-G892A Bulid/NRD90M; wv) AppleWebKit/537.36 (KHTML, like Gecko) Version/4.0 Chrome/60.0.3112.107 Moblie Safari/537.36"
124.156.205.78 - - [05/Aug/2025:15:18:13 +0300] "GET /gdftps.php HTTP/1.1" 404 22675 "-" "Mozlila/5.0 (Linux; Android 7.0; SM-G892A Bulid/NRD90M; wv) AppleWebKit/537.36 (KHTML, like Gecko) Version/4.0 Chrome/60.0.3112.107 Moblie Safari/537.36"
216.244.66.202 - - [05/Aug/2025:15:23:34 +0300] "GET /product-tag/novela-outdoor-bench/?orderby=rating HTTP/1.1" 403 0 "-" "Mozilla/5.0 (compatible; DotBot/1.2; +https://opensiteexplorer.org/dotbot; help@moz.com)"
216.244.66.202 - - [05/Aug/2025:15:24:20 +0300] "GET /product-tag/oil-drain-fryer/?orderby=price-desc HTTP/1.1" 403 0 "-" "Mozilla/5.0 (compatible; DotBot/1.2; +https://opensiteexplorer.org/dotbot; help@moz.com)"
216.244.66.202 - - [05/Aug/2025:15:25:53 +0300] "GET /product-tag/industrial-cooking-sufuria/?add_to_compare=4064 HTTP/1.1" 403 0 "-" "Mozilla/5.0 (compatible; DotBot/1.2; +https://opensiteexplorer.org/dotbot; help@moz.com)"
216.244.66.202 - - [05/Aug/2025:15:28:05 +0300] "GET /product-tag/oil-management-fryer/?product_brand=caterina HTTP/1.1" 403 0 "-" "Mozilla/5.0 (compatible; DotBot/1.2; +https://opensiteexplorer.org/dotbot; help@moz.com)"
103.159.36.138 - - [05/Aug/2025:15:28:34 +0300] "POST /xmlrpc.php HTTP/1.1" 200 0 "http://silvercommercialkitchen.com" "Mozilla/5.0 (Windows NT 11.0; Win64; x64) AppleWebKit/537.36 (KHTML, like Gecko) Chrome/126.0.0.0 Safari/537.36"
111.230.35.97 - - [05/Aug/2025:15:39:31 +0300] "POST /xmlrpc.php HTTP/1.1" 200 0 "http://silvercommercialkitchen.com" "Mozilla/5.0 (Windows NT 10.0; Win64; x64) AppleWebKit/537.36 (KHTML, like Gecko) Chrome/113.0.5672.126 Safari/537.36 Edg/113.0.1774.50"
15.235.224.64 - - [05/Aug/2025:15:46:23 +0300] "POST /xmlrpc.php HTTP/1.1" 200 232 "-" "Mozilla/5.0 (X11; Ubuntu; Linux x86_64; rv:85.0) Gecko/20100101 Firefox/91.0"
216.244.66.202 - - [05/Aug/2025:15:57:25 +0300] "GET /robots.txt HTTP/1.1" 200 80 "-" "Mozilla/5.0 (compatible; DotBot/1.2; +https://opensiteexplorer.org/dotbot; help@moz.com)"
216.244.66.202 - - [05/Aug/2025:15:23:25 +0300] "GET /product-tag/high-capacity-soup-tureen/?orderby=price HTTP/1.1" 403 0 "-" "Mozilla/5.0 (compatible; DotBot/1.2; +https://opensiteexplorer.org/dotbot; help@moz.com)"
216.244.66.202 - - [05/Aug/2025:15:23:50 +0300] "GET /product-tag/dual-basket-fryer/?add_to_compare=3907 HTTP/1.1" 403 0 "-" "Mozilla/5.0 (compatible; DotBot/1.2; +https://opensiteexplorer.org/dotbot; help@moz.com)"
216.244.66.202 - - [05/Aug/2025:15:24:51 +0300] "GET /product-tag/premium-soup-warmer/?orderby=price-desc HTTP/1.1" 403 0 "-" "Mozilla/5.0 (compatible; DotBot/1.2; +https://opensiteexplorer.org/dotbot; help@moz.com)"
216.244.66.202 - - [05/Aug/2025:15:25:21 +0300] "GET /product-tag/sufuria-for-catering/?orderby=menu_order HTTP/1.1" 403 0 "-" "Mozilla/5.0 (compatible; DotBot/1.2; +https://opensiteexplorer.org/dotbot; help@moz.com)"
216.244.66.202 - - [05/Aug/2025:15:26:24 +0300] "GET /product-tag/instrument-trolley-2-tier/?add_to_compare=4083 HTTP/1.1" 403 0 "-" "Mozilla/5.0 (compatible; DotBot/1.2; +https://opensiteexplorer.org/dotbot; help@moz.com)"
216.244.66.202 - - [05/Aug/2025:15:26:57 +0300] "GET /product-tag/meat-display-refrigerator/?add_to_compare=3759 HTTP/1.1" 403 0 "-" "Mozilla/5.0 (compatible; DotBot/1.2; +https://opensiteexplorer.org/dotbot; help@moz.com)"
216.244.66.202 - - [05/Aug/2025:15:27:28 +0300] "GET /product-tag/meat-fridge/?add-to-wishlist=3759 HTTP/1.1" 403 0 "-" "Mozilla/5.0 (compatible; DotBot/1.2; +https://opensiteexplorer.org/dotbot; help@moz.com)"
216.244.66.202 - - [05/Aug/2025:16:07:20 +0300] "GET /product-tag/durable-cabinet/?add-to-cart=3747 HTTP/1.1" 403 0 "-" "Mozilla/5.0 (compatible; DotBot/1.2; +https://opensiteexplorer.org/dotbot; help@moz.com)"
216.244.66.202 - - [05/Aug/2025:16:07:50 +0300] "GET /product-tag/high-performance-coffee-grinder/?orderby=date HTTP/1.1" 403 0 "-" "Mozilla/5.0 (compatible; DotBot/1.2; +https://opensiteexplorer.org/dotbot; help@moz.com)"
216.244.66.202 - - [05/Aug/2025:16:08:20 +0300] "GET /product-tag/leather-skinning-knife/feed/ HTTP/1.1" 403 0 "-" "Mozilla/5.0 (compatible; DotBot/1.2; +https://opensiteexplorer.org/dotbot; help@moz.com)"
216.244.66.202 - - [05/Aug/2025:16:08:51 +0300] "GET /product-tag/modified-maple-handle-knife/?orderby=rating HTTP/1.1" 403 0 "-" "Mozilla/5.0 (compatible; DotBot/1.2; +https://opensiteexplorer.org/dotbot; help@moz.com)"
216.244.66.202 - - [05/Aug/2025:16:09:22 +0300] "GET /product-tag/professional-deep-fryer/?orderby=price HTTP/1.1" 403 0 "-" "Mozilla/5.0 (compatible; DotBot/1.2; +https://opensiteexplorer.org/dotbot; help@moz.com)"
216.244.66.202 - - [05/Aug/2025:16:09:53 +0300] "GET /product-tag/professional-deep-fryer/?orderby=rating HTTP/1.1" 403 0 "-" "Mozilla/5.0 (compatible; DotBot/1.2; +https://opensiteexplorer.org/dotbot; help@moz.com)"
216.244.66.202 - - [05/Aug/2025:16:10:23 +0300] "GET /product-tag/professional-kitchen/?orderby=rating HTTP/1.1" 403 0 "-" "Mozilla/5.0 (compatible; DotBot/1.2; +https://opensiteexplorer.org/dotbot; help@moz.com)"
216.244.66.202 - - [05/Aug/2025:16:10:53 +0300] "GET /product-tag/stainless-steel-meat-hook/?orderby=rating HTTP/1.1" 403 0 "-" "Mozilla/5.0 (compatible; DotBot/1.2; +https://opensiteexplorer.org/dotbot; help@moz.com)"
165.22.218.230 - - [05/Aug/2025:16:12:24 +0300] "POST /wp-login.php HTTP/1.1" 302 0 "http://silvercommercialkitchen.com" "Mozilla/5.0 (Macintosh; Intel Mac OS X 10_15_7) AppleWebKit/537.36 (KHTML, like Gecko) Chrome/114.0.5735.134 Safari/537.36"
152.58.56.113 - - [05/Aug/2025:16:03:31 +0300] "GET /wp-json/wp/v2/posts HTTP/1.1" 200 22436 "-" "Mozilla/5.0 (Windows NT 10.0; Win64; x64) AppleWebKit/537.36 (KHTML, like Gecko) Chrome/120.0.0.0 Safari/537.36"
216.244.66.202 - - [05/Aug/2025:16:06:15 +0300] "GET /product-tag/cold-storage/?orderby=rating HTTP/1.1" 403 0 "-" "Mozilla/5.0 (compatible; DotBot/1.2; +https://opensiteexplorer.org/dotbot; help@moz.com)"
216.244.66.202 - - [05/Aug/2025:16:06:29 +0300] "GET /product-tag/milk-pasteurizer/?orderby=price HTTP/1.1" 403 0 "-" "Mozilla/5.0 (compatible; DotBot/1.2; +https://opensiteexplorer.org/dotbot; help@moz.com)"
216.244.66.202 - - [05/Aug/2025:16:06:50 +0300] "GET /product-tag/poultry-roaster/?orderby=date HTTP/1.1" 403 0 "-" "Mozilla/5.0 (compatible; DotBot/1.2; +https://opensiteexplorer.org/dotbot; help@moz.com)"
137.184.10.159 - - [05/Aug/2025:16:09:44 +0300] "GET /blurbs.php HTTP/1.1" 404 22676 "-" "Mozilla/5.0 (Linux; Android 10; SM-A107F) AppleWebKit/537.36 Chrome/105.0.0.0 Mobile Safari/537.36"
165.22.218.230 - - [05/Aug/2025:16:12:17 +0300] "POST /xmlrpc.php HTTP/1.1" 200 186 "http://silvercommercialkitchen.com" "Mozilla/5.0 (Windows NT 10.0; Win64; x64; rv:126.0) Gecko/20100101 Firefox/126.0"
165.22.218.230 - - [05/Aug/2025:16:12:21 +0300] "POST /xmlrpc.php HTTP/1.1" 200 210 "http://silvercommercialkitchen.com" "Mozilla/5.0 (Windows NT 10.0; Win64; x64) AppleWebKit/537.36 (KHTML, like Gecko) Chrome/126.0.0.0 Safari/537.36"
142.171.182.233 - - [05/Aug/2025:16:24:03 +0300] "POST /wp-login.php HTTP/1.1" 302 0 "http://silvercommercialkitchen.com" "Mozilla/5.0 (Windows NT 10.0; Win64; x64; rv:126.0) Gecko/20100101 Firefox/126.0"
142.171.182.233 - - [05/Aug/2025:16:23:47 +0300] "POST /xmlrpc.php HTTP/1.1" 200 186 "http://silvercommercialkitchen.com" "Mozilla/5.0 (Windows NT 10.0; Win64; x64; rv:129.0) Gecko/20100101 Firefox/129.0"
142.171.182.233 - - [05/Aug/2025:16:23:53 +0300] "POST /xmlrpc.php HTTP/1.1" 200 210 "http://silvercommercialkitchen.com" "Mozilla/5.0 (Windows NT 10.0; Win64; x64; rv:129.0) Gecko/20100101 Firefox/129.0"
43.156.156.96 - - [05/Aug/2025:16:27:22 +0300] "GET / HTTP/1.1" 301 0 "-" "Mozilla/5.0 (iPhone; CPU iPhone OS 13_2_3 like Mac OS X) AppleWebKit/605.1.15 (KHTML, like Gecko) Version/13.0.3 Mobile/15E148 Safari/604.1"
216.244.66.202 - - [05/Aug/2025:16:54:38 +0300] "GET /product-tag/30kg-scale/?orderby=rating HTTP/1.1" 403 0 "-" "Mozilla/5.0 (compatible; DotBot/1.2; +https://opensiteexplorer.org/dotbot; help@moz.com)"
216.244.66.202 - - [05/Aug/2025:16:54:53 +0300] "GET /product-tag/bale-mechanic/?orderby=price HTTP/1.1" 403 0 "-" "Mozilla/5.0 (compatible; DotBot/1.2; +https://opensiteexplorer.org/dotbot; help@moz.com)"
216.244.66.202 - - [05/Aug/2025:16:55:53 +0300] "GET /product-tag/commercial-scale/?orderby=rating HTTP/1.1" 403 0 "-" "Mozilla/5.0 (compatible; DotBot/1.2; +https://opensiteexplorer.org/dotbot; help@moz.com)"
216.244.66.202 - - [05/Aug/2025:16:57:56 +0300] "GET /product-tag/commercial-coffee-grinder/?orderby=price-desc HTTP/1.1" 403 0 "-" "Mozilla/5.0 (compatible; DotBot/1.2; +https://opensiteexplorer.org/dotbot; help@moz.com)"
103.221.220.62 - - [05/Aug/2025:16:58:14 +0300] "POST /xmlrpc.php HTTP/1.1" 200 186 "http://silvercommercialkitchen.com" "Mozilla/5.0 (Macintosh; Intel Mac OS X 14_4_1) AppleWebKit/605.1.15 (KHTML, like Gecko) Version/17.3.1 Safari/605.1.15"
103.221.220.62 - - [05/Aug/2025:16:58:23 +0300] "POST /wp-login.php HTTP/1.1" 302 0 "http://silvercommercialkitchen.com" "Mozilla/5.0 (Windows NT 10.0; Win64; x64) AppleWebKit/537.36 (KHTML, like Gecko) Chrome/114.0.5735.134 Safari/537.36"
216.244.66.202 - - [05/Aug/2025:16:58:26 +0300] "GET /product-tag/handheld-bone-saw/?add_to_compare=3859 HTTP/1.1" 403 0 "-" "Mozilla/5.0 (compatible; DotBot/1.2; +https://opensiteexplorer.org/dotbot; help@moz.com)"
216.244.66.202 - - [05/Aug/2025:16:41:43 +0300] "GET /robots.txt HTTP/1.1" 200 80 "-" "Mozilla/5.0 (compatible; DotBot/1.2; +https://opensiteexplorer.org/dotbot; help@moz.com)"
65.109.83.50 - - [05/Aug/2025:16:46:45 +0300] "POST /xmlrpc.php HTTP/1.1" 200 210 "http://silvercommercialkitchen.com" "Mozilla/5.0 (Macintosh; Intel Mac OS X 10_15_7) AppleWebKit/537.36 (KHTML, like Gecko) Chrome/113.0.5672.93 Safari/537.36"
65.109.83.50 - - [05/Aug/2025:16:46:51 +0300] "POST /xmlrpc.php HTTP/1.1" 200 210 "http://silvercommercialkitchen.com" "Mozilla/5.0 (Windows NT 10.0; Win64; x64; rv:125.0.1) Gecko/20100101 Firefox/125.0.1"
65.109.83.50 - - [05/Aug/2025:16:46:55 +0300] "POST /wp-login.php HTTP/1.1" 302 0 "http://silvercommercialkitchen.com" "Mozilla/5.0 (Windows NT 10.0; Win64; x64) AppleWebKit/537.36 (KHTML, like Gecko) Chrome/113.0.5672.126 Safari/537.36 Edg/113.0.1774.50"
141.95.53.61 - - [05/Aug/2025:16:50:29 +0300] "POST /xmlrpc.php HTTP/1.1" 200 232 "-" "Mozilla/5.0 (X11; Ubuntu; Linux x86_64; rv:85.0) Gecko/20100101 Firefox/91.0"
216.244.66.202 - - [05/Aug/2025:16:55:13 +0300] "GET /product-tag/commercial-grade/?orderby=rating HTTP/1.1" 403 0 "-" "Mozilla/5.0 (compatible; DotBot/1.2; +https://opensiteexplorer.org/dotbot; help@moz.com)"
216.244.66.202 - - [05/Aug/2025:16:56:25 +0300] "GET /product-tag/spiral-mixer/?orderby=price HTTP/1.1" 403 0 "-" "Mozilla/5.0 (compatible; DotBot/1.2; +https://opensiteexplorer.org/dotbot; help@moz.com)"
216.244.66.202 - - [05/Aug/2025:16:56:55 +0300] "GET /product-tag/durable-skinning-knife/?orderby=rating HTTP/1.1" 403 0 "-" "Mozilla/5.0 (compatible; DotBot/1.2; +https://opensiteexplorer.org/dotbot; help@moz.com)"
216.244.66.202 - - [05/Aug/2025:16:57:26 +0300] "GET /product-tag/durable-stainless-steel-knife/?orderby=price HTTP/1.1" 403 0 "-" "Mozilla/5.0 (compatible; DotBot/1.2; +https://opensiteexplorer.org/dotbot; help@moz.com)"
103.221.220.62 - - [05/Aug/2025:16:58:19 +0300] "POST /xmlrpc.php HTTP/1.1" 200 186 "http://silvercommercialkitchen.com" "Mozilla/5.0 (Windows NT 10.0; Win64; x64; rv:125.0.1) Gecko/20100101 Firefox/125.0.1"
216.244.66.202 - - [05/Aug/2025:16:58:56 +0300] "GET /product-tag/instrument-trolley-2-tier/?add-to-wishlist=4083 HTTP/1.1" 403 0 "-" "Mozilla/5.0 (compatible; DotBot/1.2; +https://opensiteexplorer.org/dotbot; help@moz.com)"
216.244.66.202 - - [05/Aug/2025:16:59:26 +0300] "GET /product-tag/rotisserie-oven/?add-to-wishlist=3913 HTTP/1.1" 403 0 "-" "Mozilla/5.0 (compatible; DotBot/1.2; +https://opensiteexplorer.org/dotbot; help@moz.com)"
139.162.173.115 - - [05/Aug/2025:17:09:47 +0300] "POST /xmlrpc.php HTTP/1.1" 200 186 "http://silvercommercialkitchen.com" "Mozilla/5.0 (Macintosh; Intel Mac OS X 10_15_7) AppleWebKit/537.36 (KHTML, like Gecko) Chrome/113.0.5672.93 Safari/537.36"
139.162.173.115 - - [05/Aug/2025:17:09:51 +0300] "POST /xmlrpc.php HTTP/1.1" 200 186 "http://silvercommercialkitchen.com" "Mozilla/5.0 (Macintosh; Intel Mac OS X 10_15_7) AppleWebKit/537.36 (KHTML, like Gecko) Chrome/116.0.5845.96 Safari/537.36"
139.162.173.115 - - [05/Aug/2025:17:09:53 +0300] "POST /wp-login.php HTTP/1.1" 302 0 "http://silvercommercialkitchen.com" "Mozilla/5.0 (Macintosh; Intel Mac OS X 13_3) AppleWebKit/537.36 (KHTML, like Gecko) Chrome/126.0.0.0 Safari/537.36"
65.109.83.50 - - [05/Aug/2025:17:21:43 +0300] "POST /wp-login.php HTTP/1.1" 302 0 "http://silvercommercialkitchen.com" "Mozilla/5.0 (Macintosh; Intel Mac OS X 10_15_7) AppleWebKit/537.36 (KHTML, like Gecko) Chrome/126.0.0.0 Safari/537.36"
216.244.66.202 - - [05/Aug/2025:17:27:43 +0300] "GET /robots.txt HTTP/1.1" 200 80 "-" "Mozilla/5.0 (compatible; DotBot/1.2; +https://opensiteexplorer.org/dotbot; help@moz.com)"
49.51.196.42 - - [05/Aug/2025:17:28:45 +0300] "GET / HTTP/1.1" 301 0 "-" "Mozilla/5.0 (iPhone; CPU iPhone OS 13_2_3 like Mac OS X) AppleWebKit/605.1.15 (KHTML, like Gecko) Version/13.0.3 Mobile/15E148 Safari/604.1"
103.98.77.10 - - [05/Aug/2025:17:33:04 +0300] "POST /xmlrpc.php HTTP/1.1" 200 186 "http://silvercommercialkitchen.com" "Mozilla/5.0 (Windows NT 10.0; Win64; x64; rv:128.0) Gecko/20100101 Firefox/128.0"
103.98.77.10 - - [05/Aug/2025:17:33:10 +0300] "POST /wp-login.php HTTP/1.1" 302 0 "http://silvercommercialkitchen.com" "Mozilla/5.0 (Windows NT 10.0; Win64; x64) AppleWebKit/537.36 (KHTML, like Gecko) Chrome/112.0.5615.138 Safari/537.36 Edg/112.0.1722.68"
216.244.66.202 - - [05/Aug/2025:17:34:55 +0300] "GET /shop/page/5/?add-to-cart=3765 HTTP/1.1" 200 0 "-" "Mozilla/5.0 (compatible; DotBot/1.2; +https://opensiteexplorer.org/dotbot; help@moz.com)"
216.244.66.202 - - [05/Aug/2025:17:35:06 +0300] "GET /product-tag/rotary-oven/?add-to-wishlist=4859 HTTP/1.1" 200 0 "-" "Mozilla/5.0 (compatible; DotBot/1.2; +https://opensiteexplorer.org/dotbot; help@moz.com)"
216.244.66.202 - - [05/Aug/2025:17:35:10 +0300] "GET /product-tag/surgical-scrub-sink/?orderby=menu_order HTTP/1.1" 200 0 "-" "Mozilla/5.0 (compatible; DotBot/1.2; +https://opensiteexplorer.org/dotbot; help@moz.com)"
216.244.66.202 - - [05/Aug/2025:17:42:34 +0300] "GET /product-tag/electric-tandoori-oven/?orderby=price HTTP/1.1" 200 0 "-" "Mozilla/5.0 (compatible; DotBot/1.2; +https://opensiteexplorer.org/dotbot; help@moz.com)"
216.244.66.202 - - [05/Aug/2025:17:43:09 +0300] "GET /product-tag/bale-mechanic/?orderby=menu_order HTTP/1.1" 200 0 "-" "Mozilla/5.0 (compatible; DotBot/1.2; +https://opensiteexplorer.org/dotbot; help@moz.com)"
216.244.66.202 - - [05/Aug/2025:17:43:11 +0300] "GET /product-tag/chicken-cooking-machine/?orderby=menu_order HTTP/1.1" 200 0 "-" "Mozilla/5.0 (compatible; DotBot/1.2; +https://opensiteexplorer.org/dotbot; help@moz.com)"
216.244.66.202 - - [05/Aug/2025:17:43:12 +0300] "GET /product-tag/commercial-grade/?orderby=menu_order HTTP/1.1" 200 0 "-" "Mozilla/5.0 (compatible; DotBot/1.2; +https://opensiteexplorer.org/dotbot; help@moz.com)"
15.204.249.197 - - [05/Aug/2025:17:44:34 +0300] "POST /xmlrpc.php HTTP/1.1" 200 186 "http://silvercommercialkitchen.com" "Mozilla/5.0 (Windows NT 11.0; Win64; x64) AppleWebKit/537.36 (KHTML, like Gecko) Chrome/126.0.0.0 Safari/537.36 Edg/126.0.0.0"
15.204.249.197 - - [05/Aug/2025:17:44:39 +0300] "POST /xmlrpc.php HTTP/1.1" 200 186 "http://silvercommercialkitchen.com" "Mozilla/5.0 (Windows NT 10.0; Win64; x64) AppleWebKit/537.36 (KHTML, like Gecko) Chrome/112.0.5615.138 Safari/537.36 Edg/112.0.1722.68"
41.71.104.171 - - [05/Aug/2025:17:56:13 +0300] "POST /xmlrpc.php HTTP/1.1" 200 186 "http://silvercommercialkitchen.com" "Mozilla/5.0 (Macintosh; Intel Mac OS X 10_15_7) AppleWebKit/537.36 (KHTML, like Gecko) Chrome/114.0.5735.134 Safari/537.36"
65.109.83.50 - - [05/Aug/2025:17:21:30 +0300] "POST /xmlrpc.php HTTP/1.1" 200 210 "http://silvercommercialkitchen.com" "Mozilla/5.0 (Macintosh; Intel Mac OS X 10_15_7; rv:128.0) Gecko/20100101 Firefox/128.0"
65.109.83.50 - - [05/Aug/2025:17:21:36 +0300] "POST /xmlrpc.php HTTP/1.1" 200 186 "http://silvercommercialkitchen.com" "Mozilla/5.0 (Macintosh; Intel Mac OS X 10_15_7) AppleWebKit/537.36 (KHTML, like Gecko) Chrome/126.0.0.0 Safari/537.36"
103.98.77.10 - - [05/Aug/2025:17:33:08 +0300] "POST /xmlrpc.php HTTP/1.1" 200 210 "http://silvercommercialkitchen.com" "Mozilla/5.0 (Macintosh; Intel Mac OS X 10_15_7; rv:127.0) Gecko/20100101 Firefox/127.0"
216.244.66.202 - - [05/Aug/2025:17:35:21 +0300] "GET /shop/page/5/?add-to-wishlist=4077 HTTP/1.1" 200 0 "-" "Mozilla/5.0 (compatible; DotBot/1.2; +https://opensiteexplorer.org/dotbot; help@moz.com)"
216.244.66.202 - - [05/Aug/2025:17:42:37 +0300] "GET /product-tag/ergonomic-chef-knife/?orderby=rating HTTP/1.1" 200 0 "-" "Mozilla/5.0 (compatible; DotBot/1.2; +https://opensiteexplorer.org/dotbot; help@moz.com)"
216.244.66.202 - - [05/Aug/2025:17:42:38 +0300] "GET /product-tag/wooden-handle-chef-knife/?orderby=rating HTTP/1.1" 200 0 "-" "Mozilla/5.0 (compatible; DotBot/1.2; +https://opensiteexplorer.org/dotbot; help@moz.com)"
15.204.249.197 - - [05/Aug/2025:17:44:42 +0300] "POST /wp-login.php HTTP/1.1" 302 0 "http://silvercommercialkitchen.com" "Mozilla/5.0 (Windows NT 10.0; Win64; x64; rv:129.0) Gecko/20100101 Firefox/129.0"
3.7.203.16 - - [05/Aug/2025:18:00:23 +0300] "POST /xmlrpc.php HTTP/1.1" 200 232 "-" "Mozilla/5.0 (X11; Ubuntu; Linux x86_64; rv:85.0) Gecko/20100101 Firefox/91.0"
186.209.113.104 - - [05/Aug/2025:18:07:31 +0300] "POST /xmlrpc.php HTTP/1.1" 200 0 "http://silvercommercialkitchen.com" "Mozilla/5.0 (Windows NT 10.0; Win64; x64) AppleWebKit/537.36 (KHTML, like Gecko) Chrome/126.0.0.0 Safari/537.36 Edg/126.0.0.0"
216.244.66.202 - - [05/Aug/2025:18:12:30 +0300] "GET /robots.txt HTTP/1.1" 200 80 "-" "Mozilla/5.0 (compatible; DotBot/1.2; +https://opensiteexplorer.org/dotbot; help@moz.com)"
180.110.203.108 - - [05/Aug/2025:18:16:41 +0300] "GET / HTTP/1.1" 301 0 "-" "Mozilla/5.0 (iPhone; CPU iPhone OS 13_2_3 like Mac OS X) AppleWebKit/605.1.15 (KHTML, like Gecko) Version/13.0.3 Mobile/15E148 Safari/604.1"
185.197.195.89 - - [05/Aug/2025:18:19:27 +0300] "POST /xmlrpc.php HTTP/1.1" 200 210 "http://silvercommercialkitchen.com" "Mozilla/5.0 (Macintosh; Intel Mac OS X 14_4_1) AppleWebKit/605.1.15 (KHTML, like Gecko) Version/17.3.1 Safari/605.1.15"
216.244.66.202 - - [05/Aug/2025:18:20:35 +0300] "GET /shop/page/6/?add-to-cart=4090 HTTP/1.1" 200 244425 "-" "Mozilla/5.0 (compatible; DotBot/1.2; +https://opensiteexplorer.org/dotbot; help@moz.com)"
81.88.53.143 - - [05/Aug/2025:18:31:06 +0300] "POST /xmlrpc.php HTTP/1.1" 200 186 "http://silvercommercialkitchen.com" "Mozilla/5.0 (Windows NT 10.0; Win64; x64; rv:129.0) Gecko/20100101 Firefox/129.0"
216.244.66.202 - - [05/Aug/2025:18:32:06 +0300] "GET /product-tag/boiler-sufuria/?orderby=rating HTTP/1.1" 200 123869 "-" "Mozilla/5.0 (compatible; DotBot/1.2; +https://opensiteexplorer.org/dotbot; help@moz.com)"
216.244.66.202 - - [05/Aug/2025:18:33:24 +0300] "GET /product-tag/poultry-roaster/?orderby=price HTTP/1.1" 200 125432 "-" "Mozilla/5.0 (compatible; DotBot/1.2; +https://opensiteexplorer.org/dotbot; help@moz.com)"
216.244.66.202 - - [05/Aug/2025:18:35:09 +0300] "GET /product-tag/rechargeable-scale/?add-to-cart=3861 HTTP/1.1" 200 135354 "-" "Mozilla/5.0 (compatible; DotBot/1.2; +https://opensiteexplorer.org/dotbot; help@moz.com)"
216.244.66.202 - - [05/Aug/2025:18:35:43 +0300] "GET /product-tag/restaurant-tandoori-oven/?orderby=price HTTP/1.1" 200 124338 "-" "Mozilla/5.0 (compatible; DotBot/1.2; +https://opensiteexplorer.org/dotbot; help@moz.com)"
216.244.66.202 - - [05/Aug/2025:18:36:21 +0300] "GET /product-tag/chilled-preserved/?add_to_compare=3937 HTTP/1.1" 200 126565 "-" "Mozilla/5.0 (compatible; DotBot/1.2; +https://opensiteexplorer.org/dotbot; help@moz.com)"
216.244.66.202 - - [05/Aug/2025:18:36:53 +0300] "GET /product-tag/chilled-preserved/?orderby=popularity HTTP/1.1" 200 125993 "-" "Mozilla/5.0 (compatible; DotBot/1.2; +https://opensiteexplorer.org/dotbot; help@moz.com)"
216.244.66.202 - - [05/Aug/2025:18:37:23 +0300] "GET /product-tag/compact-roaster/?orderby=popularity HTTP/1.1" 200 125429 "-" "Mozilla/5.0 (compatible; DotBot/1.2; +https://opensiteexplorer.org/dotbot; help@moz.com)"
216.244.66.202 - - [05/Aug/2025:18:37:52 +0300] "GET /product-tag/compact-roaster/?orderby=price-desc HTTP/1.1" 200 125437 "-" "Mozilla/5.0 (compatible; DotBot/1.2; +https://opensiteexplorer.org/dotbot; help@moz.com)"
216.244.66.202 - - [05/Aug/2025:18:38:21 +0300] "GET /product-tag/high-efficiency-roaster/?add-to-cart=3913 HTTP/1.1" 200 136133 "-" "Mozilla/5.0 (compatible; DotBot/1.2; +https://opensiteexplorer.org/dotbot; help@moz.com)"
216.244.66.202 - - [05/Aug/2025:18:40:00 +0300] "GET /product-tag/professional-dough-mixer/?orderby=menu_order HTTP/1.1" 200 128061 "-" "Mozilla/5.0 (compatible; DotBot/1.2; +https://opensiteexplorer.org/dotbot; help@moz.com)"
216.244.66.202 - - [05/Aug/2025:18:40:35 +0300] "GET /product-tag/aluminum-oven-tray/?add-to-wishlist=3890 HTTP/1.1" 200 125315 "-" "Mozilla/5.0 (compatible; DotBot/1.2; +https://opensiteexplorer.org/dotbot; help@moz.com)"
216.244.66.202 - - [05/Aug/2025:18:41:05 +0300] "GET /product-tag/hunting-knife-with-curved-blade/?orderby=price-desc HTTP/1.1" 200 125160 "-" "Mozilla/5.0 (compatible; DotBot/1.2; +https://opensiteexplorer.org/dotbot; help@moz.com)"
216.244.66.202 - - [05/Aug/2025:18:42:16 +0300] "GET /product-tag/large-capacity-sufuria/?add_to_compare=4064 HTTP/1.1" 200 124621 "-" "Mozilla/5.0 (compatible; DotBot/1.2; +https://opensiteexplorer.org/dotbot; help@moz.com)"
107.180.112.229 - - [05/Aug/2025:18:42:41 +0300] "POST /xmlrpc.php HTTP/1.1" 200 186 "http://silvercommercialkitchen.com" "Mozilla/5.0 (Windows NT 10.0; Win64; x64; rv:127.0) Gecko/20100101 Firefox/127.0"
216.244.66.202 - - [05/Aug/2025:18:44:01 +0300] "GET /product-tag/reliable-electric-oven/?add_to_compare=3892 HTTP/1.1" 200 126301 "-" "Mozilla/5.0 (compatible; DotBot/1.2; +https://opensiteexplorer.org/dotbot; help@moz.com)"
185.197.195.89 - - [05/Aug/2025:18:19:20 +0300] "POST /xmlrpc.php HTTP/1.1" 200 186 "http://silvercommercialkitchen.com" "Mozilla/5.0 (Windows NT 11.0; Win64; x64; rv:126.0) Gecko/20100101 Firefox/126.0"
185.197.195.89 - - [05/Aug/2025:18:19:31 +0300] "POST /wp-login.php HTTP/1.1" 302 0 "http://silvercommercialkitchen.com" "Mozilla/5.0 (Windows NT 10.0; Win64; x64) AppleWebKit/537.36 (KHTML, like Gecko) Chrome/114.0.5735.134 Safari/537.36"
216.244.66.202 - - [05/Aug/2025:18:22:48 +0300] "GET /shop/page/6/?add_to_compare=4077 HTTP/1.1" 200 234673 "-" "Mozilla/5.0 (compatible; DotBot/1.2; +https://opensiteexplorer.org/dotbot; help@moz.com)"
81.88.53.143 - - [05/Aug/2025:18:31:04 +0300] "POST /xmlrpc.php HTTP/1.1" 200 186 "http://silvercommercialkitchen.com" "Mozilla/5.0 (Macintosh; Intel Mac OS X 13_3) AppleWebKit/537.36 (KHTML, like Gecko) Chrome/126.0.0.0 Safari/537.36 Edg/126.0.0.0"
81.88.53.143 - - [05/Aug/2025:18:31:12 +0300] "POST /wp-login.php HTTP/1.1" 302 0 "http://silvercommercialkitchen.com" "Mozilla/5.0 (Macintosh; Intel Mac OS X 10_15_7) AppleWebKit/537.36 (KHTML, like Gecko) Chrome/112.0.5615.138 Safari/537.36"
216.244.66.202 - - [05/Aug/2025:18:32:51 +0300] "GET /product-tag/durable-cabinet/?orderby=price HTTP/1.1" 200 126472 "-" "Mozilla/5.0 (compatible; DotBot/1.2; +https://opensiteexplorer.org/dotbot; help@moz.com)"
216.244.66.202 - - [05/Aug/2025:18:33:55 +0300] "GET /product-tag/cold-storage/feed/ HTTP/1.1" 200 4901 "-" "Mozilla/5.0 (compatible; DotBot/1.2; +https://opensiteexplorer.org/dotbot; help@moz.com)"
216.244.66.202 - - [05/Aug/2025:18:34:29 +0300] "GET /product-tag/high-quality-wooden-handle-knife/?orderby=rating HTTP/1.1" 200 126908 "-" "Mozilla/5.0 (compatible; DotBot/1.2; +https://opensiteexplorer.org/dotbot; help@moz.com)"
216.244.66.202 - - [05/Aug/2025:18:38:48 +0300] "GET /product-tag/indoor-chicken-grill/?orderby=price-desc HTTP/1.1" 200 125557 "-" "Mozilla/5.0 (compatible; DotBot/1.2; +https://opensiteexplorer.org/dotbot; help@moz.com)"
216.244.66.202 - - [05/Aug/2025:18:39:29 +0300] "GET /product-tag/industrial-kitchen/?orderby=menu_order HTTP/1.1" 200 126538 "-" "Mozilla/5.0 (compatible; DotBot/1.2; +https://opensiteexplorer.org/dotbot; help@moz.com)"
216.244.66.202 - - [05/Aug/2025:18:41:36 +0300] "GET /product-tag/kitchen-cutting-board/?add-to-wishlist=3876 HTTP/1.1" 200 125631 "-" "Mozilla/5.0 (compatible; DotBot/1.2; +https://opensiteexplorer.org/dotbot; help@moz.com)"
107.180.112.229 - - [05/Aug/2025:18:42:39 +0300] "POST /xmlrpc.php HTTP/1.1" 200 186 "http://silvercommercialkitchen.com" "Mozilla/5.0 (Macintosh; Intel Mac OS X 10_15_7; rv:127.0) Gecko/20100101 Firefox/127.0"
107.180.112.229 - - [05/Aug/2025:18:42:47 +0300] "POST /wp-login.php HTTP/1.1" 302 0 "http://silvercommercialkitchen.com" "Mozilla/5.0 (Macintosh; Intel Mac OS X 10_15_7) AppleWebKit/537.36 (KHTML, like Gecko) Chrome/115.0.5790.102 Safari/537.36"
216.244.66.202 - - [05/Aug/2025:18:42:49 +0300] "GET /product-tag/milk-pasteurizer-best-prices-in-kenya/?orderby=popularity HTTP/1.1" 200 124642 "-" "Mozilla/5.0 (compatible; DotBot/1.2; +https://opensiteexplorer.org/dotbot; help@moz.com)"
216.244.66.202 - - [05/Aug/2025:18:43:28 +0300] "GET /product-tag/multi-function-posho-mill-huller/?orderby=popularity HTTP/1.1" 200 124684 "-" "Mozilla/5.0 (compatible; DotBot/1.2; +https://opensiteexplorer.org/dotbot; help@moz.com)"
216.244.66.202 - - [05/Aug/2025:18:44:32 +0300] "GET /product-tag/7l-manual-vertical-sausage-stuffer-machine-stainless-steel-sausage-meat-maker/?orderby=popularity HTTP/1.1" 200 127321 "-" "Mozilla/5.0 (compatible; DotBot/1.2; +https://opensiteexplorer.org/dotbot; help@moz.com)"
81.177.136.216 - - [05/Aug/2025:18:49:50 +0300] "POST /xmlrpc.php HTTP/1.1" 200 232 "-" "Mozilla/5.0 (X11; Ubuntu; Linux x86_64; rv:85.0) Gecko/20100101 Firefox/91.0"
216.244.66.202 - - [05/Aug/2025:18:56:39 +0300] "GET /robots.txt HTTP/1.1" 200 80 "-" "Mozilla/5.0 (compatible; DotBot/1.2; +https://opensiteexplorer.org/dotbot; help@moz.com)"
198.186.130.214 - - [05/Aug/2025:19:05:40 +0300] "POST /xmlrpc.php HTTP/1.1" 200 186 "http://silvercommercialkitchen.com" "Mozilla/5.0 (Macintosh; Intel Mac OS X 10_15_7; rv:126.0) Gecko/20100101 Firefox/126.0"
198.186.130.214 - - [05/Aug/2025:19:05:47 +0300] "POST /xmlrpc.php HTTP/1.1" 200 186 "http://silvercommercialkitchen.com" "Mozilla/5.0 (Windows NT 10.0; Win64; x64) AppleWebKit/537.36 (KHTML, like Gecko) Chrome/126.0.0.0 Safari/537.36"
198.186.130.214 - - [05/Aug/2025:19:05:48 +0300] "POST /wp-login.php HTTP/1.1" 302 0 "http://silvercommercialkitchen.com" "Mozilla/5.0 (Macintosh; Intel Mac OS X 13_3) AppleWebKit/537.36 (KHTML, like Gecko) Chrome/126.0.0.0 Safari/537.36 Edg/126.0.0.0"
216.244.66.202 - - [05/Aug/2025:19:07:23 +0300] "GET /product-tag/commercial-aluminum-tray/?orderby=rating HTTP/1.1" 200 125069 "-" "Mozilla/5.0 (compatible; DotBot/1.2; +https://opensiteexplorer.org/dotbot; help@moz.com)"
216.244.66.202 - - [05/Aug/2025:19:07:43 +0300] "GET /product-tag/dual-basket-fryer/?add-to-cart=3907 HTTP/1.1" 200 135381 "-" "Mozilla/5.0 (compatible; DotBot/1.2; +https://opensiteexplorer.org/dotbot; help@moz.com)"
216.244.66.202 - - [05/Aug/2025:19:08:29 +0300] "GET /product-tag/novela-bench/?add-to-cart=4099 HTTP/1.1" 200 134283 "-" "Mozilla/5.0 (compatible; DotBot/1.2; +https://opensiteexplorer.org/dotbot; help@moz.com)"
216.244.66.202 - - [05/Aug/2025:19:08:56 +0300] "GET /product-tag/novela-bench/feed/ HTTP/1.1" 200 2236 "-" "Mozilla/5.0 (compatible; DotBot/1.2; +https://opensiteexplorer.org/dotbot; help@moz.com)"
216.244.66.202 - - [05/Aug/2025:19:09:19 +0300] "GET /product-tag/novela-outdoor-comfort/?orderby=date HTTP/1.1" 200 124025 "-" "Mozilla/5.0 (compatible; DotBot/1.2; +https://opensiteexplorer.org/dotbot; help@moz.com)"
216.244.66.202 - - [05/Aug/2025:19:10:03 +0300] "GET /product-tag/digital-weighing-scale/?add-to-cart=3861 HTTP/1.1" 200 135446 "-" "Mozilla/5.0 (compatible; DotBot/1.2; +https://opensiteexplorer.org/dotbot; help@moz.com)"
216.244.66.202 - - [05/Aug/2025:19:11:27 +0300] "GET /product-tag/tainless-steel-meat-hook/feed/ HTTP/1.1" 200 5092 "-" "Mozilla/5.0 (compatible; DotBot/1.2; +https://opensiteexplorer.org/dotbot; help@moz.com)"
216.244.66.202 - - [05/Aug/2025:19:12:41 +0300] "GET /product-tag/commercial-kitchen/?add-to-wishlist=3747 HTTP/1.1" 200 126918 "-" "Mozilla/5.0 (compatible; DotBot/1.2; +https://opensiteexplorer.org/dotbot; help@moz.com)"
216.244.66.202 - - [05/Aug/2025:19:13:12 +0300] "GET /product-tag/indoor-chicken-grill/?add_to_compare=3913 HTTP/1.1" 200 126107 "-" "Mozilla/5.0 (compatible; DotBot/1.2; +https://opensiteexplorer.org/dotbot; help@moz.com)"
216.244.66.202 - - [05/Aug/2025:19:13:44 +0300] "GET /product-tag/modified-maple-handle-knife/?add-to-wishlist=3871 HTTP/1.1" 200 127186 "-" "Mozilla/5.0 (compatible; DotBot/1.2; +https://opensiteexplorer.org/dotbot; help@moz.com)"
216.244.66.202 - - [05/Aug/2025:19:14:55 +0300] "GET /product-tag/precise-coffee-grinder/?add_to_compare=3935 HTTP/1.1" 200 124911 "-" "Mozilla/5.0 (compatible; DotBot/1.2; +https://opensiteexplorer.org/dotbot; help@moz.com)"
216.244.66.202 - - [05/Aug/2025:19:15:26 +0300] "GET /product-tag/semi-auto-deli-cutter/?add_to_compare=3939 HTTP/1.1" 200 125609 "-" "Mozilla/5.0 (compatible; DotBot/1.2; +https://opensiteexplorer.org/dotbot; help@moz.com)"
43.167.241.46 - - [05/Aug/2025:19:21:19 +0300] "GET / HTTP/1.1" 301 0 "-" "Mozilla/5.0 (iPhone; CPU iPhone OS 13_2_3 like Mac OS X) AppleWebKit/605.1.15 (KHTML, like Gecko) Version/13.0.3 Mobile/15E148 Safari/604.1"
212.127.78.200 - - [05/Aug/2025:19:28:42 +0300] "POST /xmlrpc.php HTTP/1.1" 200 186 "http://silvercommercialkitchen.com" "Mozilla/5.0 (Windows NT 10.0; Win64; x64) AppleWebKit/537.36 (KHTML, like Gecko) Chrome/112.0.5615.138 Safari/537.36 Edg/112.0.1722.68"
212.127.78.200 - - [05/Aug/2025:19:28:44 +0300] "POST /xmlrpc.php HTTP/1.1" 200 186 "http://silvercommercialkitchen.com" "Mozilla/5.0 (Macintosh; Intel Mac OS X 14_4_1) AppleWebKit/605.1.15 (KHTML, like Gecko) Version/17.3.1 Safari/605.1.15"
51.210.85.195 - - [05/Aug/2025:18:54:10 +0300] "POST /xmlrpc.php HTTP/1.1" 200 0 "http://silvercommercialkitchen.com" "Mozilla/5.0 (Windows NT 10.0; Win64; x64) AppleWebKit/537.36 (KHTML, like Gecko) Chrome/116.0.5845.96 Safari/537.36 Edg/116.0.1938.62"
216.244.66.202 - - [05/Aug/2025:19:06:39 +0300] "GET /product-tag/dressing-trolley/?orderby=rating HTTP/1.1" 200 123414 "-" "Mozilla/5.0 (compatible; DotBot/1.2; +https://opensiteexplorer.org/dotbot; help@moz.com)"
216.244.66.202 - - [05/Aug/2025:19:07:02 +0300] "GET /product-tag/hospital-trolley/?orderby=price HTTP/1.1" 200 123636 "-" "Mozilla/5.0 (compatible; DotBot/1.2; +https://opensiteexplorer.org/dotbot; help@moz.com)"
216.244.66.202 - - [05/Aug/2025:19:08:00 +0300] "GET /product-tag/meat-display-refrigerator/?orderby=price HTTP/1.1" 200 126498 "-" "Mozilla/5.0 (compatible; DotBot/1.2; +https://opensiteexplorer.org/dotbot; help@moz.com)"
216.244.66.202 - - [05/Aug/2025:19:09:41 +0300] "GET /product-tag/work-surface/?add-to-cart=3747 HTTP/1.1" 200 137000 "-" "Mozilla/5.0 (compatible; DotBot/1.2; +https://opensiteexplorer.org/dotbot; help@moz.com)"
216.244.66.202 - - [05/Aug/2025:19:10:25 +0300] "GET /product-tag/hospital-trolley/?orderby=menu_order HTTP/1.1" 200 123625 "-" "Mozilla/5.0 (compatible; DotBot/1.2; +https://opensiteexplorer.org/dotbot; help@moz.com)"
216.244.66.202 - - [05/Aug/2025:19:10:46 +0300] "GET /product-tag/oil-drain-fryer/?add_to_compare=3907 HTTP/1.1" 200 125326 "-" "Mozilla/5.0 (compatible; DotBot/1.2; +https://opensiteexplorer.org/dotbot; help@moz.com)"
216.244.66.202 - - [05/Aug/2025:19:12:06 +0300] "GET /product-tag/adjustable-temperature-soup-tureen/?add-to-wishlist=3902 HTTP/1.1" 200 125343 "-" "Mozilla/5.0 (compatible; DotBot/1.2; +https://opensiteexplorer.org/dotbot; help@moz.com)"
216.244.66.202 - - [05/Aug/2025:19:14:13 +0300] "GET /product-tag/novela-outdoor-seating/?add_to_compare=4099 HTTP/1.1" 200 124607 "-" "Mozilla/5.0 (compatible; DotBot/1.2; +https://opensiteexplorer.org/dotbot; help@moz.com)"
95.111.242.227 - - [05/Aug/2025:19:17:12 +0300] "POST /xmlrpc.php HTTP/1.1" 200 210 "http://silvercommercialkitchen.com" "Mozilla/5.0 (Macintosh; Intel Mac OS X 10_15_7) AppleWebKit/537.36 (KHTML, like Gecko) Chrome/113.0.5672.93 Safari/537.36"
95.111.242.227 - - [05/Aug/2025:19:17:14 +0300] "POST /xmlrpc.php HTTP/1.1" 200 186 "http://silvercommercialkitchen.com" "Mozilla/5.0 (Macintosh; Intel Mac OS X 10_15_7) AppleWebKit/537.36 (KHTML, like Gecko) Chrome/115.0.5790.102 Safari/537.36"
95.111.242.227 - - [05/Aug/2025:19:17:16 +0300] "POST /wp-login.php HTTP/1.1" 302 0 "http://silvercommercialkitchen.com" "Mozilla/5.0 (Macintosh; Intel Mac OS X 10_15_7) AppleWebKit/537.36 (KHTML, like Gecko) Chrome/126.0.0.0 Safari/537.36"
35.225.238.220 - - [05/Aug/2025:19:19:41 +0300] "POST /xmlrpc.php HTTP/1.1" 200 232 "-" "Mozilla/5.0 (X11; Ubuntu; Linux x86_64; rv:85.0) Gecko/20100101 Firefox/91.0"
150.242.201.113 - - [05/Aug/2025:19:40:05 +0300] "POST /xmlrpc.php HTTP/1.1" 200 186 "http://silvercommercialkitchen.com" "Mozilla/5.0 (Macintosh; Intel Mac OS X 13_3) AppleWebKit/537.36 (KHTML, like Gecko) Chrome/126.0.0.0 Safari/537.36"
212.127.78.200 - - [05/Aug/2025:19:28:46 +0300] "POST /wp-login.php HTTP/1.1" 302 0 "http://silvercommercialkitchen.com" "Mozilla/5.0 (Macintosh; Intel Mac OS X 13_3) AppleWebKit/537.36 (KHTML, like Gecko) Chrome/126.0.0.0 Safari/537.36 Edg/126.0.0.0"
150.242.201.113 - - [05/Aug/2025:19:40:08 +0300] "POST /xmlrpc.php HTTP/1.1" 200 186 "http://silvercommercialkitchen.com" "Mozilla/5.0 (Macintosh; Intel Mac OS X 13_3) AppleWebKit/537.36 (KHTML, like Gecko) Chrome/126.0.0.0 Safari/537.36"
150.242.201.113 - - [05/Aug/2025:19:40:14 +0300] "POST /wp-login.php HTTP/1.1" 302 0 "http://silvercommercialkitchen.com" "Mozilla/5.0 (Macintosh; Intel Mac OS X 10.15; rv:126.0) Gecko/20100101 Firefox/126.0"
216.244.66.202 - - [05/Aug/2025:19:40:37 +0300] "GET /robots.txt HTTP/1.1" 200 80 "-" "Mozilla/5.0 (compatible; DotBot/1.2; +https://opensiteexplorer.org/dotbot; help@moz.com)"
216.244.66.202 - - [05/Aug/2025:19:50:54 +0300] "GET /product-tag/large-fryer/?orderby=date HTTP/1.1" 200 124665 "-" "Mozilla/5.0 (compatible; DotBot/1.2; +https://opensiteexplorer.org/dotbot; help@moz.com)"
216.244.66.202 - - [05/Aug/2025:19:52:57 +0300] "GET /product-tag/electric-dough-mixer/?orderby=date HTTP/1.1" 200 127958 "-" "Mozilla/5.0 (compatible; DotBot/1.2; +https://opensiteexplorer.org/dotbot; help@moz.com)"
216.244.66.202 - - [05/Aug/2025:19:53:51 +0300] "GET /product-tag/rechargeable-scale/?orderby=rating HTTP/1.1" 200 124733 "-" "Mozilla/5.0 (compatible; DotBot/1.2; +https://opensiteexplorer.org/dotbot; help@moz.com)"
216.244.66.202 - - [05/Aug/2025:19:54:15 +0300] "GET /product-tag/boiler-sufuria/?orderby=price-desc HTTP/1.1" 200 123873 "-" "Mozilla/5.0 (compatible; DotBot/1.2; +https://opensiteexplorer.org/dotbot; help@moz.com)"
216.244.66.202 - - [05/Aug/2025:19:55:46 +0300] "GET /product-tag/durable-stainless-steel-knife/?orderby=menu_order HTTP/1.1" 200 126832 "-" "Mozilla/5.0 (compatible; DotBot/1.2; +https://opensiteexplorer.org/dotbot; help@moz.com)"
216.244.66.202 - - [05/Aug/2025:19:56:27 +0300] "GET /product-tag/industrial-cooking-sufuria/?add-to-wishlist=4064 HTTP/1.1" 200 124525 "-" "Mozilla/5.0 (compatible; DotBot/1.2; +https://opensiteexplorer.org/dotbot; help@moz.com)"
216.244.66.202 - - [05/Aug/2025:19:57:00 +0300] "GET /product-tag/rechargeable-scale/?add-to-wishlist=3861 HTTP/1.1" 200 125139 "-" "Mozilla/5.0 (compatible; DotBot/1.2; +https://opensiteexplorer.org/dotbot; help@moz.com)"
216.244.66.202 - - [05/Aug/2025:19:57:15 +0300] "GET /product-tag/tabletop-frozen-dessert-maker/?add_to_compare=3932 HTTP/1.1" 200 125501 "-" "Mozilla/5.0 (compatible; DotBot/1.2; +https://opensiteexplorer.org/dotbot; help@moz.com)"
216.244.66.202 - - [05/Aug/2025:19:47:49 +0300] "GET /shop/page/6/?add_to_compare=3894 HTTP/1.1" 200 234486 "-" "Mozilla/5.0 (compatible; DotBot/1.2; +https://opensiteexplorer.org/dotbot; help@moz.com)"
216.244.66.202 - - [05/Aug/2025:19:47:58 +0300] "GET /shop/page/6/?add-to-wishlist=3939 HTTP/1.1" 200 234519 "-" "Mozilla/5.0 (compatible; DotBot/1.2; +https://opensiteexplorer.org/dotbot; help@moz.com)"
81.177.136.216 - - [05/Aug/2025:19:48:26 +0300] "POST /xmlrpc.php HTTP/1.1" 200 232 "-" "Mozilla/5.0 (X11; Ubuntu; Linux x86_64; rv:85.0) Gecko/20100101 Firefox/91.0"
216.244.66.202 - - [05/Aug/2025:19:48:46 +0300] "GET /shop/page/6/?add_to_compare=3765 HTTP/1.1" 200 234679 "-" "Mozilla/5.0 (compatible; DotBot/1.2; +https://opensiteexplorer.org/dotbot; help@moz.com)"
216.244.66.202 - - [05/Aug/2025:19:51:27 +0300] "GET /product-tag/workbench-cabinet/?orderby=date HTTP/1.1" 200 126507 "-" "Mozilla/5.0 (compatible; DotBot/1.2; +https://opensiteexplorer.org/dotbot; help@moz.com)"
216.244.66.202 - - [05/Aug/2025:19:51:58 +0300] "GET /product-tag/butcher-skinning-knife/?orderby=date HTTP/1.1" 200 124941 "-" "Mozilla/5.0 (compatible; DotBot/1.2; +https://opensiteexplorer.org/dotbot; help@moz.com)"
216.244.66.202 - - [05/Aug/2025:19:52:30 +0300] "GET /product-tag/compact-roaster/?add-to-cart=3913 HTTP/1.1" 200 135941 "-" "Mozilla/5.0 (compatible; DotBot/1.2; +https://opensiteexplorer.org/dotbot; help@moz.com)"
216.244.66.202 - - [05/Aug/2025:19:53:25 +0300] "GET /product-tag/ergonomic-skinning-knife/?orderby=rating HTTP/1.1" 200 124995 "-" "Mozilla/5.0 (compatible; DotBot/1.2; +https://opensiteexplorer.org/dotbot; help@moz.com)"
216.244.66.202 - - [05/Aug/2025:19:54:40 +0300] "GET /product-tag/chilled-preserved/?orderby=price-desc HTTP/1.1" 200 126001 "-" "Mozilla/5.0 (compatible; DotBot/1.2; +https://opensiteexplorer.org/dotbot; help@moz.com)"
216.244.66.202 - - [05/Aug/2025:19:55:03 +0300] "GET /product-tag/sufuria-for-catering/?orderby=popularity HTTP/1.1" 200 124003 "-" "Mozilla/5.0 (compatible; DotBot/1.2; +https://opensiteexplorer.org/dotbot; help@moz.com)"
216.244.66.202 - - [05/Aug/2025:19:55:25 +0300] "GET /product-tag/4ft-meat-chiller/?add-to-wishlist=3759 HTTP/1.1" 200 126669 "-" "Mozilla/5.0 (compatible; DotBot/1.2; +https://opensiteexplorer.org/dotbot; help@moz.com)"
216.244.66.202 - - [05/Aug/2025:19:56:07 +0300] "GET /product-tag/high-capacity-soup-tureen/?add-to-wishlist=3902 HTTP/1.1" 200 125136 "-" "Mozilla/5.0 (compatible; DotBot/1.2; +https://opensiteexplorer.org/dotbot; help@moz.com)"
216.244.66.202 - - [05/Aug/2025:19:56:44 +0300] "GET /product-tag/manual-juice-dispenser-3-tank/?add_to_compare=3941 HTTP/1.1" 200 126891 "-" "Mozilla/5.0 (compatible; DotBot/1.2; +https://opensiteexplorer.org/dotbot; help@moz.com)"
5.78.107.139 - - [05/Aug/2025:20:13:50 +0300] "POST /xmlrpc.php HTTP/1.1" 200 232 "-" "Mozilla/5.0 (X11; Ubuntu; Linux x86_64; rv:85.0) Gecko/20100101 Firefox/91.0"
216.244.66.202 - - [05/Aug/2025:20:34:11 +0300] "GET /product-tag/commercial-kitchen/?orderby=date HTTP/1.1" 200 126531 "-" "Mozilla/5.0 (compatible; DotBot/1.2; +https://opensiteexplorer.org/dotbot; help@moz.com)"
216.244.66.202 - - [05/Aug/2025:20:34:36 +0300] "GET /product-tag/dough-mixer/?orderby=rating HTTP/1.1" 200 127752 "-" "Mozilla/5.0 (compatible; DotBot/1.2; +https://opensiteexplorer.org/dotbot; help@moz.com)"
216.244.66.202 - - [05/Aug/2025:20:35:00 +0300] "GET /product-tag/30kg-scale/?add-to-cart=3861 HTTP/1.1" 200 135170 "-" "Mozilla/5.0 (compatible; DotBot/1.2; +https://opensiteexplorer.org/dotbot; help@moz.com)"
216.244.66.202 - - [05/Aug/2025:20:35:22 +0300] "GET /product-tag/field-skinning-knife/?orderby=rating HTTP/1.1" 200 124903 "-" "Mozilla/5.0 (compatible; DotBot/1.2; +https://opensiteexplorer.org/dotbot; help@moz.com)"
216.244.66.202 - - [05/Aug/2025:20:36:21 +0300] "GET /product-tag/commercial-grade/?add_to_compare=3747 HTTP/1.1" 200 127058 "-" "Mozilla/5.0 (compatible; DotBot/1.2; +https://opensiteexplorer.org/dotbot; help@moz.com)"
216.244.66.202 - - [05/Aug/2025:20:37:56 +0300] "GET /product-tag/cold-storage/?product_brand=premier HTTP/1.1" 200 126260 "-" "Mozilla/5.0 (compatible; DotBot/1.2; +https://opensiteexplorer.org/dotbot; help@moz.com)"
216.244.66.202 - - [05/Aug/2025:20:39:00 +0300] "GET /product-tag/stainless-steel-cabinet/?add_to_compare=3747 HTTP/1.1" 200 127226 "-" "Mozilla/5.0 (compatible; DotBot/1.2; +https://opensiteexplorer.org/dotbot; help@moz.com)"
216.244.66.202 - - [05/Aug/2025:20:39:28 +0300] "GET /product-tag/stainless-steel-coffee-grinder/?orderby=menu_order HTTP/1.1" 200 124509 "-" "Mozilla/5.0 (compatible; DotBot/1.2; +https://opensiteexplorer.org/dotbot; help@moz.com)"
216.244.66.202 - - [05/Aug/2025:20:24:24 +0300] "GET /robots.txt HTTP/1.1" 200 80 "-" "Mozilla/5.0 (compatible; DotBot/1.2; +https://opensiteexplorer.org/dotbot; help@moz.com)"
216.244.66.202 - - [05/Aug/2025:20:31:16 +0300] "GET /shop/page/6/?add_to_compare=3755 HTTP/1.1" 200 234494 "-" "Mozilla/5.0 (compatible; DotBot/1.2; +https://opensiteexplorer.org/dotbot; help@moz.com)"
216.244.66.202 - - [05/Aug/2025:20:35:43 +0300] "GET /product-tag/tainless-steel-meat-hook/?orderby=rating HTTP/1.1" 200 125488 "-" "Mozilla/5.0 (compatible; DotBot/1.2; +https://opensiteexplorer.org/dotbot; help@moz.com)"
216.244.66.202 - - [05/Aug/2025:20:36:56 +0300] "GET /product-tag/muthokoi-huller-polisher/?orderby=menu_order HTTP/1.1" 200 125136 "-" "Mozilla/5.0 (compatible; DotBot/1.2; +https://opensiteexplorer.org/dotbot; help@moz.com)"
216.244.66.202 - - [05/Aug/2025:20:37:27 +0300] "GET /product-tag/brown-wooden-handle-knife/?add-to-wishlist=3871 HTTP/1.1" 200 127140 "-" "Mozilla/5.0 (compatible; DotBot/1.2; +https://opensiteexplorer.org/dotbot; help@moz.com)"
216.244.66.202 - - [05/Aug/2025:20:38:29 +0300] "GET /product-tag/high-performance-tandoori-oven/?orderby=popularity HTTP/1.1" 200 124468 "-" "Mozilla/5.0 (compatible; DotBot/1.2; +https://opensiteexplorer.org/dotbot; help@moz.com)"
216.244.66.202 - - [05/Aug/2025:21:17:54 +0300] "GET /product-tag/triple-deck-oven/?orderby=date HTTP/1.1" 200 125711 "-" "Mozilla/5.0 (compatible; DotBot/1.2; +https://opensiteexplorer.org/dotbot; help@moz.com)"
216.244.66.202 - - [05/Aug/2025:21:08:16 +0300] "GET /robots.txt HTTP/1.1" 200 80 "-" "Mozilla/5.0 (compatible; DotBot/1.2; +https://opensiteexplorer.org/dotbot; help@moz.com)"
216.244.66.202 - - [05/Aug/2025:21:13:39 +0300] "GET /shop/page/3/?add_to_compare=4869 HTTP/1.1" 200 238211 "-" "Mozilla/5.0 (compatible; DotBot/1.2; +https://opensiteexplorer.org/dotbot; help@moz.com)"
216.244.66.202 - - [05/Aug/2025:21:15:06 +0300] "GET /shop/page/5/?add-to-wishlist=3759 HTTP/1.1" 200 234427 "-" "Mozilla/5.0 (compatible; DotBot/1.2; +https://opensiteexplorer.org/dotbot; help@moz.com)"
216.244.66.202 - - [05/Aug/2025:21:18:24 +0300] "GET /product-tag/commercial-coffee-grinder/?orderby=rating HTTP/1.1" 200 124401 "-" "Mozilla/5.0 (compatible; DotBot/1.2; +https://opensiteexplorer.org/dotbot; help@moz.com)"
216.244.66.202 - - [05/Aug/2025:21:19:56 +0300] "GET /product-tag/ergonomic-chef-knife/?orderby=price HTTP/1.1" 200 126636 "-" "Mozilla/5.0 (compatible; DotBot/1.2; +https://opensiteexplorer.org/dotbot; help@moz.com)"
216.244.66.202 - - [05/Aug/2025:21:20:27 +0300] "GET /product-tag/high-quality-wooden-handle-knife/?orderby=date HTTP/1.1" 200 126900 "-" "Mozilla/5.0 (compatible; DotBot/1.2; +https://opensiteexplorer.org/dotbot; help@moz.com)"
216.244.66.202 - - [05/Aug/2025:21:21:00 +0300] "GET /product-tag/ice-cream-freezer/?add-to-cart=3932 HTTP/1.1" 200 135195 "-" "Mozilla/5.0 (compatible; DotBot/1.2; +https://opensiteexplorer.org/dotbot; help@moz.com)"
216.244.66.202 - - [05/Aug/2025:21:21:30 +0300] "GET /product-tag/premium-soup-warmer/?orderby=price HTTP/1.1" 200 124606 "-" "Mozilla/5.0 (compatible; DotBot/1.2; +https://opensiteexplorer.org/dotbot; help@moz.com)"
216.244.66.202 - - [05/Aug/2025:21:22:28 +0300] "GET /product-tag/modified-maple-handle-knife/?orderby=popularity HTTP/1.1" 200 126789 "-" "Mozilla/5.0 (compatible; DotBot/1.2; +https://opensiteexplorer.org/dotbot; help@moz.com)"
216.244.66.202 - - [05/Aug/2025:21:22:56 +0300] "GET /product-tag/poultry-roaster/?orderby=price-desc HTTP/1.1" 200 125437 "-" "Mozilla/5.0 (compatible; DotBot/1.2; +https://opensiteexplorer.org/dotbot; help@moz.com)"
216.244.66.202 - - [05/Aug/2025:21:23:34 +0300] "GET /product-tag/stainless-steel-dough-mixer/?orderby=menu_order HTTP/1.1" 200 128133 "-" "Mozilla/5.0 (compatible; DotBot/1.2; +https://opensiteexplorer.org/dotbot; help@moz.com)"
216.244.66.202 - - [05/Aug/2025:21:24:06 +0300] "GET /product-tag/accurate-weighing-scale/?add_to_compare=3861 HTTP/1.1" 200 125442 "-" "Mozilla/5.0 (compatible; DotBot/1.2; +https://opensiteexplorer.org/dotbot; help@moz.com)"
130.33.37.104 - - [05/Aug/2025:21:24:13 +0300] "GET /wp-content/plugins/hellopress/wp_filemanager.php HTTP/1.1" 404 105066 "-" "-"
130.33.37.104 - - [05/Aug/2025:21:24:16 +0300] "GET /t.php7 HTTP/1.1" 404 104886 "-" "-"
130.33.37.104 - - [05/Aug/2025:21:24:18 +0300] "GET /about.php HTTP/1.1" 404 104898 "-" "-"
130.33.37.104 - - [05/Aug/2025:21:24:20 +0300] "GET /bless.php HTTP/1.1" 404 104898 "-" "-"
130.33.37.104 - - [05/Aug/2025:21:24:23 +0300] "GET /css.php HTTP/1.1" 404 104890 "-" "-"
130.33.37.104 - - [05/Aug/2025:21:24:25 +0300] "GET /goat1.php HTTP/1.1" 404 104898 "-" "-"
130.33.37.104 - - [05/Aug/2025:21:24:29 +0300] "GET /updates.php HTTP/1.1" 404 104906 "-" "-"
130.33.37.104 - - [05/Aug/2025:21:24:31 +0300] "GET /filemanager.php HTTP/1.1" 404 104922 "-" "-"
130.33.37.104 - - [05/Aug/2025:21:24:33 +0300] "GET /shell.php HTTP/1.1" 404 104898 "-" "-"
130.33.37.104 - - [05/Aug/2025:21:24:36 +0300] "GET /moon.php HTTP/1.1" 404 104894 "-" "-"
130.33.37.104 - - [05/Aug/2025:21:24:38 +0300] "GET /avaa.php HTTP/1.1" 404 104894 "-" "-"
130.33.37.104 - - [05/Aug/2025:21:24:44 +0300] "GET /13.php HTTP/1.1" 404 104886 "-" "-"
130.33.37.104 - - [05/Aug/2025:21:24:47 +0300] "GET /fm.php HTTP/1.1" 404 104886 "-" "-"
130.33.37.104 - - [05/Aug/2025:21:24:49 +0300] "GET /admin.php HTTP/1.1" 200 0 "-" "-"
130.33.37.104 - - [05/Aug/2025:21:24:50 +0300] "GET /radio.php HTTP/1.1" 404 104898 "-" "-"
130.33.37.104 - - [05/Aug/2025:21:24:54 +0300] "GET /404.shtml HTTP/1.1" 404 104898 "-" "-"
130.33.37.104 - - [05/Aug/2025:21:24:56 +0300] "GET /berlin.php HTTP/1.1" 404 104902 "-" "-"
130.33.37.104 - - [05/Aug/2025:21:24:59 +0300] "GET /link.php HTTP/1.1" 404 104894 "-" "-"
130.33.37.104 - - [05/Aug/2025:21:25:01 +0300] "GET /file.php HTTP/1.1" 404 104894 "-" "-"
130.33.37.104 - - [05/Aug/2025:21:25:04 +0300] "GET /fw.php HTTP/1.1" 404 104886 "-" "-"
130.33.37.104 - - [05/Aug/2025:21:25:07 +0300] "GET /ws.php7 HTTP/1.1" 404 104890 "-" "-"
130.33.37.104 - - [05/Aug/2025:21:25:11 +0300] "GET /index.php HTTP/1.1" 301 0 "-" "-"
216.244.66.202 - - [05/Aug/2025:21:25:11 +0300] "GET /product-tag/cafe-coffee-grinder/?add_to_compare=3935 HTTP/1.1" 200 124842 "-" "Mozilla/5.0 (compatible; DotBot/1.2; +https://opensiteexplorer.org/dotbot; help@moz.com)"
130.33.37.104 - - [05/Aug/2025:21:25:26 +0300] "GET /log.php HTTP/1.1" 200 0 "-" "-"
130.33.37.104 - - [05/Aug/2025:21:25:41 +0300] "GET /ben.php HTTP/1.1" 404 104890 "-" "-"
130.33.37.104 - - [05/Aug/2025:21:25:47 +0300] "GET /chosen.php HTTP/1.1" 404 104902 "-" "-"
130.33.37.104 - - [05/Aug/2025:21:25:49 +0300] "GET /byp.php HTTP/1.1" 404 104890 "-" "-"
216.244.66.202 - - [05/Aug/2025:21:25:50 +0300] "GET /product-tag/durable-stainless-steel-knife/?orderby=price-desc HTTP/1.1" 200 126843 "-" "Mozilla/5.0 (compatible; DotBot/1.2; +https://opensiteexplorer.org/dotbot; help@moz.com)"
216.244.66.202 - - [05/Aug/2025:21:27:12 +0300] "GET /product/undercounter-chiller-3-door-6ft/?add_to_compare=3770 HTTP/1.1" 200 135311 "-" "Mozilla/5.0 (compatible; DotBot/1.2; +https://opensiteexplorer.org/dotbot; help@moz.com)"
216.244.66.202 - - [05/Aug/2025:21:19:06 +0300] "GET /product-tag/dressing-trolley/feed/ HTTP/1.1" 200 0 "-" "Mozilla/5.0 (compatible; DotBot/1.2; +https://opensiteexplorer.org/dotbot; help@moz.com)"
