66.249.68.36 - - [05/Aug/2025:15:37:56 +0300] "GET /shopdetail/22649462/ HTTP/1.1" 200 18121 "-" "Mozilla/5.0 (Linux; Android 6.0.1; Nexus 5X Build/MMB29P) AppleWebKit/537.36 (KHTML, like Gecko) Chrome/138.0.7204.183 Mobile Safari/537.36 (compatible; GoogleOther)"
102.212.247.75 - - [05/Aug/2025:15:37:11 +0300] "GET /wp-admin/admin-ajax.php?action=wordfence_doScan&isFork=0&scanMode=standard&cronKey=fc0cab6599eb1243893d35e993529131&signature=258bc0a997ee6888cdbe49e8c671bb904e54e5d7e30fab37bf0706c9712528ad HTTP/1.1" 200 0 "-" "WordPress/6.8.2; https://karismamodernkitchen.com"
57.141.6.29 - - [05/Aug/2025:15:38:22 +0300] "GET /shopdetail/26833539/ HTTP/2" 404 131191 "-" "meta-externalagent/1.1 (+https://developers.facebook.com/docs/sharing/webmasters/crawler)"
66.249.68.37 - - [05/Aug/2025:15:39:12 +0300] "GET /shopdetail/10449817/ HTTP/1.1" 200 17891 "-" "Mozilla/5.0 (Linux; Android 6.0.1; Nexus 5X Build/MMB29P) AppleWebKit/537.36 (KHTML, like Gecko) Chrome/138.0.7204.183 Mobile Safari/537.36 (compatible; GoogleOther)"
66.249.68.36 - - [05/Aug/2025:15:39:18 +0300] "GET /shopdetail/27022895/ HTTP/1.1" 200 18520 "-" "Mozilla/5.0 (Linux; Android 6.0.1; Nexus 5X Build/MMB29P) AppleWebKit/537.36 (KHTML, like Gecko) Chrome/138.0.7204.183 Mobile Safari/537.36 (compatible; GoogleOther)"
66.249.68.36 - - [05/Aug/2025:15:39:24 +0300] "GET /shopdetail/25462173/ HTTP/1.1" 200 17986 "-" "Mozilla/5.0 (Linux; Android 6.0.1; Nexus 5X Build/MMB29P) AppleWebKit/537.36 (KHTML, like Gecko) Chrome/138.0.7204.183 Mobile Safari/537.36 (compatible; GoogleOther)"
57.141.6.16 - - [05/Aug/2025:15:38:33 +0300] "GET /shopdetail/22775539/ HTTP/2" 404 131191 "-" "meta-externalagent/1.1 (+https://developers.facebook.com/docs/sharing/webmasters/crawler)"
66.249.68.36 - - [05/Aug/2025:15:38:46 +0300] "GET /shopdetail/10173440/ HTTP/1.1" 200 18779 "-" "Mozilla/5.0 (Linux; Android 6.0.1; Nexus 5X Build/MMB29P) AppleWebKit/537.36 (KHTML, like Gecko) Chrome/138.0.7204.183 Mobile Safari/537.36 (compatible; GoogleOther)"
66.249.68.36 - - [05/Aug/2025:15:38:53 +0300] "GET /shopdetail/10183439/ HTTP/1.1" 200 17701 "-" "Mozilla/5.0 (Linux; Android 6.0.1; Nexus 5X Build/MMB29P) AppleWebKit/537.36 (KHTML, like Gecko) Chrome/138.0.7204.183 Mobile Safari/537.36 (compatible; GoogleOther)"
20.15.133.191 - - [05/Aug/2025:15:38:57 +0300] "GET /shopdetail/18160739/ HTTP/2" 200 18547 "-" "Mozilla/5.0 AppleWebKit/537.36 (KHTML, like Gecko; compatible; bingbot/2.0; +http://www.bing.com/bingbot.htm) Chrome/116.0.1938.76 Safari/537.36"
66.249.68.36 - - [05/Aug/2025:15:39:05 +0300] "GET /shopdetail/23629162/ HTTP/1.1" 200 18363 "-" "Mozilla/5.0 (Linux; Android 6.0.1; Nexus 5X Build/MMB29P) AppleWebKit/537.36 (KHTML, like Gecko) Chrome/138.0.7204.183 Mobile Safari/537.36 (compatible; GoogleOther)"
66.249.68.36 - - [05/Aug/2025:15:39:14 +0300] "POST /get-message-notify HTTP/1.1" 200 17492 "https://karismamodernkitchen.com/shopdetail/10631417/" "Mozilla/5.0 (Linux; Android 6.0.1; Nexus 5X Build/MMB29P) AppleWebKit/537.36 (KHTML, like Gecko) Chrome/137.0.7151.119 Mobile Safari/537.36 (compatible; Googlebot/2.1; +http://www.google.com/bot.html)"
66.249.68.36 - - [05/Aug/2025:15:39:20 +0300] "POST /get-message-notify HTTP/1.1" 200 17492 "https://karismamodernkitchen.com/shopdetail/10449817/" "Mozilla/5.0 (Linux; Android 6.0.1; Nexus 5X Build/MMB29P) AppleWebKit/537.36 (KHTML, like Gecko) Chrome/137.0.7151.119 Mobile Safari/537.36 (compatible; Googlebot/2.1; +http://www.google.com/bot.html)"
45.40.50.221 - - [05/Aug/2025:15:39:29 +0300] "GET /shop/page/7/?orderby=menu_order&add_to_compare=3741 HTTP/2" 200 33435 "https://karismamodernkitchen.com/shop/page/7/?orderby=menu_order&add_to_compare=3741" "Mozilla/5.0 (Windows NT 10.0; Win64; x64) AppleWebKit/537.36 (KHTML, like Gecko) Chrome/101.0.4951.67 Safari/537.36"
197.248.134.119 - - [05/Aug/2025:15:39:33 +0300] "POST /wp-admin/admin-ajax.php HTTP/2" 200 51 "https://karismamodernkitchen.com/wp-admin/admin.php?page=WordfenceScan" "Mozilla/5.0 (Windows NT 10.0; Win64; x64) AppleWebKit/537.36 (KHTML, like Gecko) Chrome/138.0.0.0 Safari/537.36"
66.249.68.36 - - [05/Aug/2025:15:39:56 +0300] "POST /get-message-notify HTTP/1.1" 200 17492 "https://karismamodernkitchen.com/shopdetail/9647040/" "Mozilla/5.0 (Linux; Android 6.0.1; Nexus 5X Build/MMB29P) AppleWebKit/537.36 (KHTML, like Gecko) Chrome/137.0.7151.119 Mobile Safari/537.36 (compatible; Googlebot/2.1; +http://www.google.com/bot.html)"
57.141.6.2 - - [05/Aug/2025:15:40:04 +0300] "GET /shopdetail/18981395/ HTTP/2" 404 131191 "-" "meta-externalagent/1.1 (+https://developers.facebook.com/docs/sharing/webmasters/crawler)"
197.248.134.119 - - [05/Aug/2025:15:40:08 +0300] "POST /wp-admin/admin-ajax.php HTTP/2" 200 2276 "https://karismamodernkitchen.com/wp-admin/admin.php?page=WordfenceScan" "Mozilla/5.0 (Windows NT 10.0; Win64; x64) AppleWebKit/537.36 (KHTML, like Gecko) Chrome/138.0.0.0 Safari/537.36"
197.248.134.119 - - [05/Aug/2025:15:40:09 +0300] "GET /wp-admin/admin.php?page=WordfenceScan HTTP/2" 200 55929 "https://karismamodernkitchen.com/wp-admin/admin.php?page=WordfenceScan" "Mozilla/5.0 (Windows NT 10.0; Win64; x64) AppleWebKit/537.36 (KHTML, like Gecko) Chrome/138.0.0.0 Safari/537.36"
197.248.134.119 - - [05/Aug/2025:15:40:28 +0300] "POST /wp-admin/admin-ajax.php HTTP/2" 200 3579 "https://karismamodernkitchen.com/wp-admin/admin.php?page=WordfenceScan" "Mozilla/5.0 (Windows NT 10.0; Win64; x64) AppleWebKit/537.36 (KHTML, like Gecko) Chrome/138.0.0.0 Safari/537.36"
66.249.68.36 - - [05/Aug/2025:15:40:39 +0300] "GET /shopdetail/16884684/ HTTP/1.1" 200 17877 "-" "Mozilla/5.0 (Linux; Android 6.0.1; Nexus 5X Build/MMB29P) AppleWebKit/537.36 (KHTML, like Gecko) Chrome/138.0.7204.183 Mobile Safari/537.36 (compatible; GoogleOther)"
66.249.68.36 - - [05/Aug/2025:15:40:45 +0300] "GET /shopdetail/7656795/ HTTP/1.1" 200 19275 "-" "Mozilla/5.0 (Linux; Android 6.0.1; Nexus 5X Build/MMB29P) AppleWebKit/537.36 (KHTML, like Gecko) Chrome/138.0.7204.183 Mobile Safari/537.36 (compatible; GoogleOther)"
66.249.68.36 - - [05/Aug/2025:15:40:47 +0300] "POST /get-message-notify HTTP/1.1" 200 17492 "https://karismamodernkitchen.com/shopdetail/16884684/" "Mozilla/5.0 (Linux; Android 6.0.1; Nexus 5X Build/MMB29P) AppleWebKit/537.36 (KHTML, like Gecko) Chrome/137.0.7151.119 Mobile Safari/537.36 (compatible; Googlebot/2.1; +http://www.google.com/bot.html)"
66.249.68.36 - - [05/Aug/2025:15:40:53 +0300] "POST /get-message-notify HTTP/1.1" 200 17545 "https://karismamodernkitchen.com/shopdetail/7656795/" "Mozilla/5.0 (Linux; Android 6.0.1; Nexus 5X Build/MMB29P) AppleWebKit/537.36 (KHTML, like Gecko) Chrome/137.0.7151.119 Mobile Safari/537.36 (compatible; Googlebot/2.1; +http://www.google.com/bot.html)"
66.249.68.36 - - [05/Aug/2025:15:40:54 +0300] "GET /shopdetail/2190506/ HTTP/1.1" 200 18058 "-" "Mozilla/5.0 (Linux; Android 6.0.1; Nexus 5X Build/MMB29P) AppleWebKit/537.36 (KHTML, like Gecko) Chrome/138.0.7204.183 Mobile Safari/537.36 (compatible; GoogleOther)"
66.249.68.36 - - [05/Aug/2025:15:40:57 +0300] "GET /shopdetail/14440506/ HTTP/1.1" 200 18252 "-" "Mozilla/5.0 (Linux; Android 6.0.1; Nexus 5X Build/MMB29P) AppleWebKit/537.36 (KHTML, like Gecko) Chrome/138.0.7204.183 Mobile Safari/537.36 (compatible; GoogleOther)"
66.249.68.36 - - [05/Aug/2025:15:41:01 +0300] "GET /shopdetail/16920439/ HTTP/1.1" 200 18418 "-" "Mozilla/5.0 (Linux; Android 6.0.1; Nexus 5X Build/MMB29P) AppleWebKit/537.36 (KHTML, like Gecko) Chrome/138.0.7204.183 Mobile Safari/537.36 (compatible; GoogleOther)"
66.249.68.36 - - [05/Aug/2025:15:41:05 +0300] "GET /shopdetail/12460140/ HTTP/1.1" 200 17728 "-" "Mozilla/5.0 (Linux; Android 6.0.1; Nexus 5X Build/MMB29P) AppleWebKit/537.36 (KHTML, like Gecko) Chrome/138.0.7204.183 Mobile Safari/537.36 (compatible; GoogleOther)"
66.249.68.36 - - [05/Aug/2025:15:41:06 +0300] "POST /get-message-notify HTTP/1.1" 200 17492 "https://karismamodernkitchen.com/shopdetail/2190506/" "Mozilla/5.0 (Linux; Android 6.0.1; Nexus 5X Build/MMB29P) AppleWebKit/537.36 (KHTML, like Gecko) Chrome/137.0.7151.119 Mobile Safari/537.36 (compatible; Googlebot/2.1; +http://www.google.com/bot.html)"
66.249.68.36 - - [05/Aug/2025:15:41:10 +0300] "GET /shopdetail/11915239/ HTTP/1.1" 200 18751 "-" "Mozilla/5.0 (Linux; Android 6.0.1; Nexus 5X Build/MMB29P) AppleWebKit/537.36 (KHTML, like Gecko) Chrome/138.0.7204.183 Mobile Safari/537.36 (compatible; GoogleOther)"
66.249.68.36 - - [05/Aug/2025:15:41:11 +0300] "POST /get-message-notify HTTP/1.1" 200 17492 "https://karismamodernkitchen.com/shopdetail/16920439/" "Mozilla/5.0 (Linux; Android 6.0.1; Nexus 5X Build/MMB29P) AppleWebKit/537.36 (KHTML, like Gecko) Chrome/137.0.7151.119 Mobile Safari/537.36 (compatible; Googlebot/2.1; +http://www.google.com/bot.html)"
197.248.134.119 - - [05/Aug/2025:15:41:24 +0300] "POST /wp-admin/admin-ajax.php HTTP/2" 200 51 "https://karismamodernkitchen.com/wp-admin/admin.php?page=WordfenceScan" "Mozilla/5.0 (Windows NT 10.0; Win64; x64) AppleWebKit/537.36 (KHTML, like Gecko) Chrome/138.0.0.0 Safari/537.36"
66.249.68.36 - - [05/Aug/2025:15:41:31 +0300] "POST /get-message-notify HTTP/1.1" 200 17492 "https://karismamodernkitchen.com/shopdetail/17592751/" "Mozilla/5.0 (Linux; Android 6.0.1; Nexus 5X Build/MMB29P) AppleWebKit/537.36 (KHTML, like Gecko) Chrome/137.0.7151.119 Mobile Safari/537.36 (compatible; Googlebot/2.1; +http://www.google.com/bot.html)"
102.212.247.75 - - [05/Aug/2025:15:41:26 +0300] "POST /wp-admin/admin-ajax.php?action=as_async_request_queue_runner&nonce=7d2b0c744c HTTP/1.1" 200 0 "-" "WordPress/6.8.2; https://karismamodernkitchen.com"
66.249.68.36 - - [05/Aug/2025:15:39:30 +0300] "POST /get-message-notify HTTP/1.1" 200 17492 "https://karismamodernkitchen.com/shopdetail/25462173/" "Mozilla/5.0 (Linux; Android 6.0.1; Nexus 5X Build/MMB29P) AppleWebKit/537.36 (KHTML, like Gecko) Chrome/137.0.7151.119 Mobile Safari/537.36 (compatible; Googlebot/2.1; +http://www.google.com/bot.html)"
57.141.6.4 - - [05/Aug/2025:15:39:28 +0300] "GET /shopdetail/29049251/ HTTP/2" 404 131191 "-" "meta-externalagent/1.1 (+https://developers.facebook.com/docs/sharing/webmasters/crawler)"
47.128.62.128 - - [05/Aug/2025:15:39:41 +0300] "GET /shop/?product_brand=generic%2Cpremier%2Ckarisma&rating_filter=5 HTTP/2" 403 0 "-" "Mozilla/5.0 (Linux; Android 5.0) AppleWebKit/537.36 (KHTML, like Gecko) Mobile Safari/537.36 (compatible; Bytespider; spider-feedback@bytedance.com)"
102.212.247.75 - - [05/Aug/2025:15:39:29 +0300] "POST /?wordfence_syncAttackData=1754397569.5859 HTTP/1.1" 200 0 "-" "WordPress/6.8.2; https://karismamodernkitchen.com"
102.212.247.75 - - [05/Aug/2025:15:39:37 +0300] "POST /?wordfence_syncAttackData=1754397576.9813 HTTP/1.1" 200 22548 "-" "WordPress/6.8.2; https://karismamodernkitchen.com"
66.249.68.36 - - [05/Aug/2025:15:40:27 +0300] "GET /shopdetail/26854173/ HTTP/1.1" 200 17636 "-" "Mozilla/5.0 (Linux; Android 6.0.1; Nexus 5X Build/MMB29P) AppleWebKit/537.36 (KHTML, like Gecko) Chrome/138.0.7204.183 Mobile Safari/537.36 (compatible; GoogleOther)"
66.249.68.36 - - [05/Aug/2025:15:40:42 +0300] "POST /get-message-notify HTTP/1.1" 200 17492 "https://karismamodernkitchen.com/shopdetail/27022895/" "Mozilla/5.0 (Linux; Android 6.0.1; Nexus 5X Build/MMB29P) AppleWebKit/537.36 (KHTML, like Gecko) Chrome/137.0.7151.119 Mobile Safari/537.36 (compatible; Googlebot/2.1; +http://www.google.com/bot.html)"
57.141.6.17 - - [05/Aug/2025:15:40:42 +0300] "GET /shopdetail/19920451/ HTTP/2" 404 131191 "-" "meta-externalagent/1.1 (+https://developers.facebook.com/docs/sharing/webmasters/crawler)"
66.249.69.198 - - [05/Aug/2025:15:41:20 +0300] "GET /shopdetail/17592751/ HTTP/1.1" 200 17625 "-" "Mozilla/5.0 (Linux; Android 6.0.1; Nexus 5X Build/MMB29P) AppleWebKit/537.36 (KHTML, like Gecko) Chrome/138.0.7204.183 Mobile Safari/537.36 (compatible; GoogleOther)"
66.249.68.36 - - [05/Aug/2025:15:41:21 +0300] "POST /get-message-notify HTTP/1.1" 200 17492 "https://karismamodernkitchen.com/shopdetail/11915239/" "Mozilla/5.0 (Linux; Android 6.0.1; Nexus 5X Build/MMB29P) AppleWebKit/537.36 (KHTML, like Gecko) Chrome/137.0.7151.119 Mobile Safari/537.36 (compatible; Googlebot/2.1; +http://www.google.com/bot.html)"
66.249.68.36 - - [05/Aug/2025:15:41:37 +0300] "GET /shopdetail/12706173/ HTTP/1.1" 200 18346 "-" "Mozilla/5.0 (Linux; Android 6.0.1; Nexus 5X Build/MMB29P) AppleWebKit/537.36 (KHTML, like Gecko) Chrome/138.0.7204.183 Mobile Safari/537.36 (compatible; Googlebot/2.1; +http://www.google.com/bot.html)"
66.249.68.36 - - [05/Aug/2025:15:41:40 +0300] "GET /shopdetail/18248084/ HTTP/1.1" 200 18241 "-" "Mozilla/5.0 (Linux; Android 6.0.1; Nexus 5X Build/MMB29P) AppleWebKit/537.36 (KHTML, like Gecko) Chrome/138.0.7204.183 Mobile Safari/537.36 (compatible; GoogleOther)"
57.141.6.8 - - [05/Aug/2025:15:41:47 +0300] "GET /shopdetail/3584717/ HTTP/2" 404 131187 "-" "meta-externalagent/1.1 (+https://developers.facebook.com/docs/sharing/webmasters/crawler)"
196.251.115.239 - - [05/Aug/2025:15:42:09 +0300] "POST /wp-login.php HTTP/1.1" 503 18042 "-" "Mozilla/5.0"
196.251.115.239 - - [05/Aug/2025:15:42:09 +0300] "POST /wp-login.php HTTP/1.1" 503 18042 "-" "Mozilla/5.0"
102.212.247.75 - - [05/Aug/2025:15:42:14 +0300] "POST /?wordfence_syncAttackData=1754397734.0063 HTTP/1.1" 200 0 "-" "WordPress/6.8.2; https://karismamodernkitchen.com"
197.248.134.119 - - [05/Aug/2025:15:42:13 +0300] "POST /wp-admin/admin-ajax.php HTTP/2" 200 1241 "https://karismamodernkitchen.com/wp-admin/admin.php?page=WordfenceScan" "Mozilla/5.0 (Windows NT 10.0; Win64; x64) AppleWebKit/537.36 (KHTML, like Gecko) Chrome/138.0.0.0 Safari/537.36"
197.248.134.119 - - [05/Aug/2025:15:42:24 +0300] "POST /wp-admin/admin-ajax.php HTTP/2" 200 51 "https://karismamodernkitchen.com/wp-admin/admin.php?page=WordfenceScan" "Mozilla/5.0 (Windows NT 10.0; Win64; x64) AppleWebKit/537.36 (KHTML, like Gecko) Chrome/138.0.0.0 Safari/537.36"
57.141.6.1 - - [05/Aug/2025:15:42:37 +0300] "GET /shopdetail/3027339/ HTTP/2" 404 131187 "-" "meta-externalagent/1.1 (+https://developers.facebook.com/docs/sharing/webmasters/crawler)"
197.248.134.119 - - [05/Aug/2025:15:43:17 +0300] "POST /wp-admin/admin-ajax.php HTTP/2" 200 1248 "https://karismamodernkitchen.com/wp-admin/admin.php?page=WordfenceScan" "Mozilla/5.0 (Windows NT 10.0; Win64; x64) AppleWebKit/537.36 (KHTML, like Gecko) Chrome/138.0.0.0 Safari/537.36"
197.248.134.119 - - [05/Aug/2025:15:43:17 +0300] "GET / HTTP/2" 200 48207 "https://karismamodernkitchen.com/wp-admin/admin.php?page=WordfenceScan" "Mozilla/5.0 (Windows NT 10.0; Win64; x64) AppleWebKit/537.36 (KHTML, like Gecko) Chrome/138.0.0.0 Safari/537.36"
197.248.134.119 - - [05/Aug/2025:15:43:23 +0300] "GET /wp-includes/css/dashicons.min.css?ver=6.8.2 HTTP/2" 200 35110 "https://karismamodernkitchen.com/" "Mozilla/5.0 (Windows NT 10.0; Win64; x64) AppleWebKit/537.36 (KHTML, like Gecko) Chrome/138.0.0.0 Safari/537.36"
197.248.134.119 - - [05/Aug/2025:15:43:23 +0300] "GET /wp-includes/css/admin-bar.min.css?ver=6.8.2 HTTP/2" 200 3611 "https://karismamodernkitchen.com/" "Mozilla/5.0 (Windows NT 10.0; Win64; x64) AppleWebKit/537.36 (KHTML, like Gecko) Chrome/138.0.0.0 Safari/537.36"
197.248.134.119 - - [05/Aug/2025:15:43:23 +0300] "GET /wp-content/plugins/revslider/sr6/assets/fonts/material/material-icons.css?ver=6.7.25 HTTP/2" 200 387 "https://karismamodernkitchen.com/" "Mozilla/5.0 (Windows NT 10.0; Win64; x64) AppleWebKit/537.36 (KHTML, like Gecko) Chrome/138.0.0.0 Safari/537.36"
114.119.136.86 - - [05/Aug/2025:15:43:23 +0300] "GET /shop/?product_brand=generic,karisma,caterina,sab-italy,premier HTTP/1.1" 403 0 "https://karismamodernkitchen.com/shop/?product_brand=generic%2Ckarisma%2Ccaterina%2Csab-italy%2Cpremier" "Mozilla/5.0 (Linux; Android 7.0;) AppleWebKit/537.36 (KHTML, like Gecko) Mobile Safari/537.36 (compatible; PetalBot;+https://webmaster.petalsearch.com/site/petalbot)"
197.248.134.119 - - [05/Aug/2025:15:43:24 +0300] "GET /wp-content/plugins/all-in-one-seo-pack-pro/dist/Pro/assets/css/admin-bar.bbffe8bd.css?ver=4.8.5 HTTP/2" 200 3325 "https://karismamodernkitchen.com/" "Mozilla/5.0 (Windows NT 10.0; Win64; x64) AppleWebKit/537.36 (KHTML, like Gecko) Chrome/138.0.0.0 Safari/537.36"
197.248.134.119 - - [05/Aug/2025:15:43:24 +0300] "GET /wp-content/plugins/contact-form-7/includes/css/styles.css?ver=6.1.1 HTTP/2" 200 899 "https://karismamodernkitchen.com/" "Mozilla/5.0 (Windows NT 10.0; Win64; x64) AppleWebKit/537.36 (KHTML, like Gecko) Chrome/138.0.0.0 Safari/537.36"
197.248.134.119 - - [05/Aug/2025:15:43:25 +0300] "GET /wp-content/plugins/elementor/assets/css/admin-bar.min.css?ver=3.30.4 HTTP/2" 200 276 "https://karismamodernkitchen.com/" "Mozilla/5.0 (Windows NT 10.0; Win64; x64) AppleWebKit/537.36 (KHTML, like Gecko) Chrome/138.0.0.0 Safari/537.36"
197.248.134.119 - - [05/Aug/2025:15:43:25 +0300] "GET /wp-content/uploads/elementor/css/post-8.css?ver=1754394020 HTTP/2" 200 378 "https://karismamodernkitchen.com/" "Mozilla/5.0 (Windows NT 10.0; Win64; x64) AppleWebKit/537.36 (KHTML, like Gecko) Chrome/138.0.0.0 Safari/537.36"
197.248.134.119 - - [05/Aug/2025:15:43:26 +0300] "GET /wp-content/uploads/elementor/css/post-3401.css?ver=1754394229 HTTP/2" 200 1309 "https://karismamodernkitchen.com/" "Mozilla/5.0 (Windows NT 10.0; Win64; x64) AppleWebKit/537.36 (KHTML, like Gecko) Chrome/138.0.0.0 Safari/537.36"
197.248.134.119 - - [05/Aug/2025:15:43:26 +0300] "GET /wp-content/uploads/elementor/css/post-4451.css?ver=1754394022 HTTP/2" 200 1846 "https://karismamodernkitchen.com/" "Mozilla/5.0 (Windows NT 10.0; Win64; x64) AppleWebKit/537.36 (KHTML, like Gecko) Chrome/138.0.0.0 Safari/537.36"
197.248.134.119 - - [05/Aug/2025:15:43:26 +0300] "GET /wp-content/plugins/all-in-one-seo-pack-pro/dist/Pro/assets/seo-preview.98edfd68.js?ver=4.8.5 HTTP/2" 200 7513 "https://karismamodernkitchen.com/" "Mozilla/5.0 (Windows NT 10.0; Win64; x64) AppleWebKit/537.36 (KHTML, like Gecko) Chrome/138.0.0.0 Safari/537.36"
197.248.134.119 - - [05/Aug/2025:15:43:26 +0300] "GET /wp-content/plugins/all-in-one-seo-pack-pro/dist/Pro/assets/css/Tabs.8c5e31f4.css?ver=4.8.5 HTTP/2" 200 1557 "https://karismamodernkitchen.com/" "Mozilla/5.0 (Windows NT 10.0; Win64; x64) AppleWebKit/537.36 (KHTML, like Gecko) Chrome/138.0.0.0 Safari/537.36"
197.248.134.119 - - [05/Aug/2025:15:43:26 +0300] "GET /wp-content/plugins/all-in-one-seo-pack-pro/dist/Pro/assets/css/Index.e7e7e5d8.css?ver=4.8.5 HTTP/2" 200 969 "https://karismamodernkitchen.com/" "Mozilla/5.0 (Windows NT 10.0; Win64; x64) AppleWebKit/537.36 (KHTML, like Gecko) Chrome/138.0.0.0 Safari/537.36"
197.248.134.119 - - [05/Aug/2025:15:43:27 +0300] "GET /wp-content/plugins/all-in-one-seo-pack-pro/dist/Pro/assets/css/FacebookPreview.a19706d8.css?ver=4.8.5 HTTP/2" 200 820 "https://karismamodernkitchen.com/" "Mozilla/5.0 (Windows NT 10.0; Win64; x64) AppleWebKit/537.36 (KHTML, like Gecko) Chrome/138.0.0.0 Safari/537.36"
197.248.134.119 - - [05/Aug/2025:15:43:27 +0300] "GET /wp-content/plugins/all-in-one-seo-pack-pro/dist/Pro/assets/css/GoogleSearchPreview.49ea6dbd.css?ver=4.8.5 HTTP/2" 200 1211 "https://karismamodernkitchen.com/" "Mozilla/5.0 (Windows NT 10.0; Win64; x64) AppleWebKit/537.36 (KHTML, like Gecko) Chrome/138.0.0.0 Safari/537.36"
197.248.134.119 - - [05/Aug/2025:15:43:27 +0300] "GET /wp-content/plugins/all-in-one-seo-pack-pro/dist/Pro/assets/css/TwitterPreview.171ce642.css?ver=4.8.5 HTTP/2" 200 843 "https://karismamodernkitchen.com/" "Mozilla/5.0 (Windows NT 10.0; Win64; x64) AppleWebKit/537.36 (KHTML, like Gecko) Chrome/138.0.0.0 Safari/537.36"
197.248.134.119 - - [05/Aug/2025:15:43:27 +0300] "GET /wp-content/plugins/all-in-one-seo-pack-pro/dist/Pro/assets/css/ProBadge.6500bcec.css?ver=4.8.5 HTTP/2" 200 183 "https://karismamodernkitchen.com/" "Mozilla/5.0 (Windows NT 10.0; Win64; x64) AppleWebKit/537.36 (KHTML, like Gecko) Chrome/138.0.0.0 Safari/537.36"
197.248.134.119 - - [05/Aug/2025:15:43:27 +0300] "GET /wp-content/plugins/all-in-one-seo-pack-pro/dist/Pro/assets/css/seo-preview.b3db4555.css?ver=4.8.5 HTTP/2" 200 2545 "https://karismamodernkitchen.com/" "Mozilla/5.0 (Windows NT 10.0; Win64; x64) AppleWebKit/537.36 (KHTML, like Gecko) Chrome/138.0.0.0 Safari/537.36"
197.248.134.119 - - [05/Aug/2025:15:43:27 +0300] "GET /wp-content/plugins/elementor/assets/lib/dialog/dialog.min.js?ver=4.9.4 HTTP/2" 200 3593 "https://karismamodernkitchen.com/" "Mozilla/5.0 (Windows NT 10.0; Win64; x64) AppleWebKit/537.36 (KHTML, like Gecko) Chrome/138.0.0.0 Safari/537.36"
197.248.134.119 - - [05/Aug/2025:15:43:28 +0300] "GET /wp-content/plugins/contact-form-7/includes/swv/js/index.js?ver=6.1.1 HTTP/2" 200 3369 "https://karismamodernkitchen.com/" "Mozilla/5.0 (Windows NT 10.0; Win64; x64) AppleWebKit/537.36 (KHTML, like Gecko) Chrome/138.0.0.0 Safari/537.36"
197.248.134.119 - - [05/Aug/2025:15:43:28 +0300] "GET /wp-content/plugins/contact-form-7/includes/js/index.js?ver=6.1.1 HTTP/2" 200 4008 "https://karismamodernkitchen.com/" "Mozilla/5.0 (Windows NT 10.0; Win64; x64) AppleWebKit/537.36 (KHTML, like Gecko) Chrome/138.0.0.0 Safari/537.36"
197.248.134.119 - - [05/Aug/2025:15:43:28 +0300] "GET /wp-content/plugins/elementor/assets/js/elementor-admin-bar.min.js?ver=3.30.4 HTTP/2" 200 2187 "https://karismamodernkitchen.com/" "Mozilla/5.0 (Windows NT 10.0; Win64; x64) AppleWebKit/537.36 (KHTML, like Gecko) Chrome/138.0.0.0 Safari/537.36"
197.248.134.119 - - [05/Aug/2025:15:43:28 +0300] "GET /wp-content/plugins/all-in-one-seo-pack-pro/dist/Pro/assets/js/vue-router.21860d65.js HTTP/2" 200 9258 "https://karismamodernkitchen.com/wp-content/plugins/all-in-one-seo-pack-pro/dist/Pro/assets/seo-preview.98edfd68.js?ver=4.8.5" "Mozilla/5.0 (Windows NT 10.0; Win64; x64) AppleWebKit/537.36 (KHTML, like Gecko) Chrome/138.0.0.0 Safari/537.36"
197.248.134.119 - - [05/Aug/2025:15:43:29 +0300] "GET /wp-content/plugins/all-in-one-seo-pack-pro/dist/Pro/assets/js/Tabs.ef6afdb1.js HTTP/2" 200 8598 "https://karismamodernkitchen.com/wp-content/plugins/all-in-one-seo-pack-pro/dist/Pro/assets/seo-preview.98edfd68.js?ver=4.8.5" "Mozilla/5.0 (Windows NT 10.0; Win64; x64) AppleWebKit/537.36 (KHTML, like Gecko) Chrome/138.0.0.0 Safari/537.36"
197.248.134.119 - - [05/Aug/2025:15:43:29 +0300] "GET /wp-content/plugins/all-in-one-seo-pack-pro/dist/Pro/assets/js/Index.5abcbc26.js HTTP/2" 200 1086 "https://karismamodernkitchen.com/wp-content/plugins/all-in-one-seo-pack-pro/dist/Pro/assets/seo-preview.98edfd68.js?ver=4.8.5" "Mozilla/5.0 (Windows NT 10.0; Win64; x64) AppleWebKit/537.36 (KHTML, like Gecko) Chrome/138.0.0.0 Safari/537.36"
197.248.134.119 - - [05/Aug/2025:15:43:29 +0300] "GET /wp-content/plugins/all-in-one-seo-pack-pro/dist/Pro/assets/js/Mobile.ab0d78f4.js HTTP/2" 200 608 "https://karismamodernkitchen.com/wp-content/plugins/all-in-one-seo-pack-pro/dist/Pro/assets/seo-preview.98edfd68.js?ver=4.8.5" "Mozilla/5.0 (Windows NT 10.0; Win64; x64) AppleWebKit/537.36 (KHTML, like Gecko) Chrome/138.0.0.0 Safari/537.36"
197.248.134.119 - - [05/Aug/2025:15:43:29 +0300] "GET /wp-content/plugins/all-in-one-seo-pack-pro/dist/Pro/assets/js/Facebook.707092a5.js HTTP/2" 200 450 "https://karismamodernkitchen.com/wp-content/plugins/all-in-one-seo-pack-pro/dist/Pro/assets/seo-preview.98edfd68.js?ver=4.8.5" "Mozilla/5.0 (Windows NT 10.0; Win64; x64) AppleWebKit/537.36 (KHTML, like Gecko) Chrome/138.0.0.0 Safari/537.36"
197.248.134.119 - - [05/Aug/2025:15:43:29 +0300] "GET /wp-content/plugins/all-in-one-seo-pack-pro/dist/Pro/assets/js/Settings.2e4a6929.js HTTP/2" 200 2172 "https://karismamodernkitchen.com/wp-content/plugins/all-in-one-seo-pack-pro/dist/Pro/assets/seo-preview.98edfd68.js?ver=4.8.5" "Mozilla/5.0 (Windows NT 10.0; Win64; x64) AppleWebKit/537.36 (KHTML, like Gecko) Chrome/138.0.0.0 Safari/537.36"
197.248.134.119 - - [05/Aug/2025:15:43:29 +0300] "GET /wp-content/plugins/all-in-one-seo-pack-pro/dist/Pro/assets/js/Twitter.1a167ae6.js HTTP/2" 200 485 "https://karismamodernkitchen.com/wp-content/plugins/all-in-one-seo-pack-pro/dist/Pro/assets/seo-preview.98edfd68.js?ver=4.8.5" "Mozilla/5.0 (Windows NT 10.0; Win64; x64) AppleWebKit/537.36 (KHTML, like Gecko) Chrome/138.0.0.0 Safari/537.36"
197.248.134.119 - - [05/Aug/2025:15:43:29 +0300] "GET /wp-content/plugins/all-in-one-seo-pack-pro/dist/Pro/assets/js/html.680a7b51.js HTTP/2" 200 596 "https://karismamodernkitchen.com/wp-content/plugins/all-in-one-seo-pack-pro/dist/Pro/assets/seo-preview.98edfd68.js?ver=4.8.5" "Mozilla/5.0 (Windows NT 10.0; Win64; x64) AppleWebKit/537.36 (KHTML, like Gecko) Chrome/138.0.0.0 Safari/537.36"
197.248.134.119 - - [05/Aug/2025:15:43:30 +0300] "GET /wp-content/plugins/all-in-one-seo-pack-pro/dist/Pro/assets/js/FacebookPreview.250863e6.js HTTP/2" 200 1010 "https://karismamodernkitchen.com/wp-content/plugins/all-in-one-seo-pack-pro/dist/Pro/assets/seo-preview.98edfd68.js?ver=4.8.5" "Mozilla/5.0 (Windows NT 10.0; Win64; x64) AppleWebKit/537.36 (KHTML, like Gecko) Chrome/138.0.0.0 Safari/537.36"
197.248.134.119 - - [05/Aug/2025:15:43:30 +0300] "GET /wp-content/plugins/all-in-one-seo-pack-pro/dist/Pro/assets/js/GoogleSearchPreview.b1c94d5e.js HTTP/2" 200 2501 "https://karismamodernkitchen.com/wp-content/plugins/all-in-one-seo-pack-pro/dist/Pro/assets/seo-preview.98edfd68.js?ver=4.8.5" "Mozilla/5.0 (Windows NT 10.0; Win64; x64) AppleWebKit/537.36 (KHTML, like Gecko) Chrome/138.0.0.0 Safari/537.36"
197.248.134.119 - - [05/Aug/2025:15:43:30 +0300] "GET /wp-content/plugins/all-in-one-seo-pack-pro/dist/Pro/assets/js/Profile.12eaa3ae.js HTTP/2" 200 6992 "https://karismamodernkitchen.com/wp-content/plugins/all-in-one-seo-pack-pro/dist/Pro/assets/seo-preview.98edfd68.js?ver=4.8.5" "Mozilla/5.0 (Windows NT 10.0; Win64; x64) AppleWebKit/537.36 (KHTML, like Gecko) Chrome/138.0.0.0 Safari/537.36"
197.248.134.119 - - [05/Aug/2025:15:43:30 +0300] "GET /wp-content/plugins/all-in-one-seo-pack-pro/dist/Pro/assets/js/Google.ca16d514.js HTTP/2" 200 1204 "https://karismamodernkitchen.com/wp-content/plugins/all-in-one-seo-pack-pro/dist/Pro/assets/seo-preview.98edfd68.js?ver=4.8.5" "Mozilla/5.0 (Windows NT 10.0; Win64; x64) AppleWebKit/537.36 (KHTML, like Gecko) Chrome/138.0.0.0 Safari/537.36"
197.248.134.119 - - [05/Aug/2025:15:43:30 +0300] "GET /wp-content/plugins/all-in-one-seo-pack-pro/dist/Pro/assets/js/TruSeoScore.6412fa7f.js HTTP/2" 200 382 "https://karismamodernkitchen.com/wp-content/plugins/all-in-one-seo-pack-pro/dist/Pro/assets/seo-preview.98edfd68.js?ver=4.8.5" "Mozilla/5.0 (Windows NT 10.0; Win64; x64) AppleWebKit/537.36 (KHTML, like Gecko) Chrome/138.0.0.0 Safari/537.36"
197.248.134.119 - - [05/Aug/2025:15:43:30 +0300] "GET /wp-content/plugins/all-in-one-seo-pack-pro/dist/Pro/assets/js/Exclamation.e58309d9.js HTTP/2" 200 434 "https://karismamodernkitchen.com/wp-content/plugins/all-in-one-seo-pack-pro/dist/Pro/assets/seo-preview.98edfd68.js?ver=4.8.5" "Mozilla/5.0 (Windows NT 10.0; Win64; x64) AppleWebKit/537.36 (KHTML, like Gecko) Chrome/138.0.0.0 Safari/537.36"
197.248.134.119 - - [05/Aug/2025:15:43:30 +0300] "GET /wp-content/plugins/all-in-one-seo-pack-pro/dist/Pro/assets/js/Url.df0e42ce.js HTTP/2" 200 574 "https://karismamodernkitchen.com/wp-content/plugins/all-in-one-seo-pack-pro/dist/Pro/assets/seo-preview.98edfd68.js?ver=4.8.5" "Mozilla/5.0 (Windows NT 10.0; Win64; x64) AppleWebKit/537.36 (KHTML, like Gecko) Chrome/138.0.0.0 Safari/537.36"
197.248.134.119 - - [05/Aug/2025:15:43:30 +0300] "GET /wp-content/plugins/all-in-one-seo-pack-pro/dist/Pro/assets/js/TwitterPreview.558e0a6f.js HTTP/2" 200 1097 "https://karismamodernkitchen.com/wp-content/plugins/all-in-one-seo-pack-pro/dist/Pro/assets/seo-preview.98edfd68.js?ver=4.8.5" "Mozilla/5.0 (Windows NT 10.0; Win64; x64) AppleWebKit/537.36 (KHTML, like Gecko) Chrome/138.0.0.0 Safari/537.36"
197.248.134.119 - - [05/Aug/2025:15:43:30 +0300] "GET /wp-content/plugins/all-in-one-seo-pack-pro/dist/Pro/assets/js/ProBadge.e29f5c16.js HTTP/2" 200 225 "https://karismamodernkitchen.com/wp-content/plugins/all-in-one-seo-pack-pro/dist/Pro/assets/seo-preview.98edfd68.js?ver=4.8.5" "Mozilla/5.0 (Windows NT 10.0; Win64; x64) AppleWebKit/537.36 (KHTML, like Gecko) Chrome/138.0.0.0 Safari/537.36"
197.248.134.119 - - [05/Aug/2025:15:43:30 +0300] "GET /wp-content/plugins/all-in-one-seo-pack-pro/dist/Pro/assets/js/Information.5f425594.js HTTP/2" 200 394 "https://karismamodernkitchen.com/wp-content/plugins/all-in-one-seo-pack-pro/dist/Pro/assets/seo-preview.98edfd68.js?ver=4.8.5" "Mozilla/5.0 (Windows NT 10.0; Win64; x64) AppleWebKit/537.36 (KHTML, like Gecko) Chrome/138.0.0.0 Safari/537.36"
197.248.134.119 - - [05/Aug/2025:15:43:30 +0300] "GET /wp-content/plugins/all-in-one-seo-pack-pro/dist/Pro/assets/js/Slide.53cdbff7.js HTTP/2" 200 717 "https://karismamodernkitchen.com/wp-content/plugins/all-in-one-seo-pack-pro/dist/Pro/assets/seo-preview.98edfd68.js?ver=4.8.5" "Mozilla/5.0 (Windows NT 10.0; Win64; x64) AppleWebKit/537.36 (KHTML, like Gecko) Chrome/138.0.0.0 Safari/537.36"
197.248.134.119 - - [05/Aug/2025:15:43:30 +0300] "GET /wp-content/plugins/all-in-one-seo-pack-pro/dist/Pro/assets/js/TableOfContentsStore.dc6894e0.js HTTP/2" 200 625 "https://karismamodernkitchen.com/wp-content/plugins/all-in-one-seo-pack-pro/dist/Pro/assets/seo-preview.98edfd68.js?ver=4.8.5" "Mozilla/5.0 (Windows NT 10.0; Win64; x64) AppleWebKit/537.36 (KHTML, like Gecko) Chrome/138.0.0.0 Safari/537.36"
197.248.134.119 - - [05/Aug/2025:15:43:30 +0300] "GET /wp-content/plugins/all-in-one-seo-pack-pro/dist/Pro/assets/js/SchemaStore.5ddd64d1.js HTTP/2" 200 10062 "https://karismamodernkitchen.com/wp-content/plugins/all-in-one-seo-pack-pro/dist/Pro/assets/seo-preview.98edfd68.js?ver=4.8.5" "Mozilla/5.0 (Windows NT 10.0; Win64; x64) AppleWebKit/537.36 (KHTML, like Gecko) Chrome/138.0.0.0 Safari/537.36"
197.248.134.119 - - [05/Aug/2025:15:43:30 +0300] "GET /wp-content/plugins/all-in-one-seo-pack-pro/dist/Pro/assets/js/metabox.9ac9fb05.js HTTP/2" 200 297 "https://karismamodernkitchen.com/wp-content/plugins/all-in-one-seo-pack-pro/dist/Pro/assets/seo-preview.98edfd68.js?ver=4.8.5" "Mozilla/5.0 (Windows NT 10.0; Win64; x64) AppleWebKit/537.36 (KHTML, like Gecko) Chrome/138.0.0.0 Safari/537.36"
197.248.134.119 - - [05/Aug/2025:15:43:30 +0300] "GET /wp-content/plugins/all-in-one-seo-pack-pro/dist/Pro/assets/js/cleanForSlug.5f70afb0.js HTTP/2" 200 145 "https://karismamodernkitchen.com/wp-content/plugins/all-in-one-seo-pack-pro/dist/Pro/assets/seo-preview.98edfd68.js?ver=4.8.5" "Mozilla/5.0 (Windows NT 10.0; Win64; x64) AppleWebKit/537.36 (KHTML, like Gecko) Chrome/138.0.0.0 Safari/537.36"
197.248.134.119 - - [05/Aug/2025:15:43:30 +0300] "GET /wp-content/plugins/all-in-one-seo-pack-pro/dist/Pro/assets/js/deburr.360ac11a.js HTTP/2" 200 650 "https://karismamodernkitchen.com/wp-content/plugins/all-in-one-seo-pack-pro/dist/Pro/assets/seo-preview.98edfd68.js?ver=4.8.5" "Mozilla/5.0 (Windows NT 10.0; Win64; x64) AppleWebKit/537.36 (KHTML, like Gecko) Chrome/138.0.0.0 Safari/537.36"
197.248.134.119 - - [05/Aug/2025:15:43:31 +0300] "GET /wp-content/plugins/all-in-one-seo-pack-pro/dist/Pro/assets/js/toString.569e8443.js HTTP/2" 200 301 "https://karismamodernkitchen.com/wp-content/plugins/all-in-one-seo-pack-pro/dist/Pro/assets/seo-preview.98edfd68.js?ver=4.8.5" "Mozilla/5.0 (Windows NT 10.0; Win64; x64) AppleWebKit/537.36 (KHTML, like Gecko) Chrome/138.0.0.0 Safari/537.36"
197.248.134.119 - - [05/Aug/2025:15:43:31 +0300] "GET /wp-content/plugins/all-in-one-seo-pack-pro/dist/Pro/assets/js/contentHasAssets.e1428256.js HTTP/2" 200 553 "https://karismamodernkitchen.com/wp-content/plugins/all-in-one-seo-pack-pro/dist/Pro/assets/seo-preview.98edfd68.js?ver=4.8.5" "Mozilla/5.0 (Windows NT 10.0; Win64; x64) AppleWebKit/537.36 (KHTML, like Gecko) Chrome/138.0.0.0 Safari/537.36"
197.248.134.119 - - [05/Aug/2025:15:43:31 +0300] "GET /wp-content/plugins/all-in-one-seo-pack-pro/dist/Pro/assets/js/_baseSet.bcc51cfa.js HTTP/2" 200 856 "https://karismamodernkitchen.com/wp-content/plugins/all-in-one-seo-pack-pro/dist/Pro/assets/seo-preview.98edfd68.js?ver=4.8.5" "Mozilla/5.0 (Windows NT 10.0; Win64; x64) AppleWebKit/537.36 (KHTML, like Gecko) Chrome/138.0.0.0 Safari/537.36"
197.248.134.119 - - [05/Aug/2025:15:43:31 +0300] "GET /wp-content/plugins/all-in-one-seo-pack-pro/dist/Pro/assets/js/regex.8a6101c0.js HTTP/2" 200 120 "https://karismamodernkitchen.com/wp-content/plugins/all-in-one-seo-pack-pro/dist/Pro/assets/seo-preview.98edfd68.js?ver=4.8.5" "Mozilla/5.0 (Windows NT 10.0; Win64; x64) AppleWebKit/537.36 (KHTML, like Gecko) Chrome/138.0.0.0 Safari/537.36"
197.248.134.119 - - [05/Aug/2025:15:43:31 +0300] "GET /wp-content/plugins/all-in-one-seo-pack-pro/dist/Pro/assets/js/Img.050cdab4.js HTTP/2" 200 536 "https://karismamodernkitchen.com/wp-content/plugins/all-in-one-seo-pack-pro/dist/Pro/assets/seo-preview.98edfd68.js?ver=4.8.5" "Mozilla/5.0 (Windows NT 10.0; Win64; x64) AppleWebKit/537.36 (KHTML, like Gecko) Chrome/138.0.0.0 Safari/537.36"
197.248.134.119 - - [05/Aug/2025:15:43:31 +0300] "GET /wp-content/plugins/all-in-one-seo-pack-pro/dist/Pro/assets/js/constants.ee441da2.js HTTP/2" 200 13089 "https://karismamodernkitchen.com/wp-content/plugins/all-in-one-seo-pack-pro/dist/Pro/assets/seo-preview.98edfd68.js?ver=4.8.5" "Mozilla/5.0 (Windows NT 10.0; Win64; x64) AppleWebKit/537.36 (KHTML, like Gecko) Chrome/138.0.0.0 Safari/537.36"
197.248.134.119 - - [05/Aug/2025:15:43:31 +0300] "GET /wp-content/plugins/all-in-one-seo-pack-pro/dist/Pro/assets/js/Book.f5782e8e.js HTTP/2" 200 1003 "https://karismamodernkitchen.com/wp-content/plugins/all-in-one-seo-pack-pro/dist/Pro/assets/seo-preview.98edfd68.js?ver=4.8.5" "Mozilla/5.0 (Windows NT 10.0; Win64; x64) AppleWebKit/537.36 (KHTML, like Gecko) Chrome/138.0.0.0 Safari/537.36"
57.141.6.2 - - [05/Aug/2025:15:43:24 +0300] "GET /shopdetail/20060317/ HTTP/2" 404 131191 "-" "meta-externalagent/1.1 (+https://developers.facebook.com/docs/sharing/webmasters/crawler)"
197.248.134.119 - - [05/Aug/2025:15:43:23 +0300] "POST /wp-admin/admin-ajax.php HTTP/2" 200 1248 "https://karismamodernkitchen.com/wp-admin/admin.php?page=WordfenceScan" "Mozilla/5.0 (Windows NT 10.0; Win64; x64) AppleWebKit/537.36 (KHTML, like Gecko) Chrome/138.0.0.0 Safari/537.36"
197.248.134.119 - - [05/Aug/2025:15:43:24 +0300] "POST /wp-admin/admin-ajax.php HTTP/2" 200 51 "https://karismamodernkitchen.com/wp-admin/admin.php?page=WordfenceScan" "Mozilla/5.0 (Windows NT 10.0; Win64; x64) AppleWebKit/537.36 (KHTML, like Gecko) Chrome/138.0.0.0 Safari/537.36"
197.248.134.119 - - [05/Aug/2025:15:43:31 +0300] "GET /wp-content/uploads/2025/03/Meat-Mincer-M12-600x600.png HTTP/2" 200 32986 "https://karismamodernkitchen.com/" "Mozilla/5.0 (Windows NT 10.0; Win64; x64) AppleWebKit/537.36 (KHTML, like Gecko) Chrome/138.0.0.0 Safari/537.36"
197.248.134.119 - - [05/Aug/2025:15:43:31 +0300] "GET /wp-content/uploads/2025/03/Double-Door-Bread-Proofer-1-600x600.png HTTP/2" 200 79384 "https://karismamodernkitchen.com/" "Mozilla/5.0 (Windows NT 10.0; Win64; x64) AppleWebKit/537.36 (KHTML, like Gecko) Chrome/138.0.0.0 Safari/537.36"
197.248.134.119 - - [05/Aug/2025:15:43:32 +0300] "GET /wp-content/uploads/2025/03/Meat-Mincer-Size-32-600x600.png HTTP/2" 200 83613 "https://karismamodernkitchen.com/" "Mozilla/5.0 (Windows NT 10.0; Win64; x64) AppleWebKit/537.36 (KHTML, like Gecko) Chrome/138.0.0.0 Safari/537.36"
197.248.134.119 - - [05/Aug/2025:15:43:33 +0300] "GET /wp-content/uploads/2025/03/Water-Purification-and-Vending-Cabinet-600x600.png HTTP/2" 200 99531 "https://karismamodernkitchen.com/" "Mozilla/5.0 (Windows NT 10.0; Win64; x64) AppleWebKit/537.36 (KHTML, like Gecko) Chrome/138.0.0.0 Safari/537.36"
197.248.134.119 - - [05/Aug/2025:15:43:35 +0300] "GET /wp-content/uploads/2025/03/Reverse-osmosis-250L_Hr-complete-setup-250l_hr-600x600.png HTTP/2" 200 95259 "https://karismamodernkitchen.com/" "Mozilla/5.0 (Windows NT 10.0; Win64; x64) AppleWebKit/537.36 (KHTML, like Gecko) Chrome/138.0.0.0 Safari/537.36"
197.248.134.119 - - [05/Aug/2025:15:43:32 +0300] "GET /wp-content/uploads/2025/03/Meat-Mincer-Size-22-600x600.png HTTP/2" 200 162793 "https://karismamodernkitchen.com/" "Mozilla/5.0 (Windows NT 10.0; Win64; x64) AppleWebKit/537.36 (KHTML, like Gecko) Chrome/138.0.0.0 Safari/537.36"
197.248.134.119 - - [05/Aug/2025:15:43:33 +0300] "GET /wp-content/uploads/2025/02/Meat-Railing-System-600x600.png HTTP/2" 200 113907 "https://karismamodernkitchen.com/" "Mozilla/5.0 (Windows NT 10.0; Win64; x64) AppleWebKit/537.36 (KHTML, like Gecko) Chrome/138.0.0.0 Safari/537.36"
197.248.134.119 - - [05/Aug/2025:15:43:33 +0300] "GET /wp-content/uploads/2025/03/Sea-water-desalination-machine-1-600x600.png HTTP/2" 200 106723 "https://karismamodernkitchen.com/" "Mozilla/5.0 (Windows NT 10.0; Win64; x64) AppleWebKit/537.36 (KHTML, like Gecko) Chrome/138.0.0.0 Safari/537.36"
197.248.134.119 - - [05/Aug/2025:15:43:34 +0300] "GET /wp-content/uploads/2025/03/Reverse-osmosis-1000-litres-per-hour-complete-setup-600x600.png HTTP/2" 200 91384 "https://karismamodernkitchen.com/" "Mozilla/5.0 (Windows NT 10.0; Win64; x64) AppleWebKit/537.36 (KHTML, like Gecko) Chrome/138.0.0.0 Safari/537.36"
197.248.134.119 - - [05/Aug/2025:15:43:34 +0300] "GET /wp-content/uploads/2025/03/Reverse-osmosis-500-litres-per-hour-Full-setup-600x600.png HTTP/2" 200 101634 "https://karismamodernkitchen.com/" "Mozilla/5.0 (Windows NT 10.0; Win64; x64) AppleWebKit/537.36 (KHTML, like Gecko) Chrome/138.0.0.0 Safari/537.36"
197.248.134.119 - - [05/Aug/2025:15:43:32 +0300] "POST /?wc-ajax=get_refreshed_fragments HTTP/2" 200 0 "https://karismamodernkitchen.com/" "Mozilla/5.0 (Windows NT 10.0; Win64; x64) AppleWebKit/537.36 (KHTML, like Gecko) Chrome/138.0.0.0 Safari/537.36"
197.248.134.119 - - [05/Aug/2025:15:43:39 +0300] "GET /wp-content/plugins/all-in-one-seo-pack-pro/dist/Pro/assets/css/seo-preview.b3db4555.css HTTP/2" 200 2545 "https://karismamodernkitchen.com/" "Mozilla/5.0 (Windows NT 10.0; Win64; x64) AppleWebKit/537.36 (KHTML, like Gecko) Chrome/138.0.0.0 Safari/537.36"
197.248.134.119 - - [05/Aug/2025:15:43:39 +0300] "GET /wp-content/plugins/all-in-one-seo-pack-pro/dist/Pro/assets/css/Caret.fdeadab6.css HTTP/2" 200 1275 "https://karismamodernkitchen.com/" "Mozilla/5.0 (Windows NT 10.0; Win64; x64) AppleWebKit/537.36 (KHTML, like Gecko) Chrome/138.0.0.0 Safari/537.36"
197.248.134.119 - - [05/Aug/2025:15:43:39 +0300] "GET /wp-content/plugins/all-in-one-seo-pack-pro/dist/Pro/assets/css/Tabs.8c5e31f4.css HTTP/2" 200 1557 "https://karismamodernkitchen.com/" "Mozilla/5.0 (Windows NT 10.0; Win64; x64) AppleWebKit/537.36 (KHTML, like Gecko) Chrome/138.0.0.0 Safari/537.36"
197.248.134.119 - - [05/Aug/2025:15:43:39 +0300] "GET /wp-content/plugins/all-in-one-seo-pack-pro/dist/Pro/assets/css/Index.e7e7e5d8.css HTTP/2" 200 969 "https://karismamodernkitchen.com/" "Mozilla/5.0 (Windows NT 10.0; Win64; x64) AppleWebKit/537.36 (KHTML, like Gecko) Chrome/138.0.0.0 Safari/537.36"
197.248.134.119 - - [05/Aug/2025:15:43:39 +0300] "GET /wp-content/plugins/all-in-one-seo-pack-pro/dist/Pro/assets/css/FacebookPreview.a19706d8.css HTTP/2" 200 820 "https://karismamodernkitchen.com/" "Mozilla/5.0 (Windows NT 10.0; Win64; x64) AppleWebKit/537.36 (KHTML, like Gecko) Chrome/138.0.0.0 Safari/537.36"
197.248.134.119 - - [05/Aug/2025:15:43:39 +0300] "GET /wp-content/plugins/all-in-one-seo-pack-pro/dist/Pro/assets/css/GoogleSearchPreview.49ea6dbd.css HTTP/2" 200 1211 "https://karismamodernkitchen.com/" "Mozilla/5.0 (Windows NT 10.0; Win64; x64) AppleWebKit/537.36 (KHTML, like Gecko) Chrome/138.0.0.0 Safari/537.36"
197.248.134.119 - - [05/Aug/2025:15:43:39 +0300] "GET /wp-content/plugins/all-in-one-seo-pack-pro/dist/Pro/assets/css/TwitterPreview.171ce642.css HTTP/2" 200 843 "https://karismamodernkitchen.com/" "Mozilla/5.0 (Windows NT 10.0; Win64; x64) AppleWebKit/537.36 (KHTML, like Gecko) Chrome/138.0.0.0 Safari/537.36"
197.248.134.119 - - [05/Aug/2025:15:43:39 +0300] "GET /wp-content/plugins/all-in-one-seo-pack-pro/dist/Pro/assets/css/ProBadge.6500bcec.css HTTP/2" 200 183 "https://karismamodernkitchen.com/" "Mozilla/5.0 (Windows NT 10.0; Win64; x64) AppleWebKit/537.36 (KHTML, like Gecko) Chrome/138.0.0.0 Safari/537.36"
197.248.134.119 - - [05/Aug/2025:15:43:32 +0300] "POST /?wc-ajax=get_wishlist_fragments HTTP/2" 200 255 "https://karismamodernkitchen.com/" "Mozilla/5.0 (Windows NT 10.0; Win64; x64) AppleWebKit/537.36 (KHTML, like Gecko) Chrome/138.0.0.0 Safari/537.36"
197.248.134.119 - - [05/Aug/2025:15:43:32 +0300] "POST /?wc-ajax=get_compare_fragments HTTP/2" 200 241 "https://karismamodernkitchen.com/" "Mozilla/5.0 (Windows NT 10.0; Win64; x64) AppleWebKit/537.36 (KHTML, like Gecko) Chrome/138.0.0.0 Safari/537.36"
45.40.50.185 - - [05/Aug/2025:15:43:40 +0300] "GET /shop/page/7/?orderby=popularity&remove_compare_item=1da546f25222c1ee710cf7e2f7a3ff0c&_wpnonce=b3ca9d9fe9 HTTP/2" 200 32685 "https://karismamodernkitchen.com/shop/page/7/?orderby=popularity&remove_compare_item=1da546f25222c1ee710cf7e2f7a3ff0c&_wpnonce=b3ca9d9fe9" "Mozilla/5.0 (Windows NT 10.0; Win64; x64) AppleWebKit/537.36 (KHTML, like Gecko) Chrome/104.0.0.0 Safari/537.36"
40.77.167.8 - - [05/Aug/2025:15:45:04 +0300] "GET /pcmypage?callback=/product/detail/20163968 HTTP/2" 200 17627 "-" "Mozilla/5.0 AppleWebKit/537.36 (KHTML, like Gecko; compatible; bingbot/2.0; +http://www.bing.com/bingbot.htm) Chrome/116.0.1938.76 Safari/537.36"
45.40.50.244 - - [05/Aug/2025:15:41:32 +0300] "GET /shop/page/6/?remove_compare_item=7d411dca7348327b71e894c52e76eeeb&_wpnonce=b2679503d8 HTTP/2" 200 33149 "https://karismamodernkitchen.com/shop/page/6/?remove_compare_item=7d411dca7348327b71e894c52e76eeeb&_wpnonce=b2679503d8" "Mozilla/5.0 (Windows NT 10.0; Win64; x64) AppleWebKit/537.36 (KHTML, like Gecko) Chrome/104.0.0.0 Safari/537.36"
66.249.68.36 - - [05/Aug/2025:15:41:43 +0300] "POST /get-message-notify HTTP/1.1" 200 17492 "https://karismamodernkitchen.com/shopdetail/18248084/" "Mozilla/5.0 (Linux; Android 6.0.1; Nexus 5X Build/MMB29P) AppleWebKit/537.36 (KHTML, like Gecko) Chrome/137.0.7151.119 Mobile Safari/537.36 (compatible; Googlebot/2.1; +http://www.google.com/bot.html)"
66.249.68.36 - - [05/Aug/2025:15:41:48 +0300] "GET /shopdetail/19027884/ HTTP/1.1" 200 17546 "-" "Mozilla/5.0 (Linux; Android 6.0.1; Nexus 5X Build/MMB29P) AppleWebKit/537.36 (KHTML, like Gecko) Chrome/138.0.7204.183 Mobile Safari/537.36 (compatible; GoogleOther)"
66.249.68.36 - - [05/Aug/2025:15:41:51 +0300] "GET /shopdetail/15340628/ HTTP/1.1" 200 17406 "-" "Mozilla/5.0 (Linux; Android 6.0.1; Nexus 5X Build/MMB29P) AppleWebKit/537.36 (KHTML, like Gecko) Chrome/138.0.7204.183 Mobile Safari/537.36 (compatible; GoogleOther)"
197.248.134.119 - - [05/Aug/2025:15:42:11 +0300] "POST /wp-admin/admin-ajax.php HTTP/2" 200 0 "https://karismamodernkitchen.com/wp-admin/admin.php?page=WordfenceScan" "Mozilla/5.0 (Windows NT 10.0; Win64; x64) AppleWebKit/537.36 (KHTML, like Gecko) Chrome/138.0.0.0 Safari/537.36"
196.251.115.239 - - [05/Aug/2025:15:42:12 +0300] "POST /wp-login.php HTTP/1.1" 503 18042 "-" "Mozilla/5.0"
66.249.68.37 - - [05/Aug/2025:15:42:15 +0300] "GET /shopdetail/14549640/ HTTP/1.1" 200 17596 "-" "Mozilla/5.0 (Linux; Android 6.0.1; Nexus 5X Build/MMB29P) AppleWebKit/537.36 (KHTML, like Gecko) Chrome/138.0.7204.183 Mobile Safari/537.36 (compatible; GoogleOther)"
102.212.247.75 - - [05/Aug/2025:15:42:17 +0300] "POST /?wordfence_syncAttackData=1754397737.5134 HTTP/1.1" 200 22549 "-" "WordPress/6.8.2; https://karismamodernkitchen.com"
66.249.68.36 - - [05/Aug/2025:15:42:41 +0300] "GET /shopdetail/8303873/ HTTP/1.1" 200 17218 "-" "Mozilla/5.0 (Linux; Android 6.0.1; Nexus 5X Build/MMB29P) AppleWebKit/537.36 (KHTML, like Gecko) Chrome/138.0.7204.183 Mobile Safari/537.36 (compatible; GoogleOther)"
66.249.68.36 - - [05/Aug/2025:15:42:44 +0300] "GET /shopdetail/3639706/ HTTP/1.1" 200 18347 "-" "Mozilla/5.0 (Linux; Android 6.0.1; Nexus 5X Build/MMB29P) AppleWebKit/537.36 (KHTML, like Gecko) Chrome/138.0.7204.183 Mobile Safari/537.36 (compatible; GoogleOther)"
47.128.126.101 - - [05/Aug/2025:15:43:40 +0300] "GET /product-category/kitchen-equipment/page/2/?add-to-wishlist=3937&orderby=menu_order HTTP/2" 403 0 "-" "Mozilla/5.0 (Linux; Android 5.0) AppleWebKit/537.36 (KHTML, like Gecko) Mobile Safari/537.36 (compatible; Bytespider; spider-feedback@bytedance.com)"
141.98.102.243 - - [05/Aug/2025:15:43:42 +0300] "POST /xmlrpc.php HTTP/1.1" 503 7772 "-" "Go-http-client/1.1"
66.249.68.36 - - [05/Aug/2025:15:44:14 +0300] "POST /get-message-notify HTTP/1.1" 200 17492 "https://karismamodernkitchen.com/shopdetail/14440506/" "Mozilla/5.0 (Linux; Android 6.0.1; Nexus 5X Build/MMB29P) AppleWebKit/537.36 (KHTML, like Gecko) Chrome/137.0.7151.119 Mobile Safari/537.36 (compatible; Googlebot/2.1; +http://www.google.com/bot.html)"
57.141.6.10 - - [05/Aug/2025:15:44:14 +0300] "GET /shopdetail/29291073/ HTTP/2" 404 131191 "-" "meta-externalagent/1.1 (+https://developers.facebook.com/docs/sharing/webmasters/crawler)"
57.141.6.6 - - [05/Aug/2025:15:45:07 +0300] "GET /shopdetail/22096217/ HTTP/2" 404 131191 "-" "meta-externalagent/1.1 (+https://developers.facebook.com/docs/sharing/webmasters/crawler)"
45.40.50.167 - - [05/Aug/2025:15:45:45 +0300] "GET /shop/page/7/?orderby=price&add_to_compare=3764 HTTP/2" 200 33138 "https://karismamodernkitchen.com/shop/page/7/?orderby=price&add_to_compare=3764" "Mozilla/5.0 (Windows NT 10.0; Win64; x64) AppleWebKit/537.36 (KHTML, like Gecko) Chrome/116.0.0.0 Safari/537.36"
154.156.57.67 - - [05/Aug/2025:15:46:45 +0300] "GET / HTTP/2" 200 36097 "-" "Mozilla/5.0 (Linux; Android 10; K) AppleWebKit/537.36 (KHTML, like Gecko) Chrome/135.0.0.0 Mobile Safari/537.36"
154.156.57.67 - - [05/Aug/2025:15:46:50 +0300] "GET / HTTP/2" 200 36098 "-" "Mozilla/5.0 (Linux; Android 10; K) AppleWebKit/537.36 (KHTML, like Gecko) Chrome/135.0.0.0 Mobile Safari/537.36"
154.156.57.67 - - [05/Aug/2025:15:46:55 +0300] "GET /wp-content/plugins/header-footer-elementor/inc/widgets-css/frontend.css?ver=2.4.8 HTTP/2" 200 8154 "https://karismamodernkitchen.com/" "Mozilla/5.0 (Linux; Android 10; K) AppleWebKit/537.36 (KHTML, like Gecko) Chrome/135.0.0.0 Mobile Safari/537.36"
154.156.57.67 - - [05/Aug/2025:15:46:55 +0300] "GET /wp-content/plugins/contact-form-7/includes/css/styles.css?ver=6.1.1 HTTP/2" 200 899 "https://karismamodernkitchen.com/" "Mozilla/5.0 (Linux; Android 10; K) AppleWebKit/537.36 (KHTML, like Gecko) Chrome/135.0.0.0 Mobile Safari/537.36"
154.156.57.67 - - [05/Aug/2025:15:46:55 +0300] "GET /wp-content/plugins/revslider/public/css/sr7.css?ver=6.7.25 HTTP/2" 200 1308 "https://karismamodernkitchen.com/" "Mozilla/5.0 (Linux; Android 10; K) AppleWebKit/537.36 (KHTML, like Gecko) Chrome/135.0.0.0 Mobile Safari/537.36"
154.156.57.67 - - [05/Aug/2025:15:46:55 +0300] "GET /wp-content/plugins/woocommerce/assets/css/woocommerce.css?ver=10.0.4 HTTP/2" 200 10172 "https://karismamodernkitchen.com/" "Mozilla/5.0 (Linux; Android 10; K) AppleWebKit/537.36 (KHTML, like Gecko) Chrome/135.0.0.0 Mobile Safari/537.36"
154.156.57.67 - - [05/Aug/2025:15:46:55 +0300] "GET /wp-content/plugins/wcboost-products-compare/assets/css/compare.css?ver=1.0.8 HTTP/2" 200 1318 "https://karismamodernkitchen.com/" "Mozilla/5.0 (Linux; Android 10; K) AppleWebKit/537.36 (KHTML, like Gecko) Chrome/135.0.0.0 Mobile Safari/537.36"
154.156.57.67 - - [05/Aug/2025:15:46:55 +0300] "GET /wp-content/plugins/wcboost-variation-swatches/assets/css/frontend.css?ver=1.1.2 HTTP/2" 200 1503 "https://karismamodernkitchen.com/" "Mozilla/5.0 (Linux; Android 10; K) AppleWebKit/537.36 (KHTML, like Gecko) Chrome/135.0.0.0 Mobile Safari/537.36"
154.156.57.67 - - [05/Aug/2025:15:46:55 +0300] "GET /wp-content/plugins/wcboost-wishlist/assets/css/wishlist.css?ver=1.2.1 HTTP/2" 200 1164 "https://karismamodernkitchen.com/" "Mozilla/5.0 (Linux; Android 10; K) AppleWebKit/537.36 (KHTML, like Gecko) Chrome/135.0.0.0 Mobile Safari/537.36"
154.156.57.67 - - [05/Aug/2025:15:46:55 +0300] "GET /wp-content/plugins/header-footer-elementor/assets/css/header-footer-elementor.css?ver=2.4.8 HTTP/2" 200 259 "https://karismamodernkitchen.com/" "Mozilla/5.0 (Linux; Android 10; K) AppleWebKit/537.36 (KHTML, like Gecko) Chrome/135.0.0.0 Mobile Safari/537.36"
154.156.57.67 - - [05/Aug/2025:15:46:56 +0300] "GET /wp-content/plugins/elementor/assets/css/frontend.min.css?ver=3.30.4 HTTP/2" 200 6482 "https://karismamodernkitchen.com/" "Mozilla/5.0 (Linux; Android 10; K) AppleWebKit/537.36 (KHTML, like Gecko) Chrome/135.0.0.0 Mobile Safari/537.36"
154.156.57.67 - - [05/Aug/2025:15:46:56 +0300] "GET /wp-content/uploads/elementor/css/post-8.css?ver=1754394020 HTTP/2" 200 378 "https://karismamodernkitchen.com/" "Mozilla/5.0 (Linux; Android 10; K) AppleWebKit/537.36 (KHTML, like Gecko) Chrome/135.0.0.0 Mobile Safari/537.36"
154.156.57.67 - - [05/Aug/2025:15:46:56 +0300] "GET /wp-content/uploads/elementor/css/post-3401.css?ver=1754394229 HTTP/2" 200 1309 "https://karismamodernkitchen.com/" "Mozilla/5.0 (Linux; Android 10; K) AppleWebKit/537.36 (KHTML, like Gecko) Chrome/135.0.0.0 Mobile Safari/537.36"
154.156.57.67 - - [05/Aug/2025:15:46:56 +0300] "GET /wp-content/uploads/elementor/css/post-4451.css?ver=1754394022 HTTP/2" 200 1846 "https://karismamodernkitchen.com/" "Mozilla/5.0 (Linux; Android 10; K) AppleWebKit/537.36 (KHTML, like Gecko) Chrome/135.0.0.0 Mobile Safari/537.36"
154.156.57.67 - - [05/Aug/2025:15:46:56 +0300] "GET /wp-content/plugins/woo-order-on-whatsapp//assets/css/style.min.css?ver=2.4.1 HTTP/2" 200 315 "https://karismamodernkitchen.com/" "Mozilla/5.0 (Linux; Android 10; K) AppleWebKit/537.36 (KHTML, like Gecko) Chrome/135.0.0.0 Mobile Safari/537.36"
154.156.57.67 - - [05/Aug/2025:15:46:57 +0300] "GET /wp-content/plugins/woocommerce/assets/css/brands.css?ver=10.0.4 HTTP/2" 200 579 "https://karismamodernkitchen.com/" "Mozilla/5.0 (Linux; Android 10; K) AppleWebKit/537.36 (KHTML, like Gecko) Chrome/135.0.0.0 Mobile Safari/537.36"
