197.248.134.119 - - [05/Aug/2025:16:16:42 +0300] "GET /wp-content/plugins/wp-file-manager/lib/js/commands/reload.js?ver=8.0.2 HTTP/2" 200 784 "https://karismamodernkitchen.com/wp-admin/admin.php?page=wp_file_manager" "Mozilla/5.0 (Windows NT 10.0; Win64; x64) AppleWebKit/537.36 (KHTML, like Gecko) Chrome/138.0.0.0 Safari/537.36"
197.248.134.119 - - [05/Aug/2025:16:16:42 +0300] "GET /wp-content/plugins/wp-file-manager/lib/js/commands/restore.js?ver=8.0.2 HTTP/2" 200 2253 "https://karismamodernkitchen.com/wp-admin/admin.php?page=wp_file_manager" "Mozilla/5.0 (Windows NT 10.0; Win64; x64) AppleWebKit/537.36 (KHTML, like Gecko) Chrome/138.0.0.0 Safari/537.36"
197.248.134.119 - - [05/Aug/2025:16:16:42 +0300] "GET /wp-content/plugins/wp-file-manager/lib/css/cwd.css?ver=8.0.2 HTTP/2" 200 4682 "https://karismamodernkitchen.com/wp-admin/admin.php?page=wp_file_manager" "Mozilla/5.0 (Windows NT 10.0; Win64; x64) AppleWebKit/537.36 (KHTML, like Gecko) Chrome/138.0.0.0 Safari/537.36"
197.248.134.119 - - [05/Aug/2025:16:16:42 +0300] "GET /wp-content/plugins/wp-file-manager/lib/js/commands/search.js?ver=8.0.2 HTTP/2" 200 1373 "https://karismamodernkitchen.com/wp-admin/admin.php?page=wp_file_manager" "Mozilla/5.0 (Windows NT 10.0; Win64; x64) AppleWebKit/537.36 (KHTML, like Gecko) Chrome/138.0.0.0 Safari/537.36"
197.248.134.119 - - [05/Aug/2025:16:16:42 +0300] "GET /wp-content/plugins/wp-file-manager/lib/js/commands/selectall.js?ver=8.0.2 HTTP/2" 200 307 "https://karismamodernkitchen.com/wp-admin/admin.php?page=wp_file_manager" "Mozilla/5.0 (Windows NT 10.0; Win64; x64) AppleWebKit/537.36 (KHTML, like Gecko) Chrome/138.0.0.0 Safari/537.36"
197.248.134.119 - - [05/Aug/2025:16:16:42 +0300] "GET /wp-content/plugins/wp-file-manager/lib/js/commands/selectinvert.js?ver=8.0.2 HTTP/2" 200 253 "https://karismamodernkitchen.com/wp-admin/admin.php?page=wp_file_manager" "Mozilla/5.0 (Windows NT 10.0; Win64; x64) AppleWebKit/537.36 (KHTML, like Gecko) Chrome/138.0.0.0 Safari/537.36"
197.248.134.119 - - [05/Aug/2025:16:16:42 +0300] "GET /wp-content/plugins/wp-file-manager/lib/js/commands/selectnone.js?ver=8.0.2 HTTP/2" 200 281 "https://karismamodernkitchen.com/wp-admin/admin.php?page=wp_file_manager" "Mozilla/5.0 (Windows NT 10.0; Win64; x64) AppleWebKit/537.36 (KHTML, like Gecko) Chrome/138.0.0.0 Safari/537.36"
197.248.134.119 - - [05/Aug/2025:16:16:42 +0300] "GET /wp-content/plugins/wp-file-manager/lib/js/commands/sort.js?ver=8.0.2 HTTP/2" 200 1427 "https://karismamodernkitchen.com/wp-admin/admin.php?page=wp_file_manager" "Mozilla/5.0 (Windows NT 10.0; Win64; x64) AppleWebKit/537.36 (KHTML, like Gecko) Chrome/138.0.0.0 Safari/537.36"
197.248.134.119 - - [05/Aug/2025:16:16:42 +0300] "GET /wp-content/plugins/wp-file-manager/lib/js/commands/undo.js?ver=8.0.2 HTTP/2" 200 945 "https://karismamodernkitchen.com/wp-admin/admin.php?page=wp_file_manager" "Mozilla/5.0 (Windows NT 10.0; Win64; x64) AppleWebKit/537.36 (KHTML, like Gecko) Chrome/138.0.0.0 Safari/537.36"
197.248.134.119 - - [05/Aug/2025:16:16:42 +0300] "GET /wp-content/plugins/wp-file-manager/lib/js/commands/up.js?ver=8.0.2 HTTP/2" 200 358 "https://karismamodernkitchen.com/wp-admin/admin.php?page=wp_file_manager" "Mozilla/5.0 (Windows NT 10.0; Win64; x64) AppleWebKit/537.36 (KHTML, like Gecko) Chrome/138.0.0.0 Safari/537.36"
197.248.134.119 - - [05/Aug/2025:16:16:42 +0300] "GET /wp-content/plugins/wp-file-manager/lib/js/commands/upload.js?ver=8.0.2 HTTP/2" 200 3679 "https://karismamodernkitchen.com/wp-admin/admin.php?page=wp_file_manager" "Mozilla/5.0 (Windows NT 10.0; Win64; x64) AppleWebKit/537.36 (KHTML, like Gecko) Chrome/138.0.0.0 Safari/537.36"
197.248.134.119 - - [05/Aug/2025:16:16:42 +0300] "GET /wp-content/plugins/wp-file-manager/lib/js/commands/view.js?ver=8.0.2 HTTP/2" 200 985 "https://karismamodernkitchen.com/wp-admin/admin.php?page=wp_file_manager" "Mozilla/5.0 (Windows NT 10.0; Win64; x64) AppleWebKit/537.36 (KHTML, like Gecko) Chrome/138.0.0.0 Safari/537.36"
197.248.134.119 - - [05/Aug/2025:16:16:42 +0300] "GET /wp-content/plugins/wp-file-manager/lib/js/extras/quicklook.googledocs.js?ver=8.0.2 HTTP/2" 200 760 "https://karismamodernkitchen.com/wp-admin/admin.php?page=wp_file_manager" "Mozilla/5.0 (Windows NT 10.0; Win64; x64) AppleWebKit/537.36 (KHTML, like Gecko) Chrome/138.0.0.0 Safari/537.36"
197.248.134.119 - - [05/Aug/2025:16:16:42 +0300] "GET /wp-content/plugins/wp-file-manager/js/file_manager_free_shortcode_admin.js?ver=4733 HTTP/2" 200 1136 "https://karismamodernkitchen.com/wp-admin/admin.php?page=wp_file_manager" "Mozilla/5.0 (Windows NT 10.0; Win64; x64) AppleWebKit/537.36 (KHTML, like Gecko) Chrome/138.0.0.0 Safari/537.36"
197.248.134.119 - - [05/Aug/2025:16:16:42 +0300] "GET /wp-content/plugins/wp-file-manager/lib/js/elFinder.mimetypes.js?ver=8.0.2 HTTP/2" 200 6988 "https://karismamodernkitchen.com/wp-admin/admin.php?page=wp_file_manager" "Mozilla/5.0 (Windows NT 10.0; Win64; x64) AppleWebKit/537.36 (KHTML, like Gecko) Chrome/138.0.0.0 Safari/537.36"
197.248.134.119 - - [05/Aug/2025:16:16:42 +0300] "GET /wp-content/plugins/wp-file-manager/lib/js/elFinder.options.js?ver=8.0.2 HTTP/2" 200 12451 "https://karismamodernkitchen.com/wp-admin/admin.php?page=wp_file_manager" "Mozilla/5.0 (Windows NT 10.0; Win64; x64) AppleWebKit/537.36 (KHTML, like Gecko) Chrome/138.0.0.0 Safari/537.36"
197.248.134.119 - - [05/Aug/2025:16:16:42 +0300] "GET /wp-content/plugins/wp-file-manager/lib/js/i18n/elfinder.en.js?ver=8.0.2 HTTP/2" 200 8603 "https://karismamodernkitchen.com/wp-admin/admin.php?page=wp_file_manager" "Mozilla/5.0 (Windows NT 10.0; Win64; x64) AppleWebKit/537.36 (KHTML, like Gecko) Chrome/138.0.0.0 Safari/537.36"
197.248.134.119 - - [05/Aug/2025:16:16:42 +0300] "GET /wp-content/plugins/wp-file-manager/lib/js/ui/contextmenu.js?ver=8.0.2 HTTP/2" 200 5577 "https://karismamodernkitchen.com/wp-admin/admin.php?page=wp_file_manager" "Mozilla/5.0 (Windows NT 10.0; Win64; x64) AppleWebKit/537.36 (KHTML, like Gecko) Chrome/138.0.0.0 Safari/537.36"
197.248.134.119 - - [05/Aug/2025:16:16:42 +0300] "GET /wp-content/plugins/wp-file-manager/lib/js/ui/cwd.js?ver=8.0.2 HTTP/2" 200 21256 "https://karismamodernkitchen.com/wp-admin/admin.php?page=wp_file_manager" "Mozilla/5.0 (Windows NT 10.0; Win64; x64) AppleWebKit/537.36 (KHTML, like Gecko) Chrome/138.0.0.0 Safari/537.36"
197.248.134.119 - - [05/Aug/2025:16:16:42 +0300] "GET /wp-content/plugins/wp-file-manager/lib/js/ui/dialog.js?ver=8.0.2 HTTP/2" 200 6694 "https://karismamodernkitchen.com/wp-admin/admin.php?page=wp_file_manager" "Mozilla/5.0 (Windows NT 10.0; Win64; x64) AppleWebKit/537.36 (KHTML, like Gecko) Chrome/138.0.0.0 Safari/537.36"
197.248.134.119 - - [05/Aug/2025:16:16:42 +0300] "GET /wp-content/plugins/wp-file-manager/lib/js/ui/tree.js?ver=8.0.2 HTTP/2" 200 10244 "https://karismamodernkitchen.com/wp-admin/admin.php?page=wp_file_manager" "Mozilla/5.0 (Windows NT 10.0; Win64; x64) AppleWebKit/537.36 (KHTML, like Gecko) Chrome/138.0.0.0 Safari/537.36"
197.248.134.119 - - [05/Aug/2025:16:16:42 +0300] "GET /wp-content/plugins/wp-file-manager/lib/js/commands/download.js?ver=8.0.2 HTTP/2" 200 4430 "https://karismamodernkitchen.com/wp-admin/admin.php?page=wp_file_manager" "Mozilla/5.0 (Windows NT 10.0; Win64; x64) AppleWebKit/537.36 (KHTML, like Gecko) Chrome/138.0.0.0 Safari/537.36"
197.248.134.119 - - [05/Aug/2025:16:16:42 +0300] "GET /wp-content/plugins/wp-file-manager/lib/js/commands/edit.js?ver=8.0.2 HTTP/2" 200 9192 "https://karismamodernkitchen.com/wp-admin/admin.php?page=wp_file_manager" "Mozilla/5.0 (Windows NT 10.0; Win64; x64) AppleWebKit/537.36 (KHTML, like Gecko) Chrome/138.0.0.0 Safari/537.36"
197.248.134.119 - - [05/Aug/2025:16:16:42 +0300] "GET /wp-content/plugins/wp-file-manager/lib/js/commands/help.js?ver=8.0.2 HTTP/2" 200 4102 "https://karismamodernkitchen.com/wp-admin/admin.php?page=wp_file_manager" "Mozilla/5.0 (Windows NT 10.0; Win64; x64) AppleWebKit/537.36 (KHTML, like Gecko) Chrome/138.0.0.0 Safari/537.36"
197.248.134.119 - - [05/Aug/2025:16:16:42 +0300] "GET /wp-content/plugins/wp-file-manager/lib/js/commands/quicklook.js?ver=8.0.2 HTTP/2" 200 6782 "https://karismamodernkitchen.com/wp-admin/admin.php?page=wp_file_manager" "Mozilla/5.0 (Windows NT 10.0; Win64; x64) AppleWebKit/537.36 (KHTML, like Gecko) Chrome/138.0.0.0 Safari/537.36"
197.248.134.119 - - [05/Aug/2025:16:16:42 +0300] "GET /wp-content/plugins/wp-file-manager/lib/js/commands/quicklook.plugins.js?ver=8.0.2 HTTP/2" 200 11193 "https://karismamodernkitchen.com/wp-admin/admin.php?page=wp_file_manager" "Mozilla/5.0 (Windows NT 10.0; Win64; x64) AppleWebKit/537.36 (KHTML, like Gecko) Chrome/138.0.0.0 Safari/537.36"
197.248.134.119 - - [05/Aug/2025:16:16:42 +0300] "GET /wp-content/plugins/wp-file-manager/lib/js/commands/rename.js?ver=8.0.2 HTTP/2" 200 4718 "https://karismamodernkitchen.com/wp-admin/admin.php?page=wp_file_manager" "Mozilla/5.0 (Windows NT 10.0; Win64; x64) AppleWebKit/537.36 (KHTML, like Gecko) Chrome/138.0.0.0 Safari/537.36"
197.248.134.119 - - [05/Aug/2025:16:16:42 +0300] "GET /wp-content/plugins/wp-file-manager/lib/js/commands/resize.js?ver=8.0.2 HTTP/2" 200 13062 "https://karismamodernkitchen.com/wp-admin/admin.php?page=wp_file_manager" "Mozilla/5.0 (Windows NT 10.0; Win64; x64) AppleWebKit/537.36 (KHTML, like Gecko) Chrome/138.0.0.0 Safari/537.36"
197.248.134.119 - - [05/Aug/2025:16:16:42 +0300] "GET /wp-content/plugins/wp-file-manager/lib/js/commands/rm.js?ver=8.0.2 HTTP/2" 200 4333 "https://karismamodernkitchen.com/wp-admin/admin.php?page=wp_file_manager" "Mozilla/5.0 (Windows NT 10.0; Win64; x64) AppleWebKit/537.36 (KHTML, like Gecko) Chrome/138.0.0.0 Safari/537.36"
197.248.134.119 - - [05/Aug/2025:16:16:42 +0300] "GET /wp-content/plugins/wp-file-manager/lib/js/elFinder.js?ver=8.0.2 HTTP/2" 200 75129 "https://karismamodernkitchen.com/wp-admin/admin.php?page=wp_file_manager" "Mozilla/5.0 (Windows NT 10.0; Win64; x64) AppleWebKit/537.36 (KHTML, like Gecko) Chrome/138.0.0.0 Safari/537.36"
197.248.134.119 - - [05/Aug/2025:16:16:42 +0300] "GET /wp-content/plugins/wp-file-manager/lib/jquery/jquery-ui-1.13.2.js?ver=6.8.2 HTTP/2" 200 123188 "https://karismamodernkitchen.com/wp-admin/admin.php?page=wp_file_manager" "Mozilla/5.0 (Windows NT 10.0; Win64; x64) AppleWebKit/537.36 (KHTML, like Gecko) Chrome/138.0.0.0 Safari/537.36"
197.248.134.119 - - [05/Aug/2025:16:16:42 +0300] "GET /wp-content/plugins/wp-file-manager/lib/codemirror/lib/codemirror.js?ver=8.0.2 HTTP/2" 200 93766 "https://karismamodernkitchen.com/wp-admin/admin.php?page=wp_file_manager" "Mozilla/5.0 (Windows NT 10.0; Win64; x64) AppleWebKit/537.36 (KHTML, like Gecko) Chrome/138.0.0.0 Safari/537.36"
197.248.134.119 - - [05/Aug/2025:16:16:47 +0300] "GET /wp-content/plugins/wp-file-manager/css/fm_script.css?ver=8.0.2 HTTP/2" 200 2203 "https://karismamodernkitchen.com/wp-admin/admin.php?page=wp_file_manager" "Mozilla/5.0 (Windows NT 10.0; Win64; x64) AppleWebKit/537.36 (KHTML, like Gecko) Chrome/138.0.0.0 Safari/537.36"
197.248.134.119 - - [05/Aug/2025:16:16:47 +0300] "GET /wp-content/plugins/wp-file-manager/js/fm_script.js?ver=8.0.2 HTTP/2" 200 782 "https://karismamodernkitchen.com/wp-admin/admin.php?page=wp_file_manager" "Mozilla/5.0 (Windows NT 10.0; Win64; x64) AppleWebKit/537.36 (KHTML, like Gecko) Chrome/138.0.0.0 Safari/537.36"
197.248.134.119 - - [05/Aug/2025:16:16:42 +0300] "GET /wp-content/plugins/wp-file-manager/lib/js/elfinder.min.js?ver=8.0.2 HTTP/2" 200 153213 "https://karismamodernkitchen.com/wp-admin/admin.php?page=wp_file_manager" "Mozilla/5.0 (Windows NT 10.0; Win64; x64) AppleWebKit/537.36 (KHTML, like Gecko) Chrome/138.0.0.0 Safari/537.36"
197.248.134.119 - - [05/Aug/2025:16:16:48 +0300] "GET /wp-content/plugins/wp-file-manager/lib/img/fm_close_icon.png HTTP/2" 200 1576 "https://karismamodernkitchen.com/wp-admin/admin.php?page=wp_file_manager" "Mozilla/5.0 (Windows NT 10.0; Win64; x64) AppleWebKit/537.36 (KHTML, like Gecko) Chrome/138.0.0.0 Safari/537.36"
197.248.134.119 - - [05/Aug/2025:16:16:48 +0300] "GET /wp-content/plugins/wp-file-manager/images/btn-arrow-icon.png HTTP/2" 200 1652 "https://karismamodernkitchen.com/wp-admin/admin.php?page=wp_file_manager" "Mozilla/5.0 (Windows NT 10.0; Win64; x64) AppleWebKit/537.36 (KHTML, like Gecko) Chrome/138.0.0.0 Safari/537.36"
197.248.134.119 - - [05/Aug/2025:16:16:48 +0300] "GET /wp-content/plugins/wp-file-manager/images/loading.gif HTTP/2" 200 92586 "https://karismamodernkitchen.com/wp-admin/admin.php?page=wp_file_manager" "Mozilla/5.0 (Windows NT 10.0; Win64; x64) AppleWebKit/537.36 (KHTML, like Gecko) Chrome/138.0.0.0 Safari/537.36"
197.248.134.119 - - [05/Aug/2025:16:16:48 +0300] "GET /wp-content/plugins/wp-file-manager/lib/img/black-search.png HTTP/2" 200 1079 "https://karismamodernkitchen.com/wp-content/plugins/wp-file-manager/lib/css/toolbar.css?ver=8.0.2" "Mozilla/5.0 (Windows NT 10.0; Win64; x64) AppleWebKit/537.36 (KHTML, like Gecko) Chrome/138.0.0.0 Safari/537.36"
197.248.134.119 - - [05/Aug/2025:16:16:48 +0300] "GET /wp-content/plugins/wp-file-manager/lib/img/black-close.png HTTP/2" 200 1082 "https://karismamodernkitchen.com/wp-content/plugins/wp-file-manager/lib/css/toolbar.css?ver=8.0.2" "Mozilla/5.0 (Windows NT 10.0; Win64; x64) AppleWebKit/537.36 (KHTML, like Gecko) Chrome/138.0.0.0 Safari/537.36"
197.248.134.119 - - [05/Aug/2025:16:16:48 +0300] "GET /wp-content/plugins/wp-file-manager/lib/img/toolbar.png HTTP/2" 200 7506 "https://karismamodernkitchen.com/wp-content/plugins/wp-file-manager/lib/css/toolbar.css?ver=8.0.2" "Mozilla/5.0 (Windows NT 10.0; Win64; x64) AppleWebKit/537.36 (KHTML, like Gecko) Chrome/138.0.0.0 Safari/537.36"
197.248.134.119 - - [05/Aug/2025:16:16:48 +0300] "GET /wp-content/plugins/wp-file-manager/lib/img/resize.png HTTP/2" 200 83 "https://karismamodernkitchen.com/wp-content/plugins/wp-file-manager/lib/css/navbar.css?ver=8.0.2" "Mozilla/5.0 (Windows NT 10.0; Win64; x64) AppleWebKit/537.36 (KHTML, like Gecko) Chrome/138.0.0.0 Safari/537.36"
197.248.134.119 - - [05/Aug/2025:16:16:48 +0300] "GET /wp-content/plugins/wp-file-manager/css/images/ui-icons_444444_256x240.png HTTP/2" 200 7090 "https://karismamodernkitchen.com/wp-content/plugins/wp-file-manager/css/jquery-ui.css?ver=8.0.2" "Mozilla/5.0 (Windows NT 10.0; Win64; x64) AppleWebKit/537.36 (KHTML, like Gecko) Chrome/138.0.0.0 Safari/537.36"
197.248.134.119 - - [05/Aug/2025:16:16:49 +0300] "GET /wp-content/plugins/wp-file-manager/lib/fonts/raleway/Raleway-Bold.woff2 HTTP/2" 200 64352 "https://karismamodernkitchen.com/wp-content/plugins/wp-file-manager/css/fm_script.css?ver=8.0.2" "Mozilla/5.0 (Windows NT 10.0; Win64; x64) AppleWebKit/537.36 (KHTML, like Gecko) Chrome/138.0.0.0 Safari/537.36"
197.248.134.119 - - [05/Aug/2025:16:16:48 +0300] "GET /wp-admin/admin-ajax.php?action=mk_file_folder_manager&_wpnonce=161e86ab91&networkhref=&cmd=open&target=&init=1&tree=1&_=1754399805142 HTTP/2" 200 1912 "https://karismamodernkitchen.com/wp-admin/admin.php?page=wp_file_manager" "Mozilla/5.0 (Windows NT 10.0; Win64; x64) AppleWebKit/537.36 (KHTML, like Gecko) Chrome/138.0.0.0 Safari/537.36"
197.248.134.119 - - [05/Aug/2025:16:16:51 +0300] "GET /wp-content/plugins/wp-file-manager/lib/img/logo.png HTTP/2" 200 4893 "https://karismamodernkitchen.com/wp-content/plugins/wp-file-manager/lib/css/commands.css?ver=8.0.2" "Mozilla/5.0 (Windows NT 10.0; Win64; x64) AppleWebKit/537.36 (KHTML, like Gecko) Chrome/138.0.0.0 Safari/537.36"
197.248.134.119 - - [05/Aug/2025:16:16:52 +0300] "GET /wp-content/plugins/wp-file-manager/lib/img/icons-small.png HTTP/2" 200 3674 "https://karismamodernkitchen.com/wp-content/plugins/wp-file-manager/lib/css/cwd.css?ver=8.0.2" "Mozilla/5.0 (Windows NT 10.0; Win64; x64) AppleWebKit/537.36 (KHTML, like Gecko) Chrome/138.0.0.0 Safari/537.36"
197.248.134.119 - - [05/Aug/2025:16:16:52 +0300] "GET /wp-content/plugins/wp-file-manager/lib/img/arrows-active.png HTTP/2" 200 152 "https://karismamodernkitchen.com/wp-content/plugins/wp-file-manager/lib/css/navbar.css?ver=8.0.2" "Mozilla/5.0 (Windows NT 10.0; Win64; x64) AppleWebKit/537.36 (KHTML, like Gecko) Chrome/138.0.0.0 Safari/537.36"
197.248.134.119 - - [05/Aug/2025:16:16:52 +0300] "GET /wp-content/plugins/wp-file-manager/lib/img/volume_icon_local.svg HTTP/2" 200 2876 "https://karismamodernkitchen.com/wp-content/plugins/wp-file-manager/lib/css/navbar.css?ver=8.0.2" "Mozilla/5.0 (Windows NT 10.0; Win64; x64) AppleWebKit/537.36 (KHTML, like Gecko) Chrome/138.0.0.0 Safari/537.36"
197.248.134.119 - - [05/Aug/2025:16:16:52 +0300] "GET /wp-content/plugins/wp-file-manager/css/images/ui-icons_ffffff_256x240.png HTTP/2" 200 6487 "https://karismamodernkitchen.com/wp-content/plugins/wp-file-manager/css/jquery-ui.css?ver=8.0.2" "Mozilla/5.0 (Windows NT 10.0; Win64; x64) AppleWebKit/537.36 (KHTML, like Gecko) Chrome/138.0.0.0 Safari/537.36"
197.248.134.119 - - [05/Aug/2025:16:16:52 +0300] "GET /wp-content/plugins/wp-file-manager/lib/img/arrows-normal.png HTTP/2" 200 169 "https://karismamodernkitchen.com/wp-content/plugins/wp-file-manager/lib/css/navbar.css?ver=8.0.2" "Mozilla/5.0 (Windows NT 10.0; Win64; x64) AppleWebKit/537.36 (KHTML, like Gecko) Chrome/138.0.0.0 Safari/537.36"
197.248.134.119 - - [05/Aug/2025:16:16:52 +0300] "GET /wp-admin/admin-ajax.php?action=mk_file_folder_manager&_wpnonce=161e86ab91&networkhref=&cmd=open&reload=1&target=l1_Lw&tree=1&compare=&reqid=1987a60afec266 HTTP/2" 200 1691 "https://karismamodernkitchen.com/wp-admin/admin.php?page=wp_file_manager" "Mozilla/5.0 (Windows NT 10.0; Win64; x64) AppleWebKit/537.36 (KHTML, like Gecko) Chrome/138.0.0.0 Safari/537.36"
66.249.68.36 - - [05/Aug/2025:16:17:08 +0300] "GET /shopdetail/9946440/ HTTP/1.1" 200 18399 "-" "Mozilla/5.0 (Linux; Android 6.0.1; Nexus 5X Build/MMB29P) AppleWebKit/537.36 (KHTML, like Gecko) Chrome/138.0.7204.183 Mobile Safari/537.36 (compatible; GoogleOther)"
66.249.68.36 - - [05/Aug/2025:16:17:44 +0300] "GET /shopdetail/2000462/ HTTP/1.1" 200 18022 "-" "Mozilla/5.0 (compatible; Googlebot/2.1; +http://www.google.com/bot.html)"
57.141.6.16 - - [05/Aug/2025:16:18:05 +0300] "GET /shopdetail/26713651/ HTTP/2" 404 131191 "-" "meta-externalagent/1.1 (+https://developers.facebook.com/docs/sharing/webmasters/crawler)"
66.249.68.36 - - [05/Aug/2025:16:18:14 +0300] "GET /shopdetail/22415340/ HTTP/1.1" 200 18158 "-" "Mozilla/5.0 (compatible; Googlebot/2.1; +http://www.google.com/bot.html)"
66.249.68.36 - - [05/Aug/2025:16:18:17 +0300] "GET /shopdetail/22437506/ HTTP/1.1" 200 18040 "-" "Mozilla/5.0 (compatible; Googlebot/2.1; +http://www.google.com/bot.html)"
66.249.68.36 - - [05/Aug/2025:16:18:19 +0300] "GET /shopdetail/22492795/ HTTP/1.1" 200 18422 "-" "Mozilla/5.0 (compatible; Googlebot/2.1; +http://www.google.com/bot.html)"
66.249.68.36 - - [05/Aug/2025:16:18:21 +0300] "GET /shopdetail/22577362/ HTTP/1.1" 200 18786 "-" "Mozilla/5.0 (compatible; Googlebot/2.1; +http://www.google.com/bot.html)"
66.249.68.36 - - [05/Aug/2025:16:18:23 +0300] "GET /shopdetail/22477462/ HTTP/1.1" 200 17866 "-" "Mozilla/5.0 (compatible; Googlebot/2.1; +http://www.google.com/bot.html)"
66.249.68.36 - - [05/Aug/2025:16:18:24 +0300] "GET /shopdetail/3940628/ HTTP/1.1" 200 18120 "-" "Mozilla/5.0 (compatible; Googlebot/2.1; +http://www.google.com/bot.html)"
66.249.68.36 - - [05/Aug/2025:16:18:26 +0300] "GET /shopdetail/22732551/ HTTP/1.1" 200 18153 "-" "Mozilla/5.0 (compatible; Googlebot/2.1; +http://www.google.com/bot.html)"
66.249.68.36 - - [05/Aug/2025:16:18:27 +0300] "GET /shopdetail/22757228/ HTTP/1.1" 200 18850 "-" "Mozilla/5.0 (compatible; Googlebot/2.1; +http://www.google.com/bot.html)"
66.249.68.36 - - [05/Aug/2025:16:18:28 +0300] "GET /shopdetail/22837106/ HTTP/1.1" 200 18123 "-" "Mozilla/5.0 (compatible; Googlebot/2.1; +http://www.google.com/bot.html)"
66.249.68.36 - - [05/Aug/2025:16:18:29 +0300] "GET /shopdetail/3966006/ HTTP/1.1" 200 17851 "-" "Mozilla/5.0 (compatible; Googlebot/2.1; +http://www.google.com/bot.html)"
66.249.68.36 - - [05/Aug/2025:16:18:32 +0300] "GET /shopdetail/22937040/ HTTP/1.1" 200 19027 "-" "Mozilla/5.0 (compatible; Googlebot/2.1; +http://www.google.com/bot.html)"
66.249.68.36 - - [05/Aug/2025:16:18:32 +0300] "GET /shopdetail/22937006/ HTTP/1.1" 200 17284 "-" "Mozilla/5.0 (compatible; Googlebot/2.1; +http://www.google.com/bot.html)"
66.249.68.37 - - [05/Aug/2025:16:18:34 +0300] "GET /shopdetail/4005928/ HTTP/1.1" 200 18625 "-" "Mozilla/5.0 (compatible; Googlebot/2.1; +http://www.google.com/bot.html)"
66.249.68.37 - - [05/Aug/2025:16:18:34 +0300] "GET /shopdetail/8415184/ HTTP/1.1" 200 17887 "-" "Mozilla/5.0 (compatible; Googlebot/2.1; +http://www.google.com/bot.html)"
66.249.68.37 - - [05/Aug/2025:16:18:35 +0300] "GET /shopdetail/23091184/ HTTP/1.1" 200 17617 "-" "Mozilla/5.0 (compatible; Googlebot/2.1; +http://www.google.com/bot.html)"
66.249.68.36 - - [05/Aug/2025:16:18:35 +0300] "GET /shopdetail/23198028/ HTTP/1.1" 200 18219 "-" "Mozilla/5.0 (compatible; Googlebot/2.1; +http://www.google.com/bot.html)"
66.249.68.36 - - [05/Aug/2025:16:18:36 +0300] "GET /shopdetail/23337928/ HTTP/1.1" 200 17967 "-" "Mozilla/5.0 (compatible; Googlebot/2.1; +http://www.google.com/bot.html)"
66.249.68.36 - - [05/Aug/2025:16:18:37 +0300] "GET /shopdetail/27427339/ HTTP/1.1" 200 18301 "-" "Mozilla/5.0 (compatible; Googlebot/2.1; +http://www.google.com/bot.html)"
66.249.68.36 - - [05/Aug/2025:16:18:38 +0300] "GET /shopdetail/23351228/ HTTP/1.1" 200 17738 "-" "Mozilla/5.0 (compatible; Googlebot/2.1; +http://www.google.com/bot.html)"
66.249.68.37 - - [05/Aug/2025:16:18:39 +0300] "GET /shopdetail/23414340/ HTTP/1.1" 200 17676 "-" "Mozilla/5.0 (compatible; Googlebot/2.1; +http://www.google.com/bot.html)"
57.141.6.27 - - [05/Aug/2025:16:17:15 +0300] "GET /shopdetail/17720595/ HTTP/2" 404 131191 "-" "meta-externalagent/1.1 (+https://developers.facebook.com/docs/sharing/webmasters/crawler)"
45.40.50.245 - - [05/Aug/2025:16:17:27 +0300] "GET /product-category/fabrications/page/4/?orderby=popularity&remove_compare_item=ae0909a324fb2530e205e52d40266418&_wpnonce=0870ea5edc HTTP/2" 200 29799 "https://karismamodernkitchen.com/product-category/fabrications/page/4/?orderby=popularity&remove_compare_item=ae0909a324fb2530e205e52d40266418&_wpnonce=0870ea5edc" "Mozilla/5.0 (Macintosh; Intel Mac OS X 10_15_7) AppleWebKit/537.36 (KHTML, like Gecko) Chrome/119.0.0.0 Safari/537.36"
197.248.134.119 - - [05/Aug/2025:16:17:40 +0300] "GET /wp-content/plugins/wp-file-manager/lib/img/progress.gif HTTP/2" 200 667 "https://karismamodernkitchen.com/wp-content/plugins/wp-file-manager/lib/css/dialog.css?ver=8.0.2" "Mozilla/5.0 (Windows NT 10.0; Win64; x64) AppleWebKit/537.36 (KHTML, like Gecko) Chrome/138.0.0.0 Safari/537.36"
197.248.134.119 - - [05/Aug/2025:16:17:40 +0300] "GET /wp-content/plugins/wp-file-manager/lib/img/dialogs.png HTTP/2" 200 5818 "https://karismamodernkitchen.com/wp-content/plugins/wp-file-manager/lib/css/dialog.css?ver=8.0.2" "Mozilla/5.0 (Windows NT 10.0; Win64; x64) AppleWebKit/537.36 (KHTML, like Gecko) Chrome/138.0.0.0 Safari/537.36"
197.248.134.119 - - [05/Aug/2025:16:17:48 +0300] "POST /wp-admin/admin-ajax.php HTTP/2" 200 51 "https://karismamodernkitchen.com/wp-admin/admin.php?page=wp_file_manager" "Mozilla/5.0 (Windows NT 10.0; Win64; x64) AppleWebKit/537.36 (KHTML, like Gecko) Chrome/138.0.0.0 Safari/537.36"
66.249.68.36 - - [05/Aug/2025:16:17:51 +0300] "GET /shopdetail/1961739/ HTTP/1.1" 200 18475 "-" "Mozilla/5.0 (compatible; Googlebot/2.1; +http://www.google.com/bot.html)"
66.249.68.36 - - [05/Aug/2025:16:17:57 +0300] "GET /shopdetail/20055840/ HTTP/1.1" 200 18303 "-" "Mozilla/5.0 (compatible; Googlebot/2.1; +http://www.google.com/bot.html)"
66.249.68.37 - - [05/Aug/2025:16:18:02 +0300] "GET /shopdetail/21692884/ HTTP/1.1" 200 18404 "-" "Mozilla/5.0 (compatible; Googlebot/2.1; +http://www.google.com/bot.html)"
66.249.68.37 - - [05/Aug/2025:16:18:07 +0300] "GET /shopdetail/26552706/ HTTP/1.1" 200 18122 "-" "Mozilla/5.0 (compatible; Googlebot/2.1; +http://www.google.com/bot.html)"
66.249.68.37 - - [05/Aug/2025:16:18:10 +0300] "GET /shopdetail/3886084/ HTTP/1.1" 200 19562 "-" "Mozilla/5.0 (compatible; Googlebot/2.1; +http://www.google.com/bot.html)"
66.249.68.37 - - [05/Aug/2025:16:18:49 +0300] "GET /shopdetail/12654562/ HTTP/1.1" 200 17357 "-" "Mozilla/5.0 (Linux; Android 6.0.1; Nexus 5X Build/MMB29P) AppleWebKit/537.36 (KHTML, like Gecko) Chrome/138.0.7204.183 Mobile Safari/537.36 (compatible; GoogleOther)"
66.249.68.38 - - [05/Aug/2025:16:18:51 +0300] "GET /shopdetail/23776162/ HTTP/1.1" 200 17997 "-" "Mozilla/5.0 (compatible; Googlebot/2.1; +http://www.google.com/bot.html)"
197.248.134.119 - - [05/Aug/2025:16:18:49 +0300] "POST /wp-admin/admin-ajax.php HTTP/2" 200 51 "https://karismamodernkitchen.com/wp-admin/admin.php?page=wp_file_manager" "Mozilla/5.0 (Windows NT 10.0; Win64; x64) AppleWebKit/537.36 (KHTML, like Gecko) Chrome/138.0.0.0 Safari/537.36"
66.249.68.36 - - [05/Aug/2025:16:18:52 +0300] "GET /shopdetail/23796140/ HTTP/1.1" 200 17791 "-" "Mozilla/5.0 (compatible; Googlebot/2.1; +http://www.google.com/bot.html)"
66.249.68.36 - - [05/Aug/2025:16:18:52 +0300] "GET /shopdetail/2398173/ HTTP/1.1" 200 18422 "-" "Mozilla/5.0 (compatible; Googlebot/2.1; +http://www.google.com/bot.html)"
66.249.68.38 - - [05/Aug/2025:16:18:53 +0300] "GET /shopdetail/23734028/ HTTP/1.1" 200 18603 "-" "Mozilla/5.0 (compatible; Googlebot/2.1; +http://www.google.com/bot.html)"
66.249.68.36 - - [05/Aug/2025:16:18:55 +0300] "GET /shopdetail/2402873/ HTTP/1.1" 200 17533 "-" "Mozilla/5.0 (compatible; Googlebot/2.1; +http://www.google.com/bot.html)"
66.249.68.38 - - [05/Aug/2025:16:18:55 +0300] "GET /shopdetail/24031251/ HTTP/1.1" 200 17530 "-" "Mozilla/5.0 (compatible; Googlebot/2.1; +http://www.google.com/bot.html)"
66.249.68.37 - - [05/Aug/2025:16:18:39 +0300] "GET /shopdetail/23487162/ HTTP/1.1" 200 18056 "-" "Mozilla/5.0 (compatible; Googlebot/2.1; +http://www.google.com/bot.html)"
66.249.68.36 - - [05/Aug/2025:16:18:40 +0300] "GET /shopdetail/23576362/ HTTP/1.1" 200 18647 "-" "Mozilla/5.0 (compatible; Googlebot/2.1; +http://www.google.com/bot.html)"
66.249.68.37 - - [05/Aug/2025:16:18:41 +0300] "GET /shopdetail/8521406/ HTTP/1.1" 200 18434 "-" "Mozilla/5.0 (compatible; Googlebot/2.1; +http://www.google.com/bot.html)"
66.249.68.37 - - [05/Aug/2025:16:18:42 +0300] "GET /shopdetail/23676262/ HTTP/1.1" 200 17752 "-" "Mozilla/5.0 (compatible; Googlebot/2.1; +http://www.google.com/bot.html)"
66.249.68.36 - - [05/Aug/2025:16:18:43 +0300] "GET /shopdetail/23737551/ HTTP/1.1" 200 18309 "-" "Mozilla/5.0 (compatible; Googlebot/2.1; +http://www.google.com/bot.html)"
66.249.68.37 - - [05/Aug/2025:16:18:43 +0300] "GET /shopdetail/23755784/ HTTP/1.1" 200 17919 "-" "Mozilla/5.0 (compatible; Googlebot/2.1; +http://www.google.com/bot.html)"
66.249.68.36 - - [05/Aug/2025:16:18:44 +0300] "GET /shopdetail/4125128/ HTTP/1.1" 200 18244 "-" "Mozilla/5.0 (compatible; Googlebot/2.1; +http://www.google.com/bot.html)"
66.249.68.37 - - [05/Aug/2025:16:18:54 +0300] "GET /shopdetail/24011273/ HTTP/1.1" 200 17600 "-" "Mozilla/5.0 (compatible; Googlebot/2.1; +http://www.google.com/bot.html)"
66.249.68.37 - - [05/Aug/2025:16:18:56 +0300] "GET /shopdetail/24138573/ HTTP/1.1" 200 18211 "-" "Mozilla/5.0 (compatible; Googlebot/2.1; +http://www.google.com/bot.html)"
66.249.68.37 - - [05/Aug/2025:16:18:57 +0300] "GET /shopdetail/24175762/ HTTP/1.1" 200 17892 "-" "Mozilla/5.0 (compatible; Googlebot/2.1; +http://www.google.com/bot.html)"
66.249.68.37 - - [05/Aug/2025:16:18:57 +0300] "GET /shopdetail/24070506/ HTTP/1.1" 200 18283 "-" "Mozilla/5.0 (compatible; Googlebot/2.1; +http://www.google.com/bot.html)"
66.249.68.37 - - [05/Aug/2025:16:18:58 +0300] "GET /shopdetail/2418228/ HTTP/1.1" 200 19223 "-" "Mozilla/5.0 (compatible; Googlebot/2.1; +http://www.google.com/bot.html)"
66.249.68.37 - - [05/Aug/2025:16:19:00 +0300] "GET /shopdetail/24295684/ HTTP/1.1" 200 18283 "-" "Mozilla/5.0 (compatible; Googlebot/2.1; +http://www.google.com/bot.html)"
66.249.68.37 - - [05/Aug/2025:16:19:01 +0300] "GET /shopdetail/2440028/ HTTP/1.1" 200 17923 "-" "Mozilla/5.0 (compatible; Googlebot/2.1; +http://www.google.com/bot.html)"
66.249.68.37 - - [05/Aug/2025:16:19:03 +0300] "GET /shopdetail/24435506/ HTTP/1.1" 200 17728 "-" "Mozilla/5.0 (compatible; Googlebot/2.1; +http://www.google.com/bot.html)"
66.249.68.37 - - [05/Aug/2025:16:19:03 +0300] "GET /shopdetail/24435540/ HTTP/1.1" 200 18713 "-" "Mozilla/5.0 (compatible; Googlebot/2.1; +http://www.google.com/bot.html)"
66.249.68.37 - - [05/Aug/2025:16:19:03 +0300] "GET /shopdetail/24335606/ HTTP/1.1" 200 17294 "-" "Mozilla/5.0 (compatible; Googlebot/2.1; +http://www.google.com/bot.html)"
66.249.68.37 - - [05/Aug/2025:16:19:04 +0300] "GET /shopdetail/4211706/ HTTP/1.1" 200 17994 "-" "Mozilla/5.0 (compatible; Googlebot/2.1; +http://www.google.com/bot.html)"
66.249.68.37 - - [05/Aug/2025:16:19:05 +0300] "GET /shopdetail/4148751/ HTTP/1.1" 200 17911 "-" "Mozilla/5.0 (compatible; Googlebot/2.1; +http://www.google.com/bot.html)"
66.249.68.37 - - [05/Aug/2025:16:19:05 +0300] "GET /shopdetail/2447528/ HTTP/1.1" 200 17940 "-" "Mozilla/5.0 (compatible; Googlebot/2.1; +http://www.google.com/bot.html)"
66.249.68.37 - - [05/Aug/2025:16:19:06 +0300] "GET /shopdetail/24475462/ HTTP/1.1" 200 18221 "-" "Mozilla/5.0 (compatible; Googlebot/2.1; +http://www.google.com/bot.html)"
66.249.68.37 - - [05/Aug/2025:16:19:11 +0300] "GET /shopdetail/4168739/ HTTP/1.1" 200 17428 "-" "Mozilla/5.0 (compatible; Googlebot/2.1; +http://www.google.com/bot.html)"
66.249.68.37 - - [05/Aug/2025:16:19:12 +0300] "GET /shopdetail/23494262/ HTTP/1.1" 200 18228 "-" "Mozilla/5.0 (compatible; Googlebot/2.1; +http://www.google.com/bot.html)"
66.249.68.38 - - [05/Aug/2025:16:18:56 +0300] "GET /shopdetail/24111173/ HTTP/1.1" 200 17854 "-" "Mozilla/5.0 (compatible; Googlebot/2.1; +http://www.google.com/bot.html)"
66.249.68.36 - - [05/Aug/2025:16:18:59 +0300] "GET /shopdetail/11056984/ HTTP/1.1" 200 17791 "-" "Mozilla/5.0 (Linux; Android 6.0.1; Nexus 5X Build/MMB29P) AppleWebKit/537.36 (KHTML, like Gecko) Chrome/138.0.7204.183 Mobile Safari/537.36 (compatible; GoogleOther)"
66.249.68.36 - - [05/Aug/2025:16:19:00 +0300] "GET /shopdetail/24255728/ HTTP/1.1" 200 18562 "-" "Mozilla/5.0 (compatible; Googlebot/2.1; +http://www.google.com/bot.html)"
66.249.68.36 - - [05/Aug/2025:16:19:01 +0300] "GET /shopdetail/24350939/ HTTP/1.1" 200 17536 "-" "Mozilla/5.0 (compatible; Googlebot/2.1; +http://www.google.com/bot.html)"
66.249.68.36 - - [05/Aug/2025:16:19:07 +0300] "GET /shopdetail/18006217/ HTTP/1.1" 200 18238 "-" "Mozilla/5.0 (Linux; Android 6.0.1; Nexus 5X Build/MMB29P) AppleWebKit/537.36 (KHTML, like Gecko) Chrome/138.0.7204.183 Mobile Safari/537.36 (compatible; GoogleOther)"
66.249.68.36 - - [05/Aug/2025:16:19:07 +0300] "GET /shopdetail/24495440/ HTTP/1.1" 200 18978 "-" "Mozilla/5.0 (compatible; Googlebot/2.1; +http://www.google.com/bot.html)"
66.249.68.36 - - [05/Aug/2025:16:19:08 +0300] "GET /shopdetail/24575406/ HTTP/1.1" 200 18350 "-" "Mozilla/5.0 (compatible; Googlebot/2.1; +http://www.google.com/bot.html)"
66.249.68.36 - - [05/Aug/2025:16:19:09 +0300] "GET /shopdetail/24496373/ HTTP/1.1" 200 18311 "-" "Mozilla/5.0 (compatible; Googlebot/2.1; +http://www.google.com/bot.html)"
66.249.68.36 - - [05/Aug/2025:16:19:09 +0300] "GET /shopdetail/24533228/ HTTP/1.1" 200 17379 "-" "Mozilla/5.0 (compatible; Googlebot/2.1; +http://www.google.com/bot.html)"
66.249.68.36 - - [05/Aug/2025:16:19:10 +0300] "GET /shopdetail/23656284/ HTTP/1.1" 200 17446 "-" "Mozilla/5.0 (compatible; Googlebot/2.1; +http://www.google.com/bot.html)"
66.249.68.36 - - [05/Aug/2025:16:19:20 +0300] "GET /shopdetail/23451839/ HTTP/1.1" 200 18465 "-" "Mozilla/5.0 (compatible; Googlebot/2.1; +http://www.google.com/bot.html)"
66.249.68.37 - - [05/Aug/2025:16:19:22 +0300] "GET /shopdetail/24355584/ HTTP/1.1" 200 18776 "-" "Mozilla/5.0 (compatible; Googlebot/2.1; +http://www.google.com/bot.html)"
66.249.68.37 - - [05/Aug/2025:16:19:23 +0300] "GET /shopdetail/24370206/ HTTP/1.1" 200 17914 "-" "Mozilla/5.0 (compatible; Googlebot/2.1; +http://www.google.com/bot.html)"
66.249.68.37 - - [05/Aug/2025:16:19:23 +0300] "GET /shopdetail/23394362/ HTTP/1.1" 200 18107 "-" "Mozilla/5.0 (compatible; Googlebot/2.1; +http://www.google.com/bot.html)"
66.249.68.37 - - [05/Aug/2025:16:19:24 +0300] "GET /shopdetail/23311262/ HTTP/1.1" 200 17475 "-" "Mozilla/5.0 (compatible; Googlebot/2.1; +http://www.google.com/bot.html)"
66.249.68.37 - - [05/Aug/2025:16:19:25 +0300] "GET /shopdetail/23347306/ HTTP/1.1" 200 17543 "-" "Mozilla/5.0 (compatible; Googlebot/2.1; +http://www.google.com/bot.html)"
66.249.68.37 - - [05/Aug/2025:16:19:26 +0300] "GET /shopdetail/6823917/ HTTP/1.1" 200 19420 "-" "Mozilla/5.0 (Linux; Android 6.0.1; Nexus 5X Build/MMB29P) AppleWebKit/537.36 (KHTML, like Gecko) Chrome/138.0.7204.183 Mobile Safari/537.36 (compatible; GoogleOther)"
66.249.68.37 - - [05/Aug/2025:16:19:27 +0300] "GET /shopdetail/23998717/ HTTP/1.1" 200 17959 "-" "Mozilla/5.0 (compatible; Googlebot/2.1; +http://www.google.com/bot.html)"
66.249.68.37 - - [05/Aug/2025:16:19:27 +0300] "GET /shopdetail/23973784/ HTTP/1.1" 200 17983 "-" "Mozilla/5.0 (compatible; Googlebot/2.1; +http://www.google.com/bot.html)"
57.141.6.27 - - [05/Aug/2025:16:19:20 +0300] "GET /shopdetail/3247117/ HTTP/2" 404 131187 "-" "meta-externalagent/1.1 (+https://developers.facebook.com/docs/sharing/webmasters/crawler)"
66.249.68.36 - - [05/Aug/2025:16:19:28 +0300] "GET /shopdetail/23291995/ HTTP/1.1" 200 18497 "-" "Mozilla/5.0 (compatible; Googlebot/2.1; +http://www.google.com/bot.html)"
66.249.68.37 - - [05/Aug/2025:16:19:32 +0300] "POST /get-message-notify HTTP/1.1" 200 17492 "https://karismamodernkitchen.com/shopdetail/21902228/" "Mozilla/5.0 (Linux; Android 6.0.1; Nexus 5X Build/MMB29P) AppleWebKit/537.36 (KHTML, like Gecko) Chrome/137.0.7151.119 Mobile Safari/537.36 (compatible; Googlebot/2.1; +http://www.google.com/bot.html)"
66.249.68.36 - - [05/Aug/2025:16:19:32 +0300] "GET /shopdetail/23851439/ HTTP/1.1" 200 18264 "-" "Mozilla/5.0 (compatible; Googlebot/2.1; +http://www.google.com/bot.html)"
45.40.50.136 - - [05/Aug/2025:16:19:33 +0300] "GET /shop/page/7/?orderby=price-desc&remove_compare_item=7f6caf1f0ba788cd7953d817724c2b6e&_wpnonce=113fe5ee9f HTTP/2" 200 35000 "https://karismamodernkitchen.com/shop/page/7/?orderby=price-desc&remove_compare_item=7f6caf1f0ba788cd7953d817724c2b6e&_wpnonce=113fe5ee9f" "Mozilla/5.0 (Windows NT 10.0; Win64; x64) AppleWebKit/537.36 (KHTML, like Gecko) Chrome/101.0.4951.67 Safari/537.36"
66.249.68.36 - - [05/Aug/2025:16:19:39 +0300] "GET /shopdetail/23252039/ HTTP/1.1" 200 17297 "-" "Mozilla/5.0 (compatible; Googlebot/2.1; +http://www.google.com/bot.html)"
197.248.134.119 - - [05/Aug/2025:16:17:40 +0300] "GET /wp-admin/admin-ajax.php?action=mk_file_folder_manager&_wpnonce=161e86ab91&networkhref=&cmd=archive&name=wp-content.zip&target=l1_Lw&targets%5B%5D=l1_d3AtY29udGVudA&type=application%2Fzip&reqid=1987a61681314a HTTP/2" 500 384 "https://karismamodernkitchen.com/wp-admin/admin.php?page=wp_file_manager" "Mozilla/5.0 (Windows NT 10.0; Win64; x64) AppleWebKit/537.36 (KHTML, like Gecko) Chrome/138.0.0.0 Safari/537.36"
197.248.134.119 - - [05/Aug/2025:16:19:41 +0300] "GET /wp-admin/admin-ajax.php?action=mk_file_folder_manager&_wpnonce=161e86ab91&networkhref=&cmd=open&reload=1&target=l1_Lw&tree=1&compare=&reqid=1987a634318199 HTTP/2" 200 1744 "https://karismamodernkitchen.com/wp-admin/admin.php?page=wp_file_manager" "Mozilla/5.0 (Windows NT 10.0; Win64; x64) AppleWebKit/537.36 (KHTML, like Gecko) Chrome/138.0.0.0 Safari/537.36"
66.249.68.37 - - [05/Aug/2025:16:19:48 +0300] "GET /shopdetail/23770806/ HTTP/1.1" 200 17523 "-" "Mozilla/5.0 (compatible; Googlebot/2.1; +http://www.google.com/bot.html)"
197.248.134.119 - - [05/Aug/2025:16:19:55 +0300] "GET /wp-content/plugins/wp-file-manager/lib/img/ui-icons_ffffff_256x240.png HTTP/2" 200 3759 "https://karismamodernkitchen.com/wp-content/plugins/wp-file-manager/lib/css/theme.css?ver=8.0.2" "Mozilla/5.0 (Windows NT 10.0; Win64; x64) AppleWebKit/537.36 (KHTML, like Gecko) Chrome/138.0.0.0 Safari/537.36"
197.248.134.119 - - [05/Aug/2025:16:19:52 +0300] "POST /wp-admin/admin-ajax.php HTTP/2" 200 51 "https://karismamodernkitchen.com/wp-admin/admin.php?page=wp_file_manager" "Mozilla/5.0 (Windows NT 10.0; Win64; x64) AppleWebKit/537.36 (KHTML, like Gecko) Chrome/138.0.0.0 Safari/537.36"
197.248.134.119 - - [05/Aug/2025:16:20:00 +0300] "GET /wp-admin/admin.php?page=wp_file_manager HTTP/2" 200 35418 "https://karismamodernkitchen.com/wp-admin/plugins.php?plugin_status=all&paged=1&s" "Mozilla/5.0 (Windows NT 10.0; Win64; x64) AppleWebKit/537.36 (KHTML, like Gecko) Chrome/138.0.0.0 Safari/537.36"
197.248.134.119 - - [05/Aug/2025:16:19:52 +0300] "GET /wp-admin/admin-ajax.php?action=mk_file_folder_manager&_wpnonce=161e86ab91&networkhref=&cmd=archive&name=wp-content.zip&target=l1_Lw&targets%5B%5D=l1_d3AtY29udGVudA&type=application%2Fzip&reqid=1987a6369852cf HTTP/2" 200 0 "https://karismamodernkitchen.com/wp-admin/admin.php?page=wp_file_manager" "Mozilla/5.0 (Windows NT 10.0; Win64; x64) AppleWebKit/537.36 (KHTML, like Gecko) Chrome/138.0.0.0 Safari/537.36"
197.248.134.119 - - [05/Aug/2025:16:20:03 +0300] "GET /wp-content/plugins/wp-file-manager/js/file_manager_free_shortcode_admin.js?ver=7561 HTTP/2" 200 1136 "https://karismamodernkitchen.com/wp-admin/admin.php?page=wp_file_manager" "Mozilla/5.0 (Windows NT 10.0; Win64; x64) AppleWebKit/537.36 (KHTML, like Gecko) Chrome/138.0.0.0 Safari/537.36"
66.249.68.37 - - [05/Aug/2025:16:19:12 +0300] "GET /shopdetail/4179428/ HTTP/1.1" 200 18994 "-" "Mozilla/5.0 (compatible; Googlebot/2.1; +http://www.google.com/bot.html)"
66.249.68.37 - - [05/Aug/2025:16:19:13 +0300] "GET /shopdetail/24450128/ HTTP/1.1" 200 18405 "-" "Mozilla/5.0 (compatible; Googlebot/2.1; +http://www.google.com/bot.html)"
66.249.68.37 - - [05/Aug/2025:16:19:13 +0300] "GET /shopdetail/10852839/ HTTP/1.1" 200 17221 "-" "Mozilla/5.0 (compatible; Googlebot/2.1; +http://www.google.com/bot.html)"
66.249.68.36 - - [05/Aug/2025:16:19:14 +0300] "GET /shopdetail/21902228/ HTTP/1.1" 200 18261 "-" "Mozilla/5.0 (Linux; Android 6.0.1; Nexus 5X Build/MMB29P) AppleWebKit/537.36 (KHTML, like Gecko) Chrome/138.0.7204.183 Mobile Safari/537.36 (compatible; GoogleOther)"
66.249.68.37 - - [05/Aug/2025:16:19:15 +0300] "GET /shopdetail/24378339/ HTTP/1.1" 200 18469 "-" "Mozilla/5.0 (compatible; Googlebot/2.1; +http://www.google.com/bot.html)"
66.249.68.36 - - [05/Aug/2025:16:19:21 +0300] "GET /shopdetail/2272140/ HTTP/1.1" 200 18284 "-" "Mozilla/5.0 (Linux; Android 6.0.1; Nexus 5X Build/MMB29P) AppleWebKit/537.36 (KHTML, like Gecko) Chrome/138.0.7204.183 Mobile Safari/537.36 (compatible; GoogleOther)"
66.249.68.38 - - [05/Aug/2025:16:19:33 +0300] "GET /shopdetail/23291284/ HTTP/1.1" 200 17597 "-" "Mozilla/5.0 (compatible; Googlebot/2.1; +http://www.google.com/bot.html)"
66.249.68.36 - - [05/Aug/2025:16:19:34 +0300] "GET /shopdetail/4448706/ HTTP/1.1" 200 18657 "-" "Mozilla/5.0 (Linux; Android 6.0.1; Nexus 5X Build/MMB29P) AppleWebKit/537.36 (KHTML, like Gecko) Chrome/138.0.7204.183 Mobile Safari/537.36 (compatible; GoogleOther)"
66.249.68.37 - - [05/Aug/2025:16:19:37 +0300] "GET /shopdetail/23274528/ HTTP/1.1" 200 18071 "-" "Mozilla/5.0 (compatible; Googlebot/2.1; +http://www.google.com/bot.html)"
66.249.68.38 - - [05/Aug/2025:16:19:37 +0300] "GET /shopdetail/4205728/ HTTP/1.1" 200 18606 "-" "Mozilla/5.0 (compatible; Googlebot/2.1; +http://www.google.com/bot.html)"
57.141.6.13 - - [05/Aug/2025:16:19:45 +0300] "GET /shopdetail/28469839/ HTTP/2" 404 131191 "-" "meta-externalagent/1.1 (+https://developers.facebook.com/docs/sharing/webmasters/crawler)"
66.249.68.36 - - [05/Aug/2025:16:20:12 +0300] "GET /shopdetail/28824273/ HTTP/1.1" 200 18649 "-" "Mozilla/5.0 (Linux; Android 6.0.1; Nexus 5X Build/MMB29P) AppleWebKit/537.36 (KHTML, like Gecko) Chrome/138.0.7204.183 Mobile Safari/537.36 (compatible; GoogleOther)"
66.249.68.36 - - [05/Aug/2025:16:20:23 +0300] "GET /shopdetail/13978684/ HTTP/1.1" 200 17327 "-" "Mozilla/5.0 (Linux; Android 6.0.1; Nexus 5X Build/MMB29P) AppleWebKit/537.36 (KHTML, like Gecko) Chrome/138.0.7204.183 Mobile Safari/537.36 (compatible; GoogleOther)"
66.249.68.36 - - [05/Aug/2025:16:20:29 +0300] "GET /shopdetail/12790540/ HTTP/1.1" 200 18920 "-" "Mozilla/5.0 (Linux; Android 6.0.1; Nexus 5X Build/MMB29P) AppleWebKit/537.36 (KHTML, like Gecko) Chrome/138.0.7204.183 Mobile Safari/537.36 (compatible; GoogleOther)"
66.249.68.36 - - [05/Aug/2025:16:20:33 +0300] "GET /shopdetail/10405506/ HTTP/1.1" 200 17574 "-" "Mozilla/5.0 (compatible; Googlebot/2.1; +http://www.google.com/bot.html)"
66.249.68.36 - - [05/Aug/2025:16:20:38 +0300] "GET /shopdetail/27692340/ HTTP/1.1" 200 17987 "-" "Mozilla/5.0 (Linux; Android 6.0.1; Nexus 5X Build/MMB29P) AppleWebKit/537.36 (KHTML, like Gecko) Chrome/138.0.7204.183 Mobile Safari/537.36 (compatible; GoogleOther)"
20.15.133.163 - - [05/Aug/2025:16:20:39 +0300] "GET /shopdetail/25600551/ HTTP/2" 200 19532 "-" "Mozilla/5.0 AppleWebKit/537.36 (KHTML, like Gecko; compatible; bingbot/2.0; +http://www.bing.com/bingbot.htm) Chrome/116.0.1938.76 Safari/537.36"
66.249.68.36 - - [05/Aug/2025:16:20:45 +0300] "GET /shopdetail/10662239/ HTTP/1.1" 200 18174 "-" "Mozilla/5.0 (compatible; Googlebot/2.1; +http://www.google.com/bot.html)"
104.210.140.140 - - [05/Aug/2025:16:20:46 +0300] "GET /robots.txt HTTP/2" 200 77 "-" "Mozilla/5.0 (Macintosh; Intel Mac OS X 10_15_7) AppleWebKit/537.36 (KHTML, like Gecko) Chrome/131.0.0.0 Safari/537.36; compatible; OAI-SearchBot/1.0; +https://openai.com/searchbot"
66.249.68.36 - - [05/Aug/2025:16:20:47 +0300] "GET /shopdetail/7642284/ HTTP/1.1" 200 17931 "-" "Mozilla/5.0 (compatible; Googlebot/2.1; +http://www.google.com/bot.html)"
66.249.68.36 - - [05/Aug/2025:16:20:51 +0300] "GET /shopdetail/10700151/ HTTP/1.1" 200 18064 "-" "Mozilla/5.0 (compatible; Googlebot/2.1; +http://www.google.com/bot.html)"
66.249.68.36 - - [05/Aug/2025:16:20:52 +0300] "GET /shopdetail/27435273/ HTTP/1.1" 200 18474 "-" "Mozilla/5.0 (compatible; Googlebot/2.1; +http://www.google.com/bot.html)"
66.249.68.36 - - [05/Aug/2025:16:20:53 +0300] "GET /shopdetail/10762139/ HTTP/1.1" 200 19325 "-" "Mozilla/5.0 (compatible; Googlebot/2.1; +http://www.google.com/bot.html)"
66.249.68.37 - - [05/Aug/2025:16:20:57 +0300] "GET /shopdetail/28074839/ HTTP/1.1" 200 18335 "-" "Mozilla/5.0 (compatible; Googlebot/2.1; +http://www.google.com/bot.html)"
114.119.159.177 - - [05/Aug/2025:16:20:58 +0300] "GET /shop/?product_brand=generic,karisma,caterina,premier,sab-italy HTTP/1.1" 403 0 "https://karismamodernkitchen.com/shop/?product_brand=generic%2Ckarisma%2Ccaterina%2Cpremier%2Csab-italy" "Mozilla/5.0 (Linux; Android 7.0;) AppleWebKit/537.36 (KHTML, like Gecko) Mobile Safari/537.36 (compatible; PetalBot;+https://webmaster.petalsearch.com/site/petalbot)"
66.249.68.37 - - [05/Aug/2025:16:20:58 +0300] "GET /shopdetail/24583651/ HTTP/1.1" 200 19713 "-" "Mozilla/5.0 (Linux; Android 6.0.1; Nexus 5X Build/MMB29P) AppleWebKit/537.36 (KHTML, like Gecko) Chrome/138.0.7204.183 Mobile Safari/537.36 (compatible; GoogleOther)"
66.249.68.36 - - [05/Aug/2025:16:20:59 +0300] "POST /get-message-notify HTTP/1.1" 200 17492 "https://karismamodernkitchen.com/shopdetail/17585884/" "Mozilla/5.0 (Linux; Android 6.0.1; Nexus 5X Build/MMB29P) AppleWebKit/537.36 (KHTML, like Gecko) Chrome/137.0.7151.119 Mobile Safari/537.36 (compatible; Googlebot/2.1; +http://www.google.com/bot.html)"
66.249.68.37 - - [05/Aug/2025:16:20:59 +0300] "GET /shopdetail/10828006/ HTTP/1.1" 200 18705 "-" "Mozilla/5.0 (compatible; Googlebot/2.1; +http://www.google.com/bot.html)"
66.249.68.37 - - [05/Aug/2025:16:21:01 +0300] "GET /shopdetail/10972628/ HTTP/1.1" 200 18238 "-" "Mozilla/5.0 (compatible; Googlebot/2.1; +http://www.google.com/bot.html)"
66.249.68.36 - - [05/Aug/2025:16:21:02 +0300] "GET /shopdetail/10688551/ HTTP/1.1" 200 17916 "-" "Mozilla/5.0 (compatible; Googlebot/2.1; +http://www.google.com/bot.html)"
66.249.68.36 - - [05/Aug/2025:16:21:04 +0300] "GET /shopdetail/2448706/ HTTP/1.1" 200 18421 "-" "Mozilla/5.0 (Linux; Android 6.0.1; Nexus 5X Build/MMB29P) AppleWebKit/537.36 (KHTML, like Gecko) Chrome/138.0.7204.183 Mobile Safari/537.36 (compatible; GoogleOther)"
66.249.68.37 - - [05/Aug/2025:16:21:05 +0300] "GET /shopdetail/10571884/ HTTP/1.1" 200 18162 "-" "Mozilla/5.0 (compatible; Googlebot/2.1; +http://www.google.com/bot.html)"
66.249.68.36 - - [05/Aug/2025:16:21:07 +0300] "GET /shopdetail/10125784/ HTTP/1.1" 200 17714 "-" "Mozilla/5.0 (compatible; Googlebot/2.1; +http://www.google.com/bot.html)"
66.249.68.36 - - [05/Aug/2025:16:21:11 +0300] "GET /shopdetail/10493706/ HTTP/1.1" 200 18616 "-" "Mozilla/5.0 (compatible; Googlebot/2.1; +http://www.google.com/bot.html)"
66.249.68.36 - - [05/Aug/2025:16:21:12 +0300] "GET /shopdetail/10032428/ HTTP/1.1" 200 17983 "-" "Mozilla/5.0 (compatible; Googlebot/2.1; +http://www.google.com/bot.html)"
66.249.68.36 - - [05/Aug/2025:16:21:13 +0300] "GET /shopdetail/10493106/ HTTP/1.1" 200 17879 "-" "Mozilla/5.0 (compatible; Googlebot/2.1; +http://www.google.com/bot.html)"
66.249.68.36 - - [05/Aug/2025:16:21:17 +0300] "GET /shopdetail/11001695/ HTTP/1.1" 200 18126 "-" "Mozilla/5.0 (compatible; Googlebot/2.1; +http://www.google.com/bot.html)"
197.248.134.119 - - [05/Aug/2025:16:20:04 +0300] "GET /wp-admin/admin-ajax.php?action=mk_file_folder_manager&_wpnonce=161e86ab91&networkhref=&cmd=open&target=l1_Lw&init=1&tree=1&_=1754400004743 HTTP/2" 200 1960 "https://karismamodernkitchen.com/wp-admin/admin.php?page=wp_file_manager" "Mozilla/5.0 (Windows NT 10.0; Win64; x64) AppleWebKit/537.36 (KHTML, like Gecko) Chrome/138.0.0.0 Safari/537.36"
40.77.167.224 - - [05/Aug/2025:16:20:09 +0300] "GET /product-category/fabrications/agricultural-machines/ HTTP/2" 200 18494 "-" "Mozilla/5.0 AppleWebKit/537.36 (KHTML, like Gecko; compatible; bingbot/2.0; +http://www.bing.com/bingbot.htm) Chrome/116.0.1938.76 Safari/537.36"
197.248.134.119 - - [05/Aug/2025:16:20:09 +0300] "GET /wp-admin/admin-ajax.php?action=mk_file_folder_manager&_wpnonce=161e86ab91&networkhref=&cmd=open&reload=1&target=l1_Lw&tree=1&compare=&reqid=1987a63b075c9 HTTP/2" 200 1750 "https://karismamodernkitchen.com/wp-admin/admin.php?page=wp_file_manager" "Mozilla/5.0 (Windows NT 10.0; Win64; x64) AppleWebKit/537.36 (KHTML, like Gecko) Chrome/138.0.0.0 Safari/537.36"
20.15.133.162 - - [05/Aug/2025:16:20:18 +0300] "GET /shopdetail/1581051/ HTTP/2" 200 18146 "-" "Mozilla/5.0 AppleWebKit/537.36 (KHTML, like Gecko; compatible; bingbot/2.0; +http://www.bing.com/bingbot.htm) Chrome/116.0.1938.76 Safari/537.36"
66.249.68.36 - - [05/Aug/2025:16:20:21 +0300] "GET /shopdetail/23036906/ HTTP/1.1" 200 19040 "-" "Mozilla/5.0 (compatible; Googlebot/2.1; +http://www.google.com/bot.html)"
197.248.134.119 - - [05/Aug/2025:16:20:18 +0300] "GET /wp-admin/admin-ajax.php?action=mk_file_folder_manager&_wpnonce=161e86ab91&networkhref=&cmd=open&reload=1&target=l1_Lw&tree=1&compare=&reqid=1987a63c79b28b HTTP/2" 200 1749 "https://karismamodernkitchen.com/wp-admin/admin.php?page=wp_file_manager" "Mozilla/5.0 (Windows NT 10.0; Win64; x64) AppleWebKit/537.36 (KHTML, like Gecko) Chrome/138.0.0.0 Safari/537.36"
66.249.68.36 - - [05/Aug/2025:16:20:25 +0300] "GET /shopdetail/10082817/ HTTP/1.1" 200 17931 "-" "Mozilla/5.0 (compatible; Googlebot/2.1; +http://www.google.com/bot.html)"
66.249.68.36 - - [05/Aug/2025:16:20:43 +0300] "GET /shopdetail/17585884/ HTTP/1.1" 200 18386 "-" "Mozilla/5.0 (Linux; Android 6.0.1; Nexus 5X Build/MMB29P) AppleWebKit/537.36 (KHTML, like Gecko) Chrome/138.0.7204.183 Mobile Safari/537.36 (compatible; GoogleOther)"
66.249.68.36 - - [05/Aug/2025:16:20:52 +0300] "GET /shopdetail/27111562/ HTTP/1.1" 200 19044 "-" "Mozilla/5.0 (Linux; Android 6.0.1; Nexus 5X Build/MMB29P) AppleWebKit/537.36 (KHTML, like Gecko) Chrome/138.0.7204.183 Mobile Safari/537.36 (compatible; GoogleOther)"
66.249.68.38 - - [05/Aug/2025:16:21:03 +0300] "POST /get-message-notify HTTP/1.1" 200 17545 "https://karismamodernkitchen.com/shopdetail/5411762/" "Mozilla/5.0 (Linux; Android 6.0.1; Nexus 5X Build/MMB29P) AppleWebKit/537.36 (KHTML, like Gecko) Chrome/137.0.7151.119 Mobile Safari/537.36 (compatible; Googlebot/2.1; +http://www.google.com/bot.html)"
66.249.68.38 - - [05/Aug/2025:16:21:04 +0300] "GET /shopdetail/10332128/ HTTP/1.1" 200 18451 "-" "Mozilla/5.0 (compatible; Googlebot/2.1; +http://www.google.com/bot.html)"
197.248.134.119 - - [05/Aug/2025:16:21:04 +0300] "POST /wp-admin/admin-ajax.php HTTP/2" 200 51 "https://karismamodernkitchen.com/wp-admin/admin.php?page=wp_file_manager" "Mozilla/5.0 (Windows NT 10.0; Win64; x64) AppleWebKit/537.36 (KHTML, like Gecko) Chrome/138.0.0.0 Safari/537.36"
66.249.68.37 - - [05/Aug/2025:16:21:11 +0300] "GET /shopdetail/3877317/ HTTP/1.1" 200 17934 "-" "Mozilla/5.0 (Linux; Android 6.0.1; Nexus 5X Build/MMB29P) AppleWebKit/537.36 (KHTML, like Gecko) Chrome/138.0.7204.183 Mobile Safari/537.36 (compatible; GoogleOther)"
57.141.6.31 - - [05/Aug/2025:16:21:12 +0300] "GET /shopdetail/19500873/ HTTP/2" 404 131191 "-" "meta-externalagent/1.1 (+https://developers.facebook.com/docs/sharing/webmasters/crawler)"
197.248.134.119 - - [05/Aug/2025:16:16:59 +0300] "GET /wp-content/plugins/wp-file-manager/css/images/ui-icons_555555_256x240.png HTTP/2" 200 7074 "https://karismamodernkitchen.com/wp-content/plugins/wp-file-manager/css/jquery-ui.css?ver=8.0.2" "Mozilla/5.0 (Windows NT 10.0; Win64; x64) AppleWebKit/537.36 (KHTML, like Gecko) Chrome/138.0.0.0 Safari/537.36"
197.248.134.119 - - [05/Aug/2025:16:16:55 +0300] "POST /wp-admin/admin-ajax.php HTTP/2" 200 0 "https://karismamodernkitchen.com/wp-admin/admin.php?page=wp_file_manager" "Mozilla/5.0 (Windows NT 10.0; Win64; x64) AppleWebKit/537.36 (KHTML, like Gecko) Chrome/138.0.0.0 Safari/537.36"
