31.13.103.2 - - [05/Aug/2025:16:44:54 +0300] "GET /product/jembe/ HTTP/1.1" 404 29258 "-" "facebookexternalhit/1.1 (+http://www.facebook.com/externalhit_uatext.php)"
47.128.22.78 - - [05/Aug/2025:16:41:06 +0300] "GET /shop/?orderby=date&product_brand=caterina%2Ckarisma%2Cgeneric&rating_filter=5 HTTP/2" 403 0 "-" "Mozilla/5.0 (Linux; Android 5.0) AppleWebKit/537.36 (KHTML, like Gecko) Mobile Safari/537.36 (compatible; Bytespider; spider-feedback@bytedance.com)"
66.249.69.198 - - [05/Aug/2025:16:41:19 +0300] "GET /shopdetail/11847395/ HTTP/1.1" 200 17577 "-" "Mozilla/5.0 (compatible; Googlebot/2.1; +http://www.google.com/bot.html)"
66.249.68.36 - - [05/Aug/2025:16:41:35 +0300] "GET /shopdetail/2057028/ HTTP/1.1" 200 17828 "-" "Mozilla/5.0 (Linux; Android 6.0.1; Nexus 5X Build/MMB29P) AppleWebKit/537.36 (KHTML, like Gecko) Chrome/138.0.7204.183 Mobile Safari/537.36 (compatible; GoogleOther)"
52.167.144.147 - - [05/Aug/2025:16:41:37 +0300] "GET /product/edit/17009664 HTTP/2" 200 18152 "-" "Mozilla/5.0 AppleWebKit/537.36 (KHTML, like Gecko; compatible; bingbot/2.0; +http://www.bing.com/bingbot.htm) Chrome/116.0.1938.76 Safari/537.36"
52.167.144.147 - - [05/Aug/2025:16:41:37 +0300] "GET /shopdetail/3557706/ HTTP/2" 200 17796 "-" "Mozilla/5.0 AppleWebKit/537.36 (KHTML, like Gecko; compatible; bingbot/2.0; +http://www.bing.com/bingbot.htm) Chrome/116.0.1938.76 Safari/537.36"
66.249.68.36 - - [05/Aug/2025:16:41:49 +0300] "GET /shopdetail/4944984/ HTTP/1.1" 200 17940 "-" "Mozilla/5.0 (compatible; Googlebot/2.1; +http://www.google.com/bot.html)"
66.249.68.36 - - [05/Aug/2025:16:41:50 +0300] "GET /shopdetail/4505462/ HTTP/1.1" 200 18333 "-" "Mozilla/5.0 (compatible; Googlebot/2.1; +http://www.google.com/bot.html)"
66.249.68.36 - - [05/Aug/2025:16:41:52 +0300] "GET /shopdetail/4465506/ HTTP/1.1" 200 18458 "-" "Mozilla/5.0 (compatible; Googlebot/2.1; +http://www.google.com/bot.html)"
57.141.6.8 - - [05/Aug/2025:16:42:07 +0300] "GET /shopdetail/25914451/ HTTP/2" 404 131191 "-" "meta-externalagent/1.1 (+https://developers.facebook.com/docs/sharing/webmasters/crawler)"
52.167.144.147 - - [05/Aug/2025:16:42:48 +0300] "GET /pcmypage?callback=product/review/54563800 HTTP/2" 200 17583 "-" "Mozilla/5.0 AppleWebKit/537.36 (KHTML, like Gecko; compatible; bingbot/2.0; +http://www.bing.com/bingbot.htm) Chrome/116.0.1938.76 Safari/537.36"
45.40.50.242 - - [05/Aug/2025:16:42:48 +0300] "GET /shop/page/7/?orderby=rating&add-to-wishlist=3945 HTTP/2" 200 32519 "https://karismamodernkitchen.com/shop/page/7/?orderby=rating&add-to-wishlist=3945" "Mozilla/5.0 (Windows NT 10.0; Win64; x64) AppleWebKit/537.36 (KHTML, like Gecko) Chrome/107.0.0.0 Safari/537.36"
66.249.68.36 - - [05/Aug/2025:16:42:54 +0300] "GET /shopdetail/11791806/ HTTP/1.1" 200 18372 "-" "Mozilla/5.0 (compatible; Googlebot/2.1; +http://www.google.com/bot.html)"
66.249.68.36 - - [05/Aug/2025:16:42:56 +0300] "GET /shopdetail/4554695/ HTTP/1.1" 200 17894 "-" "Mozilla/5.0 (compatible; Googlebot/2.1; +http://www.google.com/bot.html)"
66.249.68.37 - - [05/Aug/2025:16:43:16 +0300] "GET /shopdetail/19378384/ HTTP/1.1" 200 19386 "-" "Mozilla/5.0 (compatible; Googlebot/2.1; +http://www.google.com/bot.html)"
65.108.110.26 - - [05/Aug/2025:16:43:40 +0300] "GET /robots.txt HTTP/1.1" 200 77 "-" "Mozilla/5.0 (compatible; MJ12bot/v1.4.8; http://mj12bot.com/)"
65.108.110.26 - - [05/Aug/2025:16:43:42 +0300] "GET /product-brand/premier/?orderby=rating&product_brand=premier HTTP/1.1" 403 0 "-" "Mozilla/5.0 (compatible; MJ12bot/v1.4.8; http://mj12bot.com/)"
57.141.6.1 - - [05/Aug/2025:16:44:16 +0300] "GET /shopdetail/21279095/ HTTP/2" 404 131191 "-" "meta-externalagent/1.1 (+https://developers.facebook.com/docs/sharing/webmasters/crawler)"
45.40.50.158 - - [05/Aug/2025:16:44:53 +0300] "GET /shop/page/7/?orderby=rating&add-to-wishlist=4123 HTTP/2" 200 32569 "https://karismamodernkitchen.com/shop/page/7/?orderby=rating&add-to-wishlist=4123" "Mozilla/5.0 (Windows NT 10.0; Win64; x64) AppleWebKit/537.36 (KHTML, like Gecko) Chrome/101.0.4951.67 Safari/537.36"
47.128.35.87 - - [05/Aug/2025:16:45:15 +0300] "GET /product-brand/caterina/?orderby=popularity&product_brand=premier%2Ckarisma&rating_filter=5 HTTP/2" 403 0 "-" "Mozilla/5.0 (Linux; Android 5.0) AppleWebKit/537.36 (KHTML, like Gecko) Mobile Safari/537.36 (compatible; Bytespider; spider-feedback@bytedance.com)"
31.13.103.10 - - [05/Aug/2025:16:45:20 +0300] "GET /product/jembe/ HTTP/2" 404 131167 "-" "facebookexternalhit/1.1 (+http://www.facebook.com/externalhit_uatext.php)"
20.15.133.174 - - [05/Aug/2025:16:45:51 +0300] "GET /shopdetail/29290017/ HTTP/2" 200 18192 "-" "Mozilla/5.0 AppleWebKit/537.36 (KHTML, like Gecko; compatible; bingbot/2.0; +http://www.bing.com/bingbot.htm) Chrome/116.0.1938.76 Safari/537.36"
52.167.144.147 - - [05/Aug/2025:16:46:07 +0300] "GET /product/edit/95912682 HTTP/2" 200 18170 "-" "Mozilla/5.0 AppleWebKit/537.36 (KHTML, like Gecko; compatible; bingbot/2.0; +http://www.bing.com/bingbot.htm) Chrome/116.0.1938.76 Safari/537.36"
102.212.247.75 - - [05/Aug/2025:16:46:49 +0300] "POST /?wordfence_syncAttackData=1754401609.0826 HTTP/1.1" 200 0 "-" "WordPress/6.8.2; https://karismamodernkitchen.com"
197.248.134.119 - - [05/Aug/2025:16:46:47 +0300] "POST /wp-admin/admin-ajax.php HTTP/2" 200 51 "https://karismamodernkitchen.com/wp-admin/admin.php?page=wp_file_manager" "Mozilla/5.0 (Windows NT 10.0; Win64; x64) AppleWebKit/537.36 (KHTML, like Gecko) Chrome/138.0.0.0 Safari/537.36"
66.249.68.36 - - [05/Aug/2025:16:47:12 +0300] "GET /shopdetail/17589806/ HTTP/1.1" 200 18113 "-" "Mozilla/5.0 (Linux; Android 6.0.1; Nexus 5X Build/MMB29P) AppleWebKit/537.36 (KHTML, like Gecko) Chrome/138.0.7204.183 Mobile Safari/537.36 (compatible; GoogleOther)"
66.249.68.36 - - [05/Aug/2025:16:48:07 +0300] "GET /shopdetail/30217128/ HTTP/1.1" 200 17817 "-" "Mozilla/5.0 (Linux; Android 6.0.1; Nexus 5X Build/MMB29P) AppleWebKit/537.36 (KHTML, like Gecko) Chrome/138.0.7204.183 Mobile Safari/537.36 (compatible; GoogleOther)"
57.141.6.9 - - [05/Aug/2025:16:48:19 +0300] "GET /shopdetail/2625673/ HTTP/2" 404 131187 "-" "meta-externalagent/1.1 (+https://developers.facebook.com/docs/sharing/webmasters/crawler)"
66.249.68.36 - - [05/Aug/2025:16:48:47 +0300] "GET /shopdetail/11801095/ HTTP/1.1" 200 18377 "-" "Mozilla/5.0 (compatible; Googlebot/2.1; +http://www.google.com/bot.html)"
47.128.121.234 - - [05/Aug/2025:16:49:07 +0300] "GET /shop/?orderby=menu_order&product_brand=premier%2Cgeneric%2Ccaterina%2Ckarisma&rating_filter=5 HTTP/2" 403 0 "-" "Mozilla/5.0 (Linux; Android 5.0) AppleWebKit/537.36 (KHTML, like Gecko) Mobile Safari/537.36 (compatible; Bytespider; spider-feedback@bytedance.com)"
66.249.68.37 - - [05/Aug/2025:16:49:23 +0300] "GET /shopdetail/6918351/ HTTP/1.1" 200 19018 "-" "Mozilla/5.0 (compatible; Googlebot/2.1; +http://www.google.com/bot.html)"
66.249.68.36 - - [05/Aug/2025:16:49:40 +0300] "GET /shopdetail/8690039/ HTTP/1.1" 200 18365 "-" "Mozilla/5.0 (Linux; Android 6.0.1; Nexus 5X Build/MMB29P) AppleWebKit/537.36 (KHTML, like Gecko) Chrome/138.0.7204.183 Mobile Safari/537.36 (compatible; GoogleOther)"
66.249.68.36 - - [05/Aug/2025:16:49:49 +0300] "GET /shopdetail/4954295/ HTTP/1.1" 200 18478 "-" "Mozilla/5.0 (compatible; Googlebot/2.1; +http://www.google.com/bot.html)"
57.141.6.13 - - [05/Aug/2025:16:49:58 +0300] "GET /shopdetail/22178195/ HTTP/2" 404 131191 "-" "meta-externalagent/1.1 (+https://developers.facebook.com/docs/sharing/webmasters/crawler)"
52.167.144.161 - - [05/Aug/2025:16:50:09 +0300] "GET /product/grade-2-posho-mills/ HTTP/2" 200 18554 "-" "Mozilla/5.0 AppleWebKit/537.36 (KHTML, like Gecko; compatible; bingbot/2.0; +http://www.bing.com/bingbot.htm) Chrome/116.0.1938.76 Safari/537.36"
66.249.68.37 - - [05/Aug/2025:16:50:32 +0300] "GET /?add-to-cart=4315 HTTP/1.1" 200 18646 "-" "Mozilla/5.0 (Linux; Android 6.0.1; Nexus 5X Build/MMB29P) AppleWebKit/537.36 (KHTML, like Gecko) Chrome/138.0.7204.183 Mobile Safari/537.36 (compatible; Googlebot/2.1; +http://www.google.com/bot.html)"
57.141.6.13 - - [05/Aug/2025:16:44:54 +0300] "GET /shopdetail/18282095/ HTTP/2" 404 131191 "-" "meta-externalagent/1.1 (+https://developers.facebook.com/docs/sharing/webmasters/crawler)"
66.220.149.11 - - [05/Aug/2025:16:45:33 +0300] "GET /product/jembe/ HTTP/2" 404 131167 "-" "facebookexternalhit/1.1 (+http://www.facebook.com/externalhit_uatext.php)"
57.141.6.10 - - [05/Aug/2025:16:45:47 +0300] "GET /shopdetail/21478895/ HTTP/2" 404 131191 "-" "meta-externalagent/1.1 (+https://developers.facebook.com/docs/sharing/webmasters/crawler)"
66.249.68.36 - - [05/Aug/2025:16:46:48 +0300] "GET /page-sitemap.xml HTTP/1.1" 200 2851 "-" "Mozilla/5.0 (compatible; Googlebot/2.1; +http://www.google.com/bot.html)"
57.141.6.11 - - [05/Aug/2025:16:46:54 +0300] "GET /shopdetail/21958417/ HTTP/2" 404 131191 "-" "meta-externalagent/1.1 (+https://developers.facebook.com/docs/sharing/webmasters/crawler)"
45.40.50.130 - - [05/Aug/2025:16:47:00 +0300] "GET /shop/page/7/?orderby=menu_order&add-to-wishlist=4064 HTTP/2" 200 33472 "https://karismamodernkitchen.com/shop/page/7/?orderby=menu_order&add-to-wishlist=4064" "Mozilla/5.0 (Macintosh; Intel Mac OS X 10_15_7) AppleWebKit/537.36 (KHTML, like Gecko) Chrome/131.0.0.0 Safari/537.36"
57.141.6.3 - - [05/Aug/2025:16:47:26 +0300] "GET /shopdetail/18861517/ HTTP/2" 404 131191 "-" "meta-externalagent/1.1 (+https://developers.facebook.com/docs/sharing/webmasters/crawler)"
197.248.134.119 - - [05/Aug/2025:16:48:48 +0300] "POST /wp-admin/admin-ajax.php HTTP/2" 200 51 "https://karismamodernkitchen.com/wp-admin/admin.php?page=wp_file_manager" "Mozilla/5.0 (Windows NT 10.0; Win64; x64) AppleWebKit/537.36 (KHTML, like Gecko) Chrome/138.0.0.0 Safari/537.36"
154.156.57.67 - - [05/Aug/2025:16:48:53 +0300] "POST /?wc-ajax=get_refreshed_fragments HTTP/2" 200 0 "https://karismamodernkitchen.com/product-category/fabrications/stainless-steel/page/2/" "Mozilla/5.0 (Linux; Android 10; K) AppleWebKit/537.36 (KHTML, like Gecko) Chrome/135.0.0.0 Mobile Safari/537.36"
154.156.57.67 - - [05/Aug/2025:16:48:53 +0300] "POST /?wc-ajax=get_wishlist_fragments HTTP/2" 200 255 "https://karismamodernkitchen.com/product-category/fabrications/stainless-steel/page/2/" "Mozilla/5.0 (Linux; Android 10; K) AppleWebKit/537.36 (KHTML, like Gecko) Chrome/135.0.0.0 Mobile Safari/537.36"
154.156.57.67 - - [05/Aug/2025:16:48:53 +0300] "POST /?wc-ajax=get_compare_fragments HTTP/2" 200 241 "https://karismamodernkitchen.com/product-category/fabrications/stainless-steel/page/2/" "Mozilla/5.0 (Linux; Android 10; K) AppleWebKit/537.36 (KHTML, like Gecko) Chrome/135.0.0.0 Mobile Safari/537.36"
45.40.50.219 - - [05/Aug/2025:16:49:07 +0300] "GET /shop/page/7/?orderby=price&remove_compare_item=7d411dca7348327b71e894c52e76eeeb&_wpnonce=b2679503d8 HTTP/2" 200 33197 "https://karismamodernkitchen.com/shop/page/7/?orderby=price&remove_compare_item=7d411dca7348327b71e894c52e76eeeb&_wpnonce=b2679503d8" "Mozilla/5.0 (Windows NT 10.0; Win64; x64) AppleWebKit/537.36 (KHTML, like Gecko) Chrome/101.0.4951.67 Safari/537.36"
57.141.6.17 - - [05/Aug/2025:16:49:15 +0300] "GET /shopdetail/25035339/ HTTP/2" 404 131191 "-" "meta-externalagent/1.1 (+https://developers.facebook.com/docs/sharing/webmasters/crawler)"
66.249.68.37 - - [05/Aug/2025:16:50:03 +0300] "GET /shopdetail/23760051/ HTTP/1.1" 200 18743 "-" "Mozilla/5.0 (Linux; Android 6.0.1; Nexus 5X Build/MMB29P) AppleWebKit/537.36 (KHTML, like Gecko) Chrome/138.0.7204.183 Mobile Safari/537.36 (compatible; GoogleOther)"
66.249.68.36 - - [05/Aug/2025:16:50:35 +0300] "GET /shopdetail/7905051/ HTTP/1.1" 200 17698 "-" "Mozilla/5.0 (Linux; Android 6.0.1; Nexus 5X Build/MMB29P) AppleWebKit/537.36 (KHTML, like Gecko) Chrome/138.0.7204.183 Mobile Safari/537.36 (compatible; Googlebot/2.1; +http://www.google.com/bot.html)"
66.249.68.36 - - [05/Aug/2025:16:50:36 +0300] "GET /shopdetail/1491217/ HTTP/1.1" 200 18121 "-" "Mozilla/5.0 (Linux; Android 6.0.1; Nexus 5X Build/MMB29P) AppleWebKit/537.36 (KHTML, like Gecko) Chrome/138.0.7204.183 Mobile Safari/537.36 (compatible; Googlebot/2.1; +http://www.google.com/bot.html)"
66.249.68.36 - - [05/Aug/2025:16:50:37 +0300] "GET /shopdetail/8084617/ HTTP/1.1" 200 17893 "-" "Mozilla/5.0 (compatible; Googlebot/2.1; +http://www.google.com/bot.html)"
66.249.68.36 - - [05/Aug/2025:16:50:40 +0300] "GET /shopdetail/19136762/ HTTP/1.1" 200 18036 "-" "Mozilla/5.0 (compatible; Googlebot/2.1; +http://www.google.com/bot.html)"
66.249.68.36 - - [05/Aug/2025:16:50:43 +0300] "GET /shopdetail/4499106/ HTTP/1.1" 200 18298 "-" "Mozilla/5.0 (compatible; Googlebot/2.1; +http://www.google.com/bot.html)"
197.248.134.119 - - [05/Aug/2025:16:50:48 +0300] "POST /wp-admin/admin-ajax.php HTTP/2" 200 51 "https://karismamodernkitchen.com/wp-admin/admin.php?page=wp_file_manager" "Mozilla/5.0 (Windows NT 10.0; Win64; x64) AppleWebKit/537.36 (KHTML, like Gecko) Chrome/138.0.0.0 Safari/537.36"
57.141.6.6 - - [05/Aug/2025:16:50:56 +0300] "GET /shopdetail/5245117/ HTTP/2" 404 131187 "-" "meta-externalagent/1.1 (+https://developers.facebook.com/docs/sharing/webmasters/crawler)"
66.249.68.36 - - [05/Aug/2025:16:51:15 +0300] "GET /shopdetail/25537173/ HTTP/1.1" 200 18419 "-" "Mozilla/5.0 (Linux; Android 6.0.1; Nexus 5X Build/MMB29P) AppleWebKit/537.36 (KHTML, like Gecko) Chrome/138.0.7204.183 Mobile Safari/537.36 (compatible; Googlebot/2.1; +http://www.google.com/bot.html)"
66.249.68.36 - - [05/Aug/2025:16:51:20 +0300] "GET /shopdetail/19154773/ HTTP/1.1" 200 17468 "-" "Mozilla/5.0 (Linux; Android 6.0.1; Nexus 5X Build/MMB29P) AppleWebKit/537.36 (KHTML, like Gecko) Chrome/138.0.7204.183 Mobile Safari/537.36 (compatible; GoogleOther)"
66.249.68.36 - - [05/Aug/2025:16:51:30 +0300] "GET /shopdetail/4997462/ HTTP/1.1" 200 17369 "-" "Mozilla/5.0 (compatible; Googlebot/2.1; +http://www.google.com/bot.html)"
66.249.68.36 - - [05/Aug/2025:16:51:37 +0300] "GET /shopdetail/21401651/ HTTP/1.1" 200 18576 "-" "Mozilla/5.0 (Linux; Android 6.0.1; Nexus 5X Build/MMB29P) AppleWebKit/537.36 (KHTML, like Gecko) Chrome/138.0.7204.183 Mobile Safari/537.36 (compatible; Googlebot/2.1; +http://www.google.com/bot.html)"
66.249.68.36 - - [05/Aug/2025:16:51:38 +0300] "GET /shopdetail/4577884/ HTTP/1.1" 200 18214 "-" "Mozilla/5.0 (compatible; Googlebot/2.1; +http://www.google.com/bot.html)"
66.249.68.36 - - [05/Aug/2025:16:51:42 +0300] "GET /shopdetail/5884084/ HTTP/1.1" 200 17748 "-" "Mozilla/5.0 (compatible; Googlebot/2.1; +http://www.google.com/bot.html)"
66.249.68.36 - - [05/Aug/2025:16:51:43 +0300] "GET /shopdetail/6386317/ HTTP/1.1" 200 18172 "-" "Mozilla/5.0 (compatible; Googlebot/2.1; +http://www.google.com/bot.html)"
57.141.6.8 - - [05/Aug/2025:16:51:45 +0300] "GET /shopdetail/4246117/ HTTP/2" 404 131187 "-" "meta-externalagent/1.1 (+https://developers.facebook.com/docs/sharing/webmasters/crawler)"
66.249.68.36 - - [05/Aug/2025:16:51:49 +0300] "GET /shopdetail/15495351/ HTTP/1.1" 200 17466 "-" "Mozilla/5.0 (Linux; Android 6.0.1; Nexus 5X Build/MMB29P) AppleWebKit/537.36 (KHTML, like Gecko) Chrome/138.0.7204.183 Mobile Safari/537.36 (compatible; GoogleOther)"
66.249.68.36 - - [05/Aug/2025:16:52:01 +0300] "GET /shopdetail/8589739/ HTTP/1.1" 200 18883 "-" "Mozilla/5.0 (Linux; Android 6.0.1; Nexus 5X Build/MMB29P) AppleWebKit/537.36 (KHTML, like Gecko) Chrome/138.0.7204.183 Mobile Safari/537.36 (compatible; GoogleOther)"
66.249.68.37 - - [05/Aug/2025:16:52:11 +0300] "GET /shopdetail/8217051/ HTTP/1.1" 200 18223 "-" "Mozilla/5.0 (compatible; Googlebot/2.1; +http://www.google.com/bot.html)"
66.249.68.36 - - [05/Aug/2025:16:52:16 +0300] "GET /shopdetail/11653339/ HTTP/1.1" 200 19488 "-" "Mozilla/5.0 (Linux; Android 6.0.1; Nexus 5X Build/MMB29P) AppleWebKit/537.36 (KHTML, like Gecko) Chrome/138.0.7204.183 Mobile Safari/537.36 (compatible; GoogleOther)"
66.249.68.36 - - [05/Aug/2025:16:52:21 +0300] "GET /shopdetail/4591839/ HTTP/1.1" 200 18016 "-" "Mozilla/5.0 (compatible; Googlebot/2.1; +http://www.google.com/bot.html)"
66.249.68.36 - - [05/Aug/2025:16:52:24 +0300] "GET /shopdetail/11940951/ HTTP/1.1" 200 17567 "-" "Mozilla/5.0 (compatible; Googlebot/2.1; +http://www.google.com/bot.html)"
66.249.68.37 - - [05/Aug/2025:16:50:34 +0300] "GET /shopdetail/19158606/ HTTP/1.1" 200 18010 "-" "Mozilla/5.0 (compatible; Googlebot/2.1; +http://www.google.com/bot.html)"
66.249.68.36 - - [05/Aug/2025:16:50:50 +0300] "GET /product_cat-sitemap.xml HTTP/1.1" 200 2898 "-" "Mozilla/5.0 (compatible; Googlebot/2.1; +http://www.google.com/bot.html)"
66.249.68.36 - - [05/Aug/2025:16:50:59 +0300] "GET /shopdetail/5024906/ HTTP/1.1" 200 17513 "-" "Mozilla/5.0 (compatible; Googlebot/2.1; +http://www.google.com/bot.html)"
45.40.50.174 - - [05/Aug/2025:16:51:13 +0300] "GET /shop/page/7/?orderby=date&add_to_compare=4214 HTTP/2" 200 32722 "https://karismamodernkitchen.com/shop/page/7/?orderby=date&add_to_compare=4214" "Mozilla/5.0 (Windows NT 10.0; Win64; x64) AppleWebKit/537.36 (KHTML, like Gecko) Chrome/107.0.0.0 Safari/537.36"
66.249.68.36 - - [05/Aug/2025:16:52:16 +0300] "GET /shopdetail/5079484/ HTTP/1.1" 200 18227 "-" "Mozilla/5.0 (compatible; Googlebot/2.1; +http://www.google.com/bot.html)"
47.128.118.77 - - [05/Aug/2025:16:53:06 +0300] "GET /product-brand/caterina/?orderby=rating&product_brand=karisma%2Cpremier%2Cgeneric&rating_filter=5 HTTP/2" 403 0 "-" "Mozilla/5.0 (Linux; Android 5.0) AppleWebKit/537.36 (KHTML, like Gecko) Mobile Safari/537.36 (compatible; Bytespider; spider-feedback@bytedance.com)"
66.249.68.38 - - [05/Aug/2025:16:53:11 +0300] "GET /shopdetail/19964928/ HTTP/1.1" 200 18639 "-" "Mozilla/5.0 (Linux; Android 6.0.1; Nexus 5X Build/MMB29P) AppleWebKit/537.36 (KHTML, like Gecko) Chrome/138.0.7204.183 Mobile Safari/537.36 (compatible; GoogleOther)"
66.249.68.36 - - [05/Aug/2025:16:53:14 +0300] "GET /shopdetail/8241684/ HTTP/1.1" 200 17547 "-" "Mozilla/5.0 (compatible; Googlebot/2.1; +http://www.google.com/bot.html)"
57.141.6.10 - - [05/Aug/2025:16:53:17 +0300] "GET /shopdetail/26092217/ HTTP/2" 404 131191 "-" "meta-externalagent/1.1 (+https://developers.facebook.com/docs/sharing/webmasters/crawler)"
162.128.175.234 - - [05/Aug/2025:16:53:20 +0300] "GET /shop/page/7/?orderby=menu_order&add-to-wishlist=4344 HTTP/2" 200 33423 "https://karismamodernkitchen.com/shop/page/7/?orderby=menu_order&add-to-wishlist=4344" "Mozilla/5.0 (Windows NT 10.0; Win64; x64) AppleWebKit/537.36 (KHTML, like Gecko) Chrome/107.0.0.0 Safari/537.36"
52.167.144.23 - - [05/Aug/2025:16:53:32 +0300] "GET /pcmypage?callback=product/review/76597400 HTTP/2" 200 18329 "-" "Mozilla/5.0 AppleWebKit/537.36 (KHTML, like Gecko; compatible; bingbot/2.0; +http://www.bing.com/bingbot.htm) Chrome/116.0.1938.76 Safari/537.36"
66.249.68.36 - - [05/Aug/2025:16:53:36 +0300] "GET /shopdetail/15650084/ HTTP/1.1" 200 17823 "-" "Mozilla/5.0 (Linux; Android 6.0.1; Nexus 5X Build/MMB29P) AppleWebKit/537.36 (KHTML, like Gecko) Chrome/138.0.7204.183 Mobile Safari/537.36 (compatible; GoogleOther)"
66.249.68.36 - - [05/Aug/2025:16:53:40 +0300] "GET /shopdetail/6389528/ HTTP/1.1" 200 17775 "-" "Mozilla/5.0 (compatible; Googlebot/2.1; +http://www.google.com/bot.html)"
66.249.68.36 - - [05/Aug/2025:16:54:01 +0300] "GET /shopdetail/11062173/ HTTP/1.1" 200 17867 "-" "Mozilla/5.0 (Linux; Android 6.0.1; Nexus 5X Build/MMB29P) AppleWebKit/537.36 (KHTML, like Gecko) Chrome/138.0.7204.183 Mobile Safari/537.36 (compatible; GoogleOther)"
66.249.68.36 - - [05/Aug/2025:16:54:07 +0300] "GET /shopdetail/10616751/ HTTP/1.1" 200 17966 "-" "Mozilla/5.0 (Linux; Android 6.0.1; Nexus 5X Build/MMB29P) AppleWebKit/537.36 (KHTML, like Gecko) Chrome/138.0.7204.183 Mobile Safari/537.36 (compatible; GoogleOther)"
66.249.69.198 - - [05/Aug/2025:16:54:08 +0300] "GET /shopdetail/24713139/ HTTP/1.1" 200 18823 "-" "Mozilla/5.0 (Linux; Android 6.0.1; Nexus 5X Build/MMB29P) AppleWebKit/537.36 (KHTML, like Gecko) Chrome/138.0.7204.183 Mobile Safari/537.36 (compatible; GoogleOther)"
66.249.68.36 - - [05/Aug/2025:16:54:10 +0300] "GET /product_cat-sitemap.xml HTTP/1.1" 200 2993 "-" "Mozilla/5.0 (compatible; Googlebot/2.1; +http://www.google.com/bot.html)"
66.249.68.36 - - [05/Aug/2025:16:52:28 +0300] "GET /shopdetail/27577384/ HTTP/1.1" 200 18296 "-" "Mozilla/5.0 (Linux; Android 6.0.1; Nexus 5X Build/MMB29P) AppleWebKit/537.36 (KHTML, like Gecko) Chrome/138.0.7204.183 Mobile Safari/537.36 (compatible; GoogleOther)"
66.249.68.36 - - [05/Aug/2025:16:52:38 +0300] "GET /shopdetail/5019540/ HTTP/1.1" 200 17300 "-" "Mozilla/5.0 (compatible; Googlebot/2.1; +http://www.google.com/bot.html)"
57.141.6.9 - - [05/Aug/2025:16:52:35 +0300] "GET /shopdetail/27093273/ HTTP/2" 404 131191 "-" "meta-externalagent/1.1 (+https://developers.facebook.com/docs/sharing/webmasters/crawler)"
66.249.68.36 - - [05/Aug/2025:16:52:39 +0300] "GET /shopdetail/4628073/ HTTP/1.1" 200 18625 "-" "Mozilla/5.0 (compatible; Googlebot/2.1; +http://www.google.com/bot.html)"
66.249.68.36 - - [05/Aug/2025:16:52:56 +0300] "GET /shopdetail/7045851/ HTTP/1.1" 200 18038 "-" "Mozilla/5.0 (compatible; Googlebot/2.1; +http://www.google.com/bot.html)"
66.249.68.37 - - [05/Aug/2025:16:53:19 +0300] "GET /shopdetail/12120773/ HTTP/1.1" 200 18298 "-" "Mozilla/5.0 (compatible; Googlebot/2.1; +http://www.google.com/bot.html)"
66.249.68.36 - - [05/Aug/2025:16:53:40 +0300] "GET /shopdetail/21952628/ HTTP/1.1" 200 18564 "-" "Mozilla/5.0 (Linux; Android 6.0.1; Nexus 5X Build/MMB29P) AppleWebKit/537.36 (KHTML, like Gecko) Chrome/138.0.7204.183 Mobile Safari/537.36 (compatible; Googlebot/2.1; +http://www.google.com/bot.html)"
66.249.68.36 - - [05/Aug/2025:16:53:55 +0300] "GET /shopdetail/28431540/ HTTP/1.1" 200 18198 "-" "Mozilla/5.0 (compatible; Googlebot/2.1; +http://www.google.com/bot.html)"
66.249.68.36 - - [05/Aug/2025:16:53:55 +0300] "GET /shopdetail/27869884/ HTTP/1.1" 200 17185 "-" "Mozilla/5.0 (compatible; Googlebot/2.1; +http://www.google.com/bot.html)"
66.249.68.36 - - [05/Aug/2025:16:53:56 +0300] "GET /shopdetail/4640639/ HTTP/1.1" 200 18553 "-" "Mozilla/5.0 (compatible; Googlebot/2.1; +http://www.google.com/bot.html)"
66.249.68.36 - - [05/Aug/2025:16:53:59 +0300] "POST /get-message-notify HTTP/1.1" 200 17492 "https://karismamodernkitchen.com/shopdetail/19964928/" "Mozilla/5.0 (Linux; Android 6.0.1; Nexus 5X Build/MMB29P) AppleWebKit/537.36 (KHTML, like Gecko) Chrome/137.0.7151.119 Mobile Safari/537.36 (compatible; Googlebot/2.1; +http://www.google.com/bot.html)"
66.249.68.36 - - [05/Aug/2025:16:54:05 +0300] "GET /shopdetail/5124840/ HTTP/1.1" 200 18136 "-" "Mozilla/5.0 (compatible; Googlebot/2.1; +http://www.google.com/bot.html)"
57.141.6.7 - - [05/Aug/2025:16:54:27 +0300] "GET /shopdetail/30889473/ HTTP/2" 404 131191 "-" "meta-externalagent/1.1 (+https://developers.facebook.com/docs/sharing/webmasters/crawler)"
66.249.68.36 - - [05/Aug/2025:16:54:45 +0300] "GET /shopdetail/18821162/ HTTP/1.1" 404 25561 "-" "Mozilla/5.0 (compatible; Googlebot/2.1; +http://www.google.com/bot.html)"
57.141.6.23 - - [05/Aug/2025:16:54:58 +0300] "GET /shopdetail/2505795/ HTTP/2" 404 131187 "-" "meta-externalagent/1.1 (+https://developers.facebook.com/docs/sharing/webmasters/crawler)"
66.249.68.36 - - [05/Aug/2025:16:55:16 +0300] "GET /shopdetail/3455795/ HTTP/1.1" 404 25629 "-" "Mozilla/5.0 (Linux; Android 6.0.1; Nexus 5X Build/MMB29P) AppleWebKit/537.36 (KHTML, like Gecko) Chrome/138.0.7204.183 Mobile Safari/537.36 (compatible; Googlebot/2.1; +http://www.google.com/bot.html)"
45.40.50.167 - - [05/Aug/2025:16:55:26 +0300] "GET /shop/page/7/?orderby=date&remove_compare_item=99296ad1eb8cd89661d163ddea3f16f1&_wpnonce=b5e2deb4b7 HTTP/2" 200 32744 "https://karismamodernkitchen.com/shop/page/7/?orderby=date&remove_compare_item=99296ad1eb8cd89661d163ddea3f16f1&_wpnonce=b5e2deb4b7" "Mozilla/5.0 (Windows NT 10.0; Win64; x64) AppleWebKit/537.36 (KHTML, like Gecko) Chrome/101.0.4951.67 Safari/537.36"
197.248.134.119 - - [05/Aug/2025:16:55:30 +0300] "POST /wp-admin/admin-ajax.php HTTP/2" 200 51 "https://karismamodernkitchen.com/wp-admin/admin.php?page=wp_file_manager" "Mozilla/5.0 (Windows NT 10.0; Win64; x64) AppleWebKit/537.36 (KHTML, like Gecko) Chrome/138.0.0.0 Safari/537.36"
66.249.68.36 - - [05/Aug/2025:16:54:13 +0300] "GET /shopdetail/19055528/ HTTP/1.1" 200 19267 "-" "Mozilla/5.0 (compatible; Googlebot/2.1; +http://www.google.com/bot.html)"
66.249.68.36 - - [05/Aug/2025:16:54:13 +0300] "GET /shopdetail/11980917/ HTTP/1.1" 200 18280 "-" "Mozilla/5.0 (compatible; Googlebot/2.1; +http://www.google.com/bot.html)"
57.141.6.22 - - [05/Aug/2025:16:56:08 +0300] "GET /shopdetail/1428939/ HTTP/2" 404 131187 "-" "meta-externalagent/1.1 (+https://developers.facebook.com/docs/sharing/webmasters/crawler)"
52.167.144.161 - - [05/Aug/2025:16:56:38 +0300] "GET /product/edit/24160146 HTTP/2" 404 25611 "-" "Mozilla/5.0 AppleWebKit/537.36 (KHTML, like Gecko; compatible; bingbot/2.0; +http://www.bing.com/bingbot.htm) Chrome/116.0.1938.76 Safari/537.36"
162.128.175.146 - - [05/Aug/2025:16:57:33 +0300] "GET /shop/page/7/?orderby=price&remove_compare_item=440924c5948e05070663f88e69e8242b&_wpnonce=b2679503d8 HTTP/2" 200 33195 "https://karismamodernkitchen.com/shop/page/7/?orderby=price&remove_compare_item=440924c5948e05070663f88e69e8242b&_wpnonce=b2679503d8" "Mozilla/5.0 (Windows NT 10.0; Win64; x64) AppleWebKit/537.36 (KHTML, like Gecko) Chrome/101.0.4951.64 Safari/537.36 Edg/101.0.1210.47"
66.249.68.36 - - [05/Aug/2025:16:58:39 +0300] "POST /get-message-notify HTTP/1.1" 404 25585 "https://karismamodernkitchen.com/shopdetail/12217262/" "Mozilla/5.0 (Linux; Android 6.0.1; Nexus 5X Build/MMB29P) AppleWebKit/537.36 (KHTML, like Gecko) Chrome/137.0.7151.119 Mobile Safari/537.36 (compatible; Googlebot/2.1; +http://www.google.com/bot.html)"
66.249.68.36 - - [05/Aug/2025:16:58:42 +0300] "GET /shopdetail/13711828/ HTTP/1.1" 404 25562 "-" "Mozilla/5.0 (Linux; Android 6.0.1; Nexus 5X Build/MMB29P) AppleWebKit/537.36 (KHTML, like Gecko) Chrome/138.0.7204.183 Mobile Safari/537.36 (compatible; Googlebot/2.1; +http://www.google.com/bot.html)"
66.249.68.36 - - [05/Aug/2025:16:58:46 +0300] "GET /shopdetail/18721262/ HTTP/1.1" 404 25560 "-" "Mozilla/5.0 (compatible; Googlebot/2.1; +http://www.google.com/bot.html)"
66.249.68.36 - - [05/Aug/2025:16:59:08 +0300] "GET /robots.txt HTTP/1.1" 200 77 "-" "Mozilla/5.0 (compatible; Googlebot/2.1; +http://www.google.com/bot.html)"
197.248.211.61 - - [05/Aug/2025:16:59:18 +0300] "GET /?fbclid=IwY2xjawL-7X1leHRuA2FlbQIxMABicmlkETF0Wmoyd2swcFVPNUU1UjNLAR6jKJm1JF0v_uaEzFujTwqt4iGl4AzM_c6fR_MTQpgivd_EhTQd4OxOeuinOQ_aem_S5KdE4m9S3Xc-8CP8RiE0Q HTTP/2" 200 36093 "https://l.facebook.com/" "Mozilla/5.0 (Windows NT 10.0; Win64; x64) AppleWebKit/537.36 (KHTML, like Gecko) Chrome/138.0.0.0 Safari/537.36"
197.248.211.61 - - [05/Aug/2025:16:59:31 +0300] "GET /wp-content/plugins/header-footer-elementor/inc/widgets-css/frontend.css?ver=2.4.8 HTTP/2" 200 8154 "https://karismamodernkitchen.com/?fbclid=IwY2xjawL-7X1leHRuA2FlbQIxMABicmlkETF0Wmoyd2swcFVPNUU1UjNLAR6jKJm1JF0v_uaEzFujTwqt4iGl4AzM_c6fR_MTQpgivd_EhTQd4OxOeuinOQ_aem_S5KdE4m9S3Xc-8CP8RiE0Q" "Mozilla/5.0 (Windows NT 10.0; Win64; x64) AppleWebKit/537.36 (KHTML, like Gecko) Chrome/138.0.0.0 Safari/537.36"
197.248.211.61 - - [05/Aug/2025:16:59:31 +0300] "GET /wp-content/plugins/contact-form-7/includes/css/styles.css?ver=6.1.1 HTTP/2" 200 899 "https://karismamodernkitchen.com/?fbclid=IwY2xjawL-7X1leHRuA2FlbQIxMABicmlkETF0Wmoyd2swcFVPNUU1UjNLAR6jKJm1JF0v_uaEzFujTwqt4iGl4AzM_c6fR_MTQpgivd_EhTQd4OxOeuinOQ_aem_S5KdE4m9S3Xc-8CP8RiE0Q" "Mozilla/5.0 (Windows NT 10.0; Win64; x64) AppleWebKit/537.36 (KHTML, like Gecko) Chrome/138.0.0.0 Safari/537.36"
197.248.211.61 - - [05/Aug/2025:16:59:31 +0300] "GET /wp-content/plugins/revslider/public/css/sr7.css?ver=6.7.25 HTTP/2" 200 1308 "https://karismamodernkitchen.com/?fbclid=IwY2xjawL-7X1leHRuA2FlbQIxMABicmlkETF0Wmoyd2swcFVPNUU1UjNLAR6jKJm1JF0v_uaEzFujTwqt4iGl4AzM_c6fR_MTQpgivd_EhTQd4OxOeuinOQ_aem_S5KdE4m9S3Xc-8CP8RiE0Q" "Mozilla/5.0 (Windows NT 10.0; Win64; x64) AppleWebKit/537.36 (KHTML, like Gecko) Chrome/138.0.0.0 Safari/537.36"
197.248.211.61 - - [05/Aug/2025:16:59:31 +0300] "GET /wp-content/plugins/wcboost-products-compare/assets/css/compare.css?ver=1.0.8 HTTP/2" 200 1318 "https://karismamodernkitchen.com/?fbclid=IwY2xjawL-7X1leHRuA2FlbQIxMABicmlkETF0Wmoyd2swcFVPNUU1UjNLAR6jKJm1JF0v_uaEzFujTwqt4iGl4AzM_c6fR_MTQpgivd_EhTQd4OxOeuinOQ_aem_S5KdE4m9S3Xc-8CP8RiE0Q" "Mozilla/5.0 (Windows NT 10.0; Win64; x64) AppleWebKit/537.36 (KHTML, like Gecko) Chrome/138.0.0.0 Safari/537.36"
197.248.211.61 - - [05/Aug/2025:16:59:31 +0300] "GET /wp-content/plugins/wcboost-variation-swatches/assets/css/frontend.css?ver=1.1.2 HTTP/2" 200 1503 "https://karismamodernkitchen.com/?fbclid=IwY2xjawL-7X1leHRuA2FlbQIxMABicmlkETF0Wmoyd2swcFVPNUU1UjNLAR6jKJm1JF0v_uaEzFujTwqt4iGl4AzM_c6fR_MTQpgivd_EhTQd4OxOeuinOQ_aem_S5KdE4m9S3Xc-8CP8RiE0Q" "Mozilla/5.0 (Windows NT 10.0; Win64; x64) AppleWebKit/537.36 (KHTML, like Gecko) Chrome/138.0.0.0 Safari/537.36"
197.248.211.61 - - [05/Aug/2025:16:59:31 +0300] "GET /wp-content/plugins/wcboost-wishlist/assets/css/wishlist.css?ver=1.2.1 HTTP/2" 200 1164 "https://karismamodernkitchen.com/?fbclid=IwY2xjawL-7X1leHRuA2FlbQIxMABicmlkETF0Wmoyd2swcFVPNUU1UjNLAR6jKJm1JF0v_uaEzFujTwqt4iGl4AzM_c6fR_MTQpgivd_EhTQd4OxOeuinOQ_aem_S5KdE4m9S3Xc-8CP8RiE0Q" "Mozilla/5.0 (Windows NT 10.0; Win64; x64) AppleWebKit/537.36 (KHTML, like Gecko) Chrome/138.0.0.0 Safari/537.36"
197.248.211.61 - - [05/Aug/2025:16:59:31 +0300] "GET /wp-content/plugins/header-footer-elementor/assets/css/header-footer-elementor.css?ver=2.4.8 HTTP/2" 200 259 "https://karismamodernkitchen.com/?fbclid=IwY2xjawL-7X1leHRuA2FlbQIxMABicmlkETF0Wmoyd2swcFVPNUU1UjNLAR6jKJm1JF0v_uaEzFujTwqt4iGl4AzM_c6fR_MTQpgivd_EhTQd4OxOeuinOQ_aem_S5KdE4m9S3Xc-8CP8RiE0Q" "Mozilla/5.0 (Windows NT 10.0; Win64; x64) AppleWebKit/537.36 (KHTML, like Gecko) Chrome/138.0.0.0 Safari/537.36"
197.248.211.61 - - [05/Aug/2025:16:59:31 +0300] "GET /wp-content/uploads/elementor/css/post-8.css?ver=1754399781 HTTP/2" 200 378 "https://karismamodernkitchen.com/?fbclid=IwY2xjawL-7X1leHRuA2FlbQIxMABicmlkETF0Wmoyd2swcFVPNUU1UjNLAR6jKJm1JF0v_uaEzFujTwqt4iGl4AzM_c6fR_MTQpgivd_EhTQd4OxOeuinOQ_aem_S5KdE4m9S3Xc-8CP8RiE0Q" "Mozilla/5.0 (Windows NT 10.0; Win64; x64) AppleWebKit/537.36 (KHTML, like Gecko) Chrome/138.0.0.0 Safari/537.36"
197.248.211.61 - - [05/Aug/2025:16:59:31 +0300] "GET /wp-content/uploads/elementor/css/post-3401.css?ver=1754400205 HTTP/2" 200 1309 "https://karismamodernkitchen.com/?fbclid=IwY2xjawL-7X1leHRuA2FlbQIxMABicmlkETF0Wmoyd2swcFVPNUU1UjNLAR6jKJm1JF0v_uaEzFujTwqt4iGl4AzM_c6fR_MTQpgivd_EhTQd4OxOeuinOQ_aem_S5KdE4m9S3Xc-8CP8RiE0Q" "Mozilla/5.0 (Windows NT 10.0; Win64; x64) AppleWebKit/537.36 (KHTML, like Gecko) Chrome/138.0.0.0 Safari/537.36"
197.248.211.61 - - [05/Aug/2025:16:59:32 +0300] "GET /wp-content/uploads/elementor/css/post-4451.css?ver=1754399781 HTTP/2" 200 1846 "https://karismamodernkitchen.com/?fbclid=IwY2xjawL-7X1leHRuA2FlbQIxMABicmlkETF0Wmoyd2swcFVPNUU1UjNLAR6jKJm1JF0v_uaEzFujTwqt4iGl4AzM_c6fR_MTQpgivd_EhTQd4OxOeuinOQ_aem_S5KdE4m9S3Xc-8CP8RiE0Q" "Mozilla/5.0 (Windows NT 10.0; Win64; x64) AppleWebKit/537.36 (KHTML, like Gecko) Chrome/138.0.0.0 Safari/537.36"
197.248.211.61 - - [05/Aug/2025:16:59:32 +0300] "GET /wp-content/plugins/woo-order-on-whatsapp//assets/css/style.min.css?ver=2.4.1 HTTP/2" 200 315 "https://karismamodernkitchen.com/?fbclid=IwY2xjawL-7X1leHRuA2FlbQIxMABicmlkETF0Wmoyd2swcFVPNUU1UjNLAR6jKJm1JF0v_uaEzFujTwqt4iGl4AzM_c6fR_MTQpgivd_EhTQd4OxOeuinOQ_aem_S5KdE4m9S3Xc-8CP8RiE0Q" "Mozilla/5.0 (Windows NT 10.0; Win64; x64) AppleWebKit/537.36 (KHTML, like Gecko) Chrome/138.0.0.0 Safari/537.36"
197.248.211.61 - - [05/Aug/2025:16:59:32 +0300] "GET /wp-content/plugins/woocommerce/assets/css/brands.css?ver=10.0.4 HTTP/2" 200 579 "https://karismamodernkitchen.com/?fbclid=IwY2xjawL-7X1leHRuA2FlbQIxMABicmlkETF0Wmoyd2swcFVPNUU1UjNLAR6jKJm1JF0v_uaEzFujTwqt4iGl4AzM_c6fR_MTQpgivd_EhTQd4OxOeuinOQ_aem_S5KdE4m9S3Xc-8CP8RiE0Q" "Mozilla/5.0 (Windows NT 10.0; Win64; x64) AppleWebKit/537.36 (KHTML, like Gecko) Chrome/138.0.0.0 Safari/537.36"
197.248.211.61 - - [05/Aug/2025:16:59:32 +0300] "GET /wp-content/themes/martfury/css/eleganticons.min.css?ver=1.0.0 HTTP/2" 200 3783 "https://karismamodernkitchen.com/?fbclid=IwY2xjawL-7X1leHRuA2FlbQIxMABicmlkETF0Wmoyd2swcFVPNUU1UjNLAR6jKJm1JF0v_uaEzFujTwqt4iGl4AzM_c6fR_MTQpgivd_EhTQd4OxOeuinOQ_aem_S5KdE4m9S3Xc-8CP8RiE0Q" "Mozilla/5.0 (Windows NT 10.0; Win64; x64) AppleWebKit/537.36 (KHTML, like Gecko) Chrome/138.0.0.0 Safari/537.36"
197.248.211.61 - - [05/Aug/2025:16:59:32 +0300] "GET /wp-content/themes/martfury/css/bootstrap.min.css?ver=3.3.7 HTTP/2" 200 3727 "https://karismamodernkitchen.com/?fbclid=IwY2xjawL-7X1leHRuA2FlbQIxMABicmlkETF0Wmoyd2swcFVPNUU1UjNLAR6jKJm1JF0v_uaEzFujTwqt4iGl4AzM_c6fR_MTQpgivd_EhTQd4OxOeuinOQ_aem_S5KdE4m9S3Xc-8CP8RiE0Q" "Mozilla/5.0 (Windows NT 10.0; Win64; x64) AppleWebKit/537.36 (KHTML, like Gecko) Chrome/138.0.0.0 Safari/537.36"
197.248.211.61 - - [05/Aug/2025:16:59:32 +0300] "GET /wp-content/plugins/woocommerce/assets/css/photoswipe/photoswipe.min.css?ver=10.0.4 HTTP/2" 200 857 "https://karismamodernkitchen.com/?fbclid=IwY2xjawL-7X1leHRuA2FlbQIxMABicmlkETF0Wmoyd2swcFVPNUU1UjNLAR6jKJm1JF0v_uaEzFujTwqt4iGl4AzM_c6fR_MTQpgivd_EhTQd4OxOeuinOQ_aem_S5KdE4m9S3Xc-8CP8RiE0Q" "Mozilla/5.0 (Windows NT 10.0; Win64; x64) AppleWebKit/537.36 (KHTML, like Gecko) Chrome/138.0.0.0 Safari/537.36"
197.248.211.61 - - [05/Aug/2025:16:59:32 +0300] "GET /wp-content/plugins/woocommerce/assets/css/photoswipe/default-skin/default-skin.min.css?ver=10.0.4 HTTP/2" 200 1759 "https://karismamodernkitchen.com/?fbclid=IwY2xjawL-7X1leHRuA2FlbQIxMABicmlkETF0Wmoyd2swcFVPNUU1UjNLAR6jKJm1JF0v_uaEzFujTwqt4iGl4AzM_c6fR_MTQpgivd_EhTQd4OxOeuinOQ_aem_S5KdE4m9S3Xc-8CP8RiE0Q" "Mozilla/5.0 (Windows NT 10.0; Win64; x64) AppleWebKit/537.36 (KHTML, like Gecko) Chrome/138.0.0.0 Safari/537.36"
197.248.211.61 - - [05/Aug/2025:16:59:32 +0300] "GET /wp-content/plugins/woocommerce-deals/assets/css/tawc-deals.css?ver=1.0.0 HTTP/2" 200 301 "https://karismamodernkitchen.com/?fbclid=IwY2xjawL-7X1leHRuA2FlbQIxMABicmlkETF0Wmoyd2swcFVPNUU1UjNLAR6jKJm1JF0v_uaEzFujTwqt4iGl4AzM_c6fR_MTQpgivd_EhTQd4OxOeuinOQ_aem_S5KdE4m9S3Xc-8CP8RiE0Q" "Mozilla/5.0 (Windows NT 10.0; Win64; x64) AppleWebKit/537.36 (KHTML, like Gecko) Chrome/138.0.0.0 Safari/537.36"
197.248.211.61 - - [05/Aug/2025:16:59:32 +0300] "GET /wp-content/themes/martfury/inc/modules/product-bought-together/assets/product-bought-together.css?ver=1.0.0 HTTP/2" 200 1353 "https://karismamodernkitchen.com/?fbclid=IwY2xjawL-7X1leHRuA2FlbQIxMABicmlkETF0Wmoyd2swcFVPNUU1UjNLAR6jKJm1JF0v_uaEzFujTwqt4iGl4AzM_c6fR_MTQpgivd_EhTQd4OxOeuinOQ_aem_S5KdE4m9S3Xc-8CP8RiE0Q" "Mozilla/5.0 (Windows NT 10.0; Win64; x64) AppleWebKit/537.36 (KHTML, like Gecko) Chrome/138.0.0.0 Safari/537.36"
197.248.211.61 - - [05/Aug/2025:16:59:32 +0300] "GET /wp-content/plugins/elementor/assets/lib/eicons/css/elementor-icons.min.css?ver=5.34.0 HTTP/2" 200 3989 "https://karismamodernkitchen.com/?fbclid=IwY2xjawL-7X1leHRuA2FlbQIxMABicmlkETF0Wmoyd2swcFVPNUU1UjNLAR6jKJm1JF0v_uaEzFujTwqt4iGl4AzM_c6fR_MTQpgivd_EhTQd4OxOeuinOQ_aem_S5KdE4m9S3Xc-8CP8RiE0Q" "Mozilla/5.0 (Windows NT 10.0; Win64; x64) AppleWebKit/537.36 (KHTML, like Gecko) Chrome/138.0.0.0 Safari/537.36"
197.248.211.61 - - [05/Aug/2025:16:59:32 +0300] "GET /wp-content/plugins/elementor/assets/css/widget-icon-list.min.css?ver=3.24.3 HTTP/2" 200 957 "https://karismamodernkitchen.com/?fbclid=IwY2xjawL-7X1leHRuA2FlbQIxMABicmlkETF0Wmoyd2swcFVPNUU1UjNLAR6jKJm1JF0v_uaEzFujTwqt4iGl4AzM_c6fR_MTQpgivd_EhTQd4OxOeuinOQ_aem_S5KdE4m9S3Xc-8CP8RiE0Q" "Mozilla/5.0 (Windows NT 10.0; Win64; x64) AppleWebKit/537.36 (KHTML, like Gecko) Chrome/138.0.0.0 Safari/537.36"
197.248.211.61 - - [05/Aug/2025:16:59:32 +0300] "GET /wp-content/plugins/elementor/assets/css/widget-social-icons.min.css?ver=3.24.0 HTTP/2" 200 1069 "https://karismamodernkitchen.com/?fbclid=IwY2xjawL-7X1leHRuA2FlbQIxMABicmlkETF0Wmoyd2swcFVPNUU1UjNLAR6jKJm1JF0v_uaEzFujTwqt4iGl4AzM_c6fR_MTQpgivd_EhTQd4OxOeuinOQ_aem_S5KdE4m9S3Xc-8CP8RiE0Q" "Mozilla/5.0 (Windows NT 10.0; Win64; x64) AppleWebKit/537.36 (KHTML, like Gecko) Chrome/138.0.0.0 Safari/537.36"
197.248.211.61 - - [05/Aug/2025:16:59:32 +0300] "GET /wp-content/plugins/elementor/assets/lib/font-awesome/css/brands.css?ver=5.15.3 HTTP/2" 200 296 "https://karismamodernkitchen.com/?fbclid=IwY2xjawL-7X1leHRuA2FlbQIxMABicmlkETF0Wmoyd2swcFVPNUU1UjNLAR6jKJm1JF0v_uaEzFujTwqt4iGl4AzM_c6fR_MTQpgivd_EhTQd4OxOeuinOQ_aem_S5KdE4m9S3Xc-8CP8RiE0Q" "Mozilla/5.0 (Windows NT 10.0; Win64; x64) AppleWebKit/537.36 (KHTML, like Gecko) Chrome/138.0.0.0 Safari/537.36"
197.248.211.61 - - [05/Aug/2025:16:59:32 +0300] "GET /wp-content/plugins/elementor/assets/lib/font-awesome/css/solid.css?ver=5.15.3 HTTP/2" 200 296 "https://karismamodernkitchen.com/?fbclid=IwY2xjawL-7X1leHRuA2FlbQIxMABicmlkETF0Wmoyd2swcFVPNUU1UjNLAR6jKJm1JF0v_uaEzFujTwqt4iGl4AzM_c6fR_MTQpgivd_EhTQd4OxOeuinOQ_aem_S5KdE4m9S3Xc-8CP8RiE0Q" "Mozilla/5.0 (Windows NT 10.0; Win64; x64) AppleWebKit/537.36 (KHTML, like Gecko) Chrome/138.0.0.0 Safari/537.36"
197.248.211.61 - - [05/Aug/2025:16:59:32 +0300] "GET /wp-content/uploads/elementor/google-fonts/css/roboto.css?ver=1743492454 HTTP/2" 200 1875 "https://karismamodernkitchen.com/?fbclid=IwY2xjawL-7X1leHRuA2FlbQIxMABicmlkETF0Wmoyd2swcFVPNUU1UjNLAR6jKJm1JF0v_uaEzFujTwqt4iGl4AzM_c6fR_MTQpgivd_EhTQd4OxOeuinOQ_aem_S5KdE4m9S3Xc-8CP8RiE0Q" "Mozilla/5.0 (Windows NT 10.0; Win64; x64) AppleWebKit/537.36 (KHTML, like Gecko) Chrome/138.0.0.0 Safari/537.36"
197.248.211.61 - - [05/Aug/2025:16:59:32 +0300] "GET /wp-content/uploads/elementor/google-fonts/css/robotoslab.css?ver=1743492470 HTTP/2" 200 712 "https://karismamodernkitchen.com/?fbclid=IwY2xjawL-7X1leHRuA2FlbQIxMABicmlkETF0Wmoyd2swcFVPNUU1UjNLAR6jKJm1JF0v_uaEzFujTwqt4iGl4AzM_c6fR_MTQpgivd_EhTQd4OxOeuinOQ_aem_S5KdE4m9S3Xc-8CP8RiE0Q" "Mozilla/5.0 (Windows NT 10.0; Win64; x64) AppleWebKit/537.36 (KHTML, like Gecko) Chrome/138.0.0.0 Safari/537.36"
197.248.211.61 - - [05/Aug/2025:16:59:32 +0300] "GET /wp-content/uploads/elementor/google-fonts/css/ubuntu.css?ver=1744291618 HTTP/2" 200 813 "https://karismamodernkitchen.com/?fbclid=IwY2xjawL-7X1leHRuA2FlbQIxMABicmlkETF0Wmoyd2swcFVPNUU1UjNLAR6jKJm1JF0v_uaEzFujTwqt4iGl4AzM_c6fR_MTQpgivd_EhTQd4OxOeuinOQ_aem_S5KdE4m9S3Xc-8CP8RiE0Q" "Mozilla/5.0 (Windows NT 10.0; Win64; x64) AppleWebKit/537.36 (KHTML, like Gecko) Chrome/138.0.0.0 Safari/537.36"
197.248.211.61 - - [05/Aug/2025:16:59:32 +0300] "GET /wp-content/themes/martfury/fonts/eleganticons.woff2 HTTP/2" 200 21728 "https://karismamodernkitchen.com/?fbclid=IwY2xjawL-7X1leHRuA2FlbQIxMABicmlkETF0Wmoyd2swcFVPNUU1UjNLAR6jKJm1JF0v_uaEzFujTwqt4iGl4AzM_c6fR_MTQpgivd_EhTQd4OxOeuinOQ_aem_S5KdE4m9S3Xc-8CP8RiE0Q" "Mozilla/5.0 (Windows NT 10.0; Win64; x64) AppleWebKit/537.36 (KHTML, like Gecko) Chrome/138.0.0.0 Safari/537.36"
197.248.211.61 - - [05/Aug/2025:16:59:32 +0300] "GET /wp-includes/js/jquery/jquery.min.js?ver=3.7.1 HTTP/2" 200 29744 "https://karismamodernkitchen.com/?fbclid=IwY2xjawL-7X1leHRuA2FlbQIxMABicmlkETF0Wmoyd2swcFVPNUU1UjNLAR6jKJm1JF0v_uaEzFujTwqt4iGl4AzM_c6fR_MTQpgivd_EhTQd4OxOeuinOQ_aem_S5KdE4m9S3Xc-8CP8RiE0Q" "Mozilla/5.0 (Windows NT 10.0; Win64; x64) AppleWebKit/537.36 (KHTML, like Gecko) Chrome/138.0.0.0 Safari/537.36"
197.248.211.61 - - [05/Aug/2025:16:59:32 +0300] "GET /wp-includes/js/wp-util.min.js?ver=6.8.2 HTTP/2" 200 690 "https://karismamodernkitchen.com/?fbclid=IwY2xjawL-7X1leHRuA2FlbQIxMABicmlkETF0Wmoyd2swcFVPNUU1UjNLAR6jKJm1JF0v_uaEzFujTwqt4iGl4AzM_c6fR_MTQpgivd_EhTQd4OxOeuinOQ_aem_S5KdE4m9S3Xc-8CP8RiE0Q" "Mozilla/5.0 (Windows NT 10.0; Win64; x64) AppleWebKit/537.36 (KHTML, like Gecko) Chrome/138.0.0.0 Safari/537.36"
197.248.211.61 - - [05/Aug/2025:16:59:32 +0300] "GET /wp-content/themes/martfury/js/plugins/waypoints.min.js?ver=2.0.2 HTTP/2" 200 2466 "https://karismamodernkitchen.com/?fbclid=IwY2xjawL-7X1leHRuA2FlbQIxMABicmlkETF0Wmoyd2swcFVPNUU1UjNLAR6jKJm1JF0v_uaEzFujTwqt4iGl4AzM_c6fR_MTQpgivd_EhTQd4OxOeuinOQ_aem_S5KdE4m9S3Xc-8CP8RiE0Q" "Mozilla/5.0 (Windows NT 10.0; Win64; x64) AppleWebKit/537.36 (KHTML, like Gecko) Chrome/138.0.0.0 Safari/537.36"
197.248.211.61 - - [05/Aug/2025:16:59:31 +0300] "GET /wp-content/plugins/woocommerce/assets/css/woocommerce.css?ver=10.0.4 HTTP/2" 200 10172 "https://karismamodernkitchen.com/?fbclid=IwY2xjawL-7X1leHRuA2FlbQIxMABicmlkETF0Wmoyd2swcFVPNUU1UjNLAR6jKJm1JF0v_uaEzFujTwqt4iGl4AzM_c6fR_MTQpgivd_EhTQd4OxOeuinOQ_aem_S5KdE4m9S3Xc-8CP8RiE0Q" "Mozilla/5.0 (Windows NT 10.0; Win64; x64) AppleWebKit/537.36 (KHTML, like Gecko) Chrome/138.0.0.0 Safari/537.36"
197.248.211.61 - - [05/Aug/2025:16:59:31 +0300] "GET /wp-content/plugins/elementor/assets/css/frontend.min.css?ver=3.30.4 HTTP/2" 200 6482 "https://karismamodernkitchen.com/?fbclid=IwY2xjawL-7X1leHRuA2FlbQIxMABicmlkETF0Wmoyd2swcFVPNUU1UjNLAR6jKJm1JF0v_uaEzFujTwqt4iGl4AzM_c6fR_MTQpgivd_EhTQd4OxOeuinOQ_aem_S5KdE4m9S3Xc-8CP8RiE0Q" "Mozilla/5.0 (Windows NT 10.0; Win64; x64) AppleWebKit/537.36 (KHTML, like Gecko) Chrome/138.0.0.0 Safari/537.36"
197.248.211.61 - - [05/Aug/2025:16:59:32 +0300] "GET /wp-content/themes/martfury/css/linearicons.min.css?ver=1.0.0 HTTP/2" 200 7263 "https://karismamodernkitchen.com/?fbclid=IwY2xjawL-7X1leHRuA2FlbQIxMABicmlkETF0Wmoyd2swcFVPNUU1UjNLAR6jKJm1JF0v_uaEzFujTwqt4iGl4AzM_c6fR_MTQpgivd_EhTQd4OxOeuinOQ_aem_S5KdE4m9S3Xc-8CP8RiE0Q" "Mozilla/5.0 (Windows NT 10.0; Win64; x64) AppleWebKit/537.36 (KHTML, like Gecko) Chrome/138.0.0.0 Safari/537.36"
197.248.211.61 - - [05/Aug/2025:16:59:32 +0300] "GET /wp-content/themes/martfury/css/ionicons.min.css?ver=2.0.0 HTTP/2" 200 7480 "https://karismamodernkitchen.com/?fbclid=IwY2xjawL-7X1leHRuA2FlbQIxMABicmlkETF0Wmoyd2swcFVPNUU1UjNLAR6jKJm1JF0v_uaEzFujTwqt4iGl4AzM_c6fR_MTQpgivd_EhTQd4OxOeuinOQ_aem_S5KdE4m9S3Xc-8CP8RiE0Q" "Mozilla/5.0 (Windows NT 10.0; Win64; x64) AppleWebKit/537.36 (KHTML, like Gecko) Chrome/138.0.0.0 Safari/537.36"
197.248.211.61 - - [05/Aug/2025:16:59:32 +0300] "GET /wp-content/plugins/elementor/assets/lib/font-awesome/css/font-awesome.min.css?ver=4.7.0 HTTP/2" 200 6657 "https://karismamodernkitchen.com/?fbclid=IwY2xjawL-7X1leHRuA2FlbQIxMABicmlkETF0Wmoyd2swcFVPNUU1UjNLAR6jKJm1JF0v_uaEzFujTwqt4iGl4AzM_c6fR_MTQpgivd_EhTQd4OxOeuinOQ_aem_S5KdE4m9S3Xc-8CP8RiE0Q" "Mozilla/5.0 (Windows NT 10.0; Win64; x64) AppleWebKit/537.36 (KHTML, like Gecko) Chrome/138.0.0.0 Safari/537.36"
197.248.211.61 - - [05/Aug/2025:16:59:32 +0300] "GET /wp-content/plugins/elementor/assets/lib/font-awesome/css/fontawesome.css?ver=5.15.3 HTTP/2" 200 12526 "https://karismamodernkitchen.com/?fbclid=IwY2xjawL-7X1leHRuA2FlbQIxMABicmlkETF0Wmoyd2swcFVPNUU1UjNLAR6jKJm1JF0v_uaEzFujTwqt4iGl4AzM_c6fR_MTQpgivd_EhTQd4OxOeuinOQ_aem_S5KdE4m9S3Xc-8CP8RiE0Q" "Mozilla/5.0 (Windows NT 10.0; Win64; x64) AppleWebKit/537.36 (KHTML, like Gecko) Chrome/138.0.0.0 Safari/537.36"
197.248.211.61 - - [05/Aug/2025:16:59:32 +0300] "GET /wp-content/plugins/martfury-addons/assets/css/linearicons.min.css?ver=1.0.0 HTTP/2" 200 7448 "https://karismamodernkitchen.com/?fbclid=IwY2xjawL-7X1leHRuA2FlbQIxMABicmlkETF0Wmoyd2swcFVPNUU1UjNLAR6jKJm1JF0v_uaEzFujTwqt4iGl4AzM_c6fR_MTQpgivd_EhTQd4OxOeuinOQ_aem_S5KdE4m9S3Xc-8CP8RiE0Q" "Mozilla/5.0 (Windows NT 10.0; Win64; x64) AppleWebKit/537.36 (KHTML, like Gecko) Chrome/138.0.0.0 Safari/537.36"
197.248.211.61 - - [05/Aug/2025:16:59:32 +0300] "GET /wp-content/themes/martfury/style.css?ver=20221123 HTTP/2" 200 82362 "https://karismamodernkitchen.com/?fbclid=IwY2xjawL-7X1leHRuA2FlbQIxMABicmlkETF0Wmoyd2swcFVPNUU1UjNLAR6jKJm1JF0v_uaEzFujTwqt4iGl4AzM_c6fR_MTQpgivd_EhTQd4OxOeuinOQ_aem_S5KdE4m9S3Xc-8CP8RiE0Q" "Mozilla/5.0 (Windows NT 10.0; Win64; x64) AppleWebKit/537.36 (KHTML, like Gecko) Chrome/138.0.0.0 Safari/537.36"
197.248.211.61 - - [05/Aug/2025:16:59:31 +0300] "GET /wp-content/themes/martfury/fonts/linearicons.woff2 HTTP/2" 200 146392 "https://karismamodernkitchen.com/?fbclid=IwY2xjawL-7X1leHRuA2FlbQIxMABicmlkETF0Wmoyd2swcFVPNUU1UjNLAR6jKJm1JF0v_uaEzFujTwqt4iGl4AzM_c6fR_MTQpgivd_EhTQd4OxOeuinOQ_aem_S5KdE4m9S3Xc-8CP8RiE0Q" "Mozilla/5.0 (Windows NT 10.0; Win64; x64) AppleWebKit/537.36 (KHTML, like Gecko) Chrome/138.0.0.0 Safari/537.36"
197.248.211.61 - - [05/Aug/2025:16:59:32 +0300] "GET /wp-content/themes/martfury/fonts/ionicons.woff2 HTTP/2" 200 85612 "https://karismamodernkitchen.com/?fbclid=IwY2xjawL-7X1leHRuA2FlbQIxMABicmlkETF0Wmoyd2swcFVPNUU1UjNLAR6jKJm1JF0v_uaEzFujTwqt4iGl4AzM_c6fR_MTQpgivd_EhTQd4OxOeuinOQ_aem_S5KdE4m9S3Xc-8CP8RiE0Q" "Mozilla/5.0 (Windows NT 10.0; Win64; x64) AppleWebKit/537.36 (KHTML, like Gecko) Chrome/138.0.0.0 Safari/537.36"
197.248.211.61 - - [05/Aug/2025:16:59:32 +0300] "GET /wp-content/uploads/2025/04/Stainless-Steel-Fridge-Single-door-600x600.png HTTP/2" 200 56337 "https://karismamodernkitchen.com/?fbclid=IwY2xjawL-7X1leHRuA2FlbQIxMABicmlkETF0Wmoyd2swcFVPNUU1UjNLAR6jKJm1JF0v_uaEzFujTwqt4iGl4AzM_c6fR_MTQpgivd_EhTQd4OxOeuinOQ_aem_S5KdE4m9S3Xc-8CP8RiE0Q" "Mozilla/5.0 (Windows NT 10.0; Win64; x64) AppleWebKit/537.36 (KHTML, like Gecko) Chrome/138.0.0.0 Safari/537.36"
197.248.211.61 - - [05/Aug/2025:16:59:32 +0300] "GET /wp-includes/js/jquery/jquery-migrate.min.js?ver=3.4.1 HTTP/2" 200 4678 "https://karismamodernkitchen.com/?fbclid=IwY2xjawL-7X1leHRuA2FlbQIxMABicmlkETF0Wmoyd2swcFVPNUU1UjNLAR6jKJm1JF0v_uaEzFujTwqt4iGl4AzM_c6fR_MTQpgivd_EhTQd4OxOeuinOQ_aem_S5KdE4m9S3Xc-8CP8RiE0Q" "Mozilla/5.0 (Windows NT 10.0; Win64; x64) AppleWebKit/537.36 (KHTML, like Gecko) Chrome/138.0.0.0 Safari/537.36"
197.248.211.61 - - [05/Aug/2025:16:59:32 +0300] "GET /wp-includes/js/underscore.min.js?ver=1.13.7 HTTP/2" 200 7185 "https://karismamodernkitchen.com/?fbclid=IwY2xjawL-7X1leHRuA2FlbQIxMABicmlkETF0Wmoyd2swcFVPNUU1UjNLAR6jKJm1JF0v_uaEzFujTwqt4iGl4AzM_c6fR_MTQpgivd_EhTQd4OxOeuinOQ_aem_S5KdE4m9S3Xc-8CP8RiE0Q" "Mozilla/5.0 (Windows NT 10.0; Win64; x64) AppleWebKit/537.36 (KHTML, like Gecko) Chrome/138.0.0.0 Safari/537.36"
197.248.211.61 - - [05/Aug/2025:16:59:32 +0300] "GET /wp-content/themes/martfury/inc/modules/product-bought-together/assets/product-bought-together.js?ver=1.0.0 HTTP/2" 200 4857 "https://karismamodernkitchen.com/?fbclid=IwY2xjawL-7X1leHRuA2FlbQIxMABicmlkETF0Wmoyd2swcFVPNUU1UjNLAR6jKJm1JF0v_uaEzFujTwqt4iGl4AzM_c6fR_MTQpgivd_EhTQd4OxOeuinOQ_aem_S5KdE4m9S3Xc-8CP8RiE0Q" "Mozilla/5.0 (Windows NT 10.0; Win64; x64) AppleWebKit/537.36 (KHTML, like Gecko) Chrome/138.0.0.0 Safari/537.36"
197.248.211.61 - - [05/Aug/2025:16:59:31 +0300] "GET /wp-content/uploads/2024/12/KARISMA-1.png HTTP/2" 200 19255 "https://karismamodernkitchen.com/?fbclid=IwY2xjawL-7X1leHRuA2FlbQIxMABicmlkETF0Wmoyd2swcFVPNUU1UjNLAR6jKJm1JF0v_uaEzFujTwqt4iGl4AzM_c6fR_MTQpgivd_EhTQd4OxOeuinOQ_aem_S5KdE4m9S3Xc-8CP8RiE0Q" "Mozilla/5.0 (Windows NT 10.0; Win64; x64) AppleWebKit/537.36 (KHTML, like Gecko) Chrome/138.0.0.0 Safari/537.36"
197.248.211.61 - - [05/Aug/2025:16:59:33 +0300] "GET /wp-content/uploads/2025/04/Stainless-Steel-Fridge-2-door-600x600.png HTTP/2" 200 72696 "https://karismamodernkitchen.com/?fbclid=IwY2xjawL-7X1leHRuA2FlbQIxMABicmlkETF0Wmoyd2swcFVPNUU1UjNLAR6jKJm1JF0v_uaEzFujTwqt4iGl4AzM_c6fR_MTQpgivd_EhTQd4OxOeuinOQ_aem_S5KdE4m9S3Xc-8CP8RiE0Q" "Mozilla/5.0 (Windows NT 10.0; Win64; x64) AppleWebKit/537.36 (KHTML, like Gecko) Chrome/138.0.0.0 Safari/537.36"
197.248.211.61 - - [05/Aug/2025:16:59:34 +0300] "GET /wp-content/uploads/2025/04/Meat-Chiller-5ft-Imported-1-600x600.png HTTP/2" 200 57016 "https://karismamodernkitchen.com/?fbclid=IwY2xjawL-7X1leHRuA2FlbQIxMABicmlkETF0Wmoyd2swcFVPNUU1UjNLAR6jKJm1JF0v_uaEzFujTwqt4iGl4AzM_c6fR_MTQpgivd_EhTQd4OxOeuinOQ_aem_S5KdE4m9S3Xc-8CP8RiE0Q" "Mozilla/5.0 (Windows NT 10.0; Win64; x64) AppleWebKit/537.36 (KHTML, like Gecko) Chrome/138.0.0.0 Safari/537.36"
197.248.211.61 - - [05/Aug/2025:16:59:34 +0300] "GET /wp-content/plugins/woocommerce/assets/client/blocks/wc-blocks.css?ver=wc-10.0.4 HTTP/2" 200 2357 "https://karismamodernkitchen.com/?fbclid=IwY2xjawL-7X1leHRuA2FlbQIxMABicmlkETF0Wmoyd2swcFVPNUU1UjNLAR6jKJm1JF0v_uaEzFujTwqt4iGl4AzM_c6fR_MTQpgivd_EhTQd4OxOeuinOQ_aem_S5KdE4m9S3Xc-8CP8RiE0Q" "Mozilla/5.0 (Windows NT 10.0; Win64; x64) AppleWebKit/537.36 (KHTML, like Gecko) Chrome/138.0.0.0 Safari/537.36"
197.248.211.61 - - [05/Aug/2025:16:59:34 +0300] "GET /wp-content/plugins/elementor/assets/css/widget-icon-box.min.css?ver=3.30.4 HTTP/2" 200 656 "https://karismamodernkitchen.com/?fbclid=IwY2xjawL-7X1leHRuA2FlbQIxMABicmlkETF0Wmoyd2swcFVPNUU1UjNLAR6jKJm1JF0v_uaEzFujTwqt4iGl4AzM_c6fR_MTQpgivd_EhTQd4OxOeuinOQ_aem_S5KdE4m9S3Xc-8CP8RiE0Q" "Mozilla/5.0 (Windows NT 10.0; Win64; x64) AppleWebKit/537.36 (KHTML, like Gecko) Chrome/138.0.0.0 Safari/537.36"
197.248.211.61 - - [05/Aug/2025:16:59:34 +0300] "GET /wp-content/plugins/elementor/assets/css/widget-divider.min.css?ver=3.30.4 HTTP/2" 200 705 "https://karismamodernkitchen.com/?fbclid=IwY2xjawL-7X1leHRuA2FlbQIxMABicmlkETF0Wmoyd2swcFVPNUU1UjNLAR6jKJm1JF0v_uaEzFujTwqt4iGl4AzM_c6fR_MTQpgivd_EhTQd4OxOeuinOQ_aem_S5KdE4m9S3Xc-8CP8RiE0Q" "Mozilla/5.0 (Windows NT 10.0; Win64; x64) AppleWebKit/537.36 (KHTML, like Gecko) Chrome/138.0.0.0 Safari/537.36"
197.248.211.61 - - [05/Aug/2025:16:59:34 +0300] "GET /wp-content/plugins/elementor/assets/css/widget-heading.min.css?ver=3.30.4 HTTP/2" 200 154 "https://karismamodernkitchen.com/?fbclid=IwY2xjawL-7X1leHRuA2FlbQIxMABicmlkETF0Wmoyd2swcFVPNUU1UjNLAR6jKJm1JF0v_uaEzFujTwqt4iGl4AzM_c6fR_MTQpgivd_EhTQd4OxOeuinOQ_aem_S5KdE4m9S3Xc-8CP8RiE0Q" "Mozilla/5.0 (Windows NT 10.0; Win64; x64) AppleWebKit/537.36 (KHTML, like Gecko) Chrome/138.0.0.0 Safari/537.36"
197.248.211.61 - - [05/Aug/2025:16:59:34 +0300] "GET /wp-content/plugins/elementor/assets/css/widget-image.min.css?ver=3.30.4 HTTP/2" 200 119 "https://karismamodernkitchen.com/?fbclid=IwY2xjawL-7X1leHRuA2FlbQIxMABicmlkETF0Wmoyd2swcFVPNUU1UjNLAR6jKJm1JF0v_uaEzFujTwqt4iGl4AzM_c6fR_MTQpgivd_EhTQd4OxOeuinOQ_aem_S5KdE4m9S3Xc-8CP8RiE0Q" "Mozilla/5.0 (Windows NT 10.0; Win64; x64) AppleWebKit/537.36 (KHTML, like Gecko) Chrome/138.0.0.0 Safari/537.36"
