154.156.57.67 - - [05/Aug/2025:15:52:27 +0300] "GET /wp-content/uploads/2025/02/Water-Purifying-Machines.png HTTP/2" 200 261881 "https://karismamodernkitchen.com/product-category/fabrications/stainless-steel/page/2/" "Mozilla/5.0 (Linux; Android 10; K) AppleWebKit/537.36 (KHTML, like Gecko) Chrome/135.0.0.0 Mobile Safari/537.36"
154.156.57.67 - - [05/Aug/2025:15:52:27 +0300] "GET /wp-content/uploads/2025/02/Stainless-Steel-Stair-Handrails.png HTTP/2" 200 452529 "https://karismamodernkitchen.com/product-category/fabrications/stainless-steel/page/2/" "Mozilla/5.0 (Linux; Android 10; K) AppleWebKit/537.36 (KHTML, like Gecko) Chrome/135.0.0.0 Mobile Safari/537.36"
154.156.57.67 - - [05/Aug/2025:15:52:27 +0300] "GET /wp-content/uploads/2025/03/Reverse-osmosis-System.png HTTP/2" 200 504822 "https://karismamodernkitchen.com/product-category/fabrications/stainless-steel/page/2/" "Mozilla/5.0 (Linux; Android 10; K) AppleWebKit/537.36 (KHTML, like Gecko) Chrome/135.0.0.0 Mobile Safari/537.36"
66.249.68.36 - - [05/Aug/2025:15:53:06 +0300] "GET /shopdetail/26612251/ HTTP/1.1" 200 18866 "-" "Mozilla/5.0 (Linux; Android 6.0.1; Nexus 5X Build/MMB29P) AppleWebKit/537.36 (KHTML, like Gecko) Chrome/138.0.7204.183 Mobile Safari/537.36 (compatible; Googlebot/2.1; +http://www.google.com/bot.html)"
66.249.68.36 - - [05/Aug/2025:15:53:23 +0300] "GET /shopdetail/29561562/ HTTP/1.1" 200 18610 "-" "Mozilla/5.0 (Linux; Android 6.0.1; Nexus 5X Build/MMB29P) AppleWebKit/537.36 (KHTML, like Gecko) Chrome/138.0.7204.183 Mobile Safari/537.36 (compatible; GoogleOther)"
66.249.68.36 - - [05/Aug/2025:15:53:27 +0300] "POST /get-message-notify HTTP/1.1" 200 17492 "https://karismamodernkitchen.com/shopdetail/29561562/" "Mozilla/5.0 (Linux; Android 6.0.1; Nexus 5X Build/MMB29P) AppleWebKit/537.36 (KHTML, like Gecko) Chrome/137.0.7151.119 Mobile Safari/537.36 (compatible; Googlebot/2.1; +http://www.google.com/bot.html)"
66.249.68.36 - - [05/Aug/2025:15:53:38 +0300] "GET /robots.txt HTTP/1.1" 200 77 "-" "Mozilla/5.0 (compatible; Googlebot/2.1; +http://www.google.com/bot.html)"
66.249.68.36 - - [05/Aug/2025:15:53:44 +0300] "GET /shopdetail/22281740/ HTTP/1.1" 200 18213 "-" "Mozilla/5.0 (Linux; Android 6.0.1; Nexus 5X Build/MMB29P) AppleWebKit/537.36 (KHTML, like Gecko) Chrome/138.0.7204.183 Mobile Safari/537.36 (compatible; GoogleOther)"
66.249.68.37 - - [05/Aug/2025:15:54:13 +0300] "GET /shopdetail/13727540/ HTTP/1.1" 200 18344 "-" "Mozilla/5.0 (Linux; Android 6.0.1; Nexus 5X Build/MMB29P) AppleWebKit/537.36 (KHTML, like Gecko) Chrome/138.0.7204.183 Mobile Safari/537.36 (compatible; GoogleOther)"
45.40.50.166 - - [05/Aug/2025:15:54:13 +0300] "GET /shop/page/6/?orderby=date&add-to-wishlist=3755 HTTP/2" 200 32395 "https://karismamodernkitchen.com/shop/page/6/?orderby=date&add-to-wishlist=3755" "Mozilla/5.0 (Macintosh; Intel Mac OS X 10_15_7) AppleWebKit/537.36 (KHTML, like Gecko) Chrome/123.0.0.0 Safari/537.36"
66.249.68.36 - - [05/Aug/2025:15:54:30 +0300] "GET /shopdetail/19523306/ HTTP/1.1" 200 18392 "-" "Mozilla/5.0 (Linux; Android 6.0.1; Nexus 5X Build/MMB29P) AppleWebKit/537.36 (KHTML, like Gecko) Chrome/138.0.7204.183 Mobile Safari/537.36 (compatible; GoogleOther)"
57.141.6.6 - - [05/Aug/2025:15:54:45 +0300] "GET /shopdetail/26072239/ HTTP/2" 404 131191 "-" "meta-externalagent/1.1 (+https://developers.facebook.com/docs/sharing/webmasters/crawler)"
66.249.68.37 - - [05/Aug/2025:15:55:16 +0300] "POST /get-message-notify HTTP/1.1" 200 17492 "https://karismamodernkitchen.com/shopdetail/18154906/" "Mozilla/5.0 (Linux; Android 6.0.1; Nexus 5X Build/MMB29P) AppleWebKit/537.36 (KHTML, like Gecko) Chrome/137.0.7151.119 Mobile Safari/537.36 (compatible; Googlebot/2.1; +http://www.google.com/bot.html)"
52.167.144.209 - - [05/Aug/2025:15:55:23 +0300] "GET /shopdetail/19172039/ HTTP/2" 200 18763 "-" "Mozilla/5.0 AppleWebKit/537.36 (KHTML, like Gecko; compatible; bingbot/2.0; +http://www.bing.com/bingbot.htm) Chrome/116.0.1938.76 Safari/537.36"
66.249.68.36 - - [05/Aug/2025:15:55:23 +0300] "GET /shopdetail/27386940/ HTTP/1.1" 200 18064 "-" "Mozilla/5.0 (Linux; Android 6.0.1; Nexus 5X Build/MMB29P) AppleWebKit/537.36 (KHTML, like Gecko) Chrome/138.0.7204.183 Mobile Safari/537.36 (compatible; GoogleOther)"
66.249.68.36 - - [05/Aug/2025:15:55:28 +0300] "POST /get-message-notify HTTP/1.1" 200 17492 "https://karismamodernkitchen.com/shopdetail/15340628/" "Mozilla/5.0 (Linux; Android 6.0.1; Nexus 5X Build/MMB29P) AppleWebKit/537.36 (KHTML, like Gecko) Chrome/137.0.7151.119 Mobile Safari/537.36 (compatible; Googlebot/2.1; +http://www.google.com/bot.html)"
66.249.68.36 - - [05/Aug/2025:15:55:49 +0300] "GET /shopdetail/20717651/ HTTP/1.1" 200 17792 "-" "Mozilla/5.0 (Linux; Android 6.0.1; Nexus 5X Build/MMB29P) AppleWebKit/537.36 (KHTML, like Gecko) Chrome/138.0.7204.183 Mobile Safari/537.36 (compatible; GoogleOther)"
52.167.144.187 - - [05/Aug/2025:15:53:02 +0300] "GET /pcmypage?callback=product/review/88919634 HTTP/2" 200 18352 "-" "Mozilla/5.0 AppleWebKit/537.36 (KHTML, like Gecko; compatible; bingbot/2.0; +http://www.bing.com/bingbot.htm) Chrome/116.0.1938.76 Safari/537.36"
57.141.6.16 - - [05/Aug/2025:15:53:20 +0300] "GET /shopdetail/18162217/ HTTP/2" 404 131191 "-" "meta-externalagent/1.1 (+https://developers.facebook.com/docs/sharing/webmasters/crawler)"
20.14.99.111 - - [05/Aug/2025:15:53:39 +0300] "GET /shopdetail/7530751/ HTTP/2" 404 25629 "-" "Mozilla/5.0 (Macintosh; Intel Mac OS X 10_15_7) AppleWebKit/537.36 (KHTML, like Gecko) Chrome/131.0.0.0 Safari/537.36; compatible; OAI-SearchBot/1.0; +https://openai.com/searchbot"
66.249.68.38 - - [05/Aug/2025:15:55:06 +0300] "GET /robots.txt HTTP/1.1" 200 77 "-" "Mozilla/5.0 (compatible; Googlebot/2.1; +http://www.google.com/bot.html)"
66.249.68.37 - - [05/Aug/2025:15:55:10 +0300] "GET /shopdetail/2727217/ HTTP/1.1" 200 18651 "-" "Mozilla/5.0 (Linux; Android 6.0.1; Nexus 5X Build/MMB29P) AppleWebKit/537.36 (KHTML, like Gecko) Chrome/138.0.7204.183 Mobile Safari/537.36 (compatible; GoogleOther)"
57.141.6.16 - - [05/Aug/2025:15:55:16 +0300] "GET /shopdetail/27972395/ HTTP/2" 404 131191 "-" "meta-externalagent/1.1 (+https://developers.facebook.com/docs/sharing/webmasters/crawler)"
66.249.68.36 - - [05/Aug/2025:15:55:34 +0300] "GET /shopdetail/25487906/ HTTP/1.1" 200 17964 "-" "Mozilla/5.0 (Linux; Android 6.0.1; Nexus 5X Build/MMB29P) AppleWebKit/537.36 (KHTML, like Gecko) Chrome/138.0.7204.183 Mobile Safari/537.36 (compatible; GoogleOther)"
40.77.167.50 - - [05/Aug/2025:15:55:37 +0300] "GET /product/edit/91955353 HTTP/2" 200 18542 "-" "Mozilla/5.0 AppleWebKit/537.36 (KHTML, like Gecko; compatible; bingbot/2.0; +http://www.bing.com/bingbot.htm) Chrome/116.0.1938.76 Safari/537.36"
66.249.68.36 - - [05/Aug/2025:15:55:40 +0300] "POST /get-message-notify HTTP/1.1" 200 17492 "https://karismamodernkitchen.com/shopdetail/25487906/" "Mozilla/5.0 (Linux; Android 6.0.1; Nexus 5X Build/MMB29P) AppleWebKit/537.36 (KHTML, like Gecko) Chrome/137.0.7151.119 Mobile Safari/537.36 (compatible; Googlebot/2.1; +http://www.google.com/bot.html)"
47.128.21.157 - - [05/Aug/2025:15:55:40 +0300] "GET /shop/page/1/?product_brand=sab-italy%2Cpremier%2Ckarisma%2Cgeneric HTTP/2" 403 0 "-" "Mozilla/5.0 (Linux; Android 5.0) AppleWebKit/537.36 (KHTML, like Gecko) Mobile Safari/537.36 (compatible; Bytespider; spider-feedback@bytedance.com)"
66.249.68.36 - - [05/Aug/2025:15:55:58 +0300] "GET /shopdetail/14206184/ HTTP/1.1" 200 17462 "-" "Mozilla/5.0 (Linux; Android 6.0.1; Nexus 5X Build/MMB29P) AppleWebKit/537.36 (KHTML, like Gecko) Chrome/138.0.7204.183 Mobile Safari/537.36 (compatible; GoogleOther)"
66.249.68.37 - - [05/Aug/2025:15:56:05 +0300] "GET /shopdetail/12638773/ HTTP/1.1" 200 18604 "-" "Mozilla/5.0 (compatible; Googlebot/2.1; +http://www.google.com/bot.html)"
57.141.6.22 - - [05/Aug/2025:15:56:04 +0300] "GET /shopdetail/1726573/ HTTP/2" 404 131187 "-" "meta-externalagent/1.1 (+https://developers.facebook.com/docs/sharing/webmasters/crawler)"
66.249.68.36 - - [05/Aug/2025:15:56:10 +0300] "GET /robots.txt HTTP/1.1" 200 77 "-" "Mozilla/5.0 (compatible; Googlebot/2.1; +http://www.google.com/bot.html)"
66.249.68.36 - - [05/Aug/2025:15:56:20 +0300] "GET /shopdetail/6131728/ HTTP/1.1" 200 17194 "-" "Mozilla/5.0 (Linux; Android 6.0.1; Nexus 5X Build/MMB29P) AppleWebKit/537.36 (KHTML, like Gecko) Chrome/138.0.7204.183 Mobile Safari/537.36 (compatible; GoogleOther)"
57.141.6.30 - - [05/Aug/2025:15:56:52 +0300] "GET /shopdetail/26953417/ HTTP/2" 404 131191 "-" "meta-externalagent/1.1 (+https://developers.facebook.com/docs/sharing/webmasters/crawler)"
66.249.68.38 - - [05/Aug/2025:15:57:21 +0300] "GET /robots.txt HTTP/1.1" 200 77 "-" "Mozilla/5.0 (compatible; Googlebot/2.1; +http://www.google.com/bot.html)"
57.141.6.9 - - [05/Aug/2025:15:57:34 +0300] "GET /shopdetail/26991317/ HTTP/2" 404 131191 "-" "meta-externalagent/1.1 (+https://developers.facebook.com/docs/sharing/webmasters/crawler)"
66.249.68.37 - - [05/Aug/2025:15:56:10 +0300] "GET /shopdetail/12093739/ HTTP/1.1" 200 18403 "-" "Mozilla/5.0 (Linux; Android 6.0.1; Nexus 5X Build/MMB29P) AppleWebKit/537.36 (KHTML, like Gecko) Chrome/138.0.7204.183 Mobile Safari/537.36 (compatible; GoogleOther)"
188.239.10.213 - - [05/Aug/2025:15:56:19 +0300] "GET /product-category/fabrications/stainless-steel/page/2/?orderby=popularity&remove_compare_item=adc8ca1b15e20915c3ea6008fc2f52ed&_wpnonce=d6ac33a831 HTTP/2" 200 31412 "https://karismamodernkitchen.com/product-category/fabrications/stainless-steel/page/2/?orderby=popularity&remove_compare_item=adc8ca1b15e20915c3ea6008fc2f52ed&_wpnonce=d6ac33a831" "Mozilla/5.0 (Macintosh; Intel Mac OS X 10_15_7) AppleWebKit/537.36 (KHTML, like Gecko) Chrome/131.0.0.0 Safari/537.36"
66.249.68.36 - - [05/Aug/2025:15:56:27 +0300] "GET /shopdetail/17236151/ HTTP/1.1" 200 18089 "-" "Mozilla/5.0 (Linux; Android 6.0.1; Nexus 5X Build/MMB29P) AppleWebKit/537.36 (KHTML, like Gecko) Chrome/138.0.7204.183 Mobile Safari/537.36 (compatible; GoogleOther)"
66.249.68.36 - - [05/Aug/2025:15:56:38 +0300] "GET /shopdetail/22476328/ HTTP/1.1" 200 17907 "-" "Mozilla/5.0 (Linux; Android 6.0.1; Nexus 5X Build/MMB29P) AppleWebKit/537.36 (KHTML, like Gecko) Chrome/138.0.7204.183 Mobile Safari/537.36 (compatible; GoogleOther)"
52.167.144.209 - - [05/Aug/2025:15:56:38 +0300] "GET /product/single-deck-gas-oven/ HTTP/2" 200 18458 "-" "Mozilla/5.0 AppleWebKit/537.36 (KHTML, like Gecko; compatible; bingbot/2.0; +http://www.bing.com/bingbot.htm) Chrome/116.0.1938.76 Safari/537.36"
66.249.68.36 - - [05/Aug/2025:15:56:47 +0300] "POST /get-message-notify HTTP/1.1" 200 17492 "https://karismamodernkitchen.com/shopdetail/22476328/" "Mozilla/5.0 (Linux; Android 6.0.1; Nexus 5X Build/MMB29P) AppleWebKit/537.36 (KHTML, like Gecko) Chrome/137.0.7151.119 Mobile Safari/537.36 (compatible; Googlebot/2.1; +http://www.google.com/bot.html)"
66.249.68.36 - - [05/Aug/2025:15:56:55 +0300] "GET /shopdetail/24393506/ HTTP/1.1" 200 18864 "-" "Mozilla/5.0 (Linux; Android 6.0.1; Nexus 5X Build/MMB29P) AppleWebKit/537.36 (KHTML, like Gecko) Chrome/138.0.7204.183 Mobile Safari/537.36 (compatible; Googlebot/2.1; +http://www.google.com/bot.html)"
45.40.50.139 - - [05/Aug/2025:15:58:26 +0300] "GET /shop/page/7/?orderby=date&add_to_compare=4210 HTTP/2" 200 32665 "https://karismamodernkitchen.com/shop/page/7/?orderby=date&add_to_compare=4210" "Mozilla/5.0 (Windows NT 10.0; Win64; x64) AppleWebKit/537.36 (KHTML, like Gecko) Chrome/116.0.0.0 Safari/537.36"
66.249.68.36 - - [05/Aug/2025:15:58:59 +0300] "GET /robots.txt HTTP/1.1" 200 77 "-" "Mozilla/5.0 (compatible; Googlebot/2.1; +http://www.google.com/bot.html)"
57.141.6.22 - - [05/Aug/2025:15:59:26 +0300] "GET /shopdetail/20140239/ HTTP/2" 404 131191 "-" "meta-externalagent/1.1 (+https://developers.facebook.com/docs/sharing/webmasters/crawler)"
47.128.126.19 - - [05/Aug/2025:15:59:40 +0300] "GET /product-brand/karisma/?orderby=date&product_brand=premier%2Ckarisma&rating_filter=5 HTTP/2" 403 0 "-" "Mozilla/5.0 (Linux; Android 5.0) AppleWebKit/537.36 (KHTML, like Gecko) Mobile Safari/537.36 (compatible; Bytespider; spider-feedback@bytedance.com)"
57.141.6.14 - - [05/Aug/2025:16:00:14 +0300] "GET /shopdetail/18739573/ HTTP/2" 404 131191 "-" "meta-externalagent/1.1 (+https://developers.facebook.com/docs/sharing/webmasters/crawler)"
66.249.68.37 - - [05/Aug/2025:16:00:24 +0300] "POST /get-message-notify HTTP/1.1" 200 17492 "https://karismamodernkitchen.com/shopdetail/2933073/" "Mozilla/5.0 (Linux; Android 6.0.1; Nexus 5X Build/MMB29P) AppleWebKit/537.36 (KHTML, like Gecko) Chrome/137.0.7151.119 Mobile Safari/537.36 (compatible; Googlebot/2.1; +http://www.google.com/bot.html)"
85.208.96.200 - - [05/Aug/2025:16:00:28 +0300] "GET /product-tag/coolers-kenya/ HTTP/1.1" 403 0 "-" "Mozilla/5.0 (compatible; SemrushBot/7~bl; +http://www.semrush.com/bot.html)"
102.212.247.75 - - [05/Aug/2025:16:00:33 +0300] "POST /?wordfence_syncAttackData=1754398833.3878 HTTP/1.1" 200 0 "-" "WordPress/6.8.2; https://karismamodernkitchen.com"
66.249.68.37 - - [05/Aug/2025:16:02:03 +0300] "GET /shopdetail/16214884/ HTTP/1.1" 200 17868 "-" "Mozilla/5.0 (Linux; Android 6.0.1; Nexus 5X Build/MMB29P) AppleWebKit/537.36 (KHTML, like Gecko) Chrome/138.0.7204.183 Mobile Safari/537.36 (compatible; GoogleOther)"
66.249.68.37 - - [05/Aug/2025:16:02:06 +0300] "POST /get-message-notify HTTP/1.1" 200 17492 "https://karismamodernkitchen.com/shopdetail/17839451/" "Mozilla/5.0 (Linux; Android 6.0.1; Nexus 5X Build/MMB29P) AppleWebKit/537.36 (KHTML, like Gecko) Chrome/137.0.7151.119 Mobile Safari/537.36 (compatible; Googlebot/2.1; +http://www.google.com/bot.html)"
66.249.68.37 - - [05/Aug/2025:16:02:09 +0300] "GET /shopdetail/5152140/ HTTP/1.1" 200 17189 "-" "Mozilla/5.0 (Linux; Android 6.0.1; Nexus 5X Build/MMB29P) AppleWebKit/537.36 (KHTML, like Gecko) Chrome/138.0.7204.183 Mobile Safari/537.36 (compatible; GoogleOther)"
114.119.136.86 - - [05/Aug/2025:16:02:10 +0300] "GET /shop/?product_brand=generic,karisma,caterina,premier,sab-italy&rating_filter=5 HTTP/1.1" 403 0 "https://karismamodernkitchen.com/shop/?product_brand=generic%2Ckarisma%2Ccaterina%2Cpremier%2Csab-italy" "Mozilla/5.0 (Linux; Android 7.0;) AppleWebKit/537.36 (KHTML, like Gecko) Mobile Safari/537.36 (compatible; PetalBot;+https://webmaster.petalsearch.com/site/petalbot)"
66.249.68.36 - - [05/Aug/2025:16:02:14 +0300] "GET /shopdetail/8697662/ HTTP/1.1" 200 18131 "-" "Mozilla/5.0 (Linux; Android 6.0.1; Nexus 5X Build/MMB29P) AppleWebKit/537.36 (KHTML, like Gecko) Chrome/138.0.7204.183 Mobile Safari/537.36 (compatible; GoogleOther)"
66.249.68.36 - - [05/Aug/2025:16:02:25 +0300] "GET /shopdetail/25021684/ HTTP/1.1" 200 17778 "-" "Mozilla/5.0 (Linux; Android 6.0.1; Nexus 5X Build/MMB29P) AppleWebKit/537.36 (KHTML, like Gecko) Chrome/138.0.7204.183 Mobile Safari/537.36 (compatible; GoogleOther)"
94.74.85.216 - - [05/Aug/2025:16:02:39 +0300] "GET /product-tag/butchering-saw/?remove_compare_item=7171e95248ff768e1ebee3edde01ea7a&_wpnonce=6106005304 HTTP/2" 200 27767 "https://karismamodernkitchen.com/product-tag/butchering-saw/?remove_compare_item=7171e95248ff768e1ebee3edde01ea7a&_wpnonce=6106005304" "Mozilla/5.0 (Windows NT 10.0; Win64; x64) AppleWebKit/537.36 (KHTML, like Gecko) Chrome/101.0.4951.67 Safari/537.36"
66.249.68.38 - - [05/Aug/2025:16:03:01 +0300] "GET /shopdetail/14501039/ HTTP/1.1" 200 18437 "-" "Mozilla/5.0 (Linux; Android 6.0.1; Nexus 5X Build/MMB29P) AppleWebKit/537.36 (KHTML, like Gecko) Chrome/138.0.7204.183 Mobile Safari/537.36 (compatible; GoogleOther)"
66.249.68.36 - - [05/Aug/2025:16:03:06 +0300] "GET /shopdetail/7551306/ HTTP/1.1" 200 18395 "-" "Mozilla/5.0 (Linux; Android 6.0.1; Nexus 5X Build/MMB29P) AppleWebKit/537.36 (KHTML, like Gecko) Chrome/138.0.7204.183 Mobile Safari/537.36 (compatible; GoogleOther)"
66.249.68.36 - - [05/Aug/2025:16:04:55 +0300] "GET /shopdetail/23149428/ HTTP/1.1" 200 17497 "-" "Mozilla/5.0 (Linux; Android 6.0.1; Nexus 5X Build/MMB29P) AppleWebKit/537.36 (KHTML, like Gecko) Chrome/138.0.7204.183 Mobile Safari/537.36 (compatible; GoogleOther)"
66.249.68.36 - - [05/Aug/2025:16:04:59 +0300] "GET /shopdetail/26411484/ HTTP/1.1" 200 18690 "-" "Mozilla/5.0 (Linux; Android 6.0.1; Nexus 5X Build/MMB29P) AppleWebKit/537.36 (KHTML, like Gecko) Chrome/138.0.7204.183 Mobile Safari/537.36 (compatible; Googlebot/2.1; +http://www.google.com/bot.html)"
66.249.68.36 - - [05/Aug/2025:16:05:55 +0300] "GET /shopdetail/23692517/ HTTP/1.1" 200 17953 "-" "Mozilla/5.0 (Linux; Android 6.0.1; Nexus 5X Build/MMB29P) AppleWebKit/537.36 (KHTML, like Gecko) Chrome/138.0.7204.183 Mobile Safari/537.36 (compatible; GoogleOther)"
66.249.68.36 - - [05/Aug/2025:16:06:02 +0300] "GET /shopdetail/18681184/ HTTP/1.1" 200 19435 "-" "Mozilla/5.0 (Linux; Android 6.0.1; Nexus 5X Build/MMB29P) AppleWebKit/537.36 (KHTML, like Gecko) Chrome/138.0.7204.183 Mobile Safari/537.36 (compatible; GoogleOther)"
66.249.68.36 - - [05/Aug/2025:16:02:18 +0300] "GET /shopdetail/21455528/ HTTP/1.1" 200 17150 "-" "Mozilla/5.0 (Linux; Android 6.0.1; Nexus 5X Build/MMB29P) AppleWebKit/537.36 (KHTML, like Gecko) Chrome/138.0.7204.183 Mobile Safari/537.36 (compatible; GoogleOther)"
66.249.68.36 - - [05/Aug/2025:16:02:35 +0300] "GET /shopdetail/17869317/ HTTP/1.1" 200 17696 "-" "Mozilla/5.0 (Linux; Android 6.0.1; Nexus 5X Build/MMB29P) AppleWebKit/537.36 (KHTML, like Gecko) Chrome/138.0.7204.183 Mobile Safari/537.36 (compatible; GoogleOther)"
66.249.68.36 - - [05/Aug/2025:16:02:47 +0300] "GET /shopdetail/20615684/ HTTP/1.1" 200 18109 "-" "Mozilla/5.0 (Linux; Android 6.0.1; Nexus 5X Build/MMB29P) AppleWebKit/537.36 (KHTML, like Gecko) Chrome/138.0.7204.183 Mobile Safari/537.36 (compatible; GoogleOther)"
66.249.68.36 - - [05/Aug/2025:16:02:51 +0300] "GET /shopdetail/24638162/ HTTP/1.1" 200 17867 "-" "Mozilla/5.0 (Linux; Android 6.0.1; Nexus 5X Build/MMB29P) AppleWebKit/537.36 (KHTML, like Gecko) Chrome/138.0.7204.183 Mobile Safari/537.36 (compatible; GoogleOther)"
66.249.68.36 - - [05/Aug/2025:16:02:55 +0300] "GET /shopdetail/9830562/ HTTP/1.1" 200 18343 "-" "Mozilla/5.0 (Linux; Android 6.0.1; Nexus 5X Build/MMB29P) AppleWebKit/537.36 (KHTML, like Gecko) Chrome/138.0.7204.183 Mobile Safari/537.36 (compatible; GoogleOther)"
57.141.6.17 - - [05/Aug/2025:16:02:54 +0300] "GET /shopdetail/17740573/ HTTP/2" 404 131191 "-" "meta-externalagent/1.1 (+https://developers.facebook.com/docs/sharing/webmasters/crawler)"
66.249.68.36 - - [05/Aug/2025:16:03:03 +0300] "GET /shopdetail/20697206/ HTTP/1.1" 200 18318 "-" "Mozilla/5.0 (Linux; Android 6.0.1; Nexus 5X Build/MMB29P) AppleWebKit/537.36 (KHTML, like Gecko) Chrome/138.0.7204.183 Mobile Safari/537.36 (compatible; Googlebot/2.1; +http://www.google.com/bot.html)"
66.249.68.36 - - [05/Aug/2025:16:03:15 +0300] "GET /shopdetail/27054140/ HTTP/1.1" 200 17889 "-" "Mozilla/5.0 (Linux; Android 6.0.1; Nexus 5X Build/MMB29P) AppleWebKit/537.36 (KHTML, like Gecko) Chrome/138.0.7204.183 Mobile Safari/537.36 (compatible; GoogleOther)"
66.249.68.36 - - [05/Aug/2025:16:03:22 +0300] "GET /shopdetail/10999117/ HTTP/1.1" 200 17615 "-" "Mozilla/5.0 (Linux; Android 6.0.1; Nexus 5X Build/MMB29P) AppleWebKit/537.36 (KHTML, like Gecko) Chrome/138.0.7204.183 Mobile Safari/537.36 (compatible; GoogleOther)"
57.141.6.9 - - [05/Aug/2025:16:03:33 +0300] "GET /shopdetail/29588717/ HTTP/2" 404 131191 "-" "meta-externalagent/1.1 (+https://developers.facebook.com/docs/sharing/webmasters/crawler)"
57.141.6.5 - - [05/Aug/2025:16:04:36 +0300] "GET /shopdetail/2206095/ HTTP/2" 404 131187 "-" "meta-externalagent/1.1 (+https://developers.facebook.com/docs/sharing/webmasters/crawler)"
46.250.175.214 - - [05/Aug/2025:16:04:46 +0300] "GET /shop/page/6/?orderby=menu_order&add_to_compare=4358 HTTP/2" 200 33142 "https://karismamodernkitchen.com/shop/page/6/?orderby=menu_order&add_to_compare=4358" "Mozilla/5.0 (Windows NT 10.0; Win64; x64) AppleWebKit/537.36 (KHTML, like Gecko) Chrome/104.0.0.0 Safari/537.36"
57.141.6.1 - - [05/Aug/2025:16:05:21 +0300] "GET /shopdetail/26351951/ HTTP/2" 404 131191 "-" "meta-externalagent/1.1 (+https://developers.facebook.com/docs/sharing/webmasters/crawler)"
66.249.68.36 - - [05/Aug/2025:16:05:47 +0300] "GET /shopdetail/6320339/ HTTP/1.1" 200 18278 "-" "Mozilla/5.0 (Linux; Android 6.0.1; Nexus 5X Build/MMB29P) AppleWebKit/537.36 (KHTML, like Gecko) Chrome/138.0.7204.183 Mobile Safari/537.36 (compatible; GoogleOther)"
66.249.68.36 - - [05/Aug/2025:16:05:59 +0300] "GET /shopdetail/13711828/ HTTP/1.1" 200 17631 "-" "Mozilla/5.0 (Linux; Android 6.0.1; Nexus 5X Build/MMB29P) AppleWebKit/537.36 (KHTML, like Gecko) Chrome/138.0.7204.183 Mobile Safari/537.36 (compatible; Googlebot/2.1; +http://www.google.com/bot.html)"
66.249.68.36 - - [05/Aug/2025:16:06:04 +0300] "GET /shopdetail/20718151/ HTTP/1.1" 200 17232 "-" "Mozilla/5.0 (Linux; Android 6.0.1; Nexus 5X Build/MMB29P) AppleWebKit/537.36 (KHTML, like Gecko) Chrome/138.0.7204.183 Mobile Safari/537.36 (compatible; Googlebot/2.1; +http://www.google.com/bot.html)"
66.249.68.36 - - [05/Aug/2025:16:00:36 +0300] "GET /shopdetail/17259540/ HTTP/1.1" 200 18190 "-" "Mozilla/5.0 (Linux; Android 6.0.1; Nexus 5X Build/MMB29P) AppleWebKit/537.36 (KHTML, like Gecko) Chrome/138.0.7204.183 Mobile Safari/537.36 (compatible; GoogleOther)"
45.40.50.151 - - [05/Aug/2025:16:00:32 +0300] "GET /shop/page/7/?orderby=menu_order&add_to_compare=4104 HTTP/2" 200 33469 "https://karismamodernkitchen.com/shop/page/7/?orderby=menu_order&add_to_compare=4104" "Mozilla/5.0 (Macintosh; Intel Mac OS X 10_15_7) AppleWebKit/537.36 (KHTML, like Gecko) Chrome/119.0.0.0 Safari/537.36"
66.249.68.36 - - [05/Aug/2025:16:00:44 +0300] "POST /get-message-notify HTTP/1.1" 200 17492 "https://karismamodernkitchen.com/shopdetail/17259540/" "Mozilla/5.0 (Linux; Android 6.0.1; Nexus 5X Build/MMB29P) AppleWebKit/537.36 (KHTML, like Gecko) Chrome/137.0.7151.119 Mobile Safari/537.36 (compatible; Googlebot/2.1; +http://www.google.com/bot.html)"
185.191.171.6 - - [05/Aug/2025:16:01:08 +0300] "GET /product-tag/hotel-coffee-shop-restaurant-chair/ HTTP/1.1" 403 0 "-" "Mozilla/5.0 (compatible; SemrushBot/7~bl; +http://www.semrush.com/bot.html)"
57.141.6.12 - - [05/Aug/2025:16:01:06 +0300] "GET /shopdetail/26891417/ HTTP/2" 404 131191 "-" "meta-externalagent/1.1 (+https://developers.facebook.com/docs/sharing/webmasters/crawler)"
66.249.68.38 - - [05/Aug/2025:16:01:26 +0300] "GET /shopdetail/25711228/ HTTP/1.1" 200 17696 "-" "Mozilla/5.0 (Linux; Android 6.0.1; Nexus 5X Build/MMB29P) AppleWebKit/537.36 (KHTML, like Gecko) Chrome/138.0.7204.183 Mobile Safari/537.36 (compatible; GoogleOther)"
66.249.68.36 - - [05/Aug/2025:16:01:43 +0300] "GET /shopdetail/11015040/ HTTP/1.1" 200 17764 "-" "Mozilla/5.0 (Linux; Android 6.0.1; Nexus 5X Build/MMB29P) AppleWebKit/537.36 (KHTML, like Gecko) Chrome/138.0.7204.183 Mobile Safari/537.36 (compatible; GoogleOther)"
66.249.68.36 - - [05/Aug/2025:16:01:51 +0300] "POST /get-message-notify HTTP/1.1" 200 17492 "https://karismamodernkitchen.com/shopdetail/11015040/" "Mozilla/5.0 (Linux; Android 6.0.1; Nexus 5X Build/MMB29P) AppleWebKit/537.36 (KHTML, like Gecko) Chrome/137.0.7151.119 Mobile Safari/537.36 (compatible; Googlebot/2.1; +http://www.google.com/bot.html)"
57.141.6.8 - - [05/Aug/2025:16:01:51 +0300] "GET /shopdetail/3167195/ HTTP/2" 404 131187 "-" "meta-externalagent/1.1 (+https://developers.facebook.com/docs/sharing/webmasters/crawler)"
144.76.19.149 - - [05/Aug/2025:15:57:54 +0300] "GET /robots.txt HTTP/1.1" 200 77 "-" "Mozilla/5.0 (compatible; BLEXBot/1.0; +https://help.seranking.com/en/blex-crawler)"
144.76.19.149 - - [05/Aug/2025:15:57:55 +0300] "GET /shop/ HTTP/1.1" 200 42521 "-" "Mozilla/5.0 (compatible; BLEXBot/1.0; +https://help.seranking.com/en/blex-crawler)"
57.141.6.23 - - [05/Aug/2025:15:58:28 +0300] "GET /shopdetail/25874495/ HTTP/2" 404 131191 "-" "meta-externalagent/1.1 (+https://developers.facebook.com/docs/sharing/webmasters/crawler)"
66.249.68.38 - - [05/Aug/2025:16:00:16 +0300] "GET /shopdetail/2933073/ HTTP/1.1" 200 18229 "-" "Mozilla/5.0 (Linux; Android 6.0.1; Nexus 5X Build/MMB29P) AppleWebKit/537.36 (KHTML, like Gecko) Chrome/138.0.7204.183 Mobile Safari/537.36 (compatible; GoogleOther)"
66.249.68.36 - - [05/Aug/2025:16:00:54 +0300] "GET /shopdetail/16802817/ HTTP/1.1" 200 19345 "-" "Mozilla/5.0 (Linux; Android 6.0.1; Nexus 5X Build/MMB29P) AppleWebKit/537.36 (KHTML, like Gecko) Chrome/138.0.7204.183 Mobile Safari/537.36 (compatible; GoogleOther)"
66.249.68.36 - - [05/Aug/2025:16:01:34 +0300] "GET /shopdetail/2010251/ HTTP/1.1" 200 19063 "-" "Mozilla/5.0 (Linux; Android 6.0.1; Nexus 5X Build/MMB29P) AppleWebKit/537.36 (KHTML, like Gecko) Chrome/138.0.7204.183 Mobile Safari/537.36 (compatible; GoogleOther)"
40.77.167.247 - - [05/Aug/2025:16:01:36 +0300] "GET /product/restaurant-table-and-2-bench-chairs/ HTTP/2" 200 17270 "-" "Mozilla/5.0 AppleWebKit/537.36 (KHTML, like Gecko; compatible; bingbot/2.0; +http://www.bing.com/bingbot.htm) Chrome/116.0.1938.76 Safari/537.36"
66.249.68.36 - - [05/Aug/2025:16:01:37 +0300] "POST /get-message-notify HTTP/1.1" 200 17492 "https://karismamodernkitchen.com/shopdetail/16802817/" "Mozilla/5.0 (Linux; Android 6.0.1; Nexus 5X Build/MMB29P) AppleWebKit/537.36 (KHTML, like Gecko) Chrome/137.0.7151.119 Mobile Safari/537.36 (compatible; Googlebot/2.1; +http://www.google.com/bot.html)"
40.77.167.50 - - [05/Aug/2025:16:01:41 +0300] "GET /product-brand/caterina/ HTTP/2" 200 17898 "-" "Mozilla/5.0 AppleWebKit/537.36 (KHTML, like Gecko; compatible; bingbot/2.0; +http://www.bing.com/bingbot.htm) Chrome/116.0.1938.76 Safari/537.36"
66.249.68.36 - - [05/Aug/2025:16:01:50 +0300] "GET /shopdetail/17839451/ HTTP/1.1" 200 18804 "-" "Mozilla/5.0 (Linux; Android 6.0.1; Nexus 5X Build/MMB29P) AppleWebKit/537.36 (KHTML, like Gecko) Chrome/138.0.7204.183 Mobile Safari/537.36 (compatible; GoogleOther)"
66.249.68.36 - - [05/Aug/2025:16:01:58 +0300] "GET /shopdetail/13542773/ HTTP/1.1" 200 17941 "-" "Mozilla/5.0 (Linux; Android 6.0.1; Nexus 5X Build/MMB29P) AppleWebKit/537.36 (KHTML, like Gecko) Chrome/138.0.7204.183 Mobile Safari/537.36 (compatible; GoogleOther)"
40.116.73.221 - - [05/Aug/2025:16:01:51 +0300] "GET /product/single-deck-gas-oven/ HTTP/2" 200 31259 "-" "Mozilla/5.0 AppleWebKit/537.36 (KHTML, like Gecko); compatible; ChatGPT-User/1.0; +https://openai.com/bot"
40.116.73.218 - - [05/Aug/2025:16:01:51 +0300] "GET /product/single-deck-gas-oven/ HTTP/2" 200 31260 "-" "Mozilla/5.0 AppleWebKit/537.36 (KHTML, like Gecko); compatible; ChatGPT-User/1.0; +https://openai.com/bot"
66.249.68.36 - - [05/Aug/2025:16:06:10 +0300] "GET /shopdetail/30240484/ HTTP/1.1" 200 18721 "-" "Mozilla/5.0 (Linux; Android 6.0.1; Nexus 5X Build/MMB29P) AppleWebKit/537.36 (KHTML, like Gecko) Chrome/138.0.7204.183 Mobile Safari/537.36 (compatible; GoogleOther)"
66.249.68.36 - - [05/Aug/2025:16:06:21 +0300] "GET /shopdetail/17685028/ HTTP/1.1" 200 17945 "-" "Mozilla/5.0 (Linux; Android 6.0.1; Nexus 5X Build/MMB29P) AppleWebKit/537.36 (KHTML, like Gecko) Chrome/138.0.7204.183 Mobile Safari/537.36 (compatible; GoogleOther)"
185.170.167.18 - - [05/Aug/2025:16:06:30 +0300] "GET /robots.txt HTTP/1.1" 200 77 "-" "Mozilla/5.0 (compatible; BacklinksExtendedBot)"
185.170.167.18 - - [05/Aug/2025:16:06:33 +0300] "GET /product-tag/industrial-tandoori-oven/ HTTP/1.1" 200 32801 "-" "Mozilla/5.0 (compatible; BacklinksExtendedBot)"
66.249.68.36 - - [05/Aug/2025:16:06:53 +0300] "POST /get-message-notify HTTP/1.1" 200 17492 "https://karismamodernkitchen.com/shopdetail/23149428/" "Mozilla/5.0 (Linux; Android 6.0.1; Nexus 5X Build/MMB29P) AppleWebKit/537.36 (KHTML, like Gecko) Chrome/137.0.7151.119 Mobile Safari/537.36 (compatible; Googlebot/2.1; +http://www.google.com/bot.html)"
66.249.68.36 - - [05/Aug/2025:16:06:57 +0300] "POST /get-message-notify HTTP/1.1" 200 17492 "https://karismamodernkitchen.com/shopdetail/26533428/" "Mozilla/5.0 (Linux; Android 6.0.1; Nexus 5X Build/MMB29P) AppleWebKit/537.36 (KHTML, like Gecko) Chrome/137.0.7151.119 Mobile Safari/537.36 (compatible; Googlebot/2.1; +http://www.google.com/bot.html)"
57.141.6.17 - - [05/Aug/2025:16:06:55 +0300] "GET /shopdetail/2565739/ HTTP/2" 404 131187 "-" "meta-externalagent/1.1 (+https://developers.facebook.com/docs/sharing/webmasters/crawler)"
66.249.68.36 - - [05/Aug/2025:16:07:04 +0300] "POST /get-message-notify HTTP/1.1" 200 17492 "https://karismamodernkitchen.com/shopdetail/13363006/" "Mozilla/5.0 (Linux; Android 6.0.1; Nexus 5X Build/MMB29P) AppleWebKit/537.36 (KHTML, like Gecko) Chrome/137.0.7151.119 Mobile Safari/537.36 (compatible; Googlebot/2.1; +http://www.google.com/bot.html)"
66.249.68.36 - - [05/Aug/2025:16:07:10 +0300] "GET /shopdetail/3591539/ HTTP/1.1" 200 18042 "-" "Mozilla/5.0 (Linux; Android 6.0.1; Nexus 5X Build/MMB29P) AppleWebKit/537.36 (KHTML, like Gecko) Chrome/138.0.7204.183 Mobile Safari/537.36 (compatible; GoogleOther)"
66.249.68.36 - - [05/Aug/2025:16:07:10 +0300] "POST /get-message-notify HTTP/1.1" 200 17492 "https://karismamodernkitchen.com/shopdetail/13176039/" "Mozilla/5.0 (Linux; Android 6.0.1; Nexus 5X Build/MMB29P) AppleWebKit/537.36 (KHTML, like Gecko) Chrome/137.0.7151.119 Mobile Safari/537.36 (compatible; Googlebot/2.1; +http://www.google.com/bot.html)"
66.249.68.36 - - [05/Aug/2025:16:07:14 +0300] "GET /shopdetail/22087340/ HTTP/1.1" 200 17951 "-" "Mozilla/5.0 (Linux; Android 6.0.1; Nexus 5X Build/MMB29P) AppleWebKit/537.36 (KHTML, like Gecko) Chrome/138.0.7204.183 Mobile Safari/537.36 (compatible; GoogleOther)"
66.249.68.36 - - [05/Aug/2025:16:07:26 +0300] "GET /shopdetail/16845895/ HTTP/1.1" 200 17576 "-" "Mozilla/5.0 (Linux; Android 6.0.1; Nexus 5X Build/MMB29P) AppleWebKit/537.36 (KHTML, like Gecko) Chrome/138.0.7204.183 Mobile Safari/537.36 (compatible; GoogleOther)"
66.249.68.36 - - [05/Aug/2025:16:07:37 +0300] "GET /shopdetail/22240595/ HTTP/1.1" 200 18178 "-" "Mozilla/5.0 (Linux; Android 6.0.1; Nexus 5X Build/MMB29P) AppleWebKit/537.36 (KHTML, like Gecko) Chrome/138.0.7204.183 Mobile Safari/537.36 (compatible; GoogleOther)"
66.249.68.36 - - [05/Aug/2025:16:07:38 +0300] "POST /get-message-notify HTTP/1.1" 200 17492 "https://karismamodernkitchen.com/shopdetail/22087340/" "Mozilla/5.0 (Linux; Android 6.0.1; Nexus 5X Build/MMB29P) AppleWebKit/537.36 (KHTML, like Gecko) Chrome/137.0.7151.119 Mobile Safari/537.36 (compatible; Googlebot/2.1; +http://www.google.com/bot.html)"
66.249.68.36 - - [05/Aug/2025:16:06:16 +0300] "GET /shopdetail/28566984/ HTTP/1.1" 200 17454 "-" "Mozilla/5.0 (Linux; Android 6.0.1; Nexus 5X Build/MMB29P) AppleWebKit/537.36 (KHTML, like Gecko) Chrome/138.0.7204.183 Mobile Safari/537.36 (compatible; Googlebot/2.1; +http://www.google.com/bot.html)"
57.141.6.11 - - [05/Aug/2025:16:06:18 +0300] "GET /shopdetail/27392973/ HTTP/2" 404 131191 "-" "meta-externalagent/1.1 (+https://developers.facebook.com/docs/sharing/webmasters/crawler)"
66.249.68.36 - - [05/Aug/2025:16:06:31 +0300] "GET /shopdetail/16551351/ HTTP/1.1" 200 19096 "-" "Mozilla/5.0 (Linux; Android 6.0.1; Nexus 5X Build/MMB29P) AppleWebKit/537.36 (KHTML, like Gecko) Chrome/138.0.7204.183 Mobile Safari/537.36 (compatible; GoogleOther)"
66.249.68.36 - - [05/Aug/2025:16:06:36 +0300] "GET /shopdetail/29286528/ HTTP/1.1" 200 19045 "-" "Mozilla/5.0 (Linux; Android 6.0.1; Nexus 5X Build/MMB29P) AppleWebKit/537.36 (KHTML, like Gecko) Chrome/138.0.7204.183 Mobile Safari/537.36 (compatible; GoogleOther)"
66.249.68.36 - - [05/Aug/2025:16:06:40 +0300] "GET /shopdetail/5505595/ HTTP/1.1" 200 18302 "-" "Mozilla/5.0 (Linux; Android 6.0.1; Nexus 5X Build/MMB29P) AppleWebKit/537.36 (KHTML, like Gecko) Chrome/138.0.7204.183 Mobile Safari/537.36 (compatible; GoogleOther)"
66.249.68.36 - - [05/Aug/2025:16:06:44 +0300] "GET /shopdetail/11374851/ HTTP/1.1" 200 17977 "-" "Mozilla/5.0 (Linux; Android 6.0.1; Nexus 5X Build/MMB29P) AppleWebKit/537.36 (KHTML, like Gecko) Chrome/138.0.7204.183 Mobile Safari/537.36 (compatible; GoogleOther)"
66.249.68.36 - - [05/Aug/2025:16:06:47 +0300] "GET /shopdetail/26533428/ HTTP/1.1" 200 17967 "-" "Mozilla/5.0 (Linux; Android 6.0.1; Nexus 5X Build/MMB29P) AppleWebKit/537.36 (KHTML, like Gecko) Chrome/138.0.7204.183 Mobile Safari/537.36 (compatible; GoogleOther)"
66.249.68.36 - - [05/Aug/2025:16:06:52 +0300] "GET /shopdetail/21330828/ HTTP/1.1" 200 19525 "-" "Mozilla/5.0 (Linux; Android 6.0.1; Nexus 5X Build/MMB29P) AppleWebKit/537.36 (KHTML, like Gecko) Chrome/138.0.7204.183 Mobile Safari/537.36 (compatible; GoogleOther)"
66.249.68.36 - - [05/Aug/2025:16:06:58 +0300] "GET /shopdetail/13363006/ HTTP/1.1" 200 18570 "-" "Mozilla/5.0 (Linux; Android 6.0.1; Nexus 5X Build/MMB29P) AppleWebKit/537.36 (KHTML, like Gecko) Chrome/138.0.7204.183 Mobile Safari/537.36 (compatible; GoogleOther)"
122.8.184.64 - - [05/Aug/2025:16:06:53 +0300] "GET /product-category/bakery-equipment/?orderby=rating&add-to-cart=3749 HTTP/2" 200 33582 "https://karismamodernkitchen.com/product-category/bakery-equipment/?orderby=rating&add-to-cart=3749" "Mozilla/5.0 (Macintosh; Intel Mac OS X 10_15_7) AppleWebKit/537.36 (KHTML, like Gecko) Chrome/120.0.0.0 Safari/537.36"
66.249.68.37 - - [05/Aug/2025:16:07:04 +0300] "GET /shopdetail/13176039/ HTTP/1.1" 200 18424 "-" "Mozilla/5.0 (Linux; Android 6.0.1; Nexus 5X Build/MMB29P) AppleWebKit/537.36 (KHTML, like Gecko) Chrome/138.0.7204.183 Mobile Safari/537.36 (compatible; GoogleOther)"
66.249.68.36 - - [05/Aug/2025:16:07:19 +0300] "GET /shopdetail/21833128/ HTTP/1.1" 200 19129 "-" "Mozilla/5.0 (Linux; Android 6.0.1; Nexus 5X Build/MMB29P) AppleWebKit/537.36 (KHTML, like Gecko) Chrome/138.0.7204.183 Mobile Safari/537.36 (compatible; GoogleOther)"
66.249.68.36 - - [05/Aug/2025:16:07:31 +0300] "GET /shopdetail/18302917/ HTTP/1.1" 200 17775 "-" "Mozilla/5.0 (Linux; Android 6.0.1; Nexus 5X Build/MMB29P) AppleWebKit/537.36 (KHTML, like Gecko) Chrome/138.0.7204.183 Mobile Safari/537.36 (compatible; GoogleOther)"
57.141.6.29 - - [05/Aug/2025:16:07:58 +0300] "GET /shopdetail/24975395/ HTTP/2" 404 131191 "-" "meta-externalagent/1.1 (+https://developers.facebook.com/docs/sharing/webmasters/crawler)"
66.249.68.37 - - [05/Aug/2025:16:08:04 +0300] "GET /shopdetail/24994939/ HTTP/1.1" 200 18170 "-" "Mozilla/5.0 (Linux; Android 6.0.1; Nexus 5X Build/MMB29P) AppleWebKit/537.36 (KHTML, like Gecko) Chrome/138.0.7204.183 Mobile Safari/537.36 (compatible; GoogleOther)"
66.249.68.36 - - [05/Aug/2025:16:07:39 +0300] "GET /shopdetail/21017851/ HTTP/1.1" 200 17305 "-" "Mozilla/5.0 (Linux; Android 6.0.1; Nexus 5X Build/MMB29P) AppleWebKit/537.36 (KHTML, like Gecko) Chrome/138.0.7204.183 Mobile Safari/537.36 (compatible; Googlebot/2.1; +http://www.google.com/bot.html)"
66.249.68.36 - - [05/Aug/2025:16:07:41 +0300] "GET /shopdetail/14720673/ HTTP/1.1" 200 18371 "-" "Mozilla/5.0 (Linux; Android 6.0.1; Nexus 5X Build/MMB29P) AppleWebKit/537.36 (KHTML, like Gecko) Chrome/138.0.7204.183 Mobile Safari/537.36 (compatible; GoogleOther)"
66.249.68.36 - - [05/Aug/2025:16:07:44 +0300] "POST /get-message-notify HTTP/1.1" 200 17492 "https://karismamodernkitchen.com/shopdetail/18302917/" "Mozilla/5.0 (Linux; Android 6.0.1; Nexus 5X Build/MMB29P) AppleWebKit/537.36 (KHTML, like Gecko) Chrome/137.0.7151.119 Mobile Safari/537.36 (compatible; Googlebot/2.1; +http://www.google.com/bot.html)"
66.249.68.36 - - [05/Aug/2025:16:07:47 +0300] "GET /shopdetail/7715406/ HTTP/1.1" 200 18583 "-" "Mozilla/5.0 (Linux; Android 6.0.1; Nexus 5X Build/MMB29P) AppleWebKit/537.36 (KHTML, like Gecko) Chrome/138.0.7204.183 Mobile Safari/537.36 (compatible; GoogleOther)"
66.249.68.36 - - [05/Aug/2025:16:07:48 +0300] "POST /get-message-notify HTTP/1.1" 200 17492 "https://karismamodernkitchen.com/shopdetail/22240595/" "Mozilla/5.0 (Linux; Android 6.0.1; Nexus 5X Build/MMB29P) AppleWebKit/537.36 (KHTML, like Gecko) Chrome/137.0.7151.119 Mobile Safari/537.36 (compatible; Googlebot/2.1; +http://www.google.com/bot.html)"
66.249.68.37 - - [05/Aug/2025:16:07:50 +0300] "GET /shopdetail/20014562/ HTTP/1.1" 200 18017 "-" "Mozilla/5.0 (Linux; Android 6.0.1; Nexus 5X Build/MMB29P) AppleWebKit/537.36 (KHTML, like Gecko) Chrome/138.0.7204.183 Mobile Safari/537.36 (compatible; GoogleOther)"
66.249.68.36 - - [05/Aug/2025:16:07:57 +0300] "GET /shopdetail/11316706/ HTTP/1.1" 200 18103 "-" "Mozilla/5.0 (Linux; Android 6.0.1; Nexus 5X Build/MMB29P) AppleWebKit/537.36 (KHTML, like Gecko) Chrome/138.0.7204.183 Mobile Safari/537.36 (compatible; GoogleOther)"
66.249.68.37 - - [05/Aug/2025:16:08:10 +0300] "GET /shopdetail/30827062/ HTTP/1.1" 200 18245 "-" "Mozilla/5.0 (Linux; Android 6.0.1; Nexus 5X Build/MMB29P) AppleWebKit/537.36 (KHTML, like Gecko) Chrome/138.0.7204.183 Mobile Safari/537.36 (compatible; Googlebot/2.1; +http://www.google.com/bot.html)"
66.249.68.36 - - [05/Aug/2025:16:08:18 +0300] "GET /shopdetail/10541873/ HTTP/1.1" 200 20068 "-" "Mozilla/5.0 (Linux; Android 6.0.1; Nexus 5X Build/MMB29P) AppleWebKit/537.36 (KHTML, like Gecko) Chrome/138.0.7204.183 Mobile Safari/537.36 (compatible; GoogleOther)"
66.249.68.36 - - [05/Aug/2025:16:08:21 +0300] "GET /shopdetail/31260451/ HTTP/1.1" 200 18290 "-" "Mozilla/5.0 (Linux; Android 6.0.1; Nexus 5X Build/MMB29P) AppleWebKit/537.36 (KHTML, like Gecko) Chrome/138.0.7204.183 Mobile Safari/537.36 (compatible; GoogleOther)"
66.249.68.36 - - [05/Aug/2025:16:08:24 +0300] "GET /shopdetail/3901217/ HTTP/1.1" 200 18206 "-" "Mozilla/5.0 (Linux; Android 6.0.1; Nexus 5X Build/MMB29P) AppleWebKit/537.36 (KHTML, like Gecko) Chrome/138.0.7204.183 Mobile Safari/537.36 (compatible; GoogleOther)"
66.249.68.36 - - [05/Aug/2025:16:08:37 +0300] "GET /shopdetail/15209428/ HTTP/1.1" 200 18437 "-" "Mozilla/5.0 (Linux; Android 6.0.1; Nexus 5X Build/MMB29P) AppleWebKit/537.36 (KHTML, like Gecko) Chrome/138.0.7204.183 Mobile Safari/537.36 (compatible; GoogleOther)"
66.249.68.37 - - [05/Aug/2025:16:08:40 +0300] "GET /shopdetail/26825640/ HTTP/1.1" 200 18501 "-" "Mozilla/5.0 (compatible; Googlebot/2.1; +http://www.google.com/bot.html)"
66.249.68.37 - - [05/Aug/2025:16:08:40 +0300] "GET /shopdetail/6297306/ HTTP/1.1" 200 18047 "-" "Mozilla/5.0 (compatible; Googlebot/2.1; +http://www.google.com/bot.html)"
66.249.68.36 - - [05/Aug/2025:16:08:42 +0300] "GET /shopdetail/16630806/ HTTP/1.1" 200 17604 "-" "Mozilla/5.0 (Linux; Android 6.0.1; Nexus 5X Build/MMB29P) AppleWebKit/537.36 (KHTML, like Gecko) Chrome/138.0.7204.183 Mobile Safari/537.36 (compatible; GoogleOther)"
66.249.68.36 - - [05/Aug/2025:16:08:11 +0300] "POST /get-message-notify HTTP/1.1" 200 17492 "https://karismamodernkitchen.com/shopdetail/16845895/" "Mozilla/5.0 (Linux; Android 6.0.1; Nexus 5X Build/MMB29P) AppleWebKit/537.36 (KHTML, like Gecko) Chrome/137.0.7151.119 Mobile Safari/537.36 (compatible; Googlebot/2.1; +http://www.google.com/bot.html)"
66.249.68.36 - - [05/Aug/2025:16:08:28 +0300] "GET /shopdetail/24673084/ HTTP/1.1" 200 18522 "-" "Mozilla/5.0 (compatible; Googlebot/2.1; +http://www.google.com/bot.html)"
66.249.68.36 - - [05/Aug/2025:16:08:30 +0300] "GET /shopdetail/5958606/ HTTP/1.1" 200 18313 "-" "Mozilla/5.0 (compatible; Googlebot/2.1; +http://www.google.com/bot.html)"
66.249.68.36 - - [05/Aug/2025:16:08:33 +0300] "GET /shopdetail/24815162/ HTTP/1.1" 200 17634 "-" "Mozilla/5.0 (compatible; Googlebot/2.1; +http://www.google.com/bot.html)"
66.249.68.36 - - [05/Aug/2025:16:08:34 +0300] "GET /shopdetail/26364284/ HTTP/1.1" 200 17257 "-" "Mozilla/5.0 (compatible; Googlebot/2.1; +http://www.google.com/bot.html)"
66.249.68.36 - - [05/Aug/2025:16:08:34 +0300] "POST /get-message-notify HTTP/1.1" 200 17492 "https://karismamodernkitchen.com/shopdetail/21833128/" "Mozilla/5.0 (Linux; Android 6.0.1; Nexus 5X Build/MMB29P) AppleWebKit/537.36 (KHTML, like Gecko) Chrome/137.0.7151.119 Mobile Safari/537.36 (compatible; Googlebot/2.1; +http://www.google.com/bot.html)"
66.249.68.36 - - [05/Aug/2025:16:08:35 +0300] "GET /shopdetail/24835106/ HTTP/1.1" 200 17957 "-" "Mozilla/5.0 (compatible; Googlebot/2.1; +http://www.google.com/bot.html)"
66.249.68.36 - - [05/Aug/2025:16:08:35 +0300] "GET /shopdetail/26513462/ HTTP/1.1" 200 18913 "-" "Mozilla/5.0 (compatible; Googlebot/2.1; +http://www.google.com/bot.html)"
66.249.68.36 - - [05/Aug/2025:16:08:38 +0300] "GET /shopdetail/24877839/ HTTP/1.1" 200 18358 "-" "Mozilla/5.0 (compatible; Googlebot/2.1; +http://www.google.com/bot.html)"
66.249.68.36 - - [05/Aug/2025:16:08:43 +0300] "GET /shopdetail/7302628/ HTTP/1.1" 200 17903 "-" "Mozilla/5.0 (compatible; Googlebot/2.1; +http://www.google.com/bot.html)"
66.249.68.36 - - [05/Aug/2025:16:08:46 +0300] "GET /shopdetail/25964684/ HTTP/1.1" 200 18257 "-" "Mozilla/5.0 (compatible; Googlebot/2.1; +http://www.google.com/bot.html)"
57.141.6.20 - - [05/Aug/2025:16:08:42 +0300] "GET /shopdetail/21418951/ HTTP/2" 404 131191 "-" "meta-externalagent/1.1 (+https://developers.facebook.com/docs/sharing/webmasters/crawler)"
66.249.68.37 - - [05/Aug/2025:16:08:46 +0300] "GET /shopdetail/24772984/ HTTP/1.1" 200 18256 "-" "Mozilla/5.0 (compatible; Googlebot/2.1; +http://www.google.com/bot.html)"
66.249.68.36 - - [05/Aug/2025:16:08:47 +0300] "GET /shopdetail/7742184/ HTTP/1.1" 200 18236 "-" "Mozilla/5.0 (compatible; Googlebot/2.1; +http://www.google.com/bot.html)"
66.249.68.36 - - [05/Aug/2025:16:08:50 +0300] "GET /shopdetail/27664806/ HTTP/1.1" 200 18040 "-" "Mozilla/5.0 (compatible; Googlebot/2.1; +http://www.google.com/bot.html)"
66.249.68.36 - - [05/Aug/2025:16:08:56 +0300] "GET /shopdetail/2770139/ HTTP/1.1" 200 18549 "-" "Mozilla/5.0 (compatible; Googlebot/2.1; +http://www.google.com/bot.html)"
66.249.68.36 - - [05/Aug/2025:16:08:57 +0300] "POST /get-message-notify HTTP/1.1" 200 17492 "https://karismamodernkitchen.com/shopdetail/20014562/" "Mozilla/5.0 (Linux; Android 6.0.1; Nexus 5X Build/MMB29P) AppleWebKit/537.36 (KHTML, like Gecko) Chrome/137.0.7151.119 Mobile Safari/537.36 (compatible; Googlebot/2.1; +http://www.google.com/bot.html)"
66.249.68.36 - - [05/Aug/2025:16:08:58 +0300] "GET /shopdetail/27804662/ HTTP/1.1" 200 17426 "-" "Mozilla/5.0 (compatible; Googlebot/2.1; +http://www.google.com/bot.html)"
66.249.68.36 - - [05/Aug/2025:16:09:00 +0300] "GET /shopdetail/8067840/ HTTP/1.1" 200 18738 "-" "Mozilla/5.0 (compatible; Googlebot/2.1; +http://www.google.com/bot.html)"
66.249.68.36 - - [05/Aug/2025:16:09:16 +0300] "POST /get-message-notify HTTP/1.1" 200 17492 "https://karismamodernkitchen.com/shopdetail/15209428/" "Mozilla/5.0 (Linux; Android 6.0.1; Nexus 5X Build/MMB29P) AppleWebKit/537.36 (KHTML, like Gecko) Chrome/137.0.7151.119 Mobile Safari/537.36 (compatible; Googlebot/2.1; +http://www.google.com/bot.html)"
66.249.68.36 - - [05/Aug/2025:16:09:25 +0300] "GET /shopdetail/2862417/ HTTP/1.1" 200 17227 "-" "Mozilla/5.0 (compatible; Googlebot/2.1; +http://www.google.com/bot.html)"
66.249.68.36 - - [05/Aug/2025:16:09:27 +0300] "GET /shopdetail/28529228/ HTTP/1.1" 200 17594 "-" "Mozilla/5.0 (compatible; Googlebot/2.1; +http://www.google.com/bot.html)"
66.249.68.36 - - [05/Aug/2025:16:09:30 +0300] "GET /shopdetail/9503095/ HTTP/1.1" 200 18149 "-" "Mozilla/5.0 (compatible; Googlebot/2.1; +http://www.google.com/bot.html)"
66.249.68.36 - - [05/Aug/2025:16:09:32 +0300] "GET /shopdetail/25069506/ HTTP/1.1" 200 17867 "-" "Mozilla/5.0 (compatible; Googlebot/2.1; +http://www.google.com/bot.html)"
66.249.68.36 - - [05/Aug/2025:16:09:34 +0300] "GET /shopdetail/13847451/ HTTP/1.1" 200 18457 "-" "Mozilla/5.0 (Linux; Android 6.0.1; Nexus 5X Build/MMB29P) AppleWebKit/537.36 (KHTML, like Gecko) Chrome/138.0.7204.183 Mobile Safari/537.36 (compatible; GoogleOther)"
66.249.68.36 - - [05/Aug/2025:16:09:35 +0300] "POST /get-message-notify HTTP/1.1" 200 17492 "https://karismamodernkitchen.com/shopdetail/16630806/" "Mozilla/5.0 (Linux; Android 6.0.1; Nexus 5X Build/MMB29P) AppleWebKit/537.36 (KHTML, like Gecko) Chrome/137.0.7151.119 Mobile Safari/537.36 (compatible; Googlebot/2.1; +http://www.google.com/bot.html)"
66.249.68.36 - - [05/Aug/2025:16:09:37 +0300] "GET /shopdetail/11767117/ HTTP/1.1" 200 18175 "-" "Mozilla/5.0 (Linux; Android 6.0.1; Nexus 5X Build/MMB29P) AppleWebKit/537.36 (KHTML, like Gecko) Chrome/138.0.7204.183 Mobile Safari/537.36 (compatible; Googlebot/2.1; +http://www.google.com/bot.html)"
66.249.68.36 - - [05/Aug/2025:16:09:38 +0300] "GET /shopdetail/28740762/ HTTP/1.1" 200 18480 "-" "Mozilla/5.0 (compatible; Googlebot/2.1; +http://www.google.com/bot.html)"
66.249.68.37 - - [05/Aug/2025:16:09:59 +0300] "GET /shopdetail/8533928/ HTTP/1.1" 200 18209 "-" "Mozilla/5.0 (compatible; Googlebot/2.1; +http://www.google.com/bot.html)"
66.249.68.37 - - [05/Aug/2025:16:10:02 +0300] "GET /shopdetail/28950306/ HTTP/1.1" 200 17938 "-" "Mozilla/5.0 (compatible; Googlebot/2.1; +http://www.google.com/bot.html)"
66.249.68.36 - - [05/Aug/2025:16:10:06 +0300] "GET /shopdetail/28953951/ HTTP/1.1" 200 17559 "-" "Mozilla/5.0 (compatible; Googlebot/2.1; +http://www.google.com/bot.html)"
66.249.68.36 - - [05/Aug/2025:16:10:10 +0300] "GET /shopdetail/9869373/ HTTP/1.1" 200 18118 "-" "Mozilla/5.0 (compatible; Googlebot/2.1; +http://www.google.com/bot.html)"
66.249.68.36 - - [05/Aug/2025:16:10:11 +0300] "GET /product/milk-pasteurizer/ HTTP/1.1" 200 18412 "-" "Mozilla/5.0 (compatible; Googlebot/2.1; +http://www.google.com/bot.html)"
66.249.68.36 - - [05/Aug/2025:16:10:13 +0300] "GET /shopdetail/29150828/ HTTP/1.1" 200 18592 "-" "Mozilla/5.0 (compatible; Googlebot/2.1; +http://www.google.com/bot.html)"
66.249.68.36 - - [05/Aug/2025:16:10:15 +0300] "GET /shopdetail/29123095/ HTTP/1.1" 200 19320 "-" "Mozilla/5.0 (compatible; Googlebot/2.1; +http://www.google.com/bot.html)"
66.249.68.36 - - [05/Aug/2025:16:10:18 +0300] "GET /shopdetail/29200051/ HTTP/1.1" 200 18501 "-" "Mozilla/5.0 (compatible; Googlebot/2.1; +http://www.google.com/bot.html)"
66.249.68.36 - - [05/Aug/2025:16:10:20 +0300] "GET /shopdetail/29210728/ HTTP/1.1" 200 18379 "-" "Mozilla/5.0 (compatible; Googlebot/2.1; +http://www.google.com/bot.html)"
66.249.68.36 - - [05/Aug/2025:16:10:22 +0300] "GET /shopdetail/29228528/ HTTP/1.1" 200 18638 "-" "Mozilla/5.0 (compatible; Googlebot/2.1; +http://www.google.com/bot.html)"
66.249.68.36 - - [05/Aug/2025:16:10:22 +0300] "GET /shopdetail/29088662/ HTTP/1.1" 200 18268 "-" "Mozilla/5.0 (compatible; Googlebot/2.1; +http://www.google.com/bot.html)"
66.249.68.37 - - [05/Aug/2025:16:09:02 +0300] "GET /shopdetail/27855051/ HTTP/1.1" 200 17671 "-" "Mozilla/5.0 (compatible; Googlebot/2.1; +http://www.google.com/bot.html)"
45.40.50.252 - - [05/Aug/2025:16:08:59 +0300] "GET /shop/page/7/?orderby=price-desc&add-to-wishlist=3779 HTTP/2" 200 35031 "https://karismamodernkitchen.com/shop/page/7/?orderby=price-desc&add-to-wishlist=3779" "Mozilla/5.0 (Windows NT 10.0; Win64; x64) AppleWebKit/537.36 (KHTML, like Gecko) Chrome/101.0.4951.67 Safari/537.36"
66.249.68.37 - - [05/Aug/2025:16:09:04 +0300] "GET /shopdetail/8896373/ HTTP/1.1" 200 18814 "-" "Mozilla/5.0 (compatible; Googlebot/2.1; +http://www.google.com/bot.html)"
66.249.68.37 - - [05/Aug/2025:16:09:05 +0300] "GET /shopdetail/28402240/ HTTP/1.1" 200 17536 "-" "Mozilla/5.0 (compatible; Googlebot/2.1; +http://www.google.com/bot.html)"
66.249.68.36 - - [05/Aug/2025:16:09:06 +0300] "GET /shopdetail/18840039/ HTTP/1.1" 200 19170 "-" "Mozilla/5.0 (Linux; Android 6.0.1; Nexus 5X Build/MMB29P) AppleWebKit/537.36 (KHTML, like Gecko) Chrome/138.0.7204.183 Mobile Safari/537.36 (compatible; Googlebot/2.1; +http://www.google.com/bot.html)"
66.249.68.36 - - [05/Aug/2025:16:09:06 +0300] "GET /shopdetail/25969317/ HTTP/1.1" 200 18887 "-" "Mozilla/5.0 (compatible; Googlebot/2.1; +http://www.google.com/bot.html)"
66.249.68.36 - - [05/Aug/2025:16:09:09 +0300] "GET /shopdetail/9326584/ HTTP/1.1" 200 18641 "-" "Mozilla/5.0 (compatible; Googlebot/2.1; +http://www.google.com/bot.html)"
66.249.68.36 - - [05/Aug/2025:16:09:10 +0300] "GET /shopdetail/28571362/ HTTP/1.1" 200 18264 "-" "Mozilla/5.0 (compatible; Googlebot/2.1; +http://www.google.com/bot.html)"
66.249.68.37 - - [05/Aug/2025:16:09:41 +0300] "GET /shopdetail/1881373/ HTTP/1.1" 200 18781 "-" "Mozilla/5.0 (Linux; Android 6.0.1; Nexus 5X Build/MMB29P) AppleWebKit/537.36 (KHTML, like Gecko) Chrome/138.0.7204.183 Mobile Safari/537.36 (compatible; GoogleOther)"
66.249.68.37 - - [05/Aug/2025:16:09:42 +0300] "GET /shopdetail/9566340/ HTTP/1.1" 200 17464 "-" "Mozilla/5.0 (compatible; Googlebot/2.1; +http://www.google.com/bot.html)"
66.249.68.36 - - [05/Aug/2025:16:09:46 +0300] "POST /get-message-notify HTTP/1.1" 200 17492 "https://karismamodernkitchen.com/shopdetail/1881373/" "Mozilla/5.0 (Linux; Android 6.0.1; Nexus 5X Build/MMB29P) AppleWebKit/537.36 (KHTML, like Gecko) Chrome/137.0.7151.119 Mobile Safari/537.36 (compatible; Googlebot/2.1; +http://www.google.com/bot.html)"
66.249.68.37 - - [05/Aug/2025:16:09:47 +0300] "GET /shopdetail/2887084/ HTTP/1.1" 200 18445 "-" "Mozilla/5.0 (compatible; Googlebot/2.1; +http://www.google.com/bot.html)"
57.141.6.6 - - [05/Aug/2025:16:09:49 +0300] "GET /shopdetail/2405895/ HTTP/2" 404 131187 "-" "meta-externalagent/1.1 (+https://developers.facebook.com/docs/sharing/webmasters/crawler)"
52.167.144.215 - - [05/Aug/2025:16:10:06 +0300] "GET /pcmypage?callback=/product/detail/14750128 HTTP/2" 200 18304 "-" "Mozilla/5.0 AppleWebKit/537.36 (KHTML, like Gecko; compatible; bingbot/2.0; +http://www.bing.com/bingbot.htm) Chrome/116.0.1938.76 Safari/537.36"
57.141.6.19 - - [05/Aug/2025:16:10:22 +0300] "GET /shopdetail/26272039/ HTTP/2" 404 131191 "-" "meta-externalagent/1.1 (+https://developers.facebook.com/docs/sharing/webmasters/crawler)"
66.249.68.37 - - [05/Aug/2025:16:10:27 +0300] "GET /shopdetail/29470462/ HTTP/1.1" 200 17861 "-" "Mozilla/5.0 (compatible; Googlebot/2.1; +http://www.google.com/bot.html)"
66.249.68.37 - - [05/Aug/2025:16:10:30 +0300] "GET /shopdetail/29465106/ HTTP/1.1" 200 18359 "-" "Mozilla/5.0 (compatible; Googlebot/2.1; +http://www.google.com/bot.html)"
66.249.68.37 - - [05/Aug/2025:16:10:32 +0300] "GET /shopdetail/29740906/ HTTP/1.1" 200 17464 "-" "Mozilla/5.0 (compatible; Googlebot/2.1; +http://www.google.com/bot.html)"
