66.249.69.198 - - [05/Aug/2025:17:41:18 +0300] "GET /shopdetail/1328606/ HTTP/1.1" 404 25628 "-" "Mozilla/5.0 (compatible; Googlebot/2.1; +http://www.google.com/bot.html)"
66.249.69.198 - - [05/Aug/2025:17:41:43 +0300] "GET /shopdetail/5687217/ HTTP/1.1" 404 25628 "-" "Mozilla/5.0 (compatible; Googlebot/2.1; +http://www.google.com/bot.html)"
66.249.69.198 - - [05/Aug/2025:17:41:55 +0300] "GET /shopdetail/6509406/ HTTP/1.1" 404 25628 "-" "Mozilla/5.0 (compatible; Googlebot/2.1; +http://www.google.com/bot.html)"
66.249.69.200 - - [05/Aug/2025:17:42:11 +0300] "GET /shopdetail/27392584/ HTTP/1.1" 404 25562 "-" "Mozilla/5.0 (compatible; Googlebot/2.1; +http://www.google.com/bot.html)"
66.249.69.198 - - [05/Aug/2025:17:42:27 +0300] "GET /shopdetail/4871140/ HTTP/1.1" 404 25628 "-" "Mozilla/5.0 (Linux; Android 6.0.1; Nexus 5X Build/MMB29P) AppleWebKit/537.36 (KHTML, like Gecko) Chrome/138.0.7204.183 Mobile Safari/537.36 (compatible; Googlebot/2.1; +http://www.google.com/bot.html)"
57.141.6.19 - - [05/Aug/2025:17:42:29 +0300] "GET /shopdetail/18122251/ HTTP/2" 404 131191 "-" "meta-externalagent/1.1 (+https://developers.facebook.com/docs/sharing/webmasters/crawler)"
66.249.69.198 - - [05/Aug/2025:17:42:34 +0300] "GET /shopdetail/28966317/ HTTP/1.1" 404 25561 "-" "Mozilla/5.0 (compatible; Googlebot/2.1; +http://www.google.com/bot.html)"
194.247.173.99 - - [05/Aug/2025:17:42:49 +0300] "GET /robots.txt HTTP/1.1" 200 77 "-" "Mozilla/5.0 (compatible; MJ12bot/v1.4.8; http://mj12bot.com/)"
194.247.173.99 - - [05/Aug/2025:17:42:51 +0300] "GET /product-brand/premier/?orderby=price-desc&product_brand=premier HTTP/1.1" 301 0 "-" "Mozilla/5.0 (compatible; MJ12bot/v1.4.8; http://mj12bot.com/)"
194.247.173.99 - - [05/Aug/2025:17:42:55 +0300] "GET /product-brand/premier/?orderby=price-desc HTTP/1.1" 200 35189 "-" "Mozilla/5.0 (compatible; MJ12bot/v1.4.8; http://mj12bot.com/)"
66.249.69.198 - - [05/Aug/2025:17:42:59 +0300] "GET /shopdetail/14423340/ HTTP/1.1" 404 25562 "-" "Mozilla/5.0 (compatible; Googlebot/2.1; +http://www.google.com/bot.html)"
57.141.6.26 - - [05/Aug/2025:17:43:20 +0300] "GET /shopdetail/21778595/ HTTP/2" 404 131191 "-" "meta-externalagent/1.1 (+https://developers.facebook.com/docs/sharing/webmasters/crawler)"
66.249.69.198 - - [05/Aug/2025:17:43:36 +0300] "GET /shopdetail/1491217/ HTTP/1.1" 404 25627 "-" "Mozilla/5.0 (compatible; Googlebot/2.1; +http://www.google.com/bot.html)"
66.249.69.198 - - [05/Aug/2025:17:43:42 +0300] "GET /shopdetail/7094484/ HTTP/1.1" 404 25627 "-" "Mozilla/5.0 (Linux; Android 6.0.1; Nexus 5X Build/MMB29P) AppleWebKit/537.36 (KHTML, like Gecko) Chrome/138.0.7204.183 Mobile Safari/537.36 (compatible; GoogleOther)"
66.249.68.36 - - [05/Aug/2025:17:43:53 +0300] "GET /shopdetail/14005239/ HTTP/1.1" 404 25562 "-" "Mozilla/5.0 (Linux; Android 6.0.1; Nexus 5X Build/MMB29P) AppleWebKit/537.36 (KHTML, like Gecko) Chrome/138.0.7204.183 Mobile Safari/537.36 (compatible; Googlebot/2.1; +http://www.google.com/bot.html)"
45.40.50.178 - - [05/Aug/2025:17:44:00 +0300] "GET /shop/page/6/?orderby=date&remove_compare_item=6d3a2d24eb109dddf78374fe5d0ee067&_wpnonce=3bf18ca00f HTTP/2" 200 32405 "https://karismamodernkitchen.com/shop/page/6/?orderby=date&remove_compare_item=6d3a2d24eb109dddf78374fe5d0ee067&_wpnonce=3bf18ca00f" "Mozilla/5.0 (Macintosh; Intel Mac OS X 10_15_7) AppleWebKit/537.36 (KHTML, like Gecko) Chrome/119.0.0.0 Safari/537.36"
85.208.96.210 - - [05/Aug/2025:17:40:19 +0300] "GET /product-tag/foodservice-equipment/ HTTP/1.1" 200 35141 "-" "Mozilla/5.0 (compatible; SemrushBot/7~bl; +http://www.semrush.com/bot.html)"
66.249.68.36 - - [05/Aug/2025:17:40:32 +0300] "GET /shopdetail/20518351/ HTTP/1.1" 404 25561 "-" "Mozilla/5.0 (Linux; Android 6.0.1; Nexus 5X Build/MMB29P) AppleWebKit/537.36 (KHTML, like Gecko) Chrome/138.0.7204.183 Mobile Safari/537.36 (compatible; Googlebot/2.1; +http://www.google.com/bot.html)"
66.249.69.198 - - [05/Aug/2025:17:40:43 +0300] "GET /shopdetail/28831106/ HTTP/1.1" 404 25560 "-" "Mozilla/5.0 (compatible; Googlebot/2.1; +http://www.google.com/bot.html)"
57.141.6.17 - - [05/Aug/2025:17:40:50 +0300] "GET /shopdetail/20158151/ HTTP/2" 404 131191 "-" "meta-externalagent/1.1 (+https://developers.facebook.com/docs/sharing/webmasters/crawler)"
197.248.134.119 - - [05/Aug/2025:17:41:05 +0300] "POST /wp-admin/admin-ajax.php HTTP/2" 200 51 "https://karismamodernkitchen.com/wp-admin/admin.php?page=wp_file_manager" "Mozilla/5.0 (Windows NT 10.0; Win64; x64) AppleWebKit/537.36 (KHTML, like Gecko) Chrome/138.0.0.0 Safari/537.36"
57.141.6.6 - - [05/Aug/2025:17:41:40 +0300] "GET /shopdetail/22955351/ HTTP/2" 404 131191 "-" "meta-externalagent/1.1 (+https://developers.facebook.com/docs/sharing/webmasters/crawler)"
66.249.69.198 - - [05/Aug/2025:17:41:51 +0300] "GET /shopdetail/30310617/ HTTP/1.1" 404 25560 "-" "Mozilla/5.0 (Linux; Android 6.0.1; Nexus 5X Build/MMB29P) AppleWebKit/537.36 (KHTML, like Gecko) Chrome/138.0.7204.183 Mobile Safari/537.36 (compatible; GoogleOther)"
101.44.25.126 - - [05/Aug/2025:17:41:54 +0300] "GET /product-category/bakery-equipment/?add_to_compare=4303 HTTP/2" 200 34132 "https://karismamodernkitchen.com/product-category/bakery-equipment/?add_to_compare=4303" "Mozilla/5.0 (Windows NT 10.0; Win64; x64) AppleWebKit/537.36 (KHTML, like Gecko) Chrome/116.0.0.0 Safari/537.36"
104.131.160.129 - - [05/Aug/2025:17:42:22 +0300] "GET /product-category/furniture/ HTTP/2" 200 32124 "-" "Mozilla/5.0 (Macintosh; Intel Mac OS X 10_15_7) AppleWebKit/537.36 (KHTML, like Gecko) Chrome/130.0.0.0 Safari/537.36"
66.249.68.38 - - [05/Aug/2025:17:42:26 +0300] "GET /shopdetail/20518351/ HTTP/1.1" 404 25562 "-" "Mozilla/5.0 (Linux; Android 6.0.1; Nexus 5X Build/MMB29P) AppleWebKit/537.36 (KHTML, like Gecko) Chrome/138.0.7204.183 Mobile Safari/537.36 (compatible; Googlebot/2.1; +http://www.google.com/bot.html)"
66.249.69.198 - - [05/Aug/2025:17:42:40 +0300] "GET /shopdetail/18664551/ HTTP/1.1" 404 25562 "-" "Mozilla/5.0 (Linux; Android 6.0.1; Nexus 5X Build/MMB29P) AppleWebKit/537.36 (KHTML, like Gecko) Chrome/138.0.7204.183 Mobile Safari/537.36 (compatible; GoogleOther)"
197.248.134.119 - - [05/Aug/2025:17:43:06 +0300] "POST /wp-admin/admin-ajax.php HTTP/2" 200 51 "https://karismamodernkitchen.com/wp-admin/admin.php?page=wp_file_manager" "Mozilla/5.0 (Windows NT 10.0; Win64; x64) AppleWebKit/537.36 (KHTML, like Gecko) Chrome/138.0.0.0 Safari/537.36"
66.249.69.198 - - [05/Aug/2025:17:43:26 +0300] "GET /shopdetail/28031906/ HTTP/1.1" 404 25561 "-" "Mozilla/5.0 (compatible; Googlebot/2.1; +http://www.google.com/bot.html)"
102.212.247.75 - - [05/Aug/2025:17:43:55 +0300] "POST /?wordfence_syncAttackData=1754405034.4633 HTTP/1.1" 200 0 "-" "WordPress/6.8.2; https://karismamodernkitchen.com"
57.141.6.20 - - [05/Aug/2025:17:44:10 +0300] "GET /shopdetail/4563739/ HTTP/2" 404 131187 "-" "meta-externalagent/1.1 (+https://developers.facebook.com/docs/sharing/webmasters/crawler)"
66.249.69.199 - - [05/Aug/2025:17:45:10 +0300] "GET /shopdetail/16362517/ HTTP/1.1" 404 25562 "-" "Mozilla/5.0 (Linux; Android 6.0.1; Nexus 5X Build/MMB29P) AppleWebKit/537.36 (KHTML, like Gecko) Chrome/138.0.7204.183 Mobile Safari/537.36 (compatible; Googlebot/2.1; +http://www.google.com/bot.html)"
66.249.69.199 - - [05/Aug/2025:17:45:12 +0300] "GET /shopdetail/5604362/ HTTP/1.1" 404 25626 "-" "Mozilla/5.0 (compatible; Googlebot/2.1; +http://www.google.com/bot.html)"
66.249.69.200 - - [05/Aug/2025:17:44:10 +0300] "GET /shopdetail/8983717/ HTTP/1.1" 404 25628 "-" "Mozilla/5.0 (compatible; Googlebot/2.1; +http://www.google.com/bot.html)"
66.249.69.199 - - [05/Aug/2025:17:44:34 +0300] "GET /shopdetail/20718151/ HTTP/1.1" 404 25562 "-" "Mozilla/5.0 (Linux; Android 6.0.1; Nexus 5X Build/MMB29P) AppleWebKit/537.36 (KHTML, like Gecko) Chrome/138.0.7204.183 Mobile Safari/537.36 (compatible; Googlebot/2.1; +http://www.google.com/bot.html)"
66.249.69.198 - - [05/Aug/2025:17:44:49 +0300] "GET /shopdetail/26553428/ HTTP/1.1" 404 25562 "-" "Mozilla/5.0 (compatible; Googlebot/2.1; +http://www.google.com/bot.html)"
57.141.6.29 - - [05/Aug/2025:17:45:00 +0300] "GET /shopdetail/25434939/ HTTP/2" 404 131191 "-" "meta-externalagent/1.1 (+https://developers.facebook.com/docs/sharing/webmasters/crawler)"
197.248.134.119 - - [05/Aug/2025:17:45:07 +0300] "POST /wp-admin/admin-ajax.php HTTP/2" 200 51 "https://karismamodernkitchen.com/wp-admin/admin.php?page=wp_file_manager" "Mozilla/5.0 (Windows NT 10.0; Win64; x64) AppleWebKit/537.36 (KHTML, like Gecko) Chrome/138.0.0.0 Safari/537.36"
197.248.134.119 - - [05/Aug/2025:17:45:25 +0300] "GET / HTTP/2" 200 48145 "-" "Mozilla/5.0 (Windows NT 10.0; Win64; x64) AppleWebKit/537.36 (KHTML, like Gecko) Chrome/138.0.0.0 Safari/537.36"
197.248.134.119 - - [05/Aug/2025:17:45:31 +0300] "GET /wp-includes/css/admin-bar.min.css?ver=6.8.2 HTTP/2" 200 3611 "https://karismamodernkitchen.com/" "Mozilla/5.0 (Windows NT 10.0; Win64; x64) AppleWebKit/537.36 (KHTML, like Gecko) Chrome/138.0.0.0 Safari/537.36"
197.248.134.119 - - [05/Aug/2025:17:45:31 +0300] "GET /wp-content/plugins/revslider/sr6/assets/fonts/material/material-icons.css?ver=6.7.25 HTTP/2" 200 387 "https://karismamodernkitchen.com/" "Mozilla/5.0 (Windows NT 10.0; Win64; x64) AppleWebKit/537.36 (KHTML, like Gecko) Chrome/138.0.0.0 Safari/537.36"
197.248.134.119 - - [05/Aug/2025:17:45:31 +0300] "GET /wp-includes/css/dashicons.min.css?ver=6.8.2 HTTP/2" 200 35110 "https://karismamodernkitchen.com/" "Mozilla/5.0 (Windows NT 10.0; Win64; x64) AppleWebKit/537.36 (KHTML, like Gecko) Chrome/138.0.0.0 Safari/537.36"
197.248.134.119 - - [05/Aug/2025:17:45:32 +0300] "GET /wp-content/plugins/all-in-one-seo-pack-pro/dist/Pro/assets/css/admin-bar.bbffe8bd.css?ver=4.8.5 HTTP/2" 200 3325 "https://karismamodernkitchen.com/" "Mozilla/5.0 (Windows NT 10.0; Win64; x64) AppleWebKit/537.36 (KHTML, like Gecko) Chrome/138.0.0.0 Safari/537.36"
197.248.134.119 - - [05/Aug/2025:17:45:32 +0300] "GET /wp-content/plugins/contact-form-7/includes/css/styles.css?ver=6.1.1 HTTP/2" 200 899 "https://karismamodernkitchen.com/" "Mozilla/5.0 (Windows NT 10.0; Win64; x64) AppleWebKit/537.36 (KHTML, like Gecko) Chrome/138.0.0.0 Safari/537.36"
197.248.134.119 - - [05/Aug/2025:17:45:32 +0300] "GET /wp-content/plugins/elementor/assets/css/admin-bar.min.css?ver=3.30.4 HTTP/2" 200 276 "https://karismamodernkitchen.com/" "Mozilla/5.0 (Windows NT 10.0; Win64; x64) AppleWebKit/537.36 (KHTML, like Gecko) Chrome/138.0.0.0 Safari/537.36"
197.248.134.119 - - [05/Aug/2025:17:45:33 +0300] "GET /wp-content/uploads/elementor/css/post-8.css?ver=1754399781 HTTP/2" 200 378 "https://karismamodernkitchen.com/" "Mozilla/5.0 (Windows NT 10.0; Win64; x64) AppleWebKit/537.36 (KHTML, like Gecko) Chrome/138.0.0.0 Safari/537.36"
197.248.134.119 - - [05/Aug/2025:17:45:33 +0300] "GET /wp-content/uploads/elementor/css/post-3401.css?ver=1754400205 HTTP/2" 200 1309 "https://karismamodernkitchen.com/" "Mozilla/5.0 (Windows NT 10.0; Win64; x64) AppleWebKit/537.36 (KHTML, like Gecko) Chrome/138.0.0.0 Safari/537.36"
197.248.134.119 - - [05/Aug/2025:17:45:33 +0300] "GET /wp-content/uploads/elementor/css/post-4451.css?ver=1754399781 HTTP/2" 200 1846 "https://karismamodernkitchen.com/" "Mozilla/5.0 (Windows NT 10.0; Win64; x64) AppleWebKit/537.36 (KHTML, like Gecko) Chrome/138.0.0.0 Safari/537.36"
197.248.134.119 - - [05/Aug/2025:17:45:33 +0300] "GET /wp-content/plugins/all-in-one-seo-pack-pro/dist/Pro/assets/seo-preview.98edfd68.js?ver=4.8.5 HTTP/2" 200 7513 "https://karismamodernkitchen.com/" "Mozilla/5.0 (Windows NT 10.0; Win64; x64) AppleWebKit/537.36 (KHTML, like Gecko) Chrome/138.0.0.0 Safari/537.36"
197.248.134.119 - - [05/Aug/2025:17:45:33 +0300] "GET /wp-content/plugins/all-in-one-seo-pack-pro/dist/Pro/assets/css/Tabs.8c5e31f4.css?ver=4.8.5 HTTP/2" 200 1557 "https://karismamodernkitchen.com/" "Mozilla/5.0 (Windows NT 10.0; Win64; x64) AppleWebKit/537.36 (KHTML, like Gecko) Chrome/138.0.0.0 Safari/537.36"
197.248.134.119 - - [05/Aug/2025:17:45:33 +0300] "GET /wp-content/plugins/all-in-one-seo-pack-pro/dist/Pro/assets/css/Index.e7e7e5d8.css?ver=4.8.5 HTTP/2" 200 969 "https://karismamodernkitchen.com/" "Mozilla/5.0 (Windows NT 10.0; Win64; x64) AppleWebKit/537.36 (KHTML, like Gecko) Chrome/138.0.0.0 Safari/537.36"
197.248.134.119 - - [05/Aug/2025:17:45:33 +0300] "GET /wp-content/plugins/all-in-one-seo-pack-pro/dist/Pro/assets/css/FacebookPreview.a19706d8.css?ver=4.8.5 HTTP/2" 200 820 "https://karismamodernkitchen.com/" "Mozilla/5.0 (Windows NT 10.0; Win64; x64) AppleWebKit/537.36 (KHTML, like Gecko) Chrome/138.0.0.0 Safari/537.36"
197.248.134.119 - - [05/Aug/2025:17:45:33 +0300] "GET /wp-content/plugins/all-in-one-seo-pack-pro/dist/Pro/assets/css/GoogleSearchPreview.49ea6dbd.css?ver=4.8.5 HTTP/2" 200 1211 "https://karismamodernkitchen.com/" "Mozilla/5.0 (Windows NT 10.0; Win64; x64) AppleWebKit/537.36 (KHTML, like Gecko) Chrome/138.0.0.0 Safari/537.36"
197.248.134.119 - - [05/Aug/2025:17:45:33 +0300] "GET /wp-content/plugins/all-in-one-seo-pack-pro/dist/Pro/assets/css/TwitterPreview.171ce642.css?ver=4.8.5 HTTP/2" 200 843 "https://karismamodernkitchen.com/" "Mozilla/5.0 (Windows NT 10.0; Win64; x64) AppleWebKit/537.36 (KHTML, like Gecko) Chrome/138.0.0.0 Safari/537.36"
197.248.134.119 - - [05/Aug/2025:17:45:33 +0300] "GET /wp-content/plugins/all-in-one-seo-pack-pro/dist/Pro/assets/css/ProBadge.6500bcec.css?ver=4.8.5 HTTP/2" 200 183 "https://karismamodernkitchen.com/" "Mozilla/5.0 (Windows NT 10.0; Win64; x64) AppleWebKit/537.36 (KHTML, like Gecko) Chrome/138.0.0.0 Safari/537.36"
197.248.134.119 - - [05/Aug/2025:17:45:33 +0300] "GET /wp-content/plugins/all-in-one-seo-pack-pro/dist/Pro/assets/css/seo-preview.b3db4555.css?ver=4.8.5 HTTP/2" 200 2545 "https://karismamodernkitchen.com/" "Mozilla/5.0 (Windows NT 10.0; Win64; x64) AppleWebKit/537.36 (KHTML, like Gecko) Chrome/138.0.0.0 Safari/537.36"
197.248.134.119 - - [05/Aug/2025:17:45:34 +0300] "GET /wp-content/plugins/elementor/assets/lib/dialog/dialog.min.js?ver=4.9.4 HTTP/2" 200 3593 "https://karismamodernkitchen.com/" "Mozilla/5.0 (Windows NT 10.0; Win64; x64) AppleWebKit/537.36 (KHTML, like Gecko) Chrome/138.0.0.0 Safari/537.36"
197.248.134.119 - - [05/Aug/2025:17:45:34 +0300] "GET /wp-content/plugins/contact-form-7/includes/swv/js/index.js?ver=6.1.1 HTTP/2" 200 3369 "https://karismamodernkitchen.com/" "Mozilla/5.0 (Windows NT 10.0; Win64; x64) AppleWebKit/537.36 (KHTML, like Gecko) Chrome/138.0.0.0 Safari/537.36"
197.248.134.119 - - [05/Aug/2025:17:45:34 +0300] "GET /wp-content/plugins/contact-form-7/includes/js/index.js?ver=6.1.1 HTTP/2" 200 4008 "https://karismamodernkitchen.com/" "Mozilla/5.0 (Windows NT 10.0; Win64; x64) AppleWebKit/537.36 (KHTML, like Gecko) Chrome/138.0.0.0 Safari/537.36"
197.248.134.119 - - [05/Aug/2025:17:45:34 +0300] "GET /wp-content/plugins/elementor/assets/js/elementor-admin-bar.min.js?ver=3.30.4 HTTP/2" 200 2187 "https://karismamodernkitchen.com/" "Mozilla/5.0 (Windows NT 10.0; Win64; x64) AppleWebKit/537.36 (KHTML, like Gecko) Chrome/138.0.0.0 Safari/537.36"
197.248.134.119 - - [05/Aug/2025:17:45:35 +0300] "GET /wp-content/plugins/all-in-one-seo-pack-pro/dist/Pro/assets/js/vue-router.21860d65.js HTTP/2" 200 9258 "https://karismamodernkitchen.com/wp-content/plugins/all-in-one-seo-pack-pro/dist/Pro/assets/seo-preview.98edfd68.js?ver=4.8.5" "Mozilla/5.0 (Windows NT 10.0; Win64; x64) AppleWebKit/537.36 (KHTML, like Gecko) Chrome/138.0.0.0 Safari/537.36"
197.248.134.119 - - [05/Aug/2025:17:45:35 +0300] "GET /wp-content/plugins/all-in-one-seo-pack-pro/dist/Pro/assets/js/Tabs.ef6afdb1.js HTTP/2" 200 8598 "https://karismamodernkitchen.com/wp-content/plugins/all-in-one-seo-pack-pro/dist/Pro/assets/seo-preview.98edfd68.js?ver=4.8.5" "Mozilla/5.0 (Windows NT 10.0; Win64; x64) AppleWebKit/537.36 (KHTML, like Gecko) Chrome/138.0.0.0 Safari/537.36"
197.248.134.119 - - [05/Aug/2025:17:45:36 +0300] "GET /wp-content/plugins/all-in-one-seo-pack-pro/dist/Pro/assets/js/Index.5abcbc26.js HTTP/2" 200 1086 "https://karismamodernkitchen.com/wp-content/plugins/all-in-one-seo-pack-pro/dist/Pro/assets/seo-preview.98edfd68.js?ver=4.8.5" "Mozilla/5.0 (Windows NT 10.0; Win64; x64) AppleWebKit/537.36 (KHTML, like Gecko) Chrome/138.0.0.0 Safari/537.36"
197.248.134.119 - - [05/Aug/2025:17:45:36 +0300] "GET /wp-content/plugins/all-in-one-seo-pack-pro/dist/Pro/assets/js/Mobile.ab0d78f4.js HTTP/2" 200 608 "https://karismamodernkitchen.com/wp-content/plugins/all-in-one-seo-pack-pro/dist/Pro/assets/seo-preview.98edfd68.js?ver=4.8.5" "Mozilla/5.0 (Windows NT 10.0; Win64; x64) AppleWebKit/537.36 (KHTML, like Gecko) Chrome/138.0.0.0 Safari/537.36"
197.248.134.119 - - [05/Aug/2025:17:45:36 +0300] "GET /wp-content/plugins/all-in-one-seo-pack-pro/dist/Pro/assets/js/Facebook.707092a5.js HTTP/2" 200 450 "https://karismamodernkitchen.com/wp-content/plugins/all-in-one-seo-pack-pro/dist/Pro/assets/seo-preview.98edfd68.js?ver=4.8.5" "Mozilla/5.0 (Windows NT 10.0; Win64; x64) AppleWebKit/537.36 (KHTML, like Gecko) Chrome/138.0.0.0 Safari/537.36"
197.248.134.119 - - [05/Aug/2025:17:45:36 +0300] "GET /wp-content/plugins/all-in-one-seo-pack-pro/dist/Pro/assets/js/Settings.2e4a6929.js HTTP/2" 200 2172 "https://karismamodernkitchen.com/wp-content/plugins/all-in-one-seo-pack-pro/dist/Pro/assets/seo-preview.98edfd68.js?ver=4.8.5" "Mozilla/5.0 (Windows NT 10.0; Win64; x64) AppleWebKit/537.36 (KHTML, like Gecko) Chrome/138.0.0.0 Safari/537.36"
197.248.134.119 - - [05/Aug/2025:17:45:36 +0300] "GET /wp-content/plugins/all-in-one-seo-pack-pro/dist/Pro/assets/js/Twitter.1a167ae6.js HTTP/2" 200 485 "https://karismamodernkitchen.com/wp-content/plugins/all-in-one-seo-pack-pro/dist/Pro/assets/seo-preview.98edfd68.js?ver=4.8.5" "Mozilla/5.0 (Windows NT 10.0; Win64; x64) AppleWebKit/537.36 (KHTML, like Gecko) Chrome/138.0.0.0 Safari/537.36"
197.248.134.119 - - [05/Aug/2025:17:45:36 +0300] "GET /wp-content/plugins/all-in-one-seo-pack-pro/dist/Pro/assets/js/html.680a7b51.js HTTP/2" 200 596 "https://karismamodernkitchen.com/wp-content/plugins/all-in-one-seo-pack-pro/dist/Pro/assets/seo-preview.98edfd68.js?ver=4.8.5" "Mozilla/5.0 (Windows NT 10.0; Win64; x64) AppleWebKit/537.36 (KHTML, like Gecko) Chrome/138.0.0.0 Safari/537.36"
197.248.134.119 - - [05/Aug/2025:17:45:37 +0300] "GET /wp-content/plugins/all-in-one-seo-pack-pro/dist/Pro/assets/js/FacebookPreview.250863e6.js HTTP/2" 200 1010 "https://karismamodernkitchen.com/wp-content/plugins/all-in-one-seo-pack-pro/dist/Pro/assets/seo-preview.98edfd68.js?ver=4.8.5" "Mozilla/5.0 (Windows NT 10.0; Win64; x64) AppleWebKit/537.36 (KHTML, like Gecko) Chrome/138.0.0.0 Safari/537.36"
197.248.134.119 - - [05/Aug/2025:17:45:37 +0300] "GET /wp-content/plugins/all-in-one-seo-pack-pro/dist/Pro/assets/js/GoogleSearchPreview.b1c94d5e.js HTTP/2" 200 2501 "https://karismamodernkitchen.com/wp-content/plugins/all-in-one-seo-pack-pro/dist/Pro/assets/seo-preview.98edfd68.js?ver=4.8.5" "Mozilla/5.0 (Windows NT 10.0; Win64; x64) AppleWebKit/537.36 (KHTML, like Gecko) Chrome/138.0.0.0 Safari/537.36"
197.248.134.119 - - [05/Aug/2025:17:45:37 +0300] "GET /wp-content/plugins/all-in-one-seo-pack-pro/dist/Pro/assets/js/Profile.12eaa3ae.js HTTP/2" 200 6992 "https://karismamodernkitchen.com/wp-content/plugins/all-in-one-seo-pack-pro/dist/Pro/assets/seo-preview.98edfd68.js?ver=4.8.5" "Mozilla/5.0 (Windows NT 10.0; Win64; x64) AppleWebKit/537.36 (KHTML, like Gecko) Chrome/138.0.0.0 Safari/537.36"
197.248.134.119 - - [05/Aug/2025:17:45:37 +0300] "GET /wp-content/plugins/all-in-one-seo-pack-pro/dist/Pro/assets/js/Google.ca16d514.js HTTP/2" 200 1204 "https://karismamodernkitchen.com/wp-content/plugins/all-in-one-seo-pack-pro/dist/Pro/assets/seo-preview.98edfd68.js?ver=4.8.5" "Mozilla/5.0 (Windows NT 10.0; Win64; x64) AppleWebKit/537.36 (KHTML, like Gecko) Chrome/138.0.0.0 Safari/537.36"
197.248.134.119 - - [05/Aug/2025:17:45:37 +0300] "GET /wp-content/plugins/all-in-one-seo-pack-pro/dist/Pro/assets/js/TruSeoScore.6412fa7f.js HTTP/2" 200 382 "https://karismamodernkitchen.com/wp-content/plugins/all-in-one-seo-pack-pro/dist/Pro/assets/seo-preview.98edfd68.js?ver=4.8.5" "Mozilla/5.0 (Windows NT 10.0; Win64; x64) AppleWebKit/537.36 (KHTML, like Gecko) Chrome/138.0.0.0 Safari/537.36"
197.248.134.119 - - [05/Aug/2025:17:45:37 +0300] "GET /wp-content/plugins/all-in-one-seo-pack-pro/dist/Pro/assets/js/Exclamation.e58309d9.js HTTP/2" 200 434 "https://karismamodernkitchen.com/wp-content/plugins/all-in-one-seo-pack-pro/dist/Pro/assets/seo-preview.98edfd68.js?ver=4.8.5" "Mozilla/5.0 (Windows NT 10.0; Win64; x64) AppleWebKit/537.36 (KHTML, like Gecko) Chrome/138.0.0.0 Safari/537.36"
197.248.134.119 - - [05/Aug/2025:17:45:37 +0300] "GET /wp-content/plugins/all-in-one-seo-pack-pro/dist/Pro/assets/js/Url.df0e42ce.js HTTP/2" 200 574 "https://karismamodernkitchen.com/wp-content/plugins/all-in-one-seo-pack-pro/dist/Pro/assets/seo-preview.98edfd68.js?ver=4.8.5" "Mozilla/5.0 (Windows NT 10.0; Win64; x64) AppleWebKit/537.36 (KHTML, like Gecko) Chrome/138.0.0.0 Safari/537.36"
197.248.134.119 - - [05/Aug/2025:17:45:37 +0300] "GET /wp-content/plugins/all-in-one-seo-pack-pro/dist/Pro/assets/js/TwitterPreview.558e0a6f.js HTTP/2" 200 1097 "https://karismamodernkitchen.com/wp-content/plugins/all-in-one-seo-pack-pro/dist/Pro/assets/seo-preview.98edfd68.js?ver=4.8.5" "Mozilla/5.0 (Windows NT 10.0; Win64; x64) AppleWebKit/537.36 (KHTML, like Gecko) Chrome/138.0.0.0 Safari/537.36"
197.248.134.119 - - [05/Aug/2025:17:45:37 +0300] "GET /wp-content/plugins/all-in-one-seo-pack-pro/dist/Pro/assets/js/ProBadge.e29f5c16.js HTTP/2" 200 225 "https://karismamodernkitchen.com/wp-content/plugins/all-in-one-seo-pack-pro/dist/Pro/assets/seo-preview.98edfd68.js?ver=4.8.5" "Mozilla/5.0 (Windows NT 10.0; Win64; x64) AppleWebKit/537.36 (KHTML, like Gecko) Chrome/138.0.0.0 Safari/537.36"
197.248.134.119 - - [05/Aug/2025:17:45:38 +0300] "GET /wp-content/plugins/all-in-one-seo-pack-pro/dist/Pro/assets/js/Information.5f425594.js HTTP/2" 200 394 "https://karismamodernkitchen.com/wp-content/plugins/all-in-one-seo-pack-pro/dist/Pro/assets/seo-preview.98edfd68.js?ver=4.8.5" "Mozilla/5.0 (Windows NT 10.0; Win64; x64) AppleWebKit/537.36 (KHTML, like Gecko) Chrome/138.0.0.0 Safari/537.36"
197.248.134.119 - - [05/Aug/2025:17:45:38 +0300] "GET /wp-content/plugins/all-in-one-seo-pack-pro/dist/Pro/assets/js/Slide.53cdbff7.js HTTP/2" 200 717 "https://karismamodernkitchen.com/wp-content/plugins/all-in-one-seo-pack-pro/dist/Pro/assets/seo-preview.98edfd68.js?ver=4.8.5" "Mozilla/5.0 (Windows NT 10.0; Win64; x64) AppleWebKit/537.36 (KHTML, like Gecko) Chrome/138.0.0.0 Safari/537.36"
197.248.134.119 - - [05/Aug/2025:17:45:38 +0300] "GET /wp-content/plugins/all-in-one-seo-pack-pro/dist/Pro/assets/js/TableOfContentsStore.dc6894e0.js HTTP/2" 200 625 "https://karismamodernkitchen.com/wp-content/plugins/all-in-one-seo-pack-pro/dist/Pro/assets/seo-preview.98edfd68.js?ver=4.8.5" "Mozilla/5.0 (Windows NT 10.0; Win64; x64) AppleWebKit/537.36 (KHTML, like Gecko) Chrome/138.0.0.0 Safari/537.36"
197.248.134.119 - - [05/Aug/2025:17:45:38 +0300] "GET /wp-content/plugins/all-in-one-seo-pack-pro/dist/Pro/assets/js/metabox.9ac9fb05.js HTTP/2" 200 297 "https://karismamodernkitchen.com/wp-content/plugins/all-in-one-seo-pack-pro/dist/Pro/assets/seo-preview.98edfd68.js?ver=4.8.5" "Mozilla/5.0 (Windows NT 10.0; Win64; x64) AppleWebKit/537.36 (KHTML, like Gecko) Chrome/138.0.0.0 Safari/537.36"
197.248.134.119 - - [05/Aug/2025:17:45:38 +0300] "GET /wp-content/plugins/all-in-one-seo-pack-pro/dist/Pro/assets/js/SchemaStore.5ddd64d1.js HTTP/2" 200 10062 "https://karismamodernkitchen.com/wp-content/plugins/all-in-one-seo-pack-pro/dist/Pro/assets/seo-preview.98edfd68.js?ver=4.8.5" "Mozilla/5.0 (Windows NT 10.0; Win64; x64) AppleWebKit/537.36 (KHTML, like Gecko) Chrome/138.0.0.0 Safari/537.36"
197.248.134.119 - - [05/Aug/2025:17:45:38 +0300] "GET /wp-content/plugins/all-in-one-seo-pack-pro/dist/Pro/assets/js/cleanForSlug.5f70afb0.js HTTP/2" 200 145 "https://karismamodernkitchen.com/wp-content/plugins/all-in-one-seo-pack-pro/dist/Pro/assets/seo-preview.98edfd68.js?ver=4.8.5" "Mozilla/5.0 (Windows NT 10.0; Win64; x64) AppleWebKit/537.36 (KHTML, like Gecko) Chrome/138.0.0.0 Safari/537.36"
197.248.134.119 - - [05/Aug/2025:17:45:38 +0300] "GET /wp-content/plugins/all-in-one-seo-pack-pro/dist/Pro/assets/js/deburr.360ac11a.js HTTP/2" 200 650 "https://karismamodernkitchen.com/wp-content/plugins/all-in-one-seo-pack-pro/dist/Pro/assets/seo-preview.98edfd68.js?ver=4.8.5" "Mozilla/5.0 (Windows NT 10.0; Win64; x64) AppleWebKit/537.36 (KHTML, like Gecko) Chrome/138.0.0.0 Safari/537.36"
197.248.134.119 - - [05/Aug/2025:17:45:38 +0300] "GET /wp-content/plugins/all-in-one-seo-pack-pro/dist/Pro/assets/js/toString.569e8443.js HTTP/2" 200 301 "https://karismamodernkitchen.com/wp-content/plugins/all-in-one-seo-pack-pro/dist/Pro/assets/seo-preview.98edfd68.js?ver=4.8.5" "Mozilla/5.0 (Windows NT 10.0; Win64; x64) AppleWebKit/537.36 (KHTML, like Gecko) Chrome/138.0.0.0 Safari/537.36"
197.248.134.119 - - [05/Aug/2025:17:45:39 +0300] "GET /wp-content/plugins/all-in-one-seo-pack-pro/dist/Pro/assets/js/contentHasAssets.e1428256.js HTTP/2" 200 553 "https://karismamodernkitchen.com/wp-content/plugins/all-in-one-seo-pack-pro/dist/Pro/assets/seo-preview.98edfd68.js?ver=4.8.5" "Mozilla/5.0 (Windows NT 10.0; Win64; x64) AppleWebKit/537.36 (KHTML, like Gecko) Chrome/138.0.0.0 Safari/537.36"
197.248.134.119 - - [05/Aug/2025:17:45:39 +0300] "GET /wp-content/plugins/all-in-one-seo-pack-pro/dist/Pro/assets/js/_baseSet.bcc51cfa.js HTTP/2" 200 856 "https://karismamodernkitchen.com/wp-content/plugins/all-in-one-seo-pack-pro/dist/Pro/assets/seo-preview.98edfd68.js?ver=4.8.5" "Mozilla/5.0 (Windows NT 10.0; Win64; x64) AppleWebKit/537.36 (KHTML, like Gecko) Chrome/138.0.0.0 Safari/537.36"
197.248.134.119 - - [05/Aug/2025:17:45:39 +0300] "GET /wp-content/plugins/all-in-one-seo-pack-pro/dist/Pro/assets/js/regex.8a6101c0.js HTTP/2" 200 120 "https://karismamodernkitchen.com/wp-content/plugins/all-in-one-seo-pack-pro/dist/Pro/assets/seo-preview.98edfd68.js?ver=4.8.5" "Mozilla/5.0 (Windows NT 10.0; Win64; x64) AppleWebKit/537.36 (KHTML, like Gecko) Chrome/138.0.0.0 Safari/537.36"
197.248.134.119 - - [05/Aug/2025:17:45:39 +0300] "GET /wp-content/plugins/all-in-one-seo-pack-pro/dist/Pro/assets/js/Img.050cdab4.js HTTP/2" 200 536 "https://karismamodernkitchen.com/wp-content/plugins/all-in-one-seo-pack-pro/dist/Pro/assets/seo-preview.98edfd68.js?ver=4.8.5" "Mozilla/5.0 (Windows NT 10.0; Win64; x64) AppleWebKit/537.36 (KHTML, like Gecko) Chrome/138.0.0.0 Safari/537.36"
197.248.134.119 - - [05/Aug/2025:17:45:39 +0300] "GET /wp-content/plugins/all-in-one-seo-pack-pro/dist/Pro/assets/js/Book.f5782e8e.js HTTP/2" 200 1003 "https://karismamodernkitchen.com/wp-content/plugins/all-in-one-seo-pack-pro/dist/Pro/assets/seo-preview.98edfd68.js?ver=4.8.5" "Mozilla/5.0 (Windows NT 10.0; Win64; x64) AppleWebKit/537.36 (KHTML, like Gecko) Chrome/138.0.0.0 Safari/537.36"
197.248.134.119 - - [05/Aug/2025:17:45:39 +0300] "GET /wp-content/plugins/all-in-one-seo-pack-pro/dist/Pro/assets/js/constants.ee441da2.js HTTP/2" 200 13089 "https://karismamodernkitchen.com/wp-content/plugins/all-in-one-seo-pack-pro/dist/Pro/assets/seo-preview.98edfd68.js?ver=4.8.5" "Mozilla/5.0 (Windows NT 10.0; Win64; x64) AppleWebKit/537.36 (KHTML, like Gecko) Chrome/138.0.0.0 Safari/537.36"
197.248.134.119 - - [05/Aug/2025:17:45:40 +0300] "GET /wp-content/uploads/2025/03/Double-Door-Bread-Proofer-1-600x600.png HTTP/2" 200 79384 "https://karismamodernkitchen.com/" "Mozilla/5.0 (Windows NT 10.0; Win64; x64) AppleWebKit/537.36 (KHTML, like Gecko) Chrome/138.0.0.0 Safari/537.36"
197.248.134.119 - - [05/Aug/2025:17:45:40 +0300] "GET /wp-content/uploads/2025/03/Meat-Mincer-M12-600x600.png HTTP/2" 200 32986 "https://karismamodernkitchen.com/" "Mozilla/5.0 (Windows NT 10.0; Win64; x64) AppleWebKit/537.36 (KHTML, like Gecko) Chrome/138.0.0.0 Safari/537.36"
197.248.134.119 - - [05/Aug/2025:17:45:40 +0300] "GET /wp-content/uploads/2025/03/Meat-Mincer-Size-22-600x600.png HTTP/2" 200 162793 "https://karismamodernkitchen.com/" "Mozilla/5.0 (Windows NT 10.0; Win64; x64) AppleWebKit/537.36 (KHTML, like Gecko) Chrome/138.0.0.0 Safari/537.36"
197.248.134.119 - - [05/Aug/2025:17:45:40 +0300] "GET /wp-content/plugins/all-in-one-seo-pack-pro/dist/Pro/assets/css/seo-preview.b3db4555.css HTTP/2" 200 2545 "https://karismamodernkitchen.com/" "Mozilla/5.0 (Windows NT 10.0; Win64; x64) AppleWebKit/537.36 (KHTML, like Gecko) Chrome/138.0.0.0 Safari/537.36"
197.248.134.119 - - [05/Aug/2025:17:45:41 +0300] "GET /wp-content/plugins/all-in-one-seo-pack-pro/dist/Pro/assets/css/Caret.fdeadab6.css HTTP/2" 200 1275 "https://karismamodernkitchen.com/" "Mozilla/5.0 (Windows NT 10.0; Win64; x64) AppleWebKit/537.36 (KHTML, like Gecko) Chrome/138.0.0.0 Safari/537.36"
197.248.134.119 - - [05/Aug/2025:17:45:42 +0300] "GET /wp-content/plugins/all-in-one-seo-pack-pro/dist/Pro/assets/css/Tabs.8c5e31f4.css HTTP/2" 200 1557 "https://karismamodernkitchen.com/" "Mozilla/5.0 (Windows NT 10.0; Win64; x64) AppleWebKit/537.36 (KHTML, like Gecko) Chrome/138.0.0.0 Safari/537.36"
197.248.134.119 - - [05/Aug/2025:17:45:42 +0300] "GET /wp-content/plugins/all-in-one-seo-pack-pro/dist/Pro/assets/css/Index.e7e7e5d8.css HTTP/2" 200 969 "https://karismamodernkitchen.com/" "Mozilla/5.0 (Windows NT 10.0; Win64; x64) AppleWebKit/537.36 (KHTML, like Gecko) Chrome/138.0.0.0 Safari/537.36"
197.248.134.119 - - [05/Aug/2025:17:45:42 +0300] "GET /wp-content/plugins/all-in-one-seo-pack-pro/dist/Pro/assets/css/FacebookPreview.a19706d8.css HTTP/2" 200 820 "https://karismamodernkitchen.com/" "Mozilla/5.0 (Windows NT 10.0; Win64; x64) AppleWebKit/537.36 (KHTML, like Gecko) Chrome/138.0.0.0 Safari/537.36"
197.248.134.119 - - [05/Aug/2025:17:45:42 +0300] "GET /wp-content/plugins/all-in-one-seo-pack-pro/dist/Pro/assets/css/GoogleSearchPreview.49ea6dbd.css HTTP/2" 200 1211 "https://karismamodernkitchen.com/" "Mozilla/5.0 (Windows NT 10.0; Win64; x64) AppleWebKit/537.36 (KHTML, like Gecko) Chrome/138.0.0.0 Safari/537.36"
197.248.134.119 - - [05/Aug/2025:17:45:42 +0300] "GET /wp-content/plugins/all-in-one-seo-pack-pro/dist/Pro/assets/css/TwitterPreview.171ce642.css HTTP/2" 200 843 "https://karismamodernkitchen.com/" "Mozilla/5.0 (Windows NT 10.0; Win64; x64) AppleWebKit/537.36 (KHTML, like Gecko) Chrome/138.0.0.0 Safari/537.36"
197.248.134.119 - - [05/Aug/2025:17:45:42 +0300] "GET /wp-content/plugins/all-in-one-seo-pack-pro/dist/Pro/assets/css/ProBadge.6500bcec.css HTTP/2" 200 183 "https://karismamodernkitchen.com/" "Mozilla/5.0 (Windows NT 10.0; Win64; x64) AppleWebKit/537.36 (KHTML, like Gecko) Chrome/138.0.0.0 Safari/537.36"
197.248.134.119 - - [05/Aug/2025:17:45:42 +0300] "GET /wp-content/uploads/2025/03/Meat-Mincer-Size-32-600x600.png HTTP/2" 200 83613 "https://karismamodernkitchen.com/" "Mozilla/5.0 (Windows NT 10.0; Win64; x64) AppleWebKit/537.36 (KHTML, like Gecko) Chrome/138.0.0.0 Safari/537.36"
197.248.134.119 - - [05/Aug/2025:17:45:42 +0300] "GET /wp-content/uploads/2025/02/Meat-Railing-System-600x600.png HTTP/2" 200 113907 "https://karismamodernkitchen.com/" "Mozilla/5.0 (Windows NT 10.0; Win64; x64) AppleWebKit/537.36 (KHTML, like Gecko) Chrome/138.0.0.0 Safari/537.36"
197.248.134.119 - - [05/Aug/2025:17:45:42 +0300] "GET /wp-content/uploads/2025/03/Water-Purification-and-Vending-Cabinet-600x600.png HTTP/2" 200 99531 "https://karismamodernkitchen.com/" "Mozilla/5.0 (Windows NT 10.0; Win64; x64) AppleWebKit/537.36 (KHTML, like Gecko) Chrome/138.0.0.0 Safari/537.36"
197.248.134.119 - - [05/Aug/2025:17:45:45 +0300] "GET /wp-content/uploads/2025/03/Sea-water-desalination-machine-1-600x600.png HTTP/2" 200 106723 "https://karismamodernkitchen.com/" "Mozilla/5.0 (Windows NT 10.0; Win64; x64) AppleWebKit/537.36 (KHTML, like Gecko) Chrome/138.0.0.0 Safari/537.36"
197.248.134.119 - - [05/Aug/2025:17:45:46 +0300] "GET /wp-content/uploads/2025/03/Reverse-osmosis-1000-litres-per-hour-complete-setup-600x600.png HTTP/2" 200 91384 "https://karismamodernkitchen.com/" "Mozilla/5.0 (Windows NT 10.0; Win64; x64) AppleWebKit/537.36 (KHTML, like Gecko) Chrome/138.0.0.0 Safari/537.36"
197.248.134.119 - - [05/Aug/2025:17:45:40 +0300] "POST /?wc-ajax=get_refreshed_fragments HTTP/2" 200 0 "https://karismamodernkitchen.com/" "Mozilla/5.0 (Windows NT 10.0; Win64; x64) AppleWebKit/537.36 (KHTML, like Gecko) Chrome/138.0.0.0 Safari/537.36"
197.248.134.119 - - [05/Aug/2025:17:45:46 +0300] "GET /wp-content/uploads/2025/03/Reverse-osmosis-500-litres-per-hour-Full-setup-600x600.png HTTP/2" 200 101634 "https://karismamodernkitchen.com/" "Mozilla/5.0 (Windows NT 10.0; Win64; x64) AppleWebKit/537.36 (KHTML, like Gecko) Chrome/138.0.0.0 Safari/537.36"
197.248.134.119 - - [05/Aug/2025:17:45:47 +0300] "GET /wp-content/uploads/2025/03/Reverse-osmosis-250L_Hr-complete-setup-250l_hr-600x600.png HTTP/2" 200 95259 "https://karismamodernkitchen.com/" "Mozilla/5.0 (Windows NT 10.0; Win64; x64) AppleWebKit/537.36 (KHTML, like Gecko) Chrome/138.0.0.0 Safari/537.36"
66.249.68.36 - - [05/Aug/2025:17:45:39 +0300] "GET /shopdetail/28660384/ HTTP/1.1" 404 25561 "-" "Mozilla/5.0 (Linux; Android 6.0.1; Nexus 5X Build/MMB29P) AppleWebKit/537.36 (KHTML, like Gecko) Chrome/138.0.7204.183 Mobile Safari/537.36 (compatible; Googlebot/2.1; +http://www.google.com/bot.html)"
197.248.134.119 - - [05/Aug/2025:17:45:40 +0300] "POST /?wc-ajax=get_compare_fragments HTTP/2" 200 241 "https://karismamodernkitchen.com/" "Mozilla/5.0 (Windows NT 10.0; Win64; x64) AppleWebKit/537.36 (KHTML, like Gecko) Chrome/138.0.0.0 Safari/537.36"
197.248.134.119 - - [05/Aug/2025:17:45:40 +0300] "POST /?wc-ajax=get_wishlist_fragments HTTP/2" 200 255 "https://karismamodernkitchen.com/" "Mozilla/5.0 (Windows NT 10.0; Win64; x64) AppleWebKit/537.36 (KHTML, like Gecko) Chrome/138.0.0.0 Safari/537.36"
66.249.69.198 - - [05/Aug/2025:17:45:42 +0300] "GET /shopdetail/2655639/ HTTP/1.1" 404 25629 "-" "Mozilla/5.0 (compatible; Googlebot/2.1; +http://www.google.com/bot.html)"
57.141.6.18 - - [05/Aug/2025:17:45:49 +0300] "GET /shopdetail/29069239/ HTTP/2" 404 131191 "-" "meta-externalagent/1.1 (+https://developers.facebook.com/docs/sharing/webmasters/crawler)"
45.40.50.140 - - [05/Aug/2025:17:46:07 +0300] "GET /shop/page/7/?orderby=popularity&remove_compare_item=e8432fb72c61c9066957124e5a420a05&_wpnonce=b2679503d8 HTTP/2" 200 32686 "https://karismamodernkitchen.com/shop/page/7/?orderby=popularity&remove_compare_item=e8432fb72c61c9066957124e5a420a05&_wpnonce=b2679503d8" "Mozilla/5.0 (Macintosh; Intel Mac OS X 10_15_7) AppleWebKit/537.36 (KHTML, like Gecko) Chrome/119.0.0.0 Safari/537.36"
197.248.134.119 - - [05/Aug/2025:17:46:38 +0300] "POST /wp-admin/admin-ajax.php HTTP/2" 200 51 "https://karismamodernkitchen.com/wp-admin/admin.php?page=wp_file_manager" "Mozilla/5.0 (Windows NT 10.0; Win64; x64) AppleWebKit/537.36 (KHTML, like Gecko) Chrome/138.0.0.0 Safari/537.36"
57.141.6.19 - - [05/Aug/2025:17:46:40 +0300] "GET /shopdetail/28449851/ HTTP/2" 404 131191 "-" "meta-externalagent/1.1 (+https://developers.facebook.com/docs/sharing/webmasters/crawler)"
66.249.69.198 - - [05/Aug/2025:17:46:44 +0300] "GET /shopdetail/5251384/ HTTP/1.1" 404 25628 "-" "Mozilla/5.0 (Linux; Android 6.0.1; Nexus 5X Build/MMB29P) AppleWebKit/537.36 (KHTML, like Gecko) Chrome/138.0.7204.183 Mobile Safari/537.36 (compatible; GoogleOther)"
66.249.69.199 - - [05/Aug/2025:17:47:54 +0300] "GET /shopdetail/12440451/ HTTP/1.1" 404 25562 "-" "Mozilla/5.0 (compatible; Googlebot/2.1; +http://www.google.com/bot.html)"
66.249.69.198 - - [05/Aug/2025:17:48:07 +0300] "GET /shopdetail/5112262/ HTTP/1.1" 404 25627 "-" "Mozilla/5.0 (Linux; Android 6.0.1; Nexus 5X Build/MMB29P) AppleWebKit/537.36 (KHTML, like Gecko) Chrome/138.0.7204.183 Mobile Safari/537.36 (compatible; GoogleOther)"
20.15.133.162 - - [05/Aug/2025:17:48:08 +0300] "GET /shopdetail/13128717/ HTTP/2" 404 25562 "-" "Mozilla/5.0 AppleWebKit/537.36 (KHTML, like Gecko; compatible; bingbot/2.0; +http://www.bing.com/bingbot.htm) Chrome/116.0.1938.76 Safari/537.36"
101.44.185.71 - - [05/Aug/2025:17:48:14 +0300] "GET /shop/page/6/?orderby=rating&add_to_compare=4344 HTTP/2" 200 32352 "https://karismamodernkitchen.com/shop/page/6/?orderby=rating&add_to_compare=4344" "Mozilla/5.0 (Windows NT 10.0; Win64; x64) AppleWebKit/537.36 (KHTML, like Gecko) Chrome/116.0.0.0 Safari/537.36"
66.249.69.198 - - [05/Aug/2025:17:48:22 +0300] "GET /shopdetail/25854128/ HTTP/1.1" 404 25562 "-" "Mozilla/5.0 (compatible; Googlebot/2.1; +http://www.google.com/bot.html)"
197.248.134.119 - - [05/Aug/2025:17:48:38 +0300] "POST /wp-admin/admin-ajax.php HTTP/2" 200 51 "https://karismamodernkitchen.com/wp-admin/admin.php?page=wp_file_manager" "Mozilla/5.0 (Windows NT 10.0; Win64; x64) AppleWebKit/537.36 (KHTML, like Gecko) Chrome/138.0.0.0 Safari/537.36"
66.249.69.198 - - [05/Aug/2025:17:48:59 +0300] "GET /shopdetail/16661695/ HTTP/1.1" 404 25562 "-" "Mozilla/5.0 (Linux; Android 6.0.1; Nexus 5X Build/MMB29P) AppleWebKit/537.36 (KHTML, like Gecko) Chrome/138.0.7204.183 Mobile Safari/537.36 (compatible; GoogleOther)"
57.141.6.17 - - [05/Aug/2025:17:49:10 +0300] "GET /shopdetail/20238073/ HTTP/2" 404 131191 "-" "meta-externalagent/1.1 (+https://developers.facebook.com/docs/sharing/webmasters/crawler)"
66.249.69.198 - - [05/Aug/2025:17:49:17 +0300] "GET /shopdetail/31177095/ HTTP/1.1" 404 25562 "-" "Mozilla/5.0 (Linux; Android 6.0.1; Nexus 5X Build/MMB29P) AppleWebKit/537.36 (KHTML, like Gecko) Chrome/138.0.7204.183 Mobile Safari/537.36 (compatible; Googlebot/2.1; +http://www.google.com/bot.html)"
66.249.69.198 - - [05/Aug/2025:17:49:25 +0300] "GET /shopdetail/28251684/ HTTP/1.1" 404 25562 "-" "Mozilla/5.0 (compatible; Googlebot/2.1; +http://www.google.com/bot.html)"
57.141.6.15 - - [05/Aug/2025:17:50:00 +0300] "GET /shopdetail/24433873/ HTTP/2" 404 131191 "-" "meta-externalagent/1.1 (+https://developers.facebook.com/docs/sharing/webmasters/crawler)"
66.249.69.199 - - [05/Aug/2025:17:50:14 +0300] "GET /shopdetail/13725417/ HTTP/1.1" 404 25561 "-" "Mozilla/5.0 (Linux; Android 6.0.1; Nexus 5X Build/MMB29P) AppleWebKit/537.36 (KHTML, like Gecko) Chrome/138.0.7204.183 Mobile Safari/537.36 (compatible; GoogleOther)"
57.141.6.3 - - [05/Aug/2025:17:50:51 +0300] "GET /shopdetail/18220095/ HTTP/2" 404 131191 "-" "meta-externalagent/1.1 (+https://developers.facebook.com/docs/sharing/webmasters/crawler)"
66.249.69.199 - - [05/Aug/2025:17:51:18 +0300] "GET /shopdetail/10175739/ HTTP/1.1" 404 25562 "-" "Mozilla/5.0 (Linux; Android 6.0.1; Nexus 5X Build/MMB29P) AppleWebKit/537.36 (KHTML, like Gecko) Chrome/138.0.7204.183 Mobile Safari/537.36 (compatible; GoogleOther)"
69.63.184.39 - - [05/Aug/2025:17:51:18 +0300] "GET / HTTP/2" 200 326764 "-" "facebookexternalhit/1.1 (+http://www.facebook.com/externalhit_uatext.php)"
57.141.6.10 - - [05/Aug/2025:17:51:40 +0300] "GET /shopdetail/3265039/ HTTP/2" 404 131187 "-" "meta-externalagent/1.1 (+https://developers.facebook.com/docs/sharing/webmasters/crawler)"
66.249.69.199 - - [05/Aug/2025:17:45:24 +0300] "GET /shopdetail/28248651/ HTTP/1.1" 404 25562 "-" "Mozilla/5.0 (Linux; Android 6.0.1; Nexus 5X Build/MMB29P) AppleWebKit/537.36 (KHTML, like Gecko) Chrome/138.0.7204.183 Mobile Safari/537.36 (compatible; Googlebot/2.1; +http://www.google.com/bot.html)"
66.249.69.198 - - [05/Aug/2025:17:46:27 +0300] "GET /shopdetail/12776917/ HTTP/1.1" 404 25562 "-" "Mozilla/5.0 (Linux; Android 6.0.1; Nexus 5X Build/MMB29P) AppleWebKit/537.36 (KHTML, like Gecko) Chrome/138.0.7204.183 Mobile Safari/537.36 (compatible; GoogleOther)"
57.141.6.22 - - [05/Aug/2025:17:47:30 +0300] "GET /shopdetail/29488817/ HTTP/2" 404 131191 "-" "meta-externalagent/1.1 (+https://developers.facebook.com/docs/sharing/webmasters/crawler)"
20.15.133.160 - - [05/Aug/2025:17:47:37 +0300] "GET /shopdetail/13128717/ HTTP/2" 404 25562 "-" "Mozilla/5.0 AppleWebKit/537.36 (KHTML, like Gecko; compatible; bingbot/2.0; +http://www.bing.com/bingbot.htm) Chrome/116.0.1938.76 Safari/537.36"
66.249.69.198 - - [05/Aug/2025:17:47:59 +0300] "GET /shopdetail/26233706/ HTTP/1.1" 404 25561 "-" "Mozilla/5.0 (compatible; Googlebot/2.1; +http://www.google.com/bot.html)"
57.141.6.15 - - [05/Aug/2025:17:48:20 +0300] "GET /shopdetail/29189117/ HTTP/2" 404 131191 "-" "meta-externalagent/1.1 (+https://developers.facebook.com/docs/sharing/webmasters/crawler)"
102.212.247.75 - - [05/Aug/2025:17:48:43 +0300] "POST /wp-admin/admin-ajax.php?action=as_async_request_queue_runner&nonce=7d2b0c744c HTTP/1.1" 200 0 "-" "WordPress/6.8.2; https://karismamodernkitchen.com"
66.249.69.198 - - [05/Aug/2025:17:49:08 +0300] "GET /shopdetail/3939928/ HTTP/1.1" 404 25629 "-" "Mozilla/5.0 (Linux; Android 6.0.1; Nexus 5X Build/MMB29P) AppleWebKit/537.36 (KHTML, like Gecko) Chrome/138.0.7204.183 Mobile Safari/537.36 (compatible; GoogleOther)"
66.249.69.198 - - [05/Aug/2025:17:49:42 +0300] "GET /shopdetail/26073862/ HTTP/1.1" 404 25561 "-" "Mozilla/5.0 (compatible; Googlebot/2.1; +http://www.google.com/bot.html)"
66.249.69.199 - - [05/Aug/2025:17:50:00 +0300] "GET /shopdetail/9183717/ HTTP/1.1" 404 25628 "-" "Mozilla/5.0 (compatible; Googlebot/2.1; +http://www.google.com/bot.html)"
45.40.50.188 - - [05/Aug/2025:17:50:20 +0300] "GET /shop/page/7/?orderby=date&add_to_compare=4390 HTTP/2" 200 32753 "https://karismamodernkitchen.com/shop/page/7/?orderby=date&add_to_compare=4390" "Mozilla/5.0 (Macintosh; Intel Mac OS X 10_15_7) AppleWebKit/537.36 (KHTML, like Gecko) Chrome/123.0.0.0 Safari/537.36"
197.248.134.119 - - [05/Aug/2025:17:50:41 +0300] "POST /wp-admin/admin-ajax.php HTTP/2" 200 51 "https://karismamodernkitchen.com/wp-admin/admin.php?page=wp_file_manager" "Mozilla/5.0 (Windows NT 10.0; Win64; x64) AppleWebKit/537.36 (KHTML, like Gecko) Chrome/138.0.0.0 Safari/537.36"
66.249.69.198 - - [05/Aug/2025:17:50:41 +0300] "GET /shopdetail/25976739/ HTTP/1.1" 404 25561 "-" "Mozilla/5.0 (compatible; Googlebot/2.1; +http://www.google.com/bot.html)"
146.70.61.131 - - [05/Aug/2025:17:51:57 +0300] "POST /xmlrpc.php HTTP/1.1" 503 7772 "-" "Go-http-client/1.1"
66.249.69.200 - - [05/Aug/2025:17:52:12 +0300] "GET /shopdetail/1388584/ HTTP/1.1" 404 25628 "-" "Mozilla/5.0 (compatible; Googlebot/2.1; +http://www.google.com/bot.html)"
66.249.69.199 - - [05/Aug/2025:17:52:32 +0300] "GET /shopdetail/30105173/ HTTP/1.1" 404 25562 "-" "Mozilla/5.0 (compatible; Googlebot/2.1; +http://www.google.com/bot.html)"
197.248.134.119 - - [05/Aug/2025:17:52:41 +0300] "POST /wp-admin/admin-ajax.php HTTP/2" 200 51 "https://karismamodernkitchen.com/wp-admin/admin.php?page=wp_file_manager" "Mozilla/5.0 (Windows NT 10.0; Win64; x64) AppleWebKit/537.36 (KHTML, like Gecko) Chrome/138.0.0.0 Safari/537.36"
66.249.69.198 - - [05/Aug/2025:17:53:50 +0300] "GET /shopdetail/12643262/ HTTP/1.1" 404 25560 "-" "Mozilla/5.0 (compatible; Googlebot/2.1; +http://www.google.com/bot.html)"
66.249.69.199 - - [05/Aug/2025:17:54:11 +0300] "GET /shopdetail/12791584/ HTTP/1.1" 404 25561 "-" "Mozilla/5.0 (compatible; Googlebot/2.1; +http://www.google.com/bot.html)"
197.248.134.119 - - [05/Aug/2025:17:54:42 +0300] "POST /wp-admin/admin-ajax.php HTTP/2" 200 51 "https://karismamodernkitchen.com/wp-admin/admin.php?page=wp_file_manager" "Mozilla/5.0 (Windows NT 10.0; Win64; x64) AppleWebKit/537.36 (KHTML, like Gecko) Chrome/138.0.0.0 Safari/537.36"
114.119.159.177 - - [05/Aug/2025:17:54:55 +0300] "GET /shop/?product_brand=generic,caterina,karisma,premier,sab-italy HTTP/1.1" 200 43081 "https://karismamodernkitchen.com/shop/?rating_filter=5&product_brand=generic%2Ccaterina%2Ckarisma%2Cpremier%2Csab-italy" "Mozilla/5.0 (Linux; Android 7.0;) AppleWebKit/537.36 (KHTML, like Gecko) Mobile Safari/537.36 (compatible; PetalBot;+https://webmaster.petalsearch.com/site/petalbot)"
57.141.6.13 - - [05/Aug/2025:17:55:00 +0300] "GET /shopdetail/24473839/ HTTP/2" 404 131191 "-" "meta-externalagent/1.1 (+https://developers.facebook.com/docs/sharing/webmasters/crawler)"
52.167.144.196 - - [05/Aug/2025:17:56:01 +0300] "GET /product-tag/mayo-trolley/?orderby=rating HTTP/2" 200 27782 "-" "Mozilla/5.0 AppleWebKit/537.36 (KHTML, like Gecko; compatible; bingbot/2.0; +http://www.bing.com/bingbot.htm) Chrome/116.0.1938.76 Safari/537.36"
57.141.6.12 - - [05/Aug/2025:17:56:40 +0300] "GET /shopdetail/25992317/ HTTP/2" 404 131191 "-" "meta-externalagent/1.1 (+https://developers.facebook.com/docs/sharing/webmasters/crawler)"
45.40.50.172 - - [05/Aug/2025:17:56:39 +0300] "GET /shop/page/7/?remove_compare_item=1cdf14d1e3699d61d237cf76ce1c2dca&_wpnonce=afa478b2e0 HTTP/2" 200 33458 "https://karismamodernkitchen.com/shop/page/7/?remove_compare_item=1cdf14d1e3699d61d237cf76ce1c2dca&_wpnonce=afa478b2e0" "Mozilla/5.0 (Macintosh; Intel Mac OS X 10_15_7) AppleWebKit/537.36 (KHTML, like Gecko) Chrome/120.0.0.0 Safari/537.36"
197.248.134.119 - - [05/Aug/2025:17:56:43 +0300] "POST /wp-admin/admin-ajax.php HTTP/2" 200 51 "https://karismamodernkitchen.com/wp-admin/admin.php?page=wp_file_manager" "Mozilla/5.0 (Windows NT 10.0; Win64; x64) AppleWebKit/537.36 (KHTML, like Gecko) Chrome/138.0.0.0 Safari/537.36"
66.249.69.198 - - [05/Aug/2025:17:57:02 +0300] "GET /shopdetail/14902862/ HTTP/1.1" 404 25561 "-" "Mozilla/5.0 (compatible; Googlebot/2.1; +http://www.google.com/bot.html)"
66.249.69.199 - - [05/Aug/2025:17:57:08 +0300] "GET /shopdetail/18319584/ HTTP/1.1" 404 25562 "-" "Mozilla/5.0 (Linux; Android 6.0.1; Nexus 5X Build/MMB29P) AppleWebKit/537.36 (KHTML, like Gecko) Chrome/138.0.7204.183 Mobile Safari/537.36 (compatible; Googlebot/2.1; +http://www.google.com/bot.html)"
57.141.6.5 - - [05/Aug/2025:17:57:30 +0300] "GET /shopdetail/20240139/ HTTP/2" 404 131191 "-" "meta-externalagent/1.1 (+https://developers.facebook.com/docs/sharing/webmasters/crawler)"
197.248.134.119 - - [05/Aug/2025:17:57:43 +0300] "POST /wp-admin/admin-ajax.php HTTP/2" 200 51 "https://karismamodernkitchen.com/wp-admin/admin.php?page=wp_file_manager" "Mozilla/5.0 (Windows NT 10.0; Win64; x64) AppleWebKit/537.36 (KHTML, like Gecko) Chrome/138.0.0.0 Safari/537.36"
20.15.133.162 - - [05/Aug/2025:17:57:45 +0300] "GET /shopdetail/8895051/ HTTP/2" 404 25629 "-" "Mozilla/5.0 AppleWebKit/537.36 (KHTML, like Gecko; compatible; bingbot/2.0; +http://www.bing.com/bingbot.htm) Chrome/116.0.1938.76 Safari/537.36"
57.141.6.15 - - [05/Aug/2025:17:58:19 +0300] "GET /shopdetail/25233073/ HTTP/2" 404 131191 "-" "meta-externalagent/1.1 (+https://developers.facebook.com/docs/sharing/webmasters/crawler)"
66.249.69.198 - - [05/Aug/2025:17:58:24 +0300] "GET /shopdetail/25748828/ HTTP/1.1" 404 25562 "-" "Mozilla/5.0 (compatible; Googlebot/2.1; +http://www.google.com/bot.html)"
45.40.50.183 - - [05/Aug/2025:17:58:46 +0300] "GET /shop/page/7/?orderby=popularity&add_to_compare=3886 HTTP/2" 200 32682 "https://karismamodernkitchen.com/shop/page/7/?orderby=popularity&add_to_compare=3886" "Mozilla/5.0 (Windows NT 10.0; Win64; x64) AppleWebKit/537.36 (KHTML, like Gecko) Chrome/104.0.0.0 Safari/537.36"
66.249.69.199 - - [05/Aug/2025:17:59:33 +0300] "GET /product-sitemap.xml HTTP/1.1" 200 6603 "-" "Mozilla/5.0 (compatible; Googlebot/2.1; +http://www.google.com/bot.html)"
45.40.50.155 - - [05/Aug/2025:17:52:27 +0300] "GET /shop/page/7/?orderby=date&remove_compare_item=4f5a9bf135f285358a4a74b08f8121f8&_wpnonce=6f69f1ffb7 HTTP/2" 200 32747 "https://karismamodernkitchen.com/shop/page/7/?orderby=date&remove_compare_item=4f5a9bf135f285358a4a74b08f8121f8&_wpnonce=6f69f1ffb7" "Mozilla/5.0 (Macintosh; Intel Mac OS X 10_15_7) AppleWebKit/537.36 (KHTML, like Gecko) Chrome/123.0.0.0 Safari/537.36"
57.141.6.13 - - [05/Aug/2025:17:52:30 +0300] "GET /shopdetail/23754551/ HTTP/2" 404 131191 "-" "meta-externalagent/1.1 (+https://developers.facebook.com/docs/sharing/webmasters/crawler)"
66.249.69.198 - - [05/Aug/2025:17:52:41 +0300] "GET /shopdetail/9861740/ HTTP/1.1" 404 25626 "-" "Mozilla/5.0 (Linux; Android 6.0.1; Nexus 5X Build/MMB29P) AppleWebKit/537.36 (KHTML, like Gecko) Chrome/138.0.7204.183 Mobile Safari/537.36 (compatible; GoogleOther)"
57.141.6.7 - - [05/Aug/2025:17:53:20 +0300] "GET /shopdetail/3784517/ HTTP/2" 404 131187 "-" "meta-externalagent/1.1 (+https://developers.facebook.com/docs/sharing/webmasters/crawler)"
57.141.6.5 - - [05/Aug/2025:17:54:10 +0300] "GET /shopdetail/1309051/ HTTP/2" 404 131187 "-" "meta-externalagent/1.1 (+https://developers.facebook.com/docs/sharing/webmasters/crawler)"
45.40.50.169 - - [05/Aug/2025:17:54:34 +0300] "GET /shop/page/7/?orderby=popularity&add_to_compare=3952 HTTP/2" 200 32710 "https://karismamodernkitchen.com/shop/page/7/?orderby=popularity&add_to_compare=3952" "Mozilla/5.0 (Macintosh; Intel Mac OS X 10_15_7) AppleWebKit/537.36 (KHTML, like Gecko) Chrome/120.0.0.0 Safari/537.36"
66.249.69.198 - - [05/Aug/2025:17:54:36 +0300] "GET /product_cat-sitemap.xml HTTP/1.1" 200 709 "-" "Mozilla/5.0 (compatible; Googlebot/2.1; +http://www.google.com/bot.html)"
66.249.69.198 - - [05/Aug/2025:17:54:58 +0300] "GET /shopdetail/10852395/ HTTP/1.1" 404 25561 "-" "Mozilla/5.0 (Linux; Android 6.0.1; Nexus 5X Build/MMB29P) AppleWebKit/537.36 (KHTML, like Gecko) Chrome/138.0.7204.183 Mobile Safari/537.36 (compatible; GoogleOther)"
102.212.247.75 - - [05/Aug/2025:17:55:36 +0300] "POST /?wordfence_syncAttackData=1754405736.311 HTTP/1.1" 200 0 "-" "WordPress/6.8.2; https://karismamodernkitchen.com"
66.249.69.199 - - [05/Aug/2025:17:55:35 +0300] "GET /shopdetail/17861684/ HTTP/1.1" 404 25562 "-" "Mozilla/5.0 (compatible; Googlebot/2.1; +http://www.google.com/bot.html)"
57.141.6.7 - - [05/Aug/2025:17:55:50 +0300] "GET /shopdetail/24793517/ HTTP/2" 404 131191 "-" "meta-externalagent/1.1 (+https://developers.facebook.com/docs/sharing/webmasters/crawler)"
66.249.69.198 - - [05/Aug/2025:17:55:58 +0300] "GET /shopdetail/9523373/ HTTP/1.1" 404 25628 "-" "Mozilla/5.0 (compatible; Googlebot/2.1; +http://www.google.com/bot.html)"
66.249.69.198 - - [05/Aug/2025:17:56:24 +0300] "GET /shopdetail/5544384/ HTTP/1.1" 404 25629 "-" "Mozilla/5.0 (compatible; Googlebot/2.1; +http://www.google.com/bot.html)"
