197.248.134.119 - - [05/Aug/2025:16:17:02 +0300] "POST /wp-admin/admin-ajax.php HTTP/2" 200 6 "https://karismamodernkitchen.com/wp-admin/admin.php?page=wp_file_manager" "Mozilla/5.0 (Windows NT 10.0; Win64; x64) AppleWebKit/537.36 (KHTML, like Gecko) Chrome/138.0.0.0 Safari/537.36"
197.248.134.119 - - [05/Aug/2025:16:17:03 +0300] "POST /wp-admin/admin-ajax.php HTTP/2" 200 0 "https://karismamodernkitchen.com/wp-admin/admin.php?page=wp_file_manager" "Mozilla/5.0 (Windows NT 10.0; Win64; x64) AppleWebKit/537.36 (KHTML, like Gecko) Chrome/138.0.0.0 Safari/537.36"
197.248.134.119 - - [05/Aug/2025:16:17:04 +0300] "POST /wp-admin/admin-ajax.php HTTP/2" 200 6 "https://karismamodernkitchen.com/wp-admin/admin.php?page=wp_file_manager" "Mozilla/5.0 (Windows NT 10.0; Win64; x64) AppleWebKit/537.36 (KHTML, like Gecko) Chrome/138.0.0.0 Safari/537.36"
197.248.134.119 - - [05/Aug/2025:16:17:08 +0300] "POST /wp-admin/admin-ajax.php HTTP/2" 200 6 "https://karismamodernkitchen.com/wp-admin/admin.php?page=wp_file_manager" "Mozilla/5.0 (Windows NT 10.0; Win64; x64) AppleWebKit/537.36 (KHTML, like Gecko) Chrome/138.0.0.0 Safari/537.36"
66.249.68.36 - - [05/Aug/2025:16:12:47 +0300] "GET /shopdetail/18981006/ HTTP/1.1" 200 17919 "-" "Mozilla/5.0 (compatible; Googlebot/2.1; +http://www.google.com/bot.html)"
66.249.68.38 - - [05/Aug/2025:16:12:52 +0300] "GET /shopdetail/18996906/ HTTP/1.1" 200 18451 "-" "Mozilla/5.0 (compatible; Googlebot/2.1; +http://www.google.com/bot.html)"
66.249.68.38 - - [05/Aug/2025:16:12:53 +0300] "GET /shopdetail/19038728/ HTTP/1.1" 200 17422 "-" "Mozilla/5.0 (compatible; Googlebot/2.1; +http://www.google.com/bot.html)"
66.249.68.37 - - [05/Aug/2025:16:12:57 +0300] "GET /shopdetail/19329017/ HTTP/1.1" 200 17275 "-" "Mozilla/5.0 (compatible; Googlebot/2.1; +http://www.google.com/bot.html)"
66.249.68.38 - - [05/Aug/2025:16:12:59 +0300] "GET /shopdetail/1942628/ HTTP/1.1" 200 19173 "-" "Mozilla/5.0 (compatible; Googlebot/2.1; +http://www.google.com/bot.html)"
66.249.68.37 - - [05/Aug/2025:16:13:02 +0300] "GET /shopdetail/7765640/ HTTP/1.1" 200 17438 "-" "Mozilla/5.0 (Linux; Android 6.0.1; Nexus 5X Build/MMB29P) AppleWebKit/537.36 (KHTML, like Gecko) Chrome/138.0.7204.183 Mobile Safari/537.36 (compatible; GoogleOther)"
57.141.6.4 - - [05/Aug/2025:16:13:57 +0300] "GET /shopdetail/29171195/ HTTP/2" 404 131191 "-" "meta-externalagent/1.1 (+https://developers.facebook.com/docs/sharing/webmasters/crawler)"
66.249.68.36 - - [05/Aug/2025:16:14:47 +0300] "GET /shopdetail/19694884/ HTTP/1.1" 200 17167 "-" "Mozilla/5.0 (compatible; Googlebot/2.1; +http://www.google.com/bot.html)"
197.248.134.119 - - [05/Aug/2025:16:15:09 +0300] "POST /wp-admin/admin-ajax.php HTTP/2" 200 190 "https://karismamodernkitchen.com/wp-admin/plugin-install.php?s=WP%2520File%2520Manager&tab=search&type=term" "Mozilla/5.0 (Windows NT 10.0; Win64; x64) AppleWebKit/537.36 (KHTML, like Gecko) Chrome/138.0.0.0 Safari/537.36"
197.248.134.119 - - [05/Aug/2025:16:15:24 +0300] "POST /wp-admin/admin-ajax.php HTTP/2" 200 208 "https://karismamodernkitchen.com/wp-admin/plugin-install.php?s=WP%2520File%2520Manager&tab=search&type=term" "Mozilla/5.0 (Windows NT 10.0; Win64; x64) AppleWebKit/537.36 (KHTML, like Gecko) Chrome/138.0.0.0 Safari/537.36"
197.248.134.119 - - [05/Aug/2025:16:15:25 +0300] "POST /wp-admin/admin-ajax.php HTTP/2" 200 51 "https://karismamodernkitchen.com/wp-admin/plugin-install.php?s=WP%2520File%2520Manager&tab=search&type=term" "Mozilla/5.0 (Windows NT 10.0; Win64; x64) AppleWebKit/537.36 (KHTML, like Gecko) Chrome/138.0.0.0 Safari/537.36"
57.141.6.30 - - [05/Aug/2025:16:15:43 +0300] "GET /shopdetail/23934373/ HTTP/2" 404 131191 "-" "meta-externalagent/1.1 (+https://developers.facebook.com/docs/sharing/webmasters/crawler)"
66.249.68.36 - - [05/Aug/2025:16:16:42 +0300] "POST /get-message-notify HTTP/1.1" 200 17492 "https://karismamodernkitchen.com/shopdetail/14886973/" "Mozilla/5.0 (Linux; Android 6.0.1; Nexus 5X Build/MMB29P) AppleWebKit/537.36 (KHTML, like Gecko) Chrome/137.0.7151.119 Mobile Safari/537.36 (compatible; Googlebot/2.1; +http://www.google.com/bot.html)"
66.249.68.36 - - [05/Aug/2025:16:21:18 +0300] "GET /shopdetail/3735284/ HTTP/1.1" 200 18081 "-" "Mozilla/5.0 (Linux; Android 6.0.1; Nexus 5X Build/MMB29P) AppleWebKit/537.36 (KHTML, like Gecko) Chrome/138.0.7204.183 Mobile Safari/537.36 (compatible; GoogleOther)"
66.249.68.37 - - [05/Aug/2025:16:21:22 +0300] "GET /shopdetail/10432028/ HTTP/1.1" 200 17668 "-" "Mozilla/5.0 (compatible; Googlebot/2.1; +http://www.google.com/bot.html)"
66.249.68.36 - - [05/Aug/2025:16:21:23 +0300] "GET /shopdetail/9456017/ HTTP/1.1" 200 19019 "-" "Mozilla/5.0 (Linux; Android 6.0.1; Nexus 5X Build/MMB29P) AppleWebKit/537.36 (KHTML, like Gecko) Chrome/138.0.7204.183 Mobile Safari/537.36 (compatible; GoogleOther)"
66.249.68.37 - - [05/Aug/2025:16:21:38 +0300] "GET /shopdetail/30107384/ HTTP/1.1" 200 18546 "-" "Mozilla/5.0 (Linux; Android 6.0.1; Nexus 5X Build/MMB29P) AppleWebKit/537.36 (KHTML, like Gecko) Chrome/138.0.7204.183 Mobile Safari/537.36 (compatible; GoogleOther)"
66.249.68.36 - - [05/Aug/2025:16:21:54 +0300] "GET /shopdetail/10328895/ HTTP/1.1" 200 18079 "-" "Mozilla/5.0 (Linux; Android 6.0.1; Nexus 5X Build/MMB29P) AppleWebKit/537.36 (KHTML, like Gecko) Chrome/138.0.7204.183 Mobile Safari/537.36 (compatible; GoogleOther)"
66.249.68.37 - - [05/Aug/2025:16:21:57 +0300] "GET /shopdetail/11850462/ HTTP/1.1" 200 18699 "-" "Mozilla/5.0 (Linux; Android 6.0.1; Nexus 5X Build/MMB29P) AppleWebKit/537.36 (KHTML, like Gecko) Chrome/138.0.7204.183 Mobile Safari/537.36 (compatible; GoogleOther)"
52.167.144.150 - - [05/Aug/2025:16:21:59 +0300] "GET /pcmypage?callback=product/review/99094985 HTTP/2" 200 18298 "-" "Mozilla/5.0 AppleWebKit/537.36 (KHTML, like Gecko; compatible; bingbot/2.0; +http://www.bing.com/bingbot.htm) Chrome/116.0.1938.76 Safari/537.36"
197.248.134.119 - - [05/Aug/2025:16:20:25 +0300] "GET /wp-admin/admin-ajax.php?action=mk_file_folder_manager&_wpnonce=161e86ab91&networkhref=&cmd=zipdl&targets%5B%5D=l1_d3AtY29udGVudA&reqid=1987a63f0af243 HTTP/2" 200 0 "https://karismamodernkitchen.com/wp-admin/admin.php?page=wp_file_manager" "Mozilla/5.0 (Windows NT 10.0; Win64; x64) AppleWebKit/537.36 (KHTML, like Gecko) Chrome/138.0.0.0 Safari/537.36"
66.249.68.36 - - [05/Aug/2025:16:22:13 +0300] "GET /shopdetail/22971606/ HTTP/1.1" 200 18216 "-" "Mozilla/5.0 (compatible; Googlebot/2.1; +http://www.google.com/bot.html)"
57.141.6.10 - - [05/Aug/2025:16:22:03 +0300] "GET /shopdetail/4365995/ HTTP/2" 404 131187 "-" "meta-externalagent/1.1 (+https://developers.facebook.com/docs/sharing/webmasters/crawler)"
197.248.134.119 - - [05/Aug/2025:16:22:06 +0300] "GET /wp-admin/admin-ajax.php?action=mk_file_folder_manager&_wpnonce=161e86ab91&networkhref=&cmd=abort&id=1987a63f0af243&reqid=1987a6579ca391 HTTP/2" 200 11 "https://karismamodernkitchen.com/wp-admin/admin.php?page=wp_file_manager" "Mozilla/5.0 (Windows NT 10.0; Win64; x64) AppleWebKit/537.36 (KHTML, like Gecko) Chrome/138.0.0.0 Safari/537.36"
57.141.6.8 - - [05/Aug/2025:16:22:09 +0300] "GET /shopdetail/3386973/ HTTP/2" 404 131187 "-" "meta-externalagent/1.1 (+https://developers.facebook.com/docs/sharing/webmasters/crawler)"
197.248.134.119 - - [05/Aug/2025:16:22:04 +0300] "POST /wp-admin/admin-ajax.php HTTP/2" 200 51 "https://karismamodernkitchen.com/wp-admin/admin.php?page=wp_file_manager" "Mozilla/5.0 (Windows NT 10.0; Win64; x64) AppleWebKit/537.36 (KHTML, like Gecko) Chrome/138.0.0.0 Safari/537.36"
66.249.68.38 - - [05/Aug/2025:16:23:01 +0300] "GET /shopdetail/18002984/ HTTP/1.1" 200 18220 "-" "Mozilla/5.0 (Linux; Android 6.0.1; Nexus 5X Build/MMB29P) AppleWebKit/537.36 (KHTML, like Gecko) Chrome/138.0.7204.183 Mobile Safari/537.36 (compatible; GoogleOther)"
66.249.68.37 - - [05/Aug/2025:16:23:07 +0300] "POST /get-message-notify HTTP/1.1" 200 17492 "https://karismamodernkitchen.com/shopdetail/18002984/" "Mozilla/5.0 (Linux; Android 6.0.1; Nexus 5X Build/MMB29P) AppleWebKit/537.36 (KHTML, like Gecko) Chrome/137.0.7151.119 Mobile Safari/537.36 (compatible; Googlebot/2.1; +http://www.google.com/bot.html)"
66.249.68.36 - - [05/Aug/2025:16:21:17 +0300] "GET /shopdetail/4214073/ HTTP/1.1" 200 18554 "-" "Mozilla/5.0 (compatible; Googlebot/2.1; +http://www.google.com/bot.html)"
66.249.68.36 - - [05/Aug/2025:16:21:18 +0300] "GET /shopdetail/8561362/ HTTP/1.1" 200 17248 "-" "Mozilla/5.0 (compatible; Googlebot/2.1; +http://www.google.com/bot.html)"
66.249.68.36 - - [05/Aug/2025:16:21:21 +0300] "GET /shopdetail/10442251/ HTTP/1.1" 200 17864 "-" "Mozilla/5.0 (compatible; Googlebot/2.1; +http://www.google.com/bot.html)"
66.249.68.36 - - [05/Aug/2025:16:21:21 +0300] "GET /shopdetail/11021673/ HTTP/1.1" 200 17786 "-" "Mozilla/5.0 (compatible; Googlebot/2.1; +http://www.google.com/bot.html)"
66.249.68.36 - - [05/Aug/2025:16:21:24 +0300] "GET /shopdetail/22992295/ HTTP/1.1" 200 18166 "-" "Mozilla/5.0 (compatible; Googlebot/2.1; +http://www.google.com/bot.html)"
66.249.68.37 - - [05/Aug/2025:16:21:26 +0300] "GET /shopdetail/4115251/ HTTP/1.1" 200 17337 "-" "Mozilla/5.0 (Linux; Android 6.0.1; Nexus 5X Build/MMB29P) AppleWebKit/537.36 (KHTML, like Gecko) Chrome/138.0.7204.183 Mobile Safari/537.36 (compatible; GoogleOther)"
66.249.68.36 - - [05/Aug/2025:16:21:28 +0300] "GET /shopdetail/10397951/ HTTP/1.1" 200 17605 "-" "Mozilla/5.0 (compatible; Googlebot/2.1; +http://www.google.com/bot.html)"
45.40.50.211 - - [05/Aug/2025:16:21:40 +0300] "GET /shop/page/7/?orderby=date&add-to-wishlist=4351 HTTP/2" 200 32621 "https://karismamodernkitchen.com/shop/page/7/?orderby=date&add-to-wishlist=4351" "Mozilla/5.0 (Windows NT 10.0; Win64; x64) AppleWebKit/537.36 (KHTML, like Gecko) Chrome/104.0.0.0 Safari/537.36"
66.249.68.36 - - [05/Aug/2025:16:21:49 +0300] "GET /shopdetail/13632695/ HTTP/1.1" 200 18028 "-" "Mozilla/5.0 (Linux; Android 6.0.1; Nexus 5X Build/MMB29P) AppleWebKit/537.36 (KHTML, like Gecko) Chrome/138.0.7204.183 Mobile Safari/537.36 (compatible; GoogleOther)"
66.249.68.37 - - [05/Aug/2025:16:22:04 +0300] "GET /shopdetail/26995140/ HTTP/1.1" 200 18477 "-" "Mozilla/5.0 (Linux; Android 6.0.1; Nexus 5X Build/MMB29P) AppleWebKit/537.36 (KHTML, like Gecko) Chrome/138.0.7204.183 Mobile Safari/537.36 (compatible; GoogleOther)"
66.249.68.36 - - [05/Aug/2025:16:22:10 +0300] "GET /shopdetail/30972328/ HTTP/1.1" 200 17832 "-" "Mozilla/5.0 (Linux; Android 6.0.1; Nexus 5X Build/MMB29P) AppleWebKit/537.36 (KHTML, like Gecko) Chrome/138.0.7204.183 Mobile Safari/537.36 (compatible; GoogleOther)"
66.249.68.36 - - [05/Aug/2025:16:22:16 +0300] "GET /shopdetail/26367517/ HTTP/1.1" 200 18753 "-" "Mozilla/5.0 (Linux; Android 6.0.1; Nexus 5X Build/MMB29P) AppleWebKit/537.36 (KHTML, like Gecko) Chrome/138.0.7204.183 Mobile Safari/537.36 (compatible; GoogleOther)"
66.249.68.36 - - [05/Aug/2025:16:22:20 +0300] "GET /shopdetail/11791806/ HTTP/1.1" 200 18372 "-" "Mozilla/5.0 (Linux; Android 6.0.1; Nexus 5X Build/MMB29P) AppleWebKit/537.36 (KHTML, like Gecko) Chrome/138.0.7204.183 Mobile Safari/537.36 (compatible; Googlebot/2.1; +http://www.google.com/bot.html)"
66.249.68.36 - - [05/Aug/2025:16:22:49 +0300] "GET /wp-content/uploads/2025/03/Cooling-Rack.png HTTP/1.1" 304 0 "-" "Googlebot-Image/1.0"
102.211.213.26 - - [05/Aug/2025:16:23:09 +0300] "GET /favicon.ico HTTP/2" 404 796 "-" "NetworkingExtension/8621.2.5.10.10 Network/4277.122.6 iOS/18.5"
102.211.213.26 - - [05/Aug/2025:16:23:09 +0300] "GET /apple-touch-icon-precomposed.png HTTP/2" 404 25563 "-" "NetworkingExtension/8621.2.5.10.10 Network/4277.122.6 iOS/18.5"
102.211.213.26 - - [05/Aug/2025:16:23:09 +0300] "GET /apple-touch-icon.png HTTP/2" 404 25552 "-" "NetworkingExtension/8621.2.5.10.10 Network/4277.122.6 iOS/18.5"
102.212.247.75 - - [05/Aug/2025:16:23:13 +0300] "POST /?wordfence_syncAttackData=1754400193.5781 HTTP/1.1" 200 0 "-" "WordPress/6.8.2; https://karismamodernkitchen.com"
102.211.213.26 - - [05/Aug/2025:16:23:22 +0300] "GET /wp-content/uploads/2025/01/cropped-KARISMA-100x100.png HTTP/2" 200 1505 "-" "NetworkingExtension/8621.2.5.10.10 Network/4277.122.6 iOS/18.5"
66.249.68.36 - - [05/Aug/2025:16:23:12 +0300] "GET /shopdetail/21527895/ HTTP/1.1" 200 17827 "-" "Mozilla/5.0 (Linux; Android 6.0.1; Nexus 5X Build/MMB29P) AppleWebKit/537.36 (KHTML, like Gecko) Chrome/138.0.7204.183 Mobile Safari/537.36 (compatible; GoogleOther)"
66.249.68.36 - - [05/Aug/2025:16:23:14 +0300] "POST /get-message-notify HTTP/1.1" 200 17492 "https://karismamodernkitchen.com/shopdetail/4115251/" "Mozilla/5.0 (Linux; Android 6.0.1; Nexus 5X Build/MMB29P) AppleWebKit/537.36 (KHTML, like Gecko) Chrome/137.0.7151.119 Mobile Safari/537.36 (compatible; Googlebot/2.1; +http://www.google.com/bot.html)"
102.211.213.26 - - [05/Aug/2025:16:23:09 +0300] "GET /product-tag/commercial-coffee-grinder/ HTTP/2" 200 27878 "-" "Mozilla/5.0 (Macintosh; Intel Mac OS X 10_11_1) AppleWebKit/601.2.4 (KHTML, like Gecko) Version/9.0.1 Safari/601.2.4 facebookexternalhit/1.1 Facebot Twitterbot/1.0"
66.249.68.36 - - [05/Aug/2025:16:23:21 +0300] "GET /shopdetail/3762373/ HTTP/1.1" 200 18056 "-" "Mozilla/5.0 (Linux; Android 6.0.1; Nexus 5X Build/MMB29P) AppleWebKit/537.36 (KHTML, like Gecko) Chrome/138.0.7204.183 Mobile Safari/537.36 (compatible; GoogleOther)"
102.212.247.75 - - [05/Aug/2025:16:23:13 +0300] "POST /?wordfence_syncAttackData=1754400193.2857 HTTP/1.1" 200 22558 "-" "WordPress/6.8.2; https://karismamodernkitchen.com"
102.212.247.75 - - [05/Aug/2025:16:23:13 +0300] "POST /?wordfence_syncAttackData=1754400193.5779 HTTP/1.1" 200 22556 "-" "WordPress/6.8.2; https://karismamodernkitchen.com"
57.141.6.20 - - [05/Aug/2025:16:23:21 +0300] "GET /shopdetail/2046251/ HTTP/2" 404 131187 "-" "meta-externalagent/1.1 (+https://developers.facebook.com/docs/sharing/webmasters/crawler)"
66.249.68.36 - - [05/Aug/2025:16:23:37 +0300] "POST /get-message-notify HTTP/1.1" 200 17492 "https://karismamodernkitchen.com/shopdetail/3762373/" "Mozilla/5.0 (Linux; Android 6.0.1; Nexus 5X Build/MMB29P) AppleWebKit/537.36 (KHTML, like Gecko) Chrome/137.0.7151.119 Mobile Safari/537.36 (compatible; Googlebot/2.1; +http://www.google.com/bot.html)"
66.249.68.36 - - [05/Aug/2025:16:23:38 +0300] "GET /shopdetail/17829028/ HTTP/1.1" 200 19322 "-" "Mozilla/5.0 (Linux; Android 6.0.1; Nexus 5X Build/MMB29P) AppleWebKit/537.36 (KHTML, like Gecko) Chrome/138.0.7204.183 Mobile Safari/537.36 (compatible; GoogleOther)"
66.249.68.36 - - [05/Aug/2025:16:23:45 +0300] "GET /shopdetail/17054295/ HTTP/1.1" 200 17974 "-" "Mozilla/5.0 (Linux; Android 6.0.1; Nexus 5X Build/MMB29P) AppleWebKit/537.36 (KHTML, like Gecko) Chrome/138.0.7204.183 Mobile Safari/537.36 (compatible; GoogleOther)"
66.249.68.36 - - [05/Aug/2025:16:23:50 +0300] "POST /get-message-notify HTTP/1.1" 200 17492 "https://karismamodernkitchen.com/shopdetail/26367517/" "Mozilla/5.0 (Linux; Android 6.0.1; Nexus 5X Build/MMB29P) AppleWebKit/537.36 (KHTML, like Gecko) Chrome/137.0.7151.119 Mobile Safari/537.36 (compatible; Googlebot/2.1; +http://www.google.com/bot.html)"
66.249.68.36 - - [05/Aug/2025:16:23:54 +0300] "POST /get-message-notify HTTP/1.1" 200 17492 "https://karismamodernkitchen.com/shopdetail/30107384/" "Mozilla/5.0 (Linux; Android 6.0.1; Nexus 5X Build/MMB29P) AppleWebKit/537.36 (KHTML, like Gecko) Chrome/137.0.7151.119 Mobile Safari/537.36 (compatible; Googlebot/2.1; +http://www.google.com/bot.html)"
66.249.68.36 - - [05/Aug/2025:16:23:58 +0300] "POST /get-message-notify HTTP/1.1" 200 17492 "https://karismamodernkitchen.com/shopdetail/11073384/" "Mozilla/5.0 (Linux; Android 6.0.1; Nexus 5X Build/MMB29P) AppleWebKit/537.36 (KHTML, like Gecko) Chrome/137.0.7151.119 Mobile Safari/537.36 (compatible; Googlebot/2.1; +http://www.google.com/bot.html)"
119.12.169.77 - - [05/Aug/2025:16:23:47 +0300] "GET /product-tag/30l-mixer/?orderby=date&remove_compare_item=6d3a2d24eb109dddf78374fe5d0ee067&_wpnonce=0fd9920cfd HTTP/2" 200 28949 "https://karismamodernkitchen.com/product-tag/30l-mixer/?orderby=date&remove_compare_item=6d3a2d24eb109dddf78374fe5d0ee067&_wpnonce=0fd9920cfd" "Mozilla/5.0 (Macintosh; Intel Mac OS X 10_15_7) AppleWebKit/537.36 (KHTML, like Gecko) Chrome/119.0.0.0 Safari/537.36"
102.211.213.26 - - [05/Aug/2025:16:23:22 +0300] "GET /wp-content/uploads/2025/01/cropped-KARISMA-300x300.png HTTP/2" 200 4014 "-" "NetworkingExtension/8621.2.5.10.10 Network/4277.122.6 iOS/18.5"
102.211.213.26 - - [05/Aug/2025:16:23:22 +0300] "GET /wp-content/uploads/2025/01/cropped-KARISMA-300x300.png HTTP/2" 200 4014 "-" "NetworkingExtension/8621.2.5.10.10 Network/4277.122.6 iOS/18.5"
66.249.68.36 - - [05/Aug/2025:16:23:27 +0300] "POST /get-message-notify HTTP/1.1" 200 17492 "https://karismamodernkitchen.com/shopdetail/21527895/" "Mozilla/5.0 (Linux; Android 6.0.1; Nexus 5X Build/MMB29P) AppleWebKit/537.36 (KHTML, like Gecko) Chrome/137.0.7151.119 Mobile Safari/537.36 (compatible; Googlebot/2.1; +http://www.google.com/bot.html)"
66.249.68.36 - - [05/Aug/2025:16:23:29 +0300] "POST /get-message-notify HTTP/1.1" 200 17492 "https://karismamodernkitchen.com/shopdetail/14708084/" "Mozilla/5.0 (Linux; Android 6.0.1; Nexus 5X Build/MMB29P) AppleWebKit/537.36 (KHTML, like Gecko) Chrome/137.0.7151.119 Mobile Safari/537.36 (compatible; Googlebot/2.1; +http://www.google.com/bot.html)"
66.249.68.36 - - [05/Aug/2025:16:23:32 +0300] "GET /shopdetail/20420339/ HTTP/1.1" 200 18765 "-" "Mozilla/5.0 (Linux; Android 6.0.1; Nexus 5X Build/MMB29P) AppleWebKit/537.36 (KHTML, like Gecko) Chrome/138.0.7204.183 Mobile Safari/537.36 (compatible; GoogleOther)"
66.249.68.36 - - [05/Aug/2025:16:23:51 +0300] "GET /shopdetail/11073384/ HTTP/1.1" 200 18071 "-" "Mozilla/5.0 (Linux; Android 6.0.1; Nexus 5X Build/MMB29P) AppleWebKit/537.36 (KHTML, like Gecko) Chrome/138.0.7204.183 Mobile Safari/537.36 (compatible; GoogleOther)"
66.249.68.36 - - [05/Aug/2025:16:23:55 +0300] "GET /shopdetail/28956717/ HTTP/1.1" 200 18184 "-" "Mozilla/5.0 (Linux; Android 6.0.1; Nexus 5X Build/MMB29P) AppleWebKit/537.36 (KHTML, like Gecko) Chrome/138.0.7204.183 Mobile Safari/537.36 (compatible; GoogleOther)"
66.249.68.36 - - [05/Aug/2025:16:24:10 +0300] "GET /shopdetail/8915728/ HTTP/1.1" 200 17823 "-" "Mozilla/5.0 (Linux; Android 6.0.1; Nexus 5X Build/MMB29P) AppleWebKit/537.36 (KHTML, like Gecko) Chrome/138.0.7204.183 Mobile Safari/537.36 (compatible; GoogleOther)"
66.249.68.36 - - [05/Aug/2025:16:24:13 +0300] "GET /shopdetail/22551139/ HTTP/1.1" 200 18787 "-" "Mozilla/5.0 (Linux; Android 6.0.1; Nexus 5X Build/MMB29P) AppleWebKit/537.36 (KHTML, like Gecko) Chrome/138.0.7204.183 Mobile Safari/537.36 (compatible; GoogleOther)"
81.225.188.225 - - [05/Aug/2025:16:24:16 +0300] "GET /shopdetail/27740551/ HTTP/2" 200 317 "https://www.google.com/" "Mozilla/5.0 (Windows NT 10.0; Win64; x64) AppleWebKit/537.36 (KHTML, like Gecko) Chrome/137.0.0.0 Safari/537.36 Edg/137.0.0.0"
66.249.68.36 - - [05/Aug/2025:16:24:21 +0300] "POST /get-message-notify HTTP/1.1" 200 17492 "https://karismamodernkitchen.com/shopdetail/17006228/" "Mozilla/5.0 (Linux; Android 6.0.1; Nexus 5X Build/MMB29P) AppleWebKit/537.36 (KHTML, like Gecko) Chrome/137.0.7151.119 Mobile Safari/537.36 (compatible; Googlebot/2.1; +http://www.google.com/bot.html)"
66.249.68.36 - - [05/Aug/2025:16:24:25 +0300] "POST /get-message-notify HTTP/1.1" 200 17545 "https://karismamodernkitchen.com/shopdetail/28956717/" "Mozilla/5.0 (Linux; Android 6.0.1; Nexus 5X Build/MMB29P) AppleWebKit/537.36 (KHTML, like Gecko) Chrome/137.0.7151.119 Mobile Safari/537.36 (compatible; Googlebot/2.1; +http://www.google.com/bot.html)"
40.77.167.224 - - [05/Aug/2025:16:25:08 +0300] "GET /product/edit/31743155 HTTP/2" 200 17925 "-" "Mozilla/5.0 AppleWebKit/537.36 (KHTML, like Gecko; compatible; bingbot/2.0; +http://www.bing.com/bingbot.htm) Chrome/116.0.1938.76 Safari/537.36"
197.248.134.119 - - [05/Aug/2025:16:25:17 +0300] "POST /wp-admin/admin-ajax.php HTTP/2" 200 51 "https://karismamodernkitchen.com/wp-admin/admin.php?page=wp_file_manager" "Mozilla/5.0 (Windows NT 10.0; Win64; x64) AppleWebKit/537.36 (KHTML, like Gecko) Chrome/138.0.0.0 Safari/537.36"
57.141.6.15 - - [05/Aug/2025:16:25:47 +0300] "GET /shopdetail/27870439/ HTTP/2" 404 131191 "-" "meta-externalagent/1.1 (+https://developers.facebook.com/docs/sharing/webmasters/crawler)"
66.249.68.36 - - [05/Aug/2025:16:23:59 +0300] "POST /get-message-notify HTTP/1.1" 200 17492 "https://karismamodernkitchen.com/shopdetail/17829028/" "Mozilla/5.0 (Linux; Android 6.0.1; Nexus 5X Build/MMB29P) AppleWebKit/537.36 (KHTML, like Gecko) Chrome/137.0.7151.119 Mobile Safari/537.36 (compatible; Googlebot/2.1; +http://www.google.com/bot.html)"
66.249.68.36 - - [05/Aug/2025:16:24:00 +0300] "GET /shopdetail/17891228/ HTTP/1.1" 200 17881 "-" "Mozilla/5.0 (Linux; Android 6.0.1; Nexus 5X Build/MMB29P) AppleWebKit/537.36 (KHTML, like Gecko) Chrome/138.0.7204.183 Mobile Safari/537.36 (compatible; GoogleOther)"
66.249.68.36 - - [05/Aug/2025:16:24:02 +0300] "GET /shopdetail/21425840/ HTTP/1.1" 200 17911 "-" "Mozilla/5.0 (Linux; Android 6.0.1; Nexus 5X Build/MMB29P) AppleWebKit/537.36 (KHTML, like Gecko) Chrome/138.0.7204.183 Mobile Safari/537.36 (compatible; GoogleOther)"
57.141.6.10 - - [05/Aug/2025:16:23:52 +0300] "GET /shopdetail/4723573/ HTTP/2" 404 131187 "-" "meta-externalagent/1.1 (+https://developers.facebook.com/docs/sharing/webmasters/crawler)"
66.249.68.36 - - [05/Aug/2025:16:24:06 +0300] "GET /shopdetail/4923539/ HTTP/1.1" 200 17962 "-" "Mozilla/5.0 (Linux; Android 6.0.1; Nexus 5X Build/MMB29P) AppleWebKit/537.36 (KHTML, like Gecko) Chrome/138.0.7204.183 Mobile Safari/537.36 (compatible; GoogleOther)"
197.248.134.119 - - [05/Aug/2025:16:24:06 +0300] "POST /wp-admin/admin-ajax.php HTTP/2" 200 51 "https://karismamodernkitchen.com/wp-admin/admin.php?page=wp_file_manager" "Mozilla/5.0 (Windows NT 10.0; Win64; x64) AppleWebKit/537.36 (KHTML, like Gecko) Chrome/138.0.0.0 Safari/537.36"
66.249.68.36 - - [05/Aug/2025:16:24:19 +0300] "GET /shopdetail/3330095/ HTTP/1.1" 200 18040 "-" "Mozilla/5.0 (Linux; Android 6.0.1; Nexus 5X Build/MMB29P) AppleWebKit/537.36 (KHTML, like Gecko) Chrome/138.0.7204.183 Mobile Safari/537.36 (compatible; GoogleOther)"
66.249.68.36 - - [05/Aug/2025:16:24:26 +0300] "GET /shopdetail/30477706/ HTTP/1.1" 200 18820 "-" "Mozilla/5.0 (Linux; Android 6.0.1; Nexus 5X Build/MMB29P) AppleWebKit/537.36 (KHTML, like Gecko) Chrome/138.0.7204.183 Mobile Safari/537.36 (compatible; GoogleOther)"
66.249.68.36 - - [05/Aug/2025:16:24:31 +0300] "GET /shopdetail/10514073/ HTTP/1.1" 200 17878 "-" "Mozilla/5.0 (Linux; Android 6.0.1; Nexus 5X Build/MMB29P) AppleWebKit/537.36 (KHTML, like Gecko) Chrome/138.0.7204.183 Mobile Safari/537.36 (compatible; GoogleOther)"
66.249.68.36 - - [05/Aug/2025:16:24:34 +0300] "GET /shopdetail/15599995/ HTTP/1.1" 200 18710 "-" "Mozilla/5.0 (Linux; Android 6.0.1; Nexus 5X Build/MMB29P) AppleWebKit/537.36 (KHTML, like Gecko) Chrome/138.0.7204.183 Mobile Safari/537.36 (compatible; GoogleOther)"
57.141.6.19 - - [05/Aug/2025:16:24:47 +0300] "GET /shopdetail/24655717/ HTTP/2" 404 131191 "-" "meta-externalagent/1.1 (+https://developers.facebook.com/docs/sharing/webmasters/crawler)"
197.248.134.119 - - [05/Aug/2025:16:25:20 +0300] "POST /wp-admin/admin-ajax.php HTTP/2" 200 0 "https://karismamodernkitchen.com/wp-admin/admin.php?page=wp_file_manager" "Mozilla/5.0 (Windows NT 10.0; Win64; x64) AppleWebKit/537.36 (KHTML, like Gecko) Chrome/138.0.0.0 Safari/537.36"
47.128.99.21 - - [05/Aug/2025:16:25:24 +0300] "GET /product-category/kitchen-equipment/page/3/?orderby=popularity&remove_compare_item=551cb238f4895024b98d1943b708de7c HTTP/2" 403 0 "-" "Mozilla/5.0 (Linux; Android 5.0) AppleWebKit/537.36 (KHTML, like Gecko) Mobile Safari/537.36 (compatible; Bytespider; spider-feedback@bytedance.com)"
66.249.68.36 - - [05/Aug/2025:16:25:23 +0300] "GET /shopdetail/12905584/ HTTP/1.1" 200 18681 "-" "Mozilla/5.0 (Linux; Android 6.0.1; Nexus 5X Build/MMB29P) AppleWebKit/537.36 (KHTML, like Gecko) Chrome/138.0.7204.183 Mobile Safari/537.36 (compatible; GoogleOther)"
45.40.50.168 - - [05/Aug/2025:16:25:54 +0300] "GET /shop/page/7/?add-to-wishlist=3894 HTTP/2" 200 33471 "https://karismamodernkitchen.com/shop/page/7/?add-to-wishlist=3894" "Mozilla/5.0 (Macintosh; Intel Mac OS X 10_15_7) AppleWebKit/537.36 (KHTML, like Gecko) Chrome/120.0.0.0 Safari/537.36"
66.249.68.36 - - [05/Aug/2025:16:26:52 +0300] "GET /shopdetail/22952339/ HTTP/1.1" 200 17686 "-" "Mozilla/5.0 (compatible; Googlebot/2.1; +http://www.google.com/bot.html)"
66.249.68.37 - - [05/Aug/2025:16:27:06 +0300] "GET /wp-content/uploads/2025/02/Tandoori-Oven.png HTTP/1.1" 200 303024 "-" "Googlebot-Image/1.0"
66.249.68.37 - - [05/Aug/2025:16:27:08 +0300] "GET /shopdetail/4225740/ HTTP/1.1" 200 18628 "-" "Mozilla/5.0 (compatible; Googlebot/2.1; +http://www.google.com/bot.html)"
197.248.134.119 - - [05/Aug/2025:16:27:08 +0300] "POST /wp-admin/admin-ajax.php HTTP/2" 200 51 "https://karismamodernkitchen.com/wp-admin/admin.php?page=wp_file_manager" "Mozilla/5.0 (Windows NT 10.0; Win64; x64) AppleWebKit/537.36 (KHTML, like Gecko) Chrome/138.0.0.0 Safari/537.36"
66.249.68.36 - - [05/Aug/2025:16:27:38 +0300] "GET /shopdetail/3781762/ HTTP/1.1" 200 17667 "-" "Mozilla/5.0 (Linux; Android 6.0.1; Nexus 5X Build/MMB29P) AppleWebKit/537.36 (KHTML, like Gecko) Chrome/138.0.7204.183 Mobile Safari/537.36 (compatible; Googlebot/2.1; +http://www.google.com/bot.html)"
66.249.68.36 - - [05/Aug/2025:16:27:47 +0300] "GET /shopdetail/25594340/ HTTP/1.1" 200 18712 "-" "Mozilla/5.0 (compatible; Googlebot/2.1; +http://www.google.com/bot.html)"
66.249.68.36 - - [05/Aug/2025:16:27:48 +0300] "GET /shopdetail/7704995/ HTTP/1.1" 200 18373 "-" "Mozilla/5.0 (compatible; Googlebot/2.1; +http://www.google.com/bot.html)"
66.249.68.36 - - [05/Aug/2025:16:27:49 +0300] "GET /shopdetail/22912373/ HTTP/1.1" 200 17992 "-" "Mozilla/5.0 (compatible; Googlebot/2.1; +http://www.google.com/bot.html)"
66.249.68.36 - - [05/Aug/2025:16:27:53 +0300] "GET /shopdetail/2288995/ HTTP/1.1" 200 18361 "-" "Mozilla/5.0 (compatible; Googlebot/2.1; +http://www.google.com/bot.html)"
66.249.68.36 - - [05/Aug/2025:16:27:54 +0300] "GET /shopdetail/4786795/ HTTP/1.1" 200 17854 "-" "Mozilla/5.0 (compatible; Googlebot/2.1; +http://www.google.com/bot.html)"
66.249.68.36 - - [05/Aug/2025:16:27:56 +0300] "GET /shopdetail/22758539/ HTTP/1.1" 200 17986 "-" "Mozilla/5.0 (compatible; Googlebot/2.1; +http://www.google.com/bot.html)"
66.249.68.36 - - [05/Aug/2025:16:27:57 +0300] "GET /shopdetail/4261017/ HTTP/1.1" 200 17546 "-" "Mozilla/5.0 (compatible; Googlebot/2.1; +http://www.google.com/bot.html)"
66.249.68.36 - - [05/Aug/2025:16:27:59 +0300] "GET /shopdetail/22717228/ HTTP/1.1" 200 18635 "-" "Mozilla/5.0 (compatible; Googlebot/2.1; +http://www.google.com/bot.html)"
66.249.68.36 - - [05/Aug/2025:16:28:02 +0300] "GET /shopdetail/27450306/ HTTP/1.1" 200 17496 "-" "Mozilla/5.0 (compatible; Googlebot/2.1; +http://www.google.com/bot.html)"
66.249.68.36 - - [05/Aug/2025:16:28:03 +0300] "GET /shopdetail/6618651/ HTTP/1.1" 200 18140 "-" "Mozilla/5.0 (compatible; Googlebot/2.1; +http://www.google.com/bot.html)"
66.249.68.36 - - [05/Aug/2025:16:28:13 +0300] "GET /shopdetail/10981717/ HTTP/1.1" 200 17543 "-" "Mozilla/5.0 (compatible; Googlebot/2.1; +http://www.google.com/bot.html)"
102.212.247.75 - - [05/Aug/2025:16:28:41 +0300] "POST /wp-admin/admin-ajax.php?action=as_async_request_queue_runner&nonce=7d2b0c744c HTTP/1.1" 200 0 "-" "WordPress/6.8.2; https://karismamodernkitchen.com"
57.141.6.10 - - [05/Aug/2025:16:28:52 +0300] "GET /shopdetail/22158217/ HTTP/2" 404 131191 "-" "meta-externalagent/1.1 (+https://developers.facebook.com/docs/sharing/webmasters/crawler)"
57.141.6.11 - - [05/Aug/2025:16:29:02 +0300] "GET /shopdetail/4286073/ HTTP/2" 404 131187 "-" "meta-externalagent/1.1 (+https://developers.facebook.com/docs/sharing/webmasters/crawler)"
47.128.29.7 - - [05/Aug/2025:16:29:06 +0300] "GET /product-brand/premier/?orderby=price-desc&product_brand=premier%2Cgeneric&rating_filter=5 HTTP/2" 403 0 "-" "Mozilla/5.0 (Linux; Android 5.0) AppleWebKit/537.36 (KHTML, like Gecko) Mobile Safari/537.36 (compatible; Bytespider; spider-feedback@bytedance.com)"
20.15.133.175 - - [05/Aug/2025:16:29:16 +0300] "GET /shopdetail/22325606/ HTTP/2" 200 18467 "-" "Mozilla/5.0 AppleWebKit/537.36 (KHTML, like Gecko; compatible; bingbot/2.0; +http://www.bing.com/bingbot.htm) Chrome/116.0.1938.76 Safari/537.36"
66.249.68.36 - - [05/Aug/2025:16:31:10 +0300] "POST /get-message-notify HTTP/1.1" 200 17492 "https://karismamodernkitchen.com/shopdetail/24307539/" "Mozilla/5.0 (Linux; Android 6.0.1; Nexus 5X Build/MMB29P) AppleWebKit/537.36 (KHTML, like Gecko) Chrome/137.0.7151.119 Mobile Safari/537.36 (compatible; Googlebot/2.1; +http://www.google.com/bot.html)"
66.249.68.36 - - [05/Aug/2025:16:31:10 +0300] "GET /shopdetail/10162539/ HTTP/1.1" 200 18811 "-" "Mozilla/5.0 (compatible; Googlebot/2.1; +http://www.google.com/bot.html)"
66.249.68.36 - - [05/Aug/2025:16:31:12 +0300] "GET /shopdetail/22312973/ HTTP/1.1" 200 18584 "-" "Mozilla/5.0 (compatible; Googlebot/2.1; +http://www.google.com/bot.html)"
66.249.68.36 - - [05/Aug/2025:16:31:14 +0300] "GET /shopdetail/15244040/ HTTP/1.1" 200 18399 "-" "Mozilla/5.0 (Linux; Android 6.0.1; Nexus 5X Build/MMB29P) AppleWebKit/537.36 (KHTML, like Gecko) Chrome/138.0.7204.183 Mobile Safari/537.36 (compatible; GoogleOther)"
66.249.68.36 - - [05/Aug/2025:16:31:15 +0300] "GET /shopdetail/10129117/ HTTP/1.1" 200 17891 "-" "Mozilla/5.0 (compatible; Googlebot/2.1; +http://www.google.com/bot.html)"
172.182.194.32 - - [05/Aug/2025:16:31:33 +0300] "GET /product-tag/chairs-in-kisumu/ HTTP/2" 200 27894 "-" "Mozilla/5.0 (Macintosh; Intel Mac OS X 10_15_7) AppleWebKit/537.36 (KHTML, like Gecko) Chrome/131.0.0.0 Safari/537.36; compatible; OAI-SearchBot/1.0; +https://openai.com/searchbot"
66.249.68.36 - - [05/Aug/2025:16:31:39 +0300] "GET /shopdetail/23756228/ HTTP/1.1" 200 17882 "-" "Mozilla/5.0 (compatible; Googlebot/2.1; +http://www.google.com/bot.html)"
197.248.134.119 - - [05/Aug/2025:16:31:37 +0300] "POST /wp-admin/admin-ajax.php HTTP/2" 200 51 "https://karismamodernkitchen.com/wp-admin/admin.php?page=wp_file_manager" "Mozilla/5.0 (Windows NT 10.0; Win64; x64) AppleWebKit/537.36 (KHTML, like Gecko) Chrome/138.0.0.0 Safari/537.36"
66.249.68.36 - - [05/Aug/2025:16:31:42 +0300] "GET /shopdetail/22097840/ HTTP/1.1" 200 17940 "-" "Mozilla/5.0 (compatible; Googlebot/2.1; +http://www.google.com/bot.html)"
66.249.68.36 - - [05/Aug/2025:16:31:43 +0300] "GET /shopdetail/2367562/ HTTP/1.1" 200 18319 "-" "Mozilla/5.0 (compatible; Googlebot/2.1; +http://www.google.com/bot.html)"
20.171.207.19 - - [05/Aug/2025:16:31:47 +0300] "GET /product-tag/chairs-in-kisumu/?add-to-cart=4121 HTTP/2" 403 0 "-" "Mozilla/5.0 AppleWebKit/537.36 (KHTML, like Gecko; compatible; GPTBot/1.2; +https://openai.com/gptbot)"
20.171.53.225 - - [05/Aug/2025:16:31:48 +0300] "GET /wp-content/uploads/elementor/css/post-8.css?ver=1754399781 HTTP/2" 200 378 "-" "Mozilla/5.0 (Macintosh; Intel Mac OS X 10_15_7) AppleWebKit/537.36 (KHTML, like Gecko) Chrome/131.0.0.0 Safari/537.36; compatible; OAI-SearchBot/1.0; +https://openai.com/searchbot"
20.171.207.19 - - [05/Aug/2025:16:31:50 +0300] "GET /product-tag/chairs-in-kisumu/?add_to_compare=4121 HTTP/2" 403 0 "-" "Mozilla/5.0 AppleWebKit/537.36 (KHTML, like Gecko; compatible; GPTBot/1.2; +https://openai.com/gptbot)"
66.249.68.37 - - [05/Aug/2025:16:31:50 +0300] "GET /shopdetail/28628395/ HTTP/1.1" 200 17805 "-" "Mozilla/5.0 (Linux; Android 6.0.1; Nexus 5X Build/MMB29P) AppleWebKit/537.36 (KHTML, like Gecko) Chrome/138.0.7204.183 Mobile Safari/537.36 (compatible; GoogleOther)"
20.171.53.225 - - [05/Aug/2025:16:31:53 +0300] "GET /wp-content/plugins/contact-form-7/includes/js/index.js?ver=6.1.1 HTTP/2" 200 4008 "-" "Mozilla/5.0 (Macintosh; Intel Mac OS X 10_15_7) AppleWebKit/537.36 (KHTML, like Gecko) Chrome/131.0.0.0 Safari/537.36; compatible; OAI-SearchBot/1.0; +https://openai.com/searchbot"
20.171.207.19 - - [05/Aug/2025:16:31:54 +0300] "GET /product-tag/chairs-in-kisumu/?add-to-wishlist=4121 HTTP/2" 403 0 "-" "Mozilla/5.0 AppleWebKit/537.36 (KHTML, like Gecko; compatible; GPTBot/1.2; +https://openai.com/gptbot)"
66.249.68.36 - - [05/Aug/2025:16:31:58 +0300] "GET /shopdetail/23651639/ HTTP/1.1" 200 18455 "-" "Mozilla/5.0 (compatible; Googlebot/2.1; +http://www.google.com/bot.html)"
66.249.68.36 - - [05/Aug/2025:16:26:21 +0300] "GET /shopdetail/4219384/ HTTP/1.1" 200 17580 "-" "Mozilla/5.0 (compatible; Googlebot/2.1; +http://www.google.com/bot.html)"
52.167.144.150 - - [05/Aug/2025:16:26:34 +0300] "GET /wp-json/wp/v2/product/4069 HTTP/2" 200 19593 "-" "Mozilla/5.0 AppleWebKit/537.36 (KHTML, like Gecko; compatible; bingbot/2.0; +http://www.bing.com/bingbot.htm) Chrome/116.0.1938.76 Safari/537.36"
57.141.6.24 - - [05/Aug/2025:16:26:45 +0300] "GET /shopdetail/20220151/ HTTP/2" 404 131191 "-" "meta-externalagent/1.1 (+https://developers.facebook.com/docs/sharing/webmasters/crawler)"
66.249.68.36 - - [05/Aug/2025:16:26:34 +0300] "GET /shopdetail/22957028/ HTTP/1.1" 200 19217 "-" "Mozilla/5.0 (compatible; Googlebot/2.1; +http://www.google.com/bot.html)"
66.249.68.36 - - [05/Aug/2025:16:31:22 +0300] "GET /shopdetail/22194251/ HTTP/1.1" 200 18602 "-" "Mozilla/5.0 (compatible; Googlebot/2.1; +http://www.google.com/bot.html)"
66.249.68.36 - - [05/Aug/2025:16:31:23 +0300] "GET /shopdetail/10022673/ HTTP/1.1" 200 18557 "-" "Mozilla/5.0 (compatible; Googlebot/2.1; +http://www.google.com/bot.html)"
66.249.68.36 - - [05/Aug/2025:16:31:26 +0300] "GET /shopdetail/22113173/ HTTP/1.1" 200 18141 "-" "Mozilla/5.0 (compatible; Googlebot/2.1; +http://www.google.com/bot.html)"
66.249.68.36 - - [05/Aug/2025:16:31:27 +0300] "GET /shopdetail/20788562/ HTTP/1.1" 200 18491 "-" "Mozilla/5.0 (Linux; Android 6.0.1; Nexus 5X Build/MMB29P) AppleWebKit/537.36 (KHTML, like Gecko) Chrome/138.0.7204.183 Mobile Safari/537.36 (compatible; GoogleOther)"
20.14.99.111 - - [05/Aug/2025:16:31:38 +0300] "GET /wp-content/plugins/header-footer-elementor/inc/widgets-css/frontend.css?ver=2.4.8 HTTP/2" 200 8154 "-" "Mozilla/5.0 (Macintosh; Intel Mac OS X 10_15_7) AppleWebKit/537.36 (KHTML, like Gecko) Chrome/131.0.0.0 Safari/537.36; compatible; OAI-SearchBot/1.0; +https://openai.com/searchbot"
66.249.68.36 - - [05/Aug/2025:16:31:40 +0300] "GET /shopdetail/11923351/ HTTP/1.1" 200 18140 "-" "Mozilla/5.0 (Linux; Android 6.0.1; Nexus 5X Build/MMB29P) AppleWebKit/537.36 (KHTML, like Gecko) Chrome/138.0.7204.183 Mobile Safari/537.36 (compatible; GoogleOther)"
57.141.6.12 - - [05/Aug/2025:16:31:41 +0300] "GET /shopdetail/21858517/ HTTP/2" 404 131191 "-" "meta-externalagent/1.1 (+https://developers.facebook.com/docs/sharing/webmasters/crawler)"
172.182.211.203 - - [05/Aug/2025:16:31:41 +0300] "GET /product-tag/chairs-in-kisumu/feed/ HTTP/2" 200 864 "-" "Mozilla/5.0 (Macintosh; Intel Mac OS X 10_15_7) AppleWebKit/537.36 (KHTML, like Gecko) Chrome/131.0.0.0 Safari/537.36; compatible; OAI-SearchBot/1.0; +https://openai.com/searchbot"
172.182.211.203 - - [05/Aug/2025:16:31:46 +0300] "GET /wp-includes/css/dist/block-library/style.min.css?ver=6.8.2 HTTP/2" 200 14360 "-" "Mozilla/5.0 (Macintosh; Intel Mac OS X 10_15_7) AppleWebKit/537.36 (KHTML, like Gecko) Chrome/131.0.0.0 Safari/537.36; compatible; OAI-SearchBot/1.0; +https://openai.com/searchbot"
66.249.68.37 - - [05/Aug/2025:16:31:47 +0300] "GET /shopdetail/22053239/ HTTP/1.1" 200 18032 "-" "Mozilla/5.0 (compatible; Googlebot/2.1; +http://www.google.com/bot.html)"
20.169.6.224 - - [05/Aug/2025:16:31:50 +0300] "GET /wp-includes/js/wp-util.min.js?ver=6.8.2 HTTP/2" 200 690 "-" "Mozilla/5.0 (Macintosh; Intel Mac OS X 10_15_7) AppleWebKit/537.36 (KHTML, like Gecko) Chrome/131.0.0.0 Safari/537.36; compatible; OAI-SearchBot/1.0; +https://openai.com/searchbot"
66.249.68.36 - - [05/Aug/2025:16:31:57 +0300] "GET /shopdetail/20073584/ HTTP/1.1" 200 18144 "-" "Mozilla/5.0 (Linux; Android 6.0.1; Nexus 5X Build/MMB29P) AppleWebKit/537.36 (KHTML, like Gecko) Chrome/138.0.7204.183 Mobile Safari/537.36 (compatible; GoogleOther)"
20.168.18.43 - - [05/Aug/2025:16:31:54 +0300] "GET /wp-json/wp/v2/product_tag/865 HTTP/2" 200 301 "-" "Mozilla/5.0 (Macintosh; Intel Mac OS X 10_15_7) AppleWebKit/537.36 (KHTML, like Gecko) Chrome/131.0.0.0 Safari/537.36; compatible; OAI-SearchBot/1.0; +https://openai.com/searchbot"
20.14.99.111 - - [05/Aug/2025:16:31:58 +0300] "GET /wp-content/plugins/contact-form-7/includes/css/styles.css?ver=6.1.1 HTTP/2" 200 899 "-" "Mozilla/5.0 (Macintosh; Intel Mac OS X 10_15_7) AppleWebKit/537.36 (KHTML, like Gecko) Chrome/131.0.0.0 Safari/537.36; compatible; OAI-SearchBot/1.0; +https://openai.com/searchbot"
66.249.68.38 - - [05/Aug/2025:16:32:01 +0300] "GET /shopdetail/23511062/ HTTP/1.1" 200 17877 "-" "Mozilla/5.0 (compatible; Googlebot/2.1; +http://www.google.com/bot.html)"
66.249.68.36 - - [05/Aug/2025:16:32:12 +0300] "GET /shopdetail/29577984/ HTTP/1.1" 200 18069 "-" "Mozilla/5.0 (Linux; Android 6.0.1; Nexus 5X Build/MMB29P) AppleWebKit/537.36 (KHTML, like Gecko) Chrome/138.0.7204.183 Mobile Safari/537.36 (compatible; GoogleOther)"
20.14.99.110 - - [05/Aug/2025:16:32:00 +0300] "GET /wp-content/plugins/header-footer-elementor/assets/css/header-footer-elementor.css?ver=2.4.8 HTTP/2" 200 259 "-" "Mozilla/5.0 (Macintosh; Intel Mac OS X 10_15_7) AppleWebKit/537.36 (KHTML, like Gecko) Chrome/131.0.0.0 Safari/537.36; compatible; OAI-SearchBot/1.0; +https://openai.com/searchbot"
20.171.53.225 - - [05/Aug/2025:16:32:01 +0300] "GET /wp-content/plugins/contact-form-7/includes/swv/js/index.js?ver=6.1.1 HTTP/2" 200 3369 "-" "Mozilla/5.0 (Macintosh; Intel Mac OS X 10_15_7) AppleWebKit/537.36 (KHTML, like Gecko) Chrome/131.0.0.0 Safari/537.36; compatible; OAI-SearchBot/1.0; +https://openai.com/searchbot"
172.182.194.32 - - [05/Aug/2025:16:32:02 +0300] "GET /wp-content/uploads/elementor/css/post-4451.css?ver=1754399781 HTTP/2" 200 1846 "-" "Mozilla/5.0 (Macintosh; Intel Mac OS X 10_15_7) AppleWebKit/537.36 (KHTML, like Gecko) Chrome/131.0.0.0 Safari/537.36; compatible; OAI-SearchBot/1.0; +https://openai.com/searchbot"
20.171.207.19 - - [05/Aug/2025:16:32:02 +0300] "GET /product-tag/chairs-in-kisumu/?orderby=price HTTP/2" 403 0 "-" "Mozilla/5.0 AppleWebKit/537.36 (KHTML, like Gecko; compatible; GPTBot/1.2; +https://openai.com/gptbot)"
20.171.207.19 - - [05/Aug/2025:16:32:06 +0300] "GET /product-tag/chairs-in-kisumu/?orderby=menu_order HTTP/2" 403 0 "-" "Mozilla/5.0 AppleWebKit/537.36 (KHTML, like Gecko; compatible; GPTBot/1.2; +https://openai.com/gptbot)"
66.249.68.37 - - [05/Aug/2025:16:32:06 +0300] "GET /shopdetail/4308395/ HTTP/1.1" 200 17573 "-" "Mozilla/5.0 (compatible; Googlebot/2.1; +http://www.google.com/bot.html)"
66.249.68.37 - - [05/Aug/2025:16:32:07 +0300] "GET /shopdetail/23388839/ HTTP/1.1" 200 17578 "-" "Mozilla/5.0 (compatible; Googlebot/2.1; +http://www.google.com/bot.html)"
66.249.68.37 - - [05/Aug/2025:16:32:09 +0300] "GET /shopdetail/28124340/ HTTP/1.1" 200 18499 "-" "Mozilla/5.0 (compatible; Googlebot/2.1; +http://www.google.com/bot.html)"
20.171.207.19 - - [05/Aug/2025:16:32:09 +0300] "GET /product-tag/chairs-in-kisumu/?orderby=date HTTP/2" 403 0 "-" "Mozilla/5.0 AppleWebKit/537.36 (KHTML, like Gecko; compatible; GPTBot/1.2; +https://openai.com/gptbot)"
66.249.68.37 - - [05/Aug/2025:16:32:10 +0300] "POST /get-message-notify HTTP/1.1" 200 17492 "https://karismamodernkitchen.com/shopdetail/9157039/" "Mozilla/5.0 (Linux; Android 6.0.1; Nexus 5X Build/MMB29P) AppleWebKit/537.36 (KHTML, like Gecko) Chrome/137.0.7151.119 Mobile Safari/537.36 (compatible; Googlebot/2.1; +http://www.google.com/bot.html)"
20.171.207.19 - - [05/Aug/2025:16:32:12 +0300] "GET /product-tag/chairs-in-kisumu/?orderby=rating HTTP/2" 403 0 "-" "Mozilla/5.0 AppleWebKit/537.36 (KHTML, like Gecko; compatible; GPTBot/1.2; +https://openai.com/gptbot)"
20.171.207.19 - - [05/Aug/2025:16:32:15 +0300] "GET /product-tag/chairs-in-kisumu/?orderby=popularity HTTP/2" 403 0 "-" "Mozilla/5.0 AppleWebKit/537.36 (KHTML, like Gecko; compatible; GPTBot/1.2; +https://openai.com/gptbot)"
20.171.207.19 - - [05/Aug/2025:16:32:18 +0300] "GET /product-tag/chairs-in-kisumu/?orderby=price-desc HTTP/2" 403 0 "-" "Mozilla/5.0 AppleWebKit/537.36 (KHTML, like Gecko; compatible; GPTBot/1.2; +https://openai.com/gptbot)"
45.40.50.242 - - [05/Aug/2025:16:32:12 +0300] "GET /shop/page/7/?orderby=date&add_to_compare=4107 HTTP/2" 200 32804 "https://karismamodernkitchen.com/shop/page/7/?orderby=date&add_to_compare=4107" "Mozilla/5.0 (Macintosh; Intel Mac OS X 10_15_7) AppleWebKit/537.36 (KHTML, like Gecko) Chrome/119.0.0.0 Safari/537.36"
66.249.68.36 - - [05/Aug/2025:16:32:25 +0300] "GET /shopdetail/12559739/ HTTP/1.1" 200 17700 "-" "Mozilla/5.0 (Linux; Android 6.0.1; Nexus 5X Build/MMB29P) AppleWebKit/537.36 (KHTML, like Gecko) Chrome/138.0.7204.183 Mobile Safari/537.36 (compatible; GoogleOther)"
66.249.68.36 - - [05/Aug/2025:16:27:12 +0300] "GET /shopdetail/4785140/ HTTP/1.1" 200 17851 "-" "Mozilla/5.0 (compatible; Googlebot/2.1; +http://www.google.com/bot.html)"
66.249.68.36 - - [05/Aug/2025:16:27:19 +0300] "GET /shopdetail/4285640/ HTTP/1.1" 200 19089 "-" "Mozilla/5.0 (compatible; Googlebot/2.1; +http://www.google.com/bot.html)"
57.141.6.23 - - [05/Aug/2025:16:27:22 +0300] "GET /shopdetail/3624673/ HTTP/2" 404 131187 "-" "meta-externalagent/1.1 (+https://developers.facebook.com/docs/sharing/webmasters/crawler)"
45.40.50.213 - - [05/Aug/2025:16:28:00 +0300] "GET /shop/page/7/?orderby=price&add-to-wishlist=3904 HTTP/2" 200 33169 "https://karismamodernkitchen.com/shop/page/7/?orderby=price&add-to-wishlist=3904" "Mozilla/5.0 (Macintosh; Intel Mac OS X 10_15_7) AppleWebKit/537.36 (KHTML, like Gecko) Chrome/123.0.0.0 Safari/537.36"
66.249.68.37 - - [05/Aug/2025:16:28:07 +0300] "GET /shopdetail/4787917/ HTTP/1.1" 200 18553 "-" "Mozilla/5.0 (compatible; Googlebot/2.1; +http://www.google.com/bot.html)"
66.249.68.36 - - [05/Aug/2025:16:28:08 +0300] "GET /shopdetail/22472106/ HTTP/1.1" 200 17984 "-" "Mozilla/5.0 (compatible; Googlebot/2.1; +http://www.google.com/bot.html)"
40.77.167.70 - - [05/Aug/2025:16:28:08 +0300] "GET /pcmypage?callback=product/review/94781127 HTTP/2" 200 18249 "-" "Mozilla/5.0 AppleWebKit/537.36 (KHTML, like Gecko; compatible; bingbot/2.0; +http://www.bing.com/bingbot.htm) Chrome/116.0.1938.76 Safari/537.36"
197.248.134.119 - - [05/Aug/2025:16:28:36 +0300] "POST /wp-admin/admin-ajax.php HTTP/2" 200 51 "https://karismamodernkitchen.com/wp-admin/admin.php?page=wp_file_manager" "Mozilla/5.0 (Windows NT 10.0; Win64; x64) AppleWebKit/537.36 (KHTML, like Gecko) Chrome/138.0.0.0 Safari/537.36"
66.249.68.36 - - [05/Aug/2025:16:29:08 +0300] "GET /shopdetail/22337606/ HTTP/1.1" 200 18288 "-" "Mozilla/5.0 (compatible; Googlebot/2.1; +http://www.google.com/bot.html)"
66.249.68.36 - - [05/Aug/2025:16:29:45 +0300] "GET /shopdetail/9157039/ HTTP/1.1" 200 18122 "-" "Mozilla/5.0 (Linux; Android 6.0.1; Nexus 5X Build/MMB29P) AppleWebKit/537.36 (KHTML, like Gecko) Chrome/138.0.7204.183 Mobile Safari/537.36 (compatible; GoogleOther)"
40.77.167.70 - - [05/Aug/2025:16:29:49 +0300] "GET /pcmypage?callback=product/review/58729453 HTTP/2" 200 18202 "-" "Mozilla/5.0 AppleWebKit/537.36 (KHTML, like Gecko; compatible; bingbot/2.0; +http://www.bing.com/bingbot.htm) Chrome/116.0.1938.76 Safari/537.36"
20.97.189.101 - - [05/Aug/2025:16:29:57 +0300] "GET /product-tag/chairs-in-kisumu/ HTTP/2" 200 27894 "-" "Mozilla/5.0 AppleWebKit/537.36 (KHTML, like Gecko); compatible; ChatGPT-User/1.0; +https://openai.com/bot"
66.249.68.36 - - [05/Aug/2025:16:30:15 +0300] "GET /shopdetail/10323128/ HTTP/1.1" 200 17789 "-" "Mozilla/5.0 (Linux; Android 6.0.1; Nexus 5X Build/MMB29P) AppleWebKit/537.36 (KHTML, like Gecko) Chrome/138.0.7204.183 Mobile Safari/537.36 (compatible; GoogleOther)"
57.141.6.21 - - [05/Aug/2025:16:30:35 +0300] "GET /shopdetail/22575739/ HTTP/2" 404 131191 "-" "meta-externalagent/1.1 (+https://developers.facebook.com/docs/sharing/webmasters/crawler)"
66.249.68.36 - - [05/Aug/2025:16:30:44 +0300] "GET /shopdetail/28111828/ HTTP/1.1" 200 18193 "-" "Mozilla/5.0 (compatible; Googlebot/2.1; +http://www.google.com/bot.html)"
66.249.68.36 - - [05/Aug/2025:16:30:48 +0300] "POST /get-message-notify HTTP/1.1" 200 17492 "https://karismamodernkitchen.com/shopdetail/1881373/" "Mozilla/5.0 (Linux; Android 6.0.1; Nexus 5X Build/MMB29P) AppleWebKit/537.36 (KHTML, like Gecko) Chrome/137.0.7151.119 Mobile Safari/537.36 (compatible; Googlebot/2.1; +http://www.google.com/bot.html)"
66.249.68.36 - - [05/Aug/2025:16:31:01 +0300] "GET /shopdetail/24307539/ HTTP/1.1" 200 17689 "-" "Mozilla/5.0 (Linux; Android 6.0.1; Nexus 5X Build/MMB29P) AppleWebKit/537.36 (KHTML, like Gecko) Chrome/138.0.7204.183 Mobile Safari/537.36 (compatible; GoogleOther)"
66.249.68.36 - - [05/Aug/2025:16:31:06 +0300] "GET /shopdetail/4827873/ HTTP/1.1" 200 18099 "-" "Mozilla/5.0 (compatible; Googlebot/2.1; +http://www.google.com/bot.html)"
66.249.68.36 - - [05/Aug/2025:16:32:29 +0300] "POST /get-message-notify HTTP/1.1" 200 17492 "https://karismamodernkitchen.com/shopdetail/20073584/" "Mozilla/5.0 (Linux; Android 6.0.1; Nexus 5X Build/MMB29P) AppleWebKit/537.36 (KHTML, like Gecko) Chrome/137.0.7151.119 Mobile Safari/537.36 (compatible; Googlebot/2.1; +http://www.google.com/bot.html)"
57.141.6.30 - - [05/Aug/2025:16:32:27 +0300] "GET /shopdetail/3347017/ HTTP/2" 404 131187 "-" "meta-externalagent/1.1 (+https://developers.facebook.com/docs/sharing/webmasters/crawler)"
66.249.68.36 - - [05/Aug/2025:16:32:38 +0300] "GET /shopdetail/4311606/ HTTP/1.1" 200 18227 "-" "Mozilla/5.0 (compatible; Googlebot/2.1; +http://www.google.com/bot.html)"
66.249.68.36 - - [05/Aug/2025:16:32:40 +0300] "GET /shopdetail/23156784/ HTTP/1.1" 200 18453 "-" "Mozilla/5.0 (compatible; Googlebot/2.1; +http://www.google.com/bot.html)"
66.249.68.36 - - [05/Aug/2025:16:32:42 +0300] "GET /shopdetail/21838106/ HTTP/1.1" 200 18516 "-" "Mozilla/5.0 (compatible; Googlebot/2.1; +http://www.google.com/bot.html)"
197.248.134.119 - - [05/Aug/2025:16:32:38 +0300] "POST /wp-admin/admin-ajax.php HTTP/2" 200 51 "https://karismamodernkitchen.com/wp-admin/admin.php?page=wp_file_manager" "Mozilla/5.0 (Windows NT 10.0; Win64; x64) AppleWebKit/537.36 (KHTML, like Gecko) Chrome/138.0.0.0 Safari/537.36"
66.249.68.36 - - [05/Aug/2025:16:32:45 +0300] "GET /shopdetail/23027628/ HTTP/1.1" 200 18509 "-" "Mozilla/5.0 (compatible; Googlebot/2.1; +http://www.google.com/bot.html)"
66.249.68.36 - - [05/Aug/2025:16:32:46 +0300] "GET /shopdetail/2179562/ HTTP/1.1" 200 18484 "-" "Mozilla/5.0 (compatible; Googlebot/2.1; +http://www.google.com/bot.html)"
66.249.68.36 - - [05/Aug/2025:16:32:52 +0300] "GET /shopdetail/22857084/ HTTP/1.1" 200 17525 "-" "Mozilla/5.0 (compatible; Googlebot/2.1; +http://www.google.com/bot.html)"
66.249.68.36 - - [05/Aug/2025:16:32:55 +0300] "GET /shopdetail/4831084/ HTTP/1.1" 200 17920 "-" "Mozilla/5.0 (compatible; Googlebot/2.1; +http://www.google.com/bot.html)"
66.249.68.36 - - [05/Aug/2025:16:32:58 +0300] "GET /shopdetail/6689228/ HTTP/1.1" 200 19398 "-" "Mozilla/5.0 (compatible; Googlebot/2.1; +http://www.google.com/bot.html)"
66.249.68.36 - - [05/Aug/2025:16:33:00 +0300] "GET /shopdetail/22651928/ HTTP/1.1" 200 17539 "-" "Mozilla/5.0 (compatible; Googlebot/2.1; +http://www.google.com/bot.html)"
66.249.68.36 - - [05/Aug/2025:16:33:10 +0300] "GET /shopdetail/30221628/ HTTP/1.1" 200 18048 "-" "Mozilla/5.0 (Linux; Android 6.0.1; Nexus 5X Build/MMB29P) AppleWebKit/537.36 (KHTML, like Gecko) Chrome/138.0.7204.183 Mobile Safari/537.36 (compatible; GoogleOther)"
66.249.68.36 - - [05/Aug/2025:16:33:19 +0300] "GET /shopdetail/18146728/ HTTP/1.1" 200 19733 "-" "Mozilla/5.0 (Linux; Android 6.0.1; Nexus 5X Build/MMB29P) AppleWebKit/537.36 (KHTML, like Gecko) Chrome/138.0.7204.183 Mobile Safari/537.36 (compatible; GoogleOther)"
66.249.68.36 - - [05/Aug/2025:16:33:23 +0300] "GET /shopdetail/4860417/ HTTP/1.1" 200 17398 "-" "Mozilla/5.0 (compatible; Googlebot/2.1; +http://www.google.com/bot.html)"
66.249.68.36 - - [05/Aug/2025:16:33:25 +0300] "GET /shopdetail/2240228/ HTTP/1.1" 200 18614 "-" "Mozilla/5.0 (compatible; Googlebot/2.1; +http://www.google.com/bot.html)"
66.249.68.36 - - [05/Aug/2025:16:33:27 +0300] "GET /shopdetail/28134573/ HTTP/1.1" 200 19276 "-" "Mozilla/5.0 (compatible; Googlebot/2.1; +http://www.google.com/bot.html)"
66.249.68.36 - - [05/Aug/2025:16:33:29 +0300] "GET /shopdetail/22377562/ HTTP/1.1" 200 18328 "-" "Mozilla/5.0 (compatible; Googlebot/2.1; +http://www.google.com/bot.html)"
66.249.68.37 - - [05/Aug/2025:16:33:32 +0300] "GET /shopdetail/8838073/ HTTP/1.1" 200 17110 "-" "Mozilla/5.0 (Linux; Android 6.0.1; Nexus 5X Build/MMB29P) AppleWebKit/537.36 (KHTML, like Gecko) Chrome/138.0.7204.183 Mobile Safari/537.36 (compatible; GoogleOther)"
66.249.68.36 - - [05/Aug/2025:16:33:35 +0300] "GET /shopdetail/22335428/ HTTP/1.1" 200 18499 "-" "Mozilla/5.0 (compatible; Googlebot/2.1; +http://www.google.com/bot.html)"
66.249.68.36 - - [05/Aug/2025:16:32:13 +0300] "GET /shopdetail/6298973/ HTTP/1.1" 200 18657 "-" "Mozilla/5.0 (compatible; Googlebot/2.1; +http://www.google.com/bot.html)"
66.249.68.36 - - [05/Aug/2025:16:32:14 +0300] "GET /shopdetail/21357517/ HTTP/1.1" 200 18605 "-" "Mozilla/5.0 (Linux; Android 6.0.1; Nexus 5X Build/MMB29P) AppleWebKit/537.36 (KHTML, like Gecko) Chrome/138.0.7204.183 Mobile Safari/537.36 (compatible; Googlebot/2.1; +http://www.google.com/bot.html)"
66.249.68.36 - - [05/Aug/2025:16:32:20 +0300] "GET /shopdetail/7737539/ HTTP/1.1" 200 17489 "-" "Mozilla/5.0 (compatible; Googlebot/2.1; +http://www.google.com/bot.html)"
40.84.221.229 - - [05/Aug/2025:16:32:37 +0300] "GET /shopdetail/26048528/ HTTP/2" 200 0 "-" "Mozilla/5.0 AppleWebKit/537.36 (KHTML, like Gecko); compatible; ChatGPT-User/1.0; +https://openai.com/bot"
66.249.68.37 - - [05/Aug/2025:16:32:56 +0300] "GET /shopdetail/2267706/ HTTP/1.1" 200 18257 "-" "Mozilla/5.0 (compatible; Googlebot/2.1; +http://www.google.com/bot.html)"
