41.59.169.230 - - [05/Aug/2025:18:32:46 +0300] "GET /wp-includes/js/jquery/jquery.min.js?ver=3.7.1 HTTP/2" 200 29744 "https://karismamodernkitchen.com/product/electric-soup-tureen-or-kettle/" "Mozilla/5.0 (Macintosh; Intel Mac OS X 10_15_7) AppleWebKit/537.36 (KHTML, like Gecko) Chrome/138.0.0.0 Safari/537.36"
41.59.169.230 - - [05/Aug/2025:18:32:47 +0300] "GET /wp-includes/js/underscore.min.js?ver=1.13.7 HTTP/2" 200 7185 "https://karismamodernkitchen.com/product/electric-soup-tureen-or-kettle/" "Mozilla/5.0 (Macintosh; Intel Mac OS X 10_15_7) AppleWebKit/537.36 (KHTML, like Gecko) Chrome/138.0.0.0 Safari/537.36"
41.59.169.230 - - [05/Aug/2025:18:32:47 +0300] "GET /wp-includes/js/wp-util.min.js?ver=6.8.2 HTTP/2" 200 690 "https://karismamodernkitchen.com/product/electric-soup-tureen-or-kettle/" "Mozilla/5.0 (Macintosh; Intel Mac OS X 10_15_7) AppleWebKit/537.36 (KHTML, like Gecko) Chrome/138.0.0.0 Safari/537.36"
20.171.207.19 - - [05/Aug/2025:18:32:44 +0300] "GET /product-tag/bain-marie/?orderby=rating HTTP/2" 200 29500 "-" "Mozilla/5.0 AppleWebKit/537.36 (KHTML, like Gecko; compatible; GPTBot/1.2; +https://openai.com/gptbot)"
41.59.169.230 - - [05/Aug/2025:18:32:48 +0300] "GET /wp-content/themes/martfury/js/plugins/waypoints.min.js?ver=2.0.2 HTTP/2" 200 2466 "https://karismamodernkitchen.com/product/electric-soup-tureen-or-kettle/" "Mozilla/5.0 (Macintosh; Intel Mac OS X 10_15_7) AppleWebKit/537.36 (KHTML, like Gecko) Chrome/138.0.0.0 Safari/537.36"
41.59.169.230 - - [05/Aug/2025:18:32:48 +0300] "GET /wp-content/themes/martfury/inc/modules/product-bought-together/assets/product-bought-together.js?ver=1.0.0 HTTP/2" 200 4857 "https://karismamodernkitchen.com/product/electric-soup-tureen-or-kettle/" "Mozilla/5.0 (Macintosh; Intel Mac OS X 10_15_7) AppleWebKit/537.36 (KHTML, like Gecko) Chrome/138.0.0.0 Safari/537.36"
41.59.169.230 - - [05/Aug/2025:18:32:48 +0300] "GET /wp-content/uploads/2025/02/Electric-Soup-Tureen-or-Kettle-600x600.jpg HTTP/2" 200 25372 "https://karismamodernkitchen.com/product/electric-soup-tureen-or-kettle/" "Mozilla/5.0 (Macintosh; Intel Mac OS X 10_15_7) AppleWebKit/537.36 (KHTML, like Gecko) Chrome/138.0.0.0 Safari/537.36"
41.59.169.230 - - [05/Aug/2025:18:32:48 +0300] "GET /wp-content/uploads/2024/12/KARISMA-1.png HTTP/2" 200 19255 "https://karismamodernkitchen.com/product/electric-soup-tureen-or-kettle/" "Mozilla/5.0 (Macintosh; Intel Mac OS X 10_15_7) AppleWebKit/537.36 (KHTML, like Gecko) Chrome/138.0.0.0 Safari/537.36"
41.59.169.230 - - [05/Aug/2025:18:32:48 +0300] "GET /wp-content/uploads/2025/04/TILL-AND-PAYBILL-1-4.png HTTP/2" 200 113512 "https://karismamodernkitchen.com/product/electric-soup-tureen-or-kettle/" "Mozilla/5.0 (Macintosh; Intel Mac OS X 10_15_7) AppleWebKit/537.36 (KHTML, like Gecko) Chrome/138.0.0.0 Safari/537.36"
20.171.207.19 - - [05/Aug/2025:18:32:48 +0300] "GET /product-tag/bain-marie/?add-to-cart=4208&orderby=date HTTP/2" 200 29574 "-" "Mozilla/5.0 AppleWebKit/537.36 (KHTML, like Gecko; compatible; GPTBot/1.2; +https://openai.com/gptbot)"
41.59.169.230 - - [05/Aug/2025:18:32:49 +0300] "GET /wp-content/plugins/woocommerce/assets/client/blocks/wc-blocks.css?ver=wc-10.0.4 HTTP/2" 200 2357 "https://karismamodernkitchen.com/product/electric-soup-tureen-or-kettle/" "Mozilla/5.0 (Macintosh; Intel Mac OS X 10_15_7) AppleWebKit/537.36 (KHTML, like Gecko) Chrome/138.0.0.0 Safari/537.36"
41.59.169.230 - - [05/Aug/2025:18:32:51 +0300] "GET /wp-content/plugins/elementor/assets/css/widget-icon-box.min.css?ver=3.30.4 HTTP/2" 200 656 "https://karismamodernkitchen.com/product/electric-soup-tureen-or-kettle/" "Mozilla/5.0 (Macintosh; Intel Mac OS X 10_15_7) AppleWebKit/537.36 (KHTML, like Gecko) Chrome/138.0.0.0 Safari/537.36"
41.59.169.230 - - [05/Aug/2025:18:32:53 +0300] "GET /wp-content/plugins/elementor/assets/css/widget-divider.min.css?ver=3.30.4 HTTP/2" 200 705 "https://karismamodernkitchen.com/product/electric-soup-tureen-or-kettle/" "Mozilla/5.0 (Macintosh; Intel Mac OS X 10_15_7) AppleWebKit/537.36 (KHTML, like Gecko) Chrome/138.0.0.0 Safari/537.36"
41.59.169.230 - - [05/Aug/2025:18:32:54 +0300] "GET /wp-content/plugins/elementor/assets/css/widget-heading.min.css?ver=3.30.4 HTTP/2" 200 154 "https://karismamodernkitchen.com/product/electric-soup-tureen-or-kettle/" "Mozilla/5.0 (Macintosh; Intel Mac OS X 10_15_7) AppleWebKit/537.36 (KHTML, like Gecko) Chrome/138.0.0.0 Safari/537.36"
41.59.169.230 - - [05/Aug/2025:18:32:54 +0300] "GET /wp-content/plugins/elementor/assets/css/widget-image.min.css?ver=3.30.4 HTTP/2" 200 119 "https://karismamodernkitchen.com/product/electric-soup-tureen-or-kettle/" "Mozilla/5.0 (Macintosh; Intel Mac OS X 10_15_7) AppleWebKit/537.36 (KHTML, like Gecko) Chrome/138.0.0.0 Safari/537.36"
41.59.169.230 - - [05/Aug/2025:18:32:54 +0300] "GET /wp-content/plugins/elementor/assets/css/widget-icon-list.min.css?ver=3.30.4 HTTP/2" 200 957 "https://karismamodernkitchen.com/product/electric-soup-tureen-or-kettle/" "Mozilla/5.0 (Macintosh; Intel Mac OS X 10_15_7) AppleWebKit/537.36 (KHTML, like Gecko) Chrome/138.0.0.0 Safari/537.36"
20.171.207.19 - - [05/Aug/2025:18:32:50 +0300] "GET /product-tag/bain-marie/?add_to_compare=4208&orderby=menu_order HTTP/2" 200 29536 "-" "Mozilla/5.0 AppleWebKit/537.36 (KHTML, like Gecko; compatible; GPTBot/1.2; +https://openai.com/gptbot)"
41.59.169.230 - - [05/Aug/2025:18:32:55 +0300] "GET /wp-content/plugins/elementor/assets/css/widget-social-icons.min.css?ver=3.30.4 HTTP/2" 200 1069 "https://karismamodernkitchen.com/product/electric-soup-tureen-or-kettle/" "Mozilla/5.0 (Macintosh; Intel Mac OS X 10_15_7) AppleWebKit/537.36 (KHTML, like Gecko) Chrome/138.0.0.0 Safari/537.36"
41.59.169.230 - - [05/Aug/2025:18:32:55 +0300] "GET /wp-content/plugins/elementor/assets/css/conditionals/apple-webkit.min.css?ver=3.30.4 HTTP/2" 200 472 "https://karismamodernkitchen.com/product/electric-soup-tureen-or-kettle/" "Mozilla/5.0 (Macintosh; Intel Mac OS X 10_15_7) AppleWebKit/537.36 (KHTML, like Gecko) Chrome/138.0.0.0 Safari/537.36"
41.59.169.230 - - [05/Aug/2025:18:32:55 +0300] "GET /wp-includes/js/dist/hooks.min.js?ver=4d63a3d491d11ffd8ac6 HTTP/2" 200 1571 "https://karismamodernkitchen.com/product/electric-soup-tureen-or-kettle/" "Mozilla/5.0 (Macintosh; Intel Mac OS X 10_15_7) AppleWebKit/537.36 (KHTML, like Gecko) Chrome/138.0.0.0 Safari/537.36"
41.59.169.230 - - [05/Aug/2025:18:32:55 +0300] "GET /wp-includes/js/dist/i18n.min.js?ver=5e580eb46a90c2b997e6 HTTP/2" 200 3542 "https://karismamodernkitchen.com/product/electric-soup-tureen-or-kettle/" "Mozilla/5.0 (Macintosh; Intel Mac OS X 10_15_7) AppleWebKit/537.36 (KHTML, like Gecko) Chrome/138.0.0.0 Safari/537.36"
41.59.169.230 - - [05/Aug/2025:18:32:55 +0300] "GET /wp-content/plugins/contact-form-7/includes/swv/js/index.js?ver=6.1.1 HTTP/2" 200 3369 "https://karismamodernkitchen.com/product/electric-soup-tureen-or-kettle/" "Mozilla/5.0 (Macintosh; Intel Mac OS X 10_15_7) AppleWebKit/537.36 (KHTML, like Gecko) Chrome/138.0.0.0 Safari/537.36"
41.59.169.230 - - [05/Aug/2025:18:32:55 +0300] "GET /wp-content/plugins/contact-form-7/includes/js/index.js?ver=6.1.1 HTTP/2" 200 4008 "https://karismamodernkitchen.com/product/electric-soup-tureen-or-kettle/" "Mozilla/5.0 (Macintosh; Intel Mac OS X 10_15_7) AppleWebKit/537.36 (KHTML, like Gecko) Chrome/138.0.0.0 Safari/537.36"
41.59.169.230 - - [05/Aug/2025:18:32:56 +0300] "GET /wp-content/plugins/wcboost-products-compare/assets/js/compare.min.js?ver=1.0.8 HTTP/2" 200 2498 "https://karismamodernkitchen.com/product/electric-soup-tureen-or-kettle/" "Mozilla/5.0 (Macintosh; Intel Mac OS X 10_15_7) AppleWebKit/537.36 (KHTML, like Gecko) Chrome/138.0.0.0 Safari/537.36"
41.59.169.230 - - [05/Aug/2025:18:32:56 +0300] "GET /wp-content/plugins/wcboost-products-compare/assets/js/compare-fragments.min.js?ver=1.0.8 HTTP/2" 200 1294 "https://karismamodernkitchen.com/product/electric-soup-tureen-or-kettle/" "Mozilla/5.0 (Macintosh; Intel Mac OS X 10_15_7) AppleWebKit/537.36 (KHTML, like Gecko) Chrome/138.0.0.0 Safari/537.36"
41.59.169.230 - - [05/Aug/2025:18:32:57 +0300] "GET /wp-content/plugins/wcboost-variation-swatches/assets/js/frontend.min.js?ver=1.1.2 HTTP/2" 200 1111 "https://karismamodernkitchen.com/product/electric-soup-tureen-or-kettle/" "Mozilla/5.0 (Macintosh; Intel Mac OS X 10_15_7) AppleWebKit/537.36 (KHTML, like Gecko) Chrome/138.0.0.0 Safari/537.36"
41.59.169.230 - - [05/Aug/2025:18:32:57 +0300] "GET /wp-content/plugins/wcboost-wishlist/assets/js/wishlist.min.js?ver=1.2.1 HTTP/2" 200 2936 "https://karismamodernkitchen.com/product/electric-soup-tureen-or-kettle/" "Mozilla/5.0 (Macintosh; Intel Mac OS X 10_15_7) AppleWebKit/537.36 (KHTML, like Gecko) Chrome/138.0.0.0 Safari/537.36"
41.59.169.230 - - [05/Aug/2025:18:32:57 +0300] "GET /wp-content/plugins/wcboost-wishlist/assets/js/wishlist-fragments.min.js?ver=1.2.1 HTTP/2" 200 1441 "https://karismamodernkitchen.com/product/electric-soup-tureen-or-kettle/" "Mozilla/5.0 (Macintosh; Intel Mac OS X 10_15_7) AppleWebKit/537.36 (KHTML, like Gecko) Chrome/138.0.0.0 Safari/537.36"
20.171.207.19 - - [05/Aug/2025:18:32:55 +0300] "GET /product-tag/bain-marie/?add-to-wishlist=4208&orderby=popularity HTTP/2" 200 29599 "-" "Mozilla/5.0 AppleWebKit/537.36 (KHTML, like Gecko; compatible; GPTBot/1.2; +https://openai.com/gptbot)"
41.59.169.230 - - [05/Aug/2025:18:32:57 +0300] "GET /wp-content/plugins/woo-order-on-whatsapp//assets/js/front-js.min.js?ver=2.4.1 HTTP/2" 200 255 "https://karismamodernkitchen.com/product/electric-soup-tureen-or-kettle/" "Mozilla/5.0 (Macintosh; Intel Mac OS X 10_15_7) AppleWebKit/537.36 (KHTML, like Gecko) Chrome/138.0.0.0 Safari/537.36"
41.59.169.230 - - [05/Aug/2025:18:32:57 +0300] "GET /wp-content/themes/martfury/js/plugins/photoswipe-ui.min.js?ver=4.1.1 HTTP/2" 200 3564 "https://karismamodernkitchen.com/product/electric-soup-tureen-or-kettle/" "Mozilla/5.0 (Macintosh; Intel Mac OS X 10_15_7) AppleWebKit/537.36 (KHTML, like Gecko) Chrome/138.0.0.0 Safari/537.36"
41.59.169.230 - - [05/Aug/2025:18:32:57 +0300] "GET /wp-content/plugins/woocommerce/assets/js/photoswipe/photoswipe.min.js?ver=4.1.1-wc.10.0.4 HTTP/2" 200 11652 "https://karismamodernkitchen.com/product/electric-soup-tureen-or-kettle/" "Mozilla/5.0 (Macintosh; Intel Mac OS X 10_15_7) AppleWebKit/537.36 (KHTML, like Gecko) Chrome/138.0.0.0 Safari/537.36"
41.59.169.230 - - [05/Aug/2025:18:32:57 +0300] "GET /wp-includes/js/jquery/ui/core.min.js?ver=1.13.3 HTTP/2" 200 6812 "https://karismamodernkitchen.com/product/electric-soup-tureen-or-kettle/" "Mozilla/5.0 (Macintosh; Intel Mac OS X 10_15_7) AppleWebKit/537.36 (KHTML, like Gecko) Chrome/138.0.0.0 Safari/537.36"
41.59.169.230 - - [05/Aug/2025:18:32:58 +0300] "GET /wp-includes/js/jquery/ui/tooltip.min.js?ver=1.13.3 HTTP/2" 200 2019 "https://karismamodernkitchen.com/product/electric-soup-tureen-or-kettle/" "Mozilla/5.0 (Macintosh; Intel Mac OS X 10_15_7) AppleWebKit/537.36 (KHTML, like Gecko) Chrome/138.0.0.0 Safari/537.36"
41.59.169.230 - - [05/Aug/2025:18:33:00 +0300] "GET /wp-includes/js/imagesloaded.min.js?ver=5.0.0 HTTP/2" 200 1687 "https://karismamodernkitchen.com/product/electric-soup-tureen-or-kettle/" "Mozilla/5.0 (Macintosh; Intel Mac OS X 10_15_7) AppleWebKit/537.36 (KHTML, like Gecko) Chrome/138.0.0.0 Safari/537.36"
41.59.169.230 - - [05/Aug/2025:18:33:00 +0300] "GET /wp-content/themes/martfury/js/plugins/jquery.lazyload.min.js?ver=1.9.7 HTTP/2" 200 1183 "https://karismamodernkitchen.com/product/electric-soup-tureen-or-kettle/" "Mozilla/5.0 (Macintosh; Intel Mac OS X 10_15_7) AppleWebKit/537.36 (KHTML, like Gecko) Chrome/138.0.0.0 Safari/537.36"
41.59.169.230 - - [05/Aug/2025:18:33:01 +0300] "GET /wp-content/themes/martfury/js/plugins/jquery.fitvids.js?ver=1.1.0 HTTP/2" 200 1121 "https://karismamodernkitchen.com/product/electric-soup-tureen-or-kettle/" "Mozilla/5.0 (Macintosh; Intel Mac OS X 10_15_7) AppleWebKit/537.36 (KHTML, like Gecko) Chrome/138.0.0.0 Safari/537.36"
20.171.207.19 - - [05/Aug/2025:18:32:57 +0300] "GET /product-tag/bain-marie/?add_to_compare=4208&orderby=popularity HTTP/2" 200 29532 "-" "Mozilla/5.0 AppleWebKit/537.36 (KHTML, like Gecko; compatible; GPTBot/1.2; +https://openai.com/gptbot)"
41.59.169.230 - - [05/Aug/2025:18:33:01 +0300] "GET /wp-content/themes/martfury/js/plugins/isInViewport.min.js?ver=1.0.0 HTTP/2" 200 1036 "https://karismamodernkitchen.com/product/electric-soup-tureen-or-kettle/" "Mozilla/5.0 (Macintosh; Intel Mac OS X 10_15_7) AppleWebKit/537.36 (KHTML, like Gecko) Chrome/138.0.0.0 Safari/537.36"
41.59.169.230 - - [05/Aug/2025:18:33:01 +0300] "GET /wp-content/themes/martfury/js/plugins/jquery.coundown.js?ver=1.0.0 HTTP/2" 200 437 "https://karismamodernkitchen.com/product/electric-soup-tureen-or-kettle/" "Mozilla/5.0 (Macintosh; Intel Mac OS X 10_15_7) AppleWebKit/537.36 (KHTML, like Gecko) Chrome/138.0.0.0 Safari/537.36"
41.59.169.230 - - [05/Aug/2025:18:33:01 +0300] "GET /wp-content/themes/martfury/js/plugins/jquery.counterup.min.js?ver=1.0.0 HTTP/2" 200 809 "https://karismamodernkitchen.com/product/electric-soup-tureen-or-kettle/" "Mozilla/5.0 (Macintosh; Intel Mac OS X 10_15_7) AppleWebKit/537.36 (KHTML, like Gecko) Chrome/138.0.0.0 Safari/537.36"
41.59.169.230 - - [05/Aug/2025:18:33:02 +0300] "GET /wp-content/themes/martfury/js/plugins/jquery.tabs.js?ver=1.0.0 HTTP/2" 200 376 "https://karismamodernkitchen.com/product/electric-soup-tureen-or-kettle/" "Mozilla/5.0 (Macintosh; Intel Mac OS X 10_15_7) AppleWebKit/537.36 (KHTML, like Gecko) Chrome/138.0.0.0 Safari/537.36"
41.59.169.230 - - [05/Aug/2025:18:33:02 +0300] "GET /wp-content/themes/martfury/js/plugins/nprogress.js?ver=1.0.0 HTTP/2" 200 3393 "https://karismamodernkitchen.com/product/electric-soup-tureen-or-kettle/" "Mozilla/5.0 (Macintosh; Intel Mac OS X 10_15_7) AppleWebKit/537.36 (KHTML, like Gecko) Chrome/138.0.0.0 Safari/537.36"
41.59.169.230 - - [05/Aug/2025:18:33:02 +0300] "GET /wp-content/themes/martfury/js/plugins/slick.min.js?ver=1.6.0 HTTP/2" 200 10103 "https://karismamodernkitchen.com/product/electric-soup-tureen-or-kettle/" "Mozilla/5.0 (Macintosh; Intel Mac OS X 10_15_7) AppleWebKit/537.36 (KHTML, like Gecko) Chrome/138.0.0.0 Safari/537.36"
41.59.169.230 - - [05/Aug/2025:18:33:02 +0300] "GET /wp-content/themes/martfury/js/plugins/notify.min.js?ver=1.0.0 HTTP/2" 200 7000 "https://karismamodernkitchen.com/product/electric-soup-tureen-or-kettle/" "Mozilla/5.0 (Macintosh; Intel Mac OS X 10_15_7) AppleWebKit/537.36 (KHTML, like Gecko) Chrome/138.0.0.0 Safari/537.36"
41.59.169.230 - - [05/Aug/2025:18:33:02 +0300] "GET /wp-content/themes/martfury/js/scripts.js?ver=20201224 HTTP/2" 200 16761 "https://karismamodernkitchen.com/product/electric-soup-tureen-or-kettle/" "Mozilla/5.0 (Macintosh; Intel Mac OS X 10_15_7) AppleWebKit/537.36 (KHTML, like Gecko) Chrome/138.0.0.0 Safari/537.36"
41.59.169.230 - - [05/Aug/2025:18:33:03 +0300] "GET /wp-content/plugins/woocommerce-deals/assets/js/tawc-deals.js?ver=1.0.0 HTTP/2" 200 397 "https://karismamodernkitchen.com/product/electric-soup-tureen-or-kettle/" "Mozilla/5.0 (Macintosh; Intel Mac OS X 10_15_7) AppleWebKit/537.36 (KHTML, like Gecko) Chrome/138.0.0.0 Safari/537.36"
41.59.169.230 - - [05/Aug/2025:18:33:04 +0300] "GET /wp-content/plugins/woocommerce/assets/js/sourcebuster/sourcebuster.min.js?ver=10.0.4 HTTP/2" 200 4609 "https://karismamodernkitchen.com/product/electric-soup-tureen-or-kettle/" "Mozilla/5.0 (Macintosh; Intel Mac OS X 10_15_7) AppleWebKit/537.36 (KHTML, like Gecko) Chrome/138.0.0.0 Safari/537.36"
41.59.169.230 - - [05/Aug/2025:18:33:04 +0300] "GET /wp-content/plugins/woocommerce/assets/js/frontend/order-attribution.min.js?ver=10.0.4 HTTP/2" 200 998 "https://karismamodernkitchen.com/product/electric-soup-tureen-or-kettle/" "Mozilla/5.0 (Macintosh; Intel Mac OS X 10_15_7) AppleWebKit/537.36 (KHTML, like Gecko) Chrome/138.0.0.0 Safari/537.36"
41.59.169.230 - - [05/Aug/2025:18:33:04 +0300] "GET /wp-content/plugins/elementor/assets/js/webpack.runtime.min.js?ver=3.30.4 HTTP/2" 200 2319 "https://karismamodernkitchen.com/product/electric-soup-tureen-or-kettle/" "Mozilla/5.0 (Macintosh; Intel Mac OS X 10_15_7) AppleWebKit/537.36 (KHTML, like Gecko) Chrome/138.0.0.0 Safari/537.36"
41.59.169.230 - - [05/Aug/2025:18:33:04 +0300] "GET /wp-content/plugins/elementor/assets/js/frontend-modules.min.js?ver=3.30.4 HTTP/2" 200 14423 "https://karismamodernkitchen.com/product/electric-soup-tureen-or-kettle/" "Mozilla/5.0 (Macintosh; Intel Mac OS X 10_15_7) AppleWebKit/537.36 (KHTML, like Gecko) Chrome/138.0.0.0 Safari/537.36"
41.59.169.230 - - [05/Aug/2025:18:33:05 +0300] "GET /wp-content/plugins/elementor/assets/js/frontend.min.js?ver=3.30.4 HTTP/2" 200 10288 "https://karismamodernkitchen.com/product/electric-soup-tureen-or-kettle/" "Mozilla/5.0 (Macintosh; Intel Mac OS X 10_15_7) AppleWebKit/537.36 (KHTML, like Gecko) Chrome/138.0.0.0 Safari/537.36"
41.59.169.230 - - [05/Aug/2025:18:33:05 +0300] "GET /wp-content/plugins/revslider/public/js/libs/tptools.js?ver=6.7.25 HTTP/2" 200 72603 "https://karismamodernkitchen.com/product/electric-soup-tureen-or-kettle/" "Mozilla/5.0 (Macintosh; Intel Mac OS X 10_15_7) AppleWebKit/537.36 (KHTML, like Gecko) Chrome/138.0.0.0 Safari/537.36"
41.59.169.230 - - [05/Aug/2025:18:33:06 +0300] "GET /wp-content/plugins/woocommerce/assets/js/jquery-blockui/jquery.blockUI.min.js?ver=2.7.0-wc.10.0.4 HTTP/2" 200 3277 "https://karismamodernkitchen.com/product/electric-soup-tureen-or-kettle/" "Mozilla/5.0 (Macintosh; Intel Mac OS X 10_15_7) AppleWebKit/537.36 (KHTML, like Gecko) Chrome/138.0.0.0 Safari/537.36"
41.59.169.230 - - [05/Aug/2025:18:33:05 +0300] "GET /wp-content/plugins/revslider/public/js/sr7.js?ver=6.7.25 HTTP/2" 200 88816 "https://karismamodernkitchen.com/product/electric-soup-tureen-or-kettle/" "Mozilla/5.0 (Macintosh; Intel Mac OS X 10_15_7) AppleWebKit/537.36 (KHTML, like Gecko) Chrome/138.0.0.0 Safari/537.36"
41.59.169.230 - - [05/Aug/2025:18:33:07 +0300] "GET /wp-content/plugins/woocommerce/assets/js/frontend/add-to-cart.min.js?ver=10.0.4 HTTP/2" 200 1266 "https://karismamodernkitchen.com/product/electric-soup-tureen-or-kettle/" "Mozilla/5.0 (Macintosh; Intel Mac OS X 10_15_7) AppleWebKit/537.36 (KHTML, like Gecko) Chrome/138.0.0.0 Safari/537.36"
20.171.207.19 - - [05/Aug/2025:18:33:01 +0300] "GET /cart/?_wpnonce=3d4799eb53&remove_item=4a71e49f6bda0c9b7642f39f1aa1f567 HTTP/2" 200 80689 "-" "Mozilla/5.0 AppleWebKit/537.36 (KHTML, like Gecko; compatible; GPTBot/1.2; +https://openai.com/gptbot)"
41.59.169.230 - - [05/Aug/2025:18:33:07 +0300] "GET /wp-content/uploads/elementor/google-fonts/fonts/ubuntu-4icv6kvjbnbylgocxcvjsgyn.woff2 HTTP/2" 200 29752 "https://karismamodernkitchen.com/wp-content/uploads/elementor/google-fonts/css/ubuntu.css?ver=1744291618" "Mozilla/5.0 (Macintosh; Intel Mac OS X 10_15_7) AppleWebKit/537.36 (KHTML, like Gecko) Chrome/138.0.0.0 Safari/537.36"
41.59.169.230 - - [05/Aug/2025:18:33:08 +0300] "GET /wp-content/fonts/ubuntu/4iCs6KVjbNBYlgoKfw72.woff2 HTTP/2" 200 34852 "https://karismamodernkitchen.com/product/electric-soup-tureen-or-kettle/" "Mozilla/5.0 (Macintosh; Intel Mac OS X 10_15_7) AppleWebKit/537.36 (KHTML, like Gecko) Chrome/138.0.0.0 Safari/537.36"
41.59.169.230 - - [05/Aug/2025:18:33:08 +0300] "GET /wp-content/fonts/ubuntu/4iCv6KVjbNBYlgoCjC3jsGyN.woff2 HTTP/2" 200 30480 "https://karismamodernkitchen.com/product/electric-soup-tureen-or-kettle/" "Mozilla/5.0 (Macintosh; Intel Mac OS X 10_15_7) AppleWebKit/537.36 (KHTML, like Gecko) Chrome/138.0.0.0 Safari/537.36"
41.59.169.230 - - [05/Aug/2025:18:33:08 +0300] "GET /wp-content/plugins/martfury-addons/assets/fonts/Linearicons.woff2 HTTP/2" 200 146536 "https://karismamodernkitchen.com/wp-content/plugins/martfury-addons/assets/css/linearicons.min.css?ver=1.0.0" "Mozilla/5.0 (Macintosh; Intel Mac OS X 10_15_7) AppleWebKit/537.36 (KHTML, like Gecko) Chrome/138.0.0.0 Safari/537.36"
41.59.169.230 - - [05/Aug/2025:18:33:09 +0300] "GET /wp-content/plugins/elementor/assets/lib/font-awesome/webfonts/fa-solid-900.woff2 HTTP/2" 200 78196 "https://karismamodernkitchen.com/wp-content/plugins/elementor/assets/lib/font-awesome/css/solid.css?ver=5.15.3" "Mozilla/5.0 (Macintosh; Intel Mac OS X 10_15_7) AppleWebKit/537.36 (KHTML, like Gecko) Chrome/138.0.0.0 Safari/537.36"
57.141.6.11 - - [05/Aug/2025:18:33:04 +0300] "GET /shopdetail/18699617/ HTTP/2" 404 131191 "-" "meta-externalagent/1.1 (+https://developers.facebook.com/docs/sharing/webmasters/crawler)"
20.171.207.19 - - [05/Aug/2025:18:33:07 +0300] "GET /product-tag/bain-marie/?add-to-cart=4208&orderby=menu_order HTTP/2" 200 29597 "-" "Mozilla/5.0 AppleWebKit/537.36 (KHTML, like Gecko; compatible; GPTBot/1.2; +https://openai.com/gptbot)"
41.59.169.230 - - [05/Aug/2025:18:33:11 +0300] "GET /wp-content/uploads/elementor/google-fonts/fonts/ubuntu-4icu6kvjbnbylgokej70l0k.woff2 HTTP/2" 200 36564 "https://karismamodernkitchen.com/wp-content/uploads/elementor/google-fonts/css/ubuntu.css?ver=1744291618" "Mozilla/5.0 (Macintosh; Intel Mac OS X 10_15_7) AppleWebKit/537.36 (KHTML, like Gecko) Chrome/138.0.0.0 Safari/537.36"
41.59.169.230 - - [05/Aug/2025:18:33:11 +0300] "GET /wp-content/plugins/woocommerce/assets/js/zoom/jquery.zoom.min.js?ver=1.7.21-wc.10.0.4 HTTP/2" 200 1052 "https://karismamodernkitchen.com/product/electric-soup-tureen-or-kettle/" "Mozilla/5.0 (Macintosh; Intel Mac OS X 10_15_7) AppleWebKit/537.36 (KHTML, like Gecko) Chrome/138.0.0.0 Safari/537.36"
20.171.207.19 - - [05/Aug/2025:18:33:11 +0300] "GET /wp-content/plugins/woocommerce/assets/client/blocks/blocks-checkout-events.js?ver=2d0fd4590f6cc663947c HTTP/2" 200 707 "-" "Mozilla/5.0 AppleWebKit/537.36 (KHTML, like Gecko; compatible; GPTBot/1.2; +https://openai.com/gptbot)"
41.59.169.230 - - [05/Aug/2025:18:33:11 +0300] "GET /wp-content/plugins/woocommerce/assets/js/flexslider/jquery.flexslider.min.js?ver=2.7.2-wc.10.0.4 HTTP/2" 200 6017 "https://karismamodernkitchen.com/product/electric-soup-tureen-or-kettle/" "Mozilla/5.0 (Macintosh; Intel Mac OS X 10_15_7) AppleWebKit/537.36 (KHTML, like Gecko) Chrome/138.0.0.0 Safari/537.36"
41.59.169.230 - - [05/Aug/2025:18:33:12 +0300] "GET /wp-content/plugins/woocommerce/assets/js/frontend/single-product.min.js?ver=10.0.4 HTTP/2" 200 2657 "https://karismamodernkitchen.com/product/electric-soup-tureen-or-kettle/" "Mozilla/5.0 (Macintosh; Intel Mac OS X 10_15_7) AppleWebKit/537.36 (KHTML, like Gecko) Chrome/138.0.0.0 Safari/537.36"
41.59.169.230 - - [05/Aug/2025:18:33:12 +0300] "GET /wp-content/plugins/woocommerce/assets/js/js-cookie/js.cookie.min.js?ver=2.1.4-wc.10.0.4 HTTP/2" 200 760 "https://karismamodernkitchen.com/product/electric-soup-tureen-or-kettle/" "Mozilla/5.0 (Macintosh; Intel Mac OS X 10_15_7) AppleWebKit/537.36 (KHTML, like Gecko) Chrome/138.0.0.0 Safari/537.36"
41.59.169.230 - - [05/Aug/2025:18:33:12 +0300] "GET /wp-content/plugins/woocommerce/assets/js/frontend/woocommerce.min.js?ver=10.0.4 HTTP/2" 200 1332 "https://karismamodernkitchen.com/product/electric-soup-tureen-or-kettle/" "Mozilla/5.0 (Macintosh; Intel Mac OS X 10_15_7) AppleWebKit/537.36 (KHTML, like Gecko) Chrome/138.0.0.0 Safari/537.36"
197.248.134.119 - - [05/Aug/2025:18:28:26 +0300] "POST /wp-admin/admin-ajax.php HTTP/2" 200 51 "https://karismamodernkitchen.com/wp-admin/admin.php?page=wp_file_manager" "Mozilla/5.0 (Windows NT 10.0; Win64; x64) AppleWebKit/537.36 (KHTML, like Gecko) Chrome/138.0.0.0 Safari/537.36"
66.249.69.199 - - [05/Aug/2025:18:28:31 +0300] "GET /shopdetail/30059195/ HTTP/1.1" 404 25562 "-" "Mozilla/5.0 (Linux; Android 6.0.1; Nexus 5X Build/MMB29P) AppleWebKit/537.36 (KHTML, like Gecko) Chrome/138.0.7204.183 Mobile Safari/537.36 (compatible; Googlebot/2.1; +http://www.google.com/bot.html)"
57.141.6.27 - - [05/Aug/2025:18:28:38 +0300] "GET /shopdetail/17580739/ HTTP/2" 404 131191 "-" "meta-externalagent/1.1 (+https://developers.facebook.com/docs/sharing/webmasters/crawler)"
102.212.247.75 - - [05/Aug/2025:18:30:28 +0300] "POST /?wordfence_syncAttackData=1754407828.5139 HTTP/1.1" 200 0 "-" "WordPress/6.8.2; https://karismamodernkitchen.com"
45.40.50.236 - - [05/Aug/2025:18:30:27 +0300] "GET /shop/page/7/?orderby=date&add-to-wishlist=3886 HTTP/2" 200 32756 "https://karismamodernkitchen.com/shop/page/7/?orderby=date&add-to-wishlist=3886" "Mozilla/5.0 (Macintosh; Intel Mac OS X 10_15_7) AppleWebKit/537.36 (KHTML, like Gecko) Chrome/119.0.0.0 Safari/537.36"
185.191.171.5 - - [05/Aug/2025:18:31:45 +0300] "GET /robots.txt HTTP/1.1" 200 77 "-" "Mozilla/5.0 (compatible; SemrushBot/7~bl; +http://www.semrush.com/bot.html)"
66.249.69.198 - - [05/Aug/2025:18:32:02 +0300] "GET /shopdetail/30198840/ HTTP/1.1" 404 25562 "-" "Mozilla/5.0 (Linux; Android 6.0.1; Nexus 5X Build/MMB29P) AppleWebKit/537.36 (KHTML, like Gecko) Chrome/138.0.7204.183 Mobile Safari/537.36 (compatible; Googlebot/2.1; +http://www.google.com/bot.html)"
45.40.50.193 - - [05/Aug/2025:18:32:34 +0300] "GET /shop/page/7/?orderby=rating&add-to-wishlist=4445 HTTP/2" 200 32514 "https://karismamodernkitchen.com/shop/page/7/?orderby=rating&add-to-wishlist=4445" "Mozilla/5.0 (Windows NT 10.0; Win64; x64) AppleWebKit/537.36 (KHTML, like Gecko) Chrome/101.0.4951.67 Safari/537.36"
41.59.169.230 - - [05/Aug/2025:18:33:14 +0300] "GET /wp-content/plugins/woocommerce/assets/js/frontend/cart-fragments.min.js?ver=10.0.4 HTTP/2" 200 943 "https://karismamodernkitchen.com/product/electric-soup-tureen-or-kettle/" "Mozilla/5.0 (Macintosh; Intel Mac OS X 10_15_7) AppleWebKit/537.36 (KHTML, like Gecko) Chrome/138.0.0.0 Safari/537.36"
41.59.169.230 - - [05/Aug/2025:18:33:14 +0300] "GET /wp-content/plugins/woocommerce/assets/js/frontend/add-to-cart-variation.min.js?ver=10.0.4 HTTP/2" 200 3712 "https://karismamodernkitchen.com/product/electric-soup-tureen-or-kettle/" "Mozilla/5.0 (Macintosh; Intel Mac OS X 10_15_7) AppleWebKit/537.36 (KHTML, like Gecko) Chrome/138.0.0.0 Safari/537.36"
41.59.169.230 - - [05/Aug/2025:18:33:14 +0300] "GET /wp-includes/js/wp-emoji-release.min.js?ver=6.8.2 HTTP/2" 200 4769 "https://karismamodernkitchen.com/product/electric-soup-tureen-or-kettle/" "Mozilla/5.0 (Macintosh; Intel Mac OS X 10_15_7) AppleWebKit/537.36 (KHTML, like Gecko) Chrome/138.0.0.0 Safari/537.36"
41.59.169.230 - - [05/Aug/2025:18:33:14 +0300] "GET /wp-content/plugins/elementor/assets/js/lightbox.64a93c50cbfc18fcc89b.bundle.min.js HTTP/2" 200 9073 "https://karismamodernkitchen.com/product/electric-soup-tureen-or-kettle/" "Mozilla/5.0 (Macintosh; Intel Mac OS X 10_15_7) AppleWebKit/537.36 (KHTML, like Gecko) Chrome/138.0.0.0 Safari/537.36"
41.59.169.230 - - [05/Aug/2025:18:33:14 +0300] "GET /wp-content/plugins/elementor/assets/lib/dialog/dialog.min.js?ver=4.9.3 HTTP/2" 200 3593 "https://karismamodernkitchen.com/product/electric-soup-tureen-or-kettle/" "Mozilla/5.0 (Macintosh; Intel Mac OS X 10_15_7) AppleWebKit/537.36 (KHTML, like Gecko) Chrome/138.0.0.0 Safari/537.36"
41.59.169.230 - - [05/Aug/2025:18:33:14 +0300] "GET /wp-content/plugins/elementor/assets/css/conditionals/dialog.min.css?ver=3.30.4 HTTP/2" 200 1430 "https://karismamodernkitchen.com/product/electric-soup-tureen-or-kettle/" "Mozilla/5.0 (Macintosh; Intel Mac OS X 10_15_7) AppleWebKit/537.36 (KHTML, like Gecko) Chrome/138.0.0.0 Safari/537.36"
20.171.207.19 - - [05/Aug/2025:18:33:12 +0300] "GET /product-tag/bain-marie/?add-to-cart=4208&orderby=price HTTP/2" 200 29601 "-" "Mozilla/5.0 AppleWebKit/537.36 (KHTML, like Gecko; compatible; GPTBot/1.2; +https://openai.com/gptbot)"
20.171.207.19 - - [05/Aug/2025:18:33:14 +0300] "GET /product-tag/bain-marie/?add-to-cart=4208&orderby=popularity HTTP/2" 200 29569 "-" "Mozilla/5.0 AppleWebKit/537.36 (KHTML, like Gecko; compatible; GPTBot/1.2; +https://openai.com/gptbot)"
20.171.207.19 - - [05/Aug/2025:18:33:22 +0300] "GET /product-tag/bain-marie/?add-to-cart=4208&orderby=price-desc HTTP/2" 200 29606 "-" "Mozilla/5.0 AppleWebKit/537.36 (KHTML, like Gecko; compatible; GPTBot/1.2; +https://openai.com/gptbot)"
20.171.207.19 - - [05/Aug/2025:18:33:26 +0300] "GET /product-tag/bain-marie/?add-to-cart=4208&orderby=rating HTTP/2" 200 29569 "-" "Mozilla/5.0 AppleWebKit/537.36 (KHTML, like Gecko; compatible; GPTBot/1.2; +https://openai.com/gptbot)"
20.171.207.19 - - [05/Aug/2025:18:33:28 +0300] "GET /wp-json/wp/v2/product_tag/902 HTTP/2" 200 296 "-" "Mozilla/5.0 AppleWebKit/537.36 (KHTML, like Gecko; compatible; GPTBot/1.2; +https://openai.com/gptbot)"
20.171.207.19 - - [05/Aug/2025:18:33:37 +0300] "GET /wp-content/plugins/woocommerce/assets/client/blocks/wc-blocks-shared-hocs.js?ver=99a2a0de38bfa707fc7b HTTP/2" 200 1318 "-" "Mozilla/5.0 AppleWebKit/537.36 (KHTML, like Gecko; compatible; GPTBot/1.2; +https://openai.com/gptbot)"
20.171.207.19 - - [05/Aug/2025:18:33:38 +0300] "GET /product-tag/bain-marie/?add-to-wishlist=4208&orderby=date HTTP/2" 200 29591 "-" "Mozilla/5.0 AppleWebKit/537.36 (KHTML, like Gecko; compatible; GPTBot/1.2; +https://openai.com/gptbot)"
20.171.207.19 - - [05/Aug/2025:18:33:41 +0300] "GET /cart/?add-to-cart=4445 HTTP/2" 200 83261 "-" "Mozilla/5.0 AppleWebKit/537.36 (KHTML, like Gecko; compatible; GPTBot/1.2; +https://openai.com/gptbot)"
20.171.207.19 - - [05/Aug/2025:18:33:43 +0300] "GET /wp-content/plugins/woocommerce/assets/client/blocks/wc-payment-method-cod.js?ver=0a9e8776f2e4b9ed3d3c HTTP/2" 200 8911 "-" "Mozilla/5.0 AppleWebKit/537.36 (KHTML, like Gecko; compatible; GPTBot/1.2; +https://openai.com/gptbot)"
20.171.207.19 - - [05/Aug/2025:18:33:44 +0300] "GET /cart/?_wpnonce=3d4799eb53&undo_item=4a71e49f6bda0c9b7642f39f1aa1f567 HTTP/2" 200 83258 "-" "Mozilla/5.0 AppleWebKit/537.36 (KHTML, like Gecko; compatible; GPTBot/1.2; +https://openai.com/gptbot)"
20.171.207.19 - - [05/Aug/2025:18:33:50 +0300] "GET /product-tag/bain-marie/?add-to-wishlist=4208&orderby=menu_order HTTP/2" 200 29715 "-" "Mozilla/5.0 AppleWebKit/537.36 (KHTML, like Gecko; compatible; GPTBot/1.2; +https://openai.com/gptbot)"
20.171.207.19 - - [05/Aug/2025:18:33:53 +0300] "GET /product-tag/bain-marie/?add-to-wishlist=4208&orderby=rating HTTP/2" 200 29736 "-" "Mozilla/5.0 AppleWebKit/537.36 (KHTML, like Gecko; compatible; GPTBot/1.2; +https://openai.com/gptbot)"
20.171.207.19 - - [05/Aug/2025:18:33:57 +0300] "GET /product-tag/bain-marie/?add_to_compare=4208&orderby=rating HTTP/2" 200 29714 "-" "Mozilla/5.0 AppleWebKit/537.36 (KHTML, like Gecko; compatible; GPTBot/1.2; +https://openai.com/gptbot)"
20.171.207.19 - - [05/Aug/2025:18:34:05 +0300] "GET /cart/?add-to-cart=4449 HTTP/2" 200 83492 "-" "Mozilla/5.0 AppleWebKit/537.36 (KHTML, like Gecko; compatible; GPTBot/1.2; +https://openai.com/gptbot)"
20.171.207.19 - - [05/Aug/2025:18:34:08 +0300] "GET /product-tag/bain-marie/?add_to_compare=4208&orderby=price-desc HTTP/2" 200 29869 "-" "Mozilla/5.0 AppleWebKit/537.36 (KHTML, like Gecko; compatible; GPTBot/1.2; +https://openai.com/gptbot)"
20.171.207.19 - - [05/Aug/2025:18:34:13 +0300] "GET /product-tag/bain-marie/?add-to-wishlist=4208&orderby=price HTTP/2" 200 29858 "-" "Mozilla/5.0 AppleWebKit/537.36 (KHTML, like Gecko; compatible; GPTBot/1.2; +https://openai.com/gptbot)"
20.171.207.19 - - [05/Aug/2025:18:34:24 +0300] "GET /product-tag/bain-marie/?add-to-wishlist=4208&orderby=price-desc HTTP/2" 200 29857 "-" "Mozilla/5.0 AppleWebKit/537.36 (KHTML, like Gecko; compatible; GPTBot/1.2; +https://openai.com/gptbot)"
20.171.207.19 - - [05/Aug/2025:18:34:27 +0300] "GET /cart/?_wpnonce=3d4799eb53&remove_item=580796a888df897b38097bd6c1fdaa96 HTTP/2" 200 83182 "-" "Mozilla/5.0 AppleWebKit/537.36 (KHTML, like Gecko; compatible; GPTBot/1.2; +https://openai.com/gptbot)"
197.248.134.119 - - [05/Aug/2025:18:34:29 +0300] "POST /wp-admin/admin-ajax.php HTTP/2" 200 51 "https://karismamodernkitchen.com/wp-admin/admin.php?page=wp_file_manager" "Mozilla/5.0 (Windows NT 10.0; Win64; x64) AppleWebKit/537.36 (KHTML, like Gecko) Chrome/138.0.0.0 Safari/537.36"
20.171.207.19 - - [05/Aug/2025:18:34:38 +0300] "GET /product-tag/bain-marie/?add_to_compare=4208&orderby=price HTTP/2" 200 29793 "-" "Mozilla/5.0 AppleWebKit/537.36 (KHTML, like Gecko; compatible; GPTBot/1.2; +https://openai.com/gptbot)"
45.40.50.168 - - [05/Aug/2025:18:34:41 +0300] "GET /shop/page/7/?orderby=price-desc&remove_compare_item=8cb94e7a9661ea20b1293c589216d396&_wpnonce=b5e2deb4b7 HTTP/2" 200 35001 "https://karismamodernkitchen.com/shop/page/7/?orderby=price-desc&remove_compare_item=8cb94e7a9661ea20b1293c589216d396&_wpnonce=b5e2deb4b7" "Mozilla/5.0 (Macintosh; Intel Mac OS X 10_15_7) AppleWebKit/537.36 (KHTML, like Gecko) Chrome/123.0.0.0 Safari/537.36"
20.171.207.19 - - [05/Aug/2025:18:34:42 +0300] "GET /cart/?_wpnonce=3d4799eb53&remove_item=5adaacd4531b78ff8b5cedfe3f4d5212 HTTP/2" 200 82987 "-" "Mozilla/5.0 AppleWebKit/537.36 (KHTML, like Gecko; compatible; GPTBot/1.2; +https://openai.com/gptbot)"
20.171.207.19 - - [05/Aug/2025:18:34:49 +0300] "GET /wp-includes/js/dist/primitives.min.js?ver=aef2543ab60c8c9bb609 HTTP/2" 200 762 "-" "Mozilla/5.0 AppleWebKit/537.36 (KHTML, like Gecko; compatible; GPTBot/1.2; +https://openai.com/gptbot)"
20.171.207.19 - - [05/Aug/2025:18:34:50 +0300] "GET /product/bain-marie-food-warmer-station/?_wpnonce=66a3acf102&remove_compare_item=4a71e49f6bda0c9b7642f39f1aa1f567 HTTP/2" 302 0 "-" "Mozilla/5.0 AppleWebKit/537.36 (KHTML, like Gecko; compatible; GPTBot/1.2; +https://openai.com/gptbot)"
20.171.207.19 - - [05/Aug/2025:18:34:52 +0300] "GET /compare/?removed-compare-item=1 HTTP/2" 200 28584 "-" "Mozilla/5.0 AppleWebKit/537.36 (KHTML, like Gecko; compatible; GPTBot/1.2; +https://openai.com/gptbot)"
20.171.207.19 - - [05/Aug/2025:18:34:55 +0300] "GET /wp-content/plugins/woocommerce/assets/client/blocks/wc-blocks-shared-context.js?ver=1d9ff4f03584490ad390 HTTP/2" 200 938 "-" "Mozilla/5.0 AppleWebKit/537.36 (KHTML, like Gecko; compatible; GPTBot/1.2; +https://openai.com/gptbot)"
20.171.207.19 - - [05/Aug/2025:18:34:56 +0300] "GET /wp-includes/js/dist/url.min.js?ver=c2964167dfe2477c14ea HTTP/2" 200 3643 "-" "Mozilla/5.0 AppleWebKit/537.36 (KHTML, like Gecko; compatible; GPTBot/1.2; +https://openai.com/gptbot)"
20.171.207.19 - - [05/Aug/2025:18:34:57 +0300] "GET /wp-includes/js/dist/dom-ready.min.js?ver=f77871ff7694fffea381 HTTP/2" 200 275 "-" "Mozilla/5.0 AppleWebKit/537.36 (KHTML, like Gecko; compatible; GPTBot/1.2; +https://openai.com/gptbot)"
20.171.207.19 - - [05/Aug/2025:18:34:58 +0300] "GET /cart/?_wpnonce=3d4799eb53&undo_item=580796a888df897b38097bd6c1fdaa96 HTTP/2" 200 83348 "-" "Mozilla/5.0 AppleWebKit/537.36 (KHTML, like Gecko; compatible; GPTBot/1.2; +https://openai.com/gptbot)"
20.171.207.19 - - [05/Aug/2025:18:35:02 +0300] "GET /wp-includes/js/dist/element.min.js?ver=a4eeeadd23c0d7ab1d2d HTTP/2" 200 4804 "-" "Mozilla/5.0 AppleWebKit/537.36 (KHTML, like Gecko; compatible; GPTBot/1.2; +https://openai.com/gptbot)"
20.171.207.19 - - [05/Aug/2025:18:35:08 +0300] "GET /product-tag/bain-marie/?add_to_compare=4208&orderby=date HTTP/2" 200 29774 "-" "Mozilla/5.0 AppleWebKit/537.36 (KHTML, like Gecko; compatible; GPTBot/1.2; +https://openai.com/gptbot)"
20.171.207.19 - - [05/Aug/2025:18:35:13 +0300] "GET /wp-includes/js/dist/escape-html.min.js?ver=6561a406d2d232a6fbd2 HTTP/2" 200 476 "-" "Mozilla/5.0 AppleWebKit/537.36 (KHTML, like Gecko; compatible; GPTBot/1.2; +https://openai.com/gptbot)"
41.59.169.230 - - [05/Aug/2025:18:33:15 +0300] "GET /wp-content/plugins/elementor/assets/lib/swiper/v8/css/swiper.min.css?ver=8.4.5 HTTP/2" 200 4248 "https://karismamodernkitchen.com/product/electric-soup-tureen-or-kettle/" "Mozilla/5.0 (Macintosh; Intel Mac OS X 10_15_7) AppleWebKit/537.36 (KHTML, like Gecko) Chrome/138.0.0.0 Safari/537.36"
41.59.169.230 - - [05/Aug/2025:18:33:15 +0300] "GET /wp-content/plugins/elementor/assets/css/conditionals/lightbox.min.css?ver=3.30.4 HTTP/2" 200 1752 "https://karismamodernkitchen.com/product/electric-soup-tureen-or-kettle/" "Mozilla/5.0 (Macintosh; Intel Mac OS X 10_15_7) AppleWebKit/537.36 (KHTML, like Gecko) Chrome/138.0.0.0 Safari/537.36"
41.59.169.230 - - [05/Aug/2025:18:33:15 +0300] "GET /wp-content/plugins/elementor/assets/lib/share-link/share-link.min.js?ver=3.30.4 HTTP/2" 200 1072 "https://karismamodernkitchen.com/product/electric-soup-tureen-or-kettle/" "Mozilla/5.0 (Macintosh; Intel Mac OS X 10_15_7) AppleWebKit/537.36 (KHTML, like Gecko) Chrome/138.0.0.0 Safari/537.36"
41.59.169.230 - - [05/Aug/2025:18:33:16 +0300] "GET /wp-content/plugins/elementor/assets/js/shared-frontend-handlers.30dc2f9c080845a413a6.bundle.min.js HTTP/2" 200 2546 "https://karismamodernkitchen.com/product/electric-soup-tureen-or-kettle/" "Mozilla/5.0 (Macintosh; Intel Mac OS X 10_15_7) AppleWebKit/537.36 (KHTML, like Gecko) Chrome/138.0.0.0 Safari/537.36"
41.59.169.230 - - [05/Aug/2025:18:33:16 +0300] "GET /wp-content/plugins/elementor/assets/js/section-frontend-handlers.d85ab872da118940910d.bundle.min.js HTTP/2" 200 254 "https://karismamodernkitchen.com/product/electric-soup-tureen-or-kettle/" "Mozilla/5.0 (Macintosh; Intel Mac OS X 10_15_7) AppleWebKit/537.36 (KHTML, like Gecko) Chrome/138.0.0.0 Safari/537.36"
41.59.169.230 - - [05/Aug/2025:18:33:17 +0300] "GET /wp-content/uploads/2025/01/cropped-KARISMA-100x100.png HTTP/2" 200 1505 "https://karismamodernkitchen.com/product/electric-soup-tureen-or-kettle/" "Mozilla/5.0 (Macintosh; Intel Mac OS X 10_15_7) AppleWebKit/537.36 (KHTML, like Gecko) Chrome/138.0.0.0 Safari/537.36"
41.59.169.230 - - [05/Aug/2025:18:33:17 +0300] "GET /wp-content/uploads/2025/02/Electric-Soup-Tureen-or-Kettle.jpg HTTP/2" 200 37961 "https://karismamodernkitchen.com/product/electric-soup-tureen-or-kettle/" "Mozilla/5.0 (Macintosh; Intel Mac OS X 10_15_7) AppleWebKit/537.36 (KHTML, like Gecko) Chrome/138.0.0.0 Safari/537.36"
41.59.169.230 - - [05/Aug/2025:18:33:14 +0300] "POST /?wc-ajax=get_refreshed_fragments HTTP/2" 200 0 "https://karismamodernkitchen.com/product/electric-soup-tureen-or-kettle/" "Mozilla/5.0 (Macintosh; Intel Mac OS X 10_15_7) AppleWebKit/537.36 (KHTML, like Gecko) Chrome/138.0.0.0 Safari/537.36"
41.59.169.230 - - [05/Aug/2025:18:33:14 +0300] "POST /?wc-ajax=get_wishlist_fragments HTTP/2" 200 255 "https://karismamodernkitchen.com/product/electric-soup-tureen-or-kettle/" "Mozilla/5.0 (Macintosh; Intel Mac OS X 10_15_7) AppleWebKit/537.36 (KHTML, like Gecko) Chrome/138.0.0.0 Safari/537.36"
41.59.169.230 - - [05/Aug/2025:18:33:14 +0300] "POST /?wc-ajax=get_compare_fragments HTTP/2" 200 241 "https://karismamodernkitchen.com/product/electric-soup-tureen-or-kettle/" "Mozilla/5.0 (Macintosh; Intel Mac OS X 10_15_7) AppleWebKit/537.36 (KHTML, like Gecko) Chrome/138.0.0.0 Safari/537.36"
66.249.69.199 - - [05/Aug/2025:18:33:29 +0300] "GET /shopdetail/2949095/ HTTP/1.1" 404 25628 "-" "Mozilla/5.0 (Linux; Android 6.0.1; Nexus 5X Build/MMB29P) AppleWebKit/537.36 (KHTML, like Gecko) Chrome/138.0.7204.183 Mobile Safari/537.36 (compatible; Googlebot/2.1; +http://www.google.com/bot.html)"
66.249.69.198 - - [05/Aug/2025:18:33:47 +0300] "GET /shopdetail/28660384/ HTTP/1.1" 404 25562 "-" "Mozilla/5.0 (Linux; Android 6.0.1; Nexus 5X Build/MMB29P) AppleWebKit/537.36 (KHTML, like Gecko) Chrome/138.0.7204.183 Mobile Safari/537.36 (compatible; Googlebot/2.1; +http://www.google.com/bot.html)"
57.141.6.11 - - [05/Aug/2025:18:34:11 +0300] "GET /shopdetail/23456917/ HTTP/2" 404 131191 "-" "meta-externalagent/1.1 (+https://developers.facebook.com/docs/sharing/webmasters/crawler)"
20.171.207.19 - - [05/Aug/2025:18:35:15 +0300] "GET /product-tag/bain-marie/?_wpnonce=66a3acf102&remove_compare_item=4a71e49f6bda0c9b7642f39f1aa1f567 HTTP/2" 302 0 "-" "Mozilla/5.0 AppleWebKit/537.36 (KHTML, like Gecko; compatible; GPTBot/1.2; +https://openai.com/gptbot)"
66.249.69.198 - - [05/Aug/2025:18:35:17 +0300] "GET /shopdetail/4753873/ HTTP/1.1" 404 25629 "-" "Mozilla/5.0 (Linux; Android 6.0.1; Nexus 5X Build/MMB29P) AppleWebKit/537.36 (KHTML, like Gecko) Chrome/138.0.7204.183 Mobile Safari/537.36 (compatible; Googlebot/2.1; +http://www.google.com/bot.html)"
20.171.207.19 - - [05/Aug/2025:18:35:24 +0300] "GET /compare/?removed-compare-item=1 HTTP/2" 200 28673 "-" "Mozilla/5.0 AppleWebKit/537.36 (KHTML, like Gecko; compatible; GPTBot/1.2; +https://openai.com/gptbot)"
20.171.207.19 - - [05/Aug/2025:18:35:33 +0300] "GET /wp-includes/js/dist/components.min.js?ver=865f2ec3b5f5195705e0 HTTP/2" 200 219156 "-" "Mozilla/5.0 AppleWebKit/537.36 (KHTML, like Gecko; compatible; GPTBot/1.2; +https://openai.com/gptbot)"
66.249.69.198 - - [05/Aug/2025:18:35:30 +0300] "GET /shopdetail/23149428/ HTTP/1.1" 404 25562 "-" "Mozilla/5.0 (Linux; Android 6.0.1; Nexus 5X Build/MMB29P) AppleWebKit/537.36 (KHTML, like Gecko) Chrome/138.0.7204.183 Mobile Safari/537.36 (compatible; GoogleOther)"
20.171.207.19 - - [05/Aug/2025:18:35:35 +0300] "GET /wp-includes/js/dist/vendor/react-jsx-runtime.min.js?ver=18.3.1 HTTP/2" 200 518 "-" "Mozilla/5.0 AppleWebKit/537.36 (KHTML, like Gecko; compatible; GPTBot/1.2; +https://openai.com/gptbot)"
20.171.207.19 - - [05/Aug/2025:18:35:36 +0300] "GET /wp-includes/js/dist/autop.min.js?ver=9fb50649848277dd318d HTTP/2" 200 2009 "-" "Mozilla/5.0 AppleWebKit/537.36 (KHTML, like Gecko; compatible; GPTBot/1.2; +https://openai.com/gptbot)"
20.171.207.19 - - [05/Aug/2025:18:35:37 +0300] "GET /cart/?_wpnonce=3d4799eb53&undo_item=5adaacd4531b78ff8b5cedfe3f4d5212 HTTP/2" 200 83493 "-" "Mozilla/5.0 AppleWebKit/537.36 (KHTML, like Gecko; compatible; GPTBot/1.2; +https://openai.com/gptbot)"
20.171.207.19 - - [05/Aug/2025:18:35:46 +0300] "GET /wp-includes/js/dist/dom.min.js?ver=80bd57c84b45cf04f4ce HTTP/2" 200 4520 "-" "Mozilla/5.0 AppleWebKit/537.36 (KHTML, like Gecko; compatible; GPTBot/1.2; +https://openai.com/gptbot)"
20.171.207.19 - - [05/Aug/2025:18:35:48 +0300] "GET /wp-includes/js/dist/date.min.js?ver=85ff222add187a4e358f HTTP/2" 200 36205 "-" "Mozilla/5.0 AppleWebKit/537.36 (KHTML, like Gecko; compatible; GPTBot/1.2; +https://openai.com/gptbot)"
20.171.207.19 - - [05/Aug/2025:18:35:50 +0300] "GET /wp-json/oembed/1.0/embed?url=https%3A%2F%2Fkarismamodernkitchen.com%2Fcompare%2F HTTP/2" 200 997 "-" "Mozilla/5.0 AppleWebKit/537.36 (KHTML, like Gecko; compatible; GPTBot/1.2; +https://openai.com/gptbot)"
20.171.207.19 - - [05/Aug/2025:18:35:55 +0300] "GET /?p=15 HTTP/2" 301 0 "-" "Mozilla/5.0 AppleWebKit/537.36 (KHTML, like Gecko; compatible; GPTBot/1.2; +https://openai.com/gptbot)"
20.171.207.19 - - [05/Aug/2025:18:35:59 +0300] "GET /compare/ HTTP/2" 200 28733 "-" "Mozilla/5.0 AppleWebKit/537.36 (KHTML, like Gecko; compatible; GPTBot/1.2; +https://openai.com/gptbot)"
20.171.207.19 - - [05/Aug/2025:18:36:02 +0300] "GET /wp-includes/js/dist/vendor/react.min.js?ver=18.3.1.1 HTTP/2" 200 4006 "-" "Mozilla/5.0 AppleWebKit/537.36 (KHTML, like Gecko; compatible; GPTBot/1.2; +https://openai.com/gptbot)"
20.171.207.19 - - [05/Aug/2025:18:36:03 +0300] "GET /wp-includes/js/dist/style-engine.min.js?ver=08cc10e9532531e22456 HTTP/2" 200 1946 "-" "Mozilla/5.0 AppleWebKit/537.36 (KHTML, like Gecko; compatible; GPTBot/1.2; +https://openai.com/gptbot)"
20.171.207.19 - - [05/Aug/2025:18:36:04 +0300] "GET /wp-json/oembed/1.0/embed?format=xml&url=https%3A%2F%2Fkarismamodernkitchen.com%2Fcompare%2F HTTP/2" 200 1040 "-" "Mozilla/5.0 AppleWebKit/537.36 (KHTML, like Gecko; compatible; GPTBot/1.2; +https://openai.com/gptbot)"
20.171.207.19 - - [05/Aug/2025:18:36:07 +0300] "GET /wp-content/plugins/woocommerce/assets/client/blocks/wc-settings.js?ver=4f2e7067bd1c84cca43f HTTP/2" 200 2452 "-" "Mozilla/5.0 AppleWebKit/537.36 (KHTML, like Gecko; compatible; GPTBot/1.2; +https://openai.com/gptbot)"
20.171.207.19 - - [05/Aug/2025:18:36:08 +0300] "GET /compare/embed/ HTTP/2" 200 12123 "-" "Mozilla/5.0 AppleWebKit/537.36 (KHTML, like Gecko; compatible; GPTBot/1.2; +https://openai.com/gptbot)"
57.141.6.31 - - [05/Aug/2025:18:36:23 +0300] "GET /shopdetail/30327973/ HTTP/2" 404 131191 "-" "meta-externalagent/1.1 (+https://developers.facebook.com/docs/sharing/webmasters/crawler)"
66.249.69.199 - - [05/Aug/2025:18:36:24 +0300] "GET /shopdetail/21952628/ HTTP/1.1" 404 25562 "-" "Mozilla/5.0 (Linux; Android 6.0.1; Nexus 5X Build/MMB29P) AppleWebKit/537.36 (KHTML, like Gecko) Chrome/138.0.7204.183 Mobile Safari/537.36 (compatible; Googlebot/2.1; +http://www.google.com/bot.html)"
40.77.167.235 - - [05/Aug/2025:18:36:42 +0300] "GET /pcmypage?callback=product/review/36881400 HTTP/2" 404 25544 "-" "Mozilla/5.0 AppleWebKit/537.36 (KHTML, like Gecko; compatible; bingbot/2.0; +http://www.bing.com/bingbot.htm) Chrome/116.0.1938.76 Safari/537.36"
57.141.6.3 - - [05/Aug/2025:18:37:30 +0300] "GET /shopdetail/20797517/ HTTP/2" 404 131191 "-" "meta-externalagent/1.1 (+https://developers.facebook.com/docs/sharing/webmasters/crawler)"
66.249.69.199 - - [05/Aug/2025:18:37:34 +0300] "GET /shopdetail/24111173/ HTTP/1.1" 404 25562 "-" "Mozilla/5.0 (Linux; Android 6.0.1; Nexus 5X Build/MMB29P) AppleWebKit/537.36 (KHTML, like Gecko) Chrome/138.0.7204.183 Mobile Safari/537.36 (compatible; Googlebot/2.1; +http://www.google.com/bot.html)"
40.77.167.77 - - [05/Aug/2025:18:37:59 +0300] "GET /product-brand/caterina/?orderby=price&product_brand=caterina,generic,karisma,sab-italy HTTP/2" 200 33427 "-" "Mozilla/5.0 AppleWebKit/537.36 (KHTML, like Gecko; compatible; bingbot/2.0; +http://www.bing.com/bingbot.htm) Chrome/116.0.1938.76 Safari/537.36"
66.249.69.200 - - [05/Aug/2025:18:38:19 +0300] "GET /shopdetail/3240362/ HTTP/1.1" 404 25626 "-" "Mozilla/5.0 (Linux; Android 6.0.1; Nexus 5X Build/MMB29P) AppleWebKit/537.36 (KHTML, like Gecko) Chrome/138.0.7204.183 Mobile Safari/537.36 (compatible; Googlebot/2.1; +http://www.google.com/bot.html)"
31.13.127.4 - - [05/Aug/2025:18:38:37 +0300] "GET /product/commercial-coffee-machine/ HTTP/2" 200 0 "-" "facebookexternalhit/1.1 (+http://www.facebook.com/externalhit_uatext.php)"
197.248.134.119 - - [05/Aug/2025:18:38:36 +0300] "POST /wp-admin/admin-ajax.php HTTP/2" 200 51 "https://karismamodernkitchen.com/wp-admin/admin.php?page=wp_file_manager" "Mozilla/5.0 (Windows NT 10.0; Win64; x64) AppleWebKit/537.36 (KHTML, like Gecko) Chrome/138.0.0.0 Safari/537.36"
45.40.50.239 - - [05/Aug/2025:18:38:56 +0300] "GET /shop/page/7/?remove_compare_item=16d11e9595188dbad0418a85f0351aba&_wpnonce=afa478b2e0 HTTP/2" 200 33456 "https://karismamodernkitchen.com/shop/page/7/?remove_compare_item=16d11e9595188dbad0418a85f0351aba&_wpnonce=afa478b2e0" "Mozilla/5.0 (Windows NT 10.0; Win64; x64) AppleWebKit/537.36 (KHTML, like Gecko) Chrome/101.0.4951.67 Safari/537.36"
66.249.69.200 - - [05/Aug/2025:18:39:37 +0300] "GET /shopdetail/9982573/ HTTP/1.1" 404 25628 "-" "Mozilla/5.0 (Linux; Android 6.0.1; Nexus 5X Build/MMB29P) AppleWebKit/537.36 (KHTML, like Gecko) Chrome/138.0.7204.183 Mobile Safari/537.36 (compatible; GoogleOther)"
173.252.127.15 - - [05/Aug/2025:18:39:45 +0300] "GET /product/commercial-coffee-machine/ HTTP/2" 200 0 "-" "facebookexternalhit/1.1 (+http://www.facebook.com/externalhit_uatext.php)"
173.252.127.36 - - [05/Aug/2025:18:39:45 +0300] "GET /product/commercial-coffee-machine/ HTTP/2" 200 0 "-" "facebookexternalhit/1.1 (+http://www.facebook.com/externalhit_uatext.php)"
57.141.6.1 - - [05/Aug/2025:18:39:45 +0300] "GET /shopdetail/19700673/ HTTP/2" 404 131191 "-" "meta-externalagent/1.1 (+https://developers.facebook.com/docs/sharing/webmasters/crawler)"
114.119.159.177 - - [05/Aug/2025:18:35:14 +0300] "GET /shop/?product_brand=caterina,sab-italy,karisma&rating_filter=5 HTTP/1.1" 200 33314 "https://karismamodernkitchen.com/shop/?product_brand=caterina%2Csab-italy%2Ckarisma%2Cpremier&rating_filter=5" "Mozilla/5.0 (Linux; Android 7.0;) AppleWebKit/537.36 (KHTML, like Gecko) Mobile Safari/537.36 (compatible; PetalBot;+https://webmaster.petalsearch.com/site/petalbot)"
57.141.6.13 - - [05/Aug/2025:18:35:17 +0300] "GET /shopdetail/21916395/ HTTP/2" 404 131191 "-" "meta-externalagent/1.1 (+https://developers.facebook.com/docs/sharing/webmasters/crawler)"
185.170.167.18 - - [05/Aug/2025:18:35:45 +0300] "GET /product-tag/professional-bread-slicer/ HTTP/1.1" 200 33297 "-" "Mozilla/5.0 (compatible; BacklinksExtendedBot)"
197.248.134.119 - - [05/Aug/2025:18:36:36 +0300] "POST /wp-admin/admin-ajax.php HTTP/2" 200 51 "https://karismamodernkitchen.com/wp-admin/admin.php?page=wp_file_manager" "Mozilla/5.0 (Windows NT 10.0; Win64; x64) AppleWebKit/537.36 (KHTML, like Gecko) Chrome/138.0.0.0 Safari/537.36"
45.40.50.190 - - [05/Aug/2025:18:36:48 +0300] "GET /shop/page/7/?add-to-wishlist=3985 HTTP/2" 200 33454 "https://karismamodernkitchen.com/shop/page/7/?add-to-wishlist=3985" "Mozilla/5.0 (Windows NT 10.0; Win64; x64) AppleWebKit/537.36 (KHTML, like Gecko) Chrome/107.0.0.0 Safari/537.36"
40.77.167.235 - - [05/Aug/2025:18:37:42 +0300] "GET /safe_search/config?return_url=%2Fproduct%2Fdetail%2F97083742 HTTP/2" 404 25627 "-" "Mozilla/5.0 AppleWebKit/537.36 (KHTML, like Gecko; compatible; bingbot/2.0; +http://www.bing.com/bingbot.htm) Chrome/116.0.1938.76 Safari/537.36"
31.13.127.22 - - [05/Aug/2025:18:38:46 +0300] "GET /wp-content/uploads/2025/02/Commercial-Coffee-Grinder.png HTTP/2" 200 99991 "-" "facebookexternalhit/1.1 (+http://www.facebook.com/externalhit_uatext.php)"
57.141.6.26 - - [05/Aug/2025:18:38:37 +0300] "GET /shopdetail/3524773/ HTTP/2" 404 131187 "-" "meta-externalagent/1.1 (+https://developers.facebook.com/docs/sharing/webmasters/crawler)"
66.249.69.199 - - [05/Aug/2025:18:39:34 +0300] "GET /shopdetail/5257206/ HTTP/1.1" 404 25628 "-" "Mozilla/5.0 (Linux; Android 6.0.1; Nexus 5X Build/MMB29P) AppleWebKit/537.36 (KHTML, like Gecko) Chrome/138.0.7204.183 Mobile Safari/537.36 (compatible; Googlebot/2.1; +http://www.google.com/bot.html)"
173.252.127.17 - - [05/Aug/2025:18:39:45 +0300] "GET /product/commercial-coffee-machine/ HTTP/2" 200 0 "-" "facebookexternalhit/1.1 (+http://www.facebook.com/externalhit_uatext.php)"
173.252.127.3 - - [05/Aug/2025:18:39:45 +0300] "GET /product/commercial-coffee-machine/ HTTP/2" 200 0 "-" "facebookexternalhit/1.1 (+http://www.facebook.com/externalhit_uatext.php)"
57.141.6.26 - - [05/Aug/2025:18:40:51 +0300] "GET /shopdetail/1668695/ HTTP/2" 404 131187 "-" "meta-externalagent/1.1 (+https://developers.facebook.com/docs/sharing/webmasters/crawler)"
