47.128.60.71 - - [05/Aug/2025:17:01:08 +0300] "GET /wp-content/plugins/elementor/assets/lib/font-awesome/css/solid.css?ver=5.15.3 HTTP/2" 200 296 "https://karismamodernkitchen.com/product-brand/generic/?orderby=rating&product_brand=karisma%2Cgeneric%2Cpremier&rating_filter=5" "Mozilla/5.0 (Linux; Android 5.0) AppleWebKit/537.36 (KHTML, like Gecko) Mobile Safari/537.36 (compatible; Bytespider; spider-feedback@bytedance.com)"
47.128.60.71 - - [05/Aug/2025:17:01:08 +0300] "GET /wp-content/uploads/elementor/google-fonts/css/robotoslab.css?ver=1743492470 HTTP/2" 200 712 "https://karismamodernkitchen.com/product-brand/generic/?orderby=rating&product_brand=karisma%2Cgeneric%2Cpremier&rating_filter=5" "Mozilla/5.0 (Linux; Android 5.0) AppleWebKit/537.36 (KHTML, like Gecko) Mobile Safari/537.36 (compatible; Bytespider; spider-feedback@bytedance.com)"
47.128.60.71 - - [05/Aug/2025:17:01:08 +0300] "GET /wp-content/uploads/elementor/google-fonts/css/roboto.css?ver=1743492454 HTTP/2" 200 1875 "https://karismamodernkitchen.com/product-brand/generic/?orderby=rating&product_brand=karisma%2Cgeneric%2Cpremier&rating_filter=5" "Mozilla/5.0 (Linux; Android 5.0) AppleWebKit/537.36 (KHTML, like Gecko) Mobile Safari/537.36 (compatible; Bytespider; spider-feedback@bytedance.com)"
47.128.60.71 - - [05/Aug/2025:17:01:08 +0300] "GET /wp-content/plugins/martfury-addons/assets/css/linearicons.min.css?ver=1.0.0 HTTP/2" 200 7448 "https://karismamodernkitchen.com/product-brand/generic/?orderby=rating&product_brand=karisma%2Cgeneric%2Cpremier&rating_filter=5" "Mozilla/5.0 (Linux; Android 5.0) AppleWebKit/537.36 (KHTML, like Gecko) Mobile Safari/537.36 (compatible; Bytespider; spider-feedback@bytedance.com)"
47.128.60.71 - - [05/Aug/2025:17:01:08 +0300] "GET /wp-content/uploads/elementor/google-fonts/css/ubuntu.css?ver=1744291618 HTTP/2" 200 813 "https://karismamodernkitchen.com/product-brand/generic/?orderby=rating&product_brand=karisma%2Cgeneric%2Cpremier&rating_filter=5" "Mozilla/5.0 (Linux; Android 5.0) AppleWebKit/537.36 (KHTML, like Gecko) Mobile Safari/537.36 (compatible; Bytespider; spider-feedback@bytedance.com)"
47.128.60.71 - - [05/Aug/2025:17:01:08 +0300] "GET /wp-content/uploads/2025/04/TILL-AND-PAYBILL-1-4-600x450.png HTTP/2" 206 500 "https://karismamodernkitchen.com/product-brand/generic/?orderby=rating&product_brand=karisma%2Cgeneric%2Cpremier&rating_filter=5" "Mozilla/5.0 (Linux; Android 5.0) AppleWebKit/537.36 (KHTML, like Gecko) Mobile Safari/537.36 (compatible; Bytespider; spider-feedback@bytedance.com)"
47.128.60.71 - - [05/Aug/2025:17:01:08 +0300] "GET /wp-content/plugins/woocommerce/assets/client/blocks/wc-blocks.css?ver=wc-10.0.4 HTTP/2" 200 2357 "https://karismamodernkitchen.com/product-brand/generic/?orderby=rating&product_brand=karisma%2Cgeneric%2Cpremier&rating_filter=5" "Mozilla/5.0 (Linux; Android 5.0) AppleWebKit/537.36 (KHTML, like Gecko) Mobile Safari/537.36 (compatible; Bytespider; spider-feedback@bytedance.com)"
66.249.68.36 - - [05/Aug/2025:17:04:06 +0300] "GET /shopdetail/14603162/ HTTP/1.1" 404 25561 "-" "Mozilla/5.0 (compatible; Googlebot/2.1; +http://www.google.com/bot.html)"
57.141.6.24 - - [05/Aug/2025:17:04:10 +0300] "GET /shopdetail/22375939/ HTTP/2" 404 131191 "-" "meta-externalagent/1.1 (+https://developers.facebook.com/docs/sharing/webmasters/crawler)"
66.249.68.36 - - [05/Aug/2025:17:04:11 +0300] "GET /shopdetail/14562995/ HTTP/1.1" 404 25562 "-" "Mozilla/5.0 (compatible; Googlebot/2.1; +http://www.google.com/bot.html)"
20.14.99.111 - - [05/Aug/2025:17:04:14 +0300] "GET /shopdetail/24833451/ HTTP/2" 404 25560 "-" "Mozilla/5.0 (Macintosh; Intel Mac OS X 10_15_7) AppleWebKit/537.36 (KHTML, like Gecko) Chrome/131.0.0.0 Safari/537.36; compatible; OAI-SearchBot/1.0; +https://openai.com/searchbot"
57.141.6.11 - - [05/Aug/2025:17:04:14 +0300] "GET /shopdetail/24054251/ HTTP/2" 404 131191 "-" "meta-externalagent/1.1 (+https://developers.facebook.com/docs/sharing/webmasters/crawler)"
66.249.68.36 - - [05/Aug/2025:17:04:25 +0300] "GET /robots.txt HTTP/1.1" 200 77 "-" "Mozilla/5.0 (compatible; Googlebot/2.1; +http://www.google.com/bot.html)"
66.249.68.36 - - [05/Aug/2025:17:04:26 +0300] "GET /shopdetail/12763140/ HTTP/1.1" 404 25559 "-" "Mozilla/5.0 (compatible; Googlebot/2.1; +http://www.google.com/bot.html)"
66.249.68.36 - - [05/Aug/2025:17:04:59 +0300] "GET /shopdetail/5418184/ HTTP/1.1" 404 25628 "-" "Mozilla/5.0 (compatible; Googlebot/2.1; +http://www.google.com/bot.html)"
47.128.30.68 - - [05/Aug/2025:17:05:13 +0300] "GET /product-brand/sab-italy/page/1/?orderby=price-desc&product_brand=karisma%2Ccaterina%2Cgeneric%2Cpremier HTTP/2" 301 0 "-" "Mozilla/5.0 (Linux; Android 5.0) AppleWebKit/537.36 (KHTML, like Gecko) Mobile Safari/537.36 (compatible; Bytespider; spider-feedback@bytedance.com)"
47.128.30.68 - - [05/Aug/2025:17:05:19 +0300] "GET /product-brand/sab-italy/?orderby=price-desc&product_brand=karisma%2Ccaterina%2Cgeneric%2Cpremier HTTP/2" 200 34428 "-" "Mozilla/5.0 (Linux; Android 5.0) AppleWebKit/537.36 (KHTML, like Gecko) Mobile Safari/537.36 (compatible; Bytespider; spider-feedback@bytedance.com)"
47.128.30.68 - - [05/Aug/2025:17:05:26 +0300] "GET /wp-content/uploads/2025/03/6-BODY-COLD-ROOM-MORTUARY-CHAMBER-300x300.jpg HTTP/2" 206 500 "https://karismamodernkitchen.com/product-brand/sab-italy/?orderby=price-desc&product_brand=karisma%2Ccaterina%2Cgeneric%2Cpremier" "Mozilla/5.0 (Linux; Android 5.0) AppleWebKit/537.36 (KHTML, like Gecko) Mobile Safari/537.36 (compatible; Bytespider; spider-feedback@bytedance.com)"
47.128.30.68 - - [05/Aug/2025:17:05:38 +0300] "GET /wp-content/uploads/2025/03/Reverse-osmosis-1000-litres-per-hour-complete-setup-300x300.png HTTP/2" 206 500 "https://karismamodernkitchen.com/product-brand/sab-italy/?orderby=price-desc&product_brand=karisma%2Ccaterina%2Cgeneric%2Cpremier" "Mozilla/5.0 (Linux; Android 5.0) AppleWebKit/537.36 (KHTML, like Gecko) Mobile Safari/537.36 (compatible; Bytespider; spider-feedback@bytedance.com)"
47.128.30.68 - - [05/Aug/2025:17:05:38 +0300] "GET /wp-content/uploads/2025/03/Sea-water-desalination-machine-1-300x300.png HTTP/2" 206 500 "https://karismamodernkitchen.com/product-brand/sab-italy/?orderby=price-desc&product_brand=karisma%2Ccaterina%2Cgeneric%2Cpremier" "Mozilla/5.0 (Linux; Android 5.0) AppleWebKit/537.36 (KHTML, like Gecko) Mobile Safari/537.36 (compatible; Bytespider; spider-feedback@bytedance.com)"
47.128.30.68 - - [05/Aug/2025:17:05:40 +0300] "GET /wp-content/uploads/2025/03/Reverse-osmosis-500-litres-per-hour-Full-setup-300x300.png HTTP/2" 206 500 "https://karismamodernkitchen.com/product-brand/sab-italy/?orderby=price-desc&product_brand=karisma%2Ccaterina%2Cgeneric%2Cpremier" "Mozilla/5.0 (Linux; Android 5.0) AppleWebKit/537.36 (KHTML, like Gecko) Mobile Safari/537.36 (compatible; Bytespider; spider-feedback@bytedance.com)"
66.249.68.36 - - [05/Aug/2025:17:03:23 +0300] "GET /robots.txt HTTP/1.1" 200 77 "-" "Mozilla/5.0 (compatible; Googlebot/2.1; +http://www.google.com/bot.html)"
66.249.68.36 - - [05/Aug/2025:17:03:27 +0300] "GET /shopdetail/2822728/ HTTP/1.1" 404 25628 "-" "Mozilla/5.0 (Linux; Android 6.0.1; Nexus 5X Build/MMB29P) AppleWebKit/537.36 (KHTML, like Gecko) Chrome/138.0.7204.183 Mobile Safari/537.36 (compatible; Googlebot/2.1; +http://www.google.com/bot.html)"
66.249.68.36 - - [05/Aug/2025:17:03:29 +0300] "GET /shopdetail/11234306/ HTTP/1.1" 404 25560 "-" "Mozilla/5.0 (Linux; Android 6.0.1; Nexus 5X Build/MMB29P) AppleWebKit/537.36 (KHTML, like Gecko) Chrome/138.0.7204.183 Mobile Safari/537.36 (compatible; Googlebot/2.1; +http://www.google.com/bot.html)"
66.249.68.36 - - [05/Aug/2025:17:03:32 +0300] "GET /shopdetail/26296417/ HTTP/1.1" 404 25562 "-" "Mozilla/5.0 (compatible; Googlebot/2.1; +http://www.google.com/bot.html)"
66.249.68.36 - - [05/Aug/2025:17:03:39 +0300] "GET /shopdetail/3574395/ HTTP/1.1" 404 25629 "-" "Mozilla/5.0 (Linux; Android 6.0.1; Nexus 5X Build/MMB29P) AppleWebKit/537.36 (KHTML, like Gecko) Chrome/138.0.7204.183 Mobile Safari/537.36 (compatible; GoogleOther)"
66.249.68.36 - - [05/Aug/2025:17:03:45 +0300] "GET /shopdetail/13871662/ HTTP/1.1" 404 25560 "-" "Mozilla/5.0 (Linux; Android 6.0.1; Nexus 5X Build/MMB29P) AppleWebKit/537.36 (KHTML, like Gecko) Chrome/138.0.7204.183 Mobile Safari/537.36 (compatible; Googlebot/2.1; +http://www.google.com/bot.html)"
66.249.68.36 - - [05/Aug/2025:17:03:49 +0300] "GET /shopdetail/2867062/ HTTP/1.1" 404 25627 "-" "Mozilla/5.0 (compatible; Googlebot/2.1; +http://www.google.com/bot.html)"
66.249.68.36 - - [05/Aug/2025:17:03:52 +0300] "GET /shopdetail/14824417/ HTTP/1.1" 404 25561 "-" "Mozilla/5.0 (compatible; Googlebot/2.1; +http://www.google.com/bot.html)"
45.40.50.194 - - [05/Aug/2025:17:03:53 +0300] "GET /shop/page/7/?orderby=price&add-to-wishlist=4090 HTTP/2" 200 33147 "https://karismamodernkitchen.com/shop/page/7/?orderby=price&add-to-wishlist=4090" "Mozilla/5.0 (Macintosh; Intel Mac OS X 10_15_7) AppleWebKit/537.36 (KHTML, like Gecko) Chrome/120.0.0.0 Safari/537.36"
66.249.68.36 - - [05/Aug/2025:17:03:58 +0300] "GET /shopdetail/27350540/ HTTP/1.1" 404 25562 "-" "Mozilla/5.0 (Linux; Android 6.0.1; Nexus 5X Build/MMB29P) AppleWebKit/537.36 (KHTML, like Gecko) Chrome/138.0.7204.183 Mobile Safari/537.36 (compatible; Googlebot/2.1; +http://www.google.com/bot.html)"
66.249.68.36 - - [05/Aug/2025:17:04:00 +0300] "GET /shopdetail/14678217/ HTTP/1.1" 404 25562 "-" "Mozilla/5.0 (compatible; Googlebot/2.1; +http://www.google.com/bot.html)"
66.249.68.36 - - [05/Aug/2025:17:03:34 +0300] "GET /shopdetail/27548006/ HTTP/1.1" 404 25560 "-" "Mozilla/5.0 (Linux; Android 6.0.1; Nexus 5X Build/MMB29P) AppleWebKit/537.36 (KHTML, like Gecko) Chrome/138.0.7204.183 Mobile Safari/537.36 (compatible; Googlebot/2.1; +http://www.google.com/bot.html)"
66.249.68.36 - - [05/Aug/2025:17:03:37 +0300] "GET /shopdetail/14868728/ HTTP/1.1" 404 25561 "-" "Mozilla/5.0 (compatible; Googlebot/2.1; +http://www.google.com/bot.html)"
197.248.134.119 - - [05/Aug/2025:17:03:37 +0300] "POST /wp-admin/admin-ajax.php HTTP/2" 200 51 "https://karismamodernkitchen.com/wp-admin/admin.php?page=wp_file_manager" "Mozilla/5.0 (Windows NT 10.0; Win64; x64) AppleWebKit/537.36 (KHTML, like Gecko) Chrome/138.0.0.0 Safari/537.36"
47.128.30.68 - - [05/Aug/2025:17:05:40 +0300] "GET /wp-content/uploads/2025/03/Water-Purification-and-Vending-Cabinet-300x300.png HTTP/2" 206 500 "https://karismamodernkitchen.com/product-brand/sab-italy/?orderby=price-desc&product_brand=karisma%2Ccaterina%2Cgeneric%2Cpremier" "Mozilla/5.0 (Linux; Android 5.0) AppleWebKit/537.36 (KHTML, like Gecko) Mobile Safari/537.36 (compatible; Bytespider; spider-feedback@bytedance.com)"
47.128.30.68 - - [05/Aug/2025:17:05:40 +0300] "GET /wp-content/uploads/2025/01/Combined-gas-range-jiko-6-burner-electric-griddledeep-fryer-chips-dumper-oven-300x300.png HTTP/2" 206 500 "https://karismamodernkitchen.com/product-brand/sab-italy/?orderby=price-desc&product_brand=karisma%2Ccaterina%2Cgeneric%2Cpremier" "Mozilla/5.0 (Linux; Android 5.0) AppleWebKit/537.36 (KHTML, like Gecko) Mobile Safari/537.36 (compatible; Bytespider; spider-feedback@bytedance.com)"
47.128.30.68 - - [05/Aug/2025:17:05:41 +0300] "GET /wp-content/uploads/2025/02/Table-top-Ice-Cream-Machine-300x300.png HTTP/2" 206 500 "https://karismamodernkitchen.com/product-brand/sab-italy/?orderby=price-desc&product_brand=karisma%2Ccaterina%2Cgeneric%2Cpremier" "Mozilla/5.0 (Linux; Android 5.0) AppleWebKit/537.36 (KHTML, like Gecko) Mobile Safari/537.36 (compatible; Bytespider; spider-feedback@bytedance.com)"
47.128.30.68 - - [05/Aug/2025:17:05:41 +0300] "GET /wp-content/uploads/2025/02/Offer-Three-Deck-Nine-Trays-Premier-Oven-Commercial-Electric-300x300.png HTTP/2" 206 500 "https://karismamodernkitchen.com/product-brand/sab-italy/?orderby=price-desc&product_brand=karisma%2Ccaterina%2Cgeneric%2Cpremier" "Mozilla/5.0 (Linux; Android 5.0) AppleWebKit/537.36 (KHTML, like Gecko) Mobile Safari/537.36 (compatible; Bytespider; spider-feedback@bytedance.com)"
47.128.30.68 - - [05/Aug/2025:17:05:41 +0300] "GET /wp-content/uploads/2025/01/Spiral-Mixer-30kgs-300x300.png HTTP/2" 206 500 "https://karismamodernkitchen.com/product-brand/sab-italy/?orderby=price-desc&product_brand=karisma%2Ccaterina%2Cgeneric%2Cpremier" "Mozilla/5.0 (Linux; Android 5.0) AppleWebKit/537.36 (KHTML, like Gecko) Mobile Safari/537.36 (compatible; Bytespider; spider-feedback@bytedance.com)"
47.128.30.68 - - [05/Aug/2025:17:05:41 +0300] "GET /wp-content/uploads/2025/01/Electric-Oven-3-Deck-6-Trays-300x300.png HTTP/2" 206 500 "https://karismamodernkitchen.com/product-brand/sab-italy/?orderby=price-desc&product_brand=karisma%2Ccaterina%2Cgeneric%2Cpremier" "Mozilla/5.0 (Linux; Android 5.0) AppleWebKit/537.36 (KHTML, like Gecko) Mobile Safari/537.36 (compatible; Bytespider; spider-feedback@bytedance.com)"
47.128.30.68 - - [05/Aug/2025:17:05:41 +0300] "GET /wp-content/uploads/2025/01/Bread-slicer-300x300.png HTTP/2" 206 500 "https://karismamodernkitchen.com/product-brand/sab-italy/?orderby=price-desc&product_brand=karisma%2Ccaterina%2Cgeneric%2Cpremier" "Mozilla/5.0 (Linux; Android 5.0) AppleWebKit/537.36 (KHTML, like Gecko) Mobile Safari/537.36 (compatible; Bytespider; spider-feedback@bytedance.com)"
47.128.30.68 - - [05/Aug/2025:17:05:41 +0300] "GET /wp-content/uploads/2025/03/Line-Water-Filling-Station-300x300.png HTTP/2" 206 500 "https://karismamodernkitchen.com/product-brand/sab-italy/?orderby=price-desc&product_brand=karisma%2Ccaterina%2Cgeneric%2Cpremier" "Mozilla/5.0 (Linux; Android 5.0) AppleWebKit/537.36 (KHTML, like Gecko) Mobile Safari/537.36 (compatible; Bytespider; spider-feedback@bytedance.com)"
66.249.68.36 - - [05/Aug/2025:17:05:43 +0300] "GET /shopdetail/1368606/ HTTP/1.1" 404 25628 "-" "Mozilla/5.0 (compatible; Googlebot/2.1; +http://www.google.com/bot.html)"
66.249.68.36 - - [05/Aug/2025:17:06:18 +0300] "GET /shopdetail/12570184/ HTTP/1.1" 200 0 "-" "Mozilla/5.0 (compatible; Googlebot/2.1; +http://www.google.com/bot.html)"
66.249.68.36 - - [05/Aug/2025:17:06:22 +0300] "GET /shopdetail/13644128/ HTTP/1.1" 200 0 "-" "Mozilla/5.0 (compatible; Googlebot/2.1; +http://www.google.com/bot.html)"
66.249.68.36 - - [05/Aug/2025:17:04:14 +0300] "GET /shopdetail/14561340/ HTTP/1.1" 404 25561 "-" "Mozilla/5.0 (compatible; Googlebot/2.1; +http://www.google.com/bot.html)"
66.249.68.36 - - [05/Aug/2025:17:04:41 +0300] "GET /shopdetail/14214139/ HTTP/1.1" 404 25561 "-" "Mozilla/5.0 (compatible; Googlebot/2.1; +http://www.google.com/bot.html)"
66.249.68.36 - - [05/Aug/2025:17:04:47 +0300] "GET /shopdetail/5458140/ HTTP/1.1" 404 25628 "-" "Mozilla/5.0 (compatible; Googlebot/2.1; +http://www.google.com/bot.html)"
66.249.68.36 - - [05/Aug/2025:17:05:01 +0300] "GET /shopdetail/5844128/ HTTP/1.1" 404 25628 "-" "Mozilla/5.0 (compatible; Googlebot/2.1; +http://www.google.com/bot.html)"
66.249.68.36 - - [05/Aug/2025:17:05:12 +0300] "GET /shopdetail/7115340/ HTTP/1.1" 404 25628 "-" "Mozilla/5.0 (compatible; Googlebot/2.1; +http://www.google.com/bot.html)"
66.249.68.36 - - [05/Aug/2025:17:05:39 +0300] "GET /robots.txt HTTP/1.1" 200 77 "-" "Mozilla/5.0 (compatible; Googlebot/2.1; +http://www.google.com/bot.html)"
197.248.134.119 - - [05/Aug/2025:17:05:39 +0300] "POST /wp-admin/admin-ajax.php HTTP/2" 200 51 "https://karismamodernkitchen.com/wp-admin/admin.php?page=wp_file_manager" "Mozilla/5.0 (Windows NT 10.0; Win64; x64) AppleWebKit/537.36 (KHTML, like Gecko) Chrome/138.0.0.0 Safari/537.36"
66.249.68.36 - - [05/Aug/2025:17:05:41 +0300] "GET /shopdetail/17511395/ HTTP/1.1" 404 25561 "-" "Mozilla/5.0 (Linux; Android 6.0.1; Nexus 5X Build/MMB29P) AppleWebKit/537.36 (KHTML, like Gecko) Chrome/138.0.7204.183 Mobile Safari/537.36 (compatible; GoogleOther)"
45.40.50.167 - - [05/Aug/2025:17:06:00 +0300] "GET /shop/page/6/?orderby=price-desc&add-to-wishlist=4505 HTTP/2" 200 33891 "https://karismamodernkitchen.com/shop/page/6/?orderby=price-desc&add-to-wishlist=4505" "Mozilla/5.0 (Macintosh; Intel Mac OS X 10_15_7) AppleWebKit/537.36 (KHTML, like Gecko) Chrome/120.0.0.0 Safari/537.36"
66.249.68.36 - - [05/Aug/2025:17:06:19 +0300] "GET /shopdetail/5496962/ HTTP/1.1" 200 0 "-" "Mozilla/5.0 (compatible; Googlebot/2.1; +http://www.google.com/bot.html)"
57.141.6.8 - - [05/Aug/2025:17:06:29 +0300] "GET /shopdetail/19900473/ HTTP/2" 404 131191 "-" "meta-externalagent/1.1 (+https://developers.facebook.com/docs/sharing/webmasters/crawler)"
66.249.68.36 - - [05/Aug/2025:17:06:37 +0300] "GET /shopdetail/25721817/ HTTP/1.1" 404 25562 "-" "Mozilla/5.0 (Linux; Android 6.0.1; Nexus 5X Build/MMB29P) AppleWebKit/537.36 (KHTML, like Gecko) Chrome/138.0.7204.183 Mobile Safari/537.36 (compatible; Googlebot/2.1; +http://www.google.com/bot.html)"
85.208.96.206 - - [05/Aug/2025:17:06:40 +0300] "GET /product-tag/bottle-rinsing-machine/ HTTP/1.1" 200 32655 "-" "Mozilla/5.0 (compatible; SemrushBot/7~bl; +http://www.semrush.com/bot.html)"
66.249.68.36 - - [05/Aug/2025:17:06:46 +0300] "GET /shopdetail/13364917/ HTTP/1.1" 404 25562 "-" "Mozilla/5.0 (compatible; Googlebot/2.1; +http://www.google.com/bot.html)"
197.248.134.119 - - [05/Aug/2025:17:07:40 +0300] "POST /wp-admin/admin-ajax.php HTTP/2" 200 49 "https://karismamodernkitchen.com/wp-admin/admin.php?page=wp_file_manager" "Mozilla/5.0 (Windows NT 10.0; Win64; x64) AppleWebKit/537.36 (KHTML, like Gecko) Chrome/138.0.0.0 Safari/537.36"
66.249.68.36 - - [05/Aug/2025:17:07:57 +0300] "GET /shopdetail/28227051/ HTTP/1.1" 404 25562 "-" "Mozilla/5.0 (compatible; Googlebot/2.1; +http://www.google.com/bot.html)"
45.40.50.189 - - [05/Aug/2025:17:08:06 +0300] "GET /shop/page/7/?orderby=menu_order&remove_compare_item=e8432fb72c61c9066957124e5a420a05&_wpnonce=b2679503d8 HTTP/2" 200 33460 "https://karismamodernkitchen.com/shop/page/7/?orderby=menu_order&remove_compare_item=e8432fb72c61c9066957124e5a420a05&_wpnonce=b2679503d8" "Mozilla/5.0 (Windows NT 10.0; Win64; x64) AppleWebKit/537.36 (KHTML, like Gecko) Chrome/101.0.4951.67 Safari/537.36"
66.249.68.36 - - [05/Aug/2025:17:08:16 +0300] "GET /shopdetail/5978584/ HTTP/1.1" 404 25628 "-" "Mozilla/5.0 (compatible; Googlebot/2.1; +http://www.google.com/bot.html)"
66.249.68.36 - - [05/Aug/2025:17:00:28 +0300] "GET /shopdetail/21683140/ HTTP/1.1" 404 25561 "-" "Mozilla/5.0 (Linux; Android 6.0.1; Nexus 5X Build/MMB29P) AppleWebKit/537.36 (KHTML, like Gecko) Chrome/138.0.7204.183 Mobile Safari/537.36 (compatible; GoogleOther)"
197.248.134.119 - - [05/Aug/2025:17:00:35 +0300] "POST /wp-admin/admin-ajax.php HTTP/2" 200 51 "https://karismamodernkitchen.com/wp-admin/admin.php?page=wp_file_manager" "Mozilla/5.0 (Windows NT 10.0; Win64; x64) AppleWebKit/537.36 (KHTML, like Gecko) Chrome/138.0.0.0 Safari/537.36"
57.141.6.16 - - [05/Aug/2025:17:00:37 +0300] "GET /shopdetail/22417951/ HTTP/2" 404 131191 "-" "meta-externalagent/1.1 (+https://developers.facebook.com/docs/sharing/webmasters/crawler)"
102.212.247.75 - - [05/Aug/2025:17:00:39 +0300] "POST /wp-admin/admin-ajax.php?action=as_async_request_queue_runner&nonce=7d2b0c744c HTTP/1.1" 200 0 "-" "WordPress/6.8.2; https://karismamodernkitchen.com"
66.249.68.36 - - [05/Aug/2025:17:00:57 +0300] "GET /shopdetail/8330917/ HTTP/1.1" 404 25627 "-" "Mozilla/5.0 (compatible; Googlebot/2.1; +http://www.google.com/bot.html)"
197.248.134.119 - - [05/Aug/2025:17:01:36 +0300] "POST /wp-admin/admin-ajax.php HTTP/2" 200 51 "https://karismamodernkitchen.com/wp-admin/admin.php?page=wp_file_manager" "Mozilla/5.0 (Windows NT 10.0; Win64; x64) AppleWebKit/537.36 (KHTML, like Gecko) Chrome/138.0.0.0 Safari/537.36"
57.141.6.28 - - [05/Aug/2025:17:01:40 +0300] "GET /shopdetail/20399973/ HTTP/2" 404 131191 "-" "meta-externalagent/1.1 (+https://developers.facebook.com/docs/sharing/webmasters/crawler)"
45.40.50.164 - - [05/Aug/2025:17:01:47 +0300] "GET /shop/page/7/?orderby=price&add_to_compare=4104 HTTP/2" 200 33134 "https://karismamodernkitchen.com/shop/page/7/?orderby=price&add_to_compare=4104" "Mozilla/5.0 (Windows NT 10.0; Win64; x64) AppleWebKit/537.36 (KHTML, like Gecko) Chrome/116.0.0.0 Safari/537.36"
66.249.68.36 - - [05/Aug/2025:17:02:21 +0300] "GET /robots.txt HTTP/1.1" 200 77 "-" "Mozilla/5.0 (compatible; Googlebot/2.1; +http://www.google.com/bot.html)"
66.249.68.36 - - [05/Aug/2025:17:02:29 +0300] "GET /shopdetail/9463439/ HTTP/1.1" 404 25629 "-" "Mozilla/5.0 (compatible; Googlebot/2.1; +http://www.google.com/bot.html)"
57.141.6.21 - - [05/Aug/2025:17:02:32 +0300] "GET /shopdetail/29351017/ HTTP/2" 404 131191 "-" "meta-externalagent/1.1 (+https://developers.facebook.com/docs/sharing/webmasters/crawler)"
66.249.68.36 - - [05/Aug/2025:17:03:05 +0300] "GET /shopdetail/1611095/ HTTP/1.1" 404 25627 "-" "Mozilla/5.0 (compatible; Googlebot/2.1; +http://www.google.com/bot.html)"
47.128.60.71 - - [05/Aug/2025:17:01:09 +0300] "GET /wp-content/plugins/elementor/assets/css/widget-icon-box.min.css?ver=3.30.4 HTTP/2" 200 656 "https://karismamodernkitchen.com/product-brand/generic/?orderby=rating&product_brand=karisma%2Cgeneric%2Cpremier&rating_filter=5" "Mozilla/5.0 (Linux; Android 5.0) AppleWebKit/537.36 (KHTML, like Gecko) Mobile Safari/537.36 (compatible; Bytespider; spider-feedback@bytedance.com)"
47.128.60.71 - - [05/Aug/2025:17:01:09 +0300] "GET /wp-content/uploads/2024/12/KARISMA-1.png HTTP/2" 206 500 "https://karismamodernkitchen.com/product-brand/generic/?orderby=rating&product_brand=karisma%2Cgeneric%2Cpremier&rating_filter=5" "Mozilla/5.0 (Linux; Android 5.0) AppleWebKit/537.36 (KHTML, like Gecko) Mobile Safari/537.36 (compatible; Bytespider; spider-feedback@bytedance.com)"
47.128.60.71 - - [05/Aug/2025:17:01:09 +0300] "GET /wp-content/plugins/elementor/assets/css/widget-heading.min.css?ver=3.30.4 HTTP/2" 200 154 "https://karismamodernkitchen.com/product-brand/generic/?orderby=rating&product_brand=karisma%2Cgeneric%2Cpremier&rating_filter=5" "Mozilla/5.0 (Linux; Android 5.0) AppleWebKit/537.36 (KHTML, like Gecko) Mobile Safari/537.36 (compatible; Bytespider; spider-feedback@bytedance.com)"
47.128.60.71 - - [05/Aug/2025:17:01:09 +0300] "GET /wp-content/plugins/elementor/assets/css/widget-divider.min.css?ver=3.30.4 HTTP/2" 200 705 "https://karismamodernkitchen.com/product-brand/generic/?orderby=rating&product_brand=karisma%2Cgeneric%2Cpremier&rating_filter=5" "Mozilla/5.0 (Linux; Android 5.0) AppleWebKit/537.36 (KHTML, like Gecko) Mobile Safari/537.36 (compatible; Bytespider; spider-feedback@bytedance.com)"
47.128.60.71 - - [05/Aug/2025:17:01:09 +0300] "GET /wp-content/plugins/elementor/assets/css/widget-image.min.css?ver=3.30.4 HTTP/2" 200 119 "https://karismamodernkitchen.com/product-brand/generic/?orderby=rating&product_brand=karisma%2Cgeneric%2Cpremier&rating_filter=5" "Mozilla/5.0 (Linux; Android 5.0) AppleWebKit/537.36 (KHTML, like Gecko) Mobile Safari/537.36 (compatible; Bytespider; spider-feedback@bytedance.com)"
47.128.60.71 - - [05/Aug/2025:17:01:09 +0300] "GET /wp-content/plugins/elementor/assets/css/conditionals/apple-webkit.min.css?ver=3.30.4 HTTP/2" 200 472 "https://karismamodernkitchen.com/product-brand/generic/?orderby=rating&product_brand=karisma%2Cgeneric%2Cpremier&rating_filter=5" "Mozilla/5.0 (Linux; Android 5.0) AppleWebKit/537.36 (KHTML, like Gecko) Mobile Safari/537.36 (compatible; Bytespider; spider-feedback@bytedance.com)"
66.249.68.36 - - [05/Aug/2025:17:01:16 +0300] "GET /robots.txt HTTP/1.1" 200 77 "-" "Mozilla/5.0 (compatible; Googlebot/2.1; +http://www.google.com/bot.html)"
66.249.68.36 - - [05/Aug/2025:17:03:09 +0300] "GET /shopdetail/28629262/ HTTP/1.1" 404 25560 "-" "Mozilla/5.0 (Linux; Android 6.0.1; Nexus 5X Build/MMB29P) AppleWebKit/537.36 (KHTML, like Gecko) Chrome/138.0.7204.183 Mobile Safari/537.36 (compatible; Googlebot/2.1; +http://www.google.com/bot.html)"
66.249.68.36 - - [05/Aug/2025:17:03:21 +0300] "GET /shopdetail/15680228/ HTTP/1.1" 404 25562 "-" "Mozilla/5.0 (compatible; Googlebot/2.1; +http://www.google.com/bot.html)"
57.141.6.24 - - [05/Aug/2025:17:10:02 +0300] "GET /shopdetail/26014351/ HTTP/2" 404 131191 "-" "meta-externalagent/1.1 (+https://developers.facebook.com/docs/sharing/webmasters/crawler)"
52.167.144.190 - - [05/Aug/2025:17:06:17 +0300] "GET /product-tag/heavy-duty-dough-mixer/?orderby=price HTTP/2" 200 28822 "-" "Mozilla/5.0 AppleWebKit/537.36 (KHTML, like Gecko; compatible; bingbot/2.0; +http://www.bing.com/bingbot.htm) Chrome/116.0.1938.76 Safari/537.36"
185.191.171.6 - - [05/Aug/2025:17:06:39 +0300] "GET /robots.txt HTTP/1.1" 200 77 "-" "Mozilla/5.0 (compatible; SemrushBot/7~bl; +http://www.semrush.com/bot.html)"
66.249.68.36 - - [05/Aug/2025:17:06:42 +0300] "GET /robots.txt HTTP/1.1" 200 77 "-" "Mozilla/5.0 (compatible; Googlebot/2.1; +http://www.google.com/bot.html)"
40.77.167.70 - - [05/Aug/2025:17:06:22 +0300] "GET /product/single-door-proofer-13-trays/?add_to_compare=3866 HTTP/2" 200 30462 "-" "Mozilla/5.0 AppleWebKit/537.36 (KHTML, like Gecko; compatible; bingbot/2.0; +http://www.bing.com/bingbot.htm) Chrome/116.0.1938.76 Safari/537.36"
66.249.68.36 - - [05/Aug/2025:17:06:48 +0300] "GET /shopdetail/9031328/ HTTP/1.1" 404 25627 "-" "Mozilla/5.0 (Linux; Android 6.0.1; Nexus 5X Build/MMB29P) AppleWebKit/537.36 (KHTML, like Gecko) Chrome/138.0.7204.183 Mobile Safari/537.36 (compatible; GoogleOther)"
57.141.6.14 - - [05/Aug/2025:17:06:49 +0300] "GET /shopdetail/17460851/ HTTP/2" 404 131191 "-" "meta-externalagent/1.1 (+https://developers.facebook.com/docs/sharing/webmasters/crawler)"
66.249.68.36 - - [05/Aug/2025:17:06:54 +0300] "GET /shopdetail/6458817/ HTTP/1.1" 404 25629 "-" "Mozilla/5.0 (compatible; Googlebot/2.1; +http://www.google.com/bot.html)"
66.249.68.36 - - [05/Aug/2025:17:07:08 +0300] "GET /shopdetail/28044428/ HTTP/1.1" 404 25562 "-" "Mozilla/5.0 (compatible; Googlebot/2.1; +http://www.google.com/bot.html)"
66.249.68.36 - - [05/Aug/2025:17:07:28 +0300] "GET /shopdetail/5539739/ HTTP/1.1" 404 25628 "-" "Mozilla/5.0 (compatible; Googlebot/2.1; +http://www.google.com/bot.html)"
66.249.68.36 - - [05/Aug/2025:17:07:29 +0300] "GET /shopdetail/26368206/ HTTP/1.1" 404 25561 "-" "Mozilla/5.0 (compatible; Googlebot/2.1; +http://www.google.com/bot.html)"
66.249.68.36 - - [05/Aug/2025:17:07:42 +0300] "GET /robots.txt HTTP/1.1" 200 77 "-" "Mozilla/5.0 (compatible; Googlebot/2.1; +http://www.google.com/bot.html)"
57.141.6.7 - - [05/Aug/2025:17:07:42 +0300] "GET /shopdetail/1906395/ HTTP/2" 404 131187 "-" "meta-externalagent/1.1 (+https://developers.facebook.com/docs/sharing/webmasters/crawler)"
66.249.68.36 - - [05/Aug/2025:17:07:46 +0300] "GET /shopdetail/6509406/ HTTP/1.1" 404 25627 "-" "Mozilla/5.0 (compatible; Googlebot/2.1; +http://www.google.com/bot.html)"
66.249.68.36 - - [05/Aug/2025:17:08:18 +0300] "GET /shopdetail/9626284/ HTTP/1.1" 404 25627 "-" "Mozilla/5.0 (compatible; Googlebot/2.1; +http://www.google.com/bot.html)"
66.249.68.36 - - [05/Aug/2025:17:08:25 +0300] "GET /shopdetail/28244228/ HTTP/1.1" 404 25562 "-" "Mozilla/5.0 (compatible; Googlebot/2.1; +http://www.google.com/bot.html)"
66.249.68.36 - - [05/Aug/2025:17:08:30 +0300] "GET /shopdetail/6535928/ HTTP/1.1" 404 25628 "-" "Mozilla/5.0 (compatible; Googlebot/2.1; +http://www.google.com/bot.html)"
57.141.6.26 - - [05/Aug/2025:17:08:41 +0300] "GET /shopdetail/2126173/ HTTP/2" 404 131187 "-" "meta-externalagent/1.1 (+https://developers.facebook.com/docs/sharing/webmasters/crawler)"
102.212.247.75 - - [05/Aug/2025:17:09:12 +0300] "POST /?wordfence_syncAttackData=1754402951.7664 HTTP/1.1" 200 0 "-" "WordPress/6.8.2; https://karismamodernkitchen.com"
102.212.247.75 - - [05/Aug/2025:17:09:13 +0300] "POST /?wordfence_syncAttackData=1754402953.1632 HTTP/1.1" 200 22560 "-" "WordPress/6.8.2; https://karismamodernkitchen.com"
102.212.247.75 - - [05/Aug/2025:17:09:19 +0300] "POST /?wordfence_syncAttackData=1754402959.7633 HTTP/1.1" 200 22558 "-" "WordPress/6.8.2; https://karismamodernkitchen.com"
66.249.68.36 - - [05/Aug/2025:17:09:36 +0300] "GET /shopdetail/8940984/ HTTP/1.1" 404 25629 "-" "Mozilla/5.0 (compatible; Googlebot/2.1; +http://www.google.com/bot.html)"
66.249.68.36 - - [05/Aug/2025:17:08:23 +0300] "GET /shopdetail/8804095/ HTTP/1.1" 404 25627 "-" "Mozilla/5.0 (compatible; Googlebot/2.1; +http://www.google.com/bot.html)"
66.249.68.36 - - [05/Aug/2025:17:08:39 +0300] "GET /shopdetail/6203762/ HTTP/1.1" 404 25626 "-" "Mozilla/5.0 (compatible; Googlebot/2.1; +http://www.google.com/bot.html)"
66.249.68.36 - - [05/Aug/2025:17:08:50 +0300] "GET /robots.txt HTTP/1.1" 200 77 "-" "Mozilla/5.0 (compatible; Googlebot/2.1; +http://www.google.com/bot.html)"
66.249.68.36 - - [05/Aug/2025:17:08:48 +0300] "GET /shopdetail/17666528/ HTTP/1.1" 404 25561 "-" "Mozilla/5.0 (Linux; Android 6.0.1; Nexus 5X Build/MMB29P) AppleWebKit/537.36 (KHTML, like Gecko) Chrome/138.0.7204.183 Mobile Safari/537.36 (compatible; Googlebot/2.1; +http://www.google.com/bot.html)"
66.249.68.36 - - [05/Aug/2025:17:09:06 +0300] "GET /shopdetail/1383895/ HTTP/1.1" 200 0 "-" "Mozilla/5.0 (compatible; Googlebot/2.1; +http://www.google.com/bot.html)"
66.249.68.36 - - [05/Aug/2025:17:09:09 +0300] "GET /shopdetail/28374339/ HTTP/1.1" 200 0 "-" "Mozilla/5.0 (compatible; Googlebot/2.1; +http://www.google.com/bot.html)"
47.128.20.135 - - [05/Aug/2025:17:09:07 +0300] "GET /shop/?product_brand=generic%2Cpremier%2Ckarisma%2Ccaterina&rating_filter=5 HTTP/2" 200 26239 "-" "Mozilla/5.0 (Linux; Android 5.0) AppleWebKit/537.36 (KHTML, like Gecko) Mobile Safari/537.36 (compatible; Bytespider; spider-feedback@bytedance.com)"
57.141.6.11 - - [05/Aug/2025:17:09:20 +0300] "GET /shopdetail/3307051/ HTTP/2" 404 131187 "-" "meta-externalagent/1.1 (+https://developers.facebook.com/docs/sharing/webmasters/crawler)"
197.248.134.119 - - [05/Aug/2025:17:09:40 +0300] "POST /wp-admin/admin-ajax.php HTTP/2" 200 51 "https://karismamodernkitchen.com/wp-admin/admin.php?page=wp_file_manager" "Mozilla/5.0 (Windows NT 10.0; Win64; x64) AppleWebKit/537.36 (KHTML, like Gecko) Chrome/138.0.0.0 Safari/537.36"
45.40.50.144 - - [05/Aug/2025:17:10:13 +0300] "GET /shop/page/7/?orderby=popularity&add-to-wishlist=4439 HTTP/2" 200 32698 "https://karismamodernkitchen.com/shop/page/7/?orderby=popularity&add-to-wishlist=4439" "Mozilla/5.0 (Windows NT 10.0; Win64; x64) AppleWebKit/537.36 (KHTML, like Gecko) Chrome/104.0.0.0 Safari/537.36"
66.249.68.36 - - [05/Aug/2025:17:10:42 +0300] "GET /shopdetail/22552017/ HTTP/1.1" 404 25562 "-" "Mozilla/5.0 (Linux; Android 6.0.1; Nexus 5X Build/MMB29P) AppleWebKit/537.36 (KHTML, like Gecko) Chrome/138.0.7204.183 Mobile Safari/537.36 (compatible; GoogleOther)"
197.248.134.119 - - [05/Aug/2025:17:10:49 +0300] "POST /wp-admin/admin-ajax.php HTTP/2" 200 51 "https://karismamodernkitchen.com/wp-admin/admin.php?page=wp_file_manager" "Mozilla/5.0 (Windows NT 10.0; Win64; x64) AppleWebKit/537.36 (KHTML, like Gecko) Chrome/138.0.0.0 Safari/537.36"
66.249.68.36 - - [05/Aug/2025:17:11:33 +0300] "GET /shopdetail/9183717/ HTTP/1.1" 404 25628 "-" "Mozilla/5.0 (compatible; Googlebot/2.1; +http://www.google.com/bot.html)"
66.249.68.36 - - [05/Aug/2025:17:11:39 +0300] "GET /shopdetail/14169428/ HTTP/1.1" 404 25562 "-" "Mozilla/5.0 (compatible; Googlebot/2.1; +http://www.google.com/bot.html)"
197.248.134.119 - - [05/Aug/2025:17:11:49 +0300] "POST /wp-admin/admin-ajax.php HTTP/2" 200 51 "https://karismamodernkitchen.com/wp-admin/admin.php?page=wp_file_manager" "Mozilla/5.0 (Windows NT 10.0; Win64; x64) AppleWebKit/537.36 (KHTML, like Gecko) Chrome/138.0.0.0 Safari/537.36"
66.249.68.36 - - [05/Aug/2025:17:11:52 +0300] "GET /shopdetail/29333373/ HTTP/1.1" 404 25561 "-" "Mozilla/5.0 (compatible; Googlebot/2.1; +http://www.google.com/bot.html)"
40.77.167.116 - - [05/Aug/2025:17:12:14 +0300] "GET /pcmypage?callback=product/review/11891107 HTTP/2" 404 25544 "-" "Mozilla/5.0 AppleWebKit/537.36 (KHTML, like Gecko; compatible; bingbot/2.0; +http://www.bing.com/bingbot.htm) Chrome/116.0.1938.76 Safari/537.36"
162.128.175.170 - - [05/Aug/2025:17:12:20 +0300] "GET /shop/page/7/?orderby=price-desc&add_to_compare=4346 HTTP/2" 200 35030 "https://karismamodernkitchen.com/shop/page/7/?orderby=price-desc&add_to_compare=4346" "Mozilla/5.0 (Windows NT 10.0; Win64; x64) AppleWebKit/537.36 (KHTML, like Gecko) Chrome/101.0.4951.64 Safari/537.36 Edg/101.0.1210.47"
197.248.134.119 - - [05/Aug/2025:17:12:54 +0300] "POST /wp-admin/admin-ajax.php HTTP/2" 200 51 "https://karismamodernkitchen.com/wp-admin/admin.php?page=wp_file_manager" "Mozilla/5.0 (Windows NT 10.0; Win64; x64) AppleWebKit/537.36 (KHTML, like Gecko) Chrome/138.0.0.0 Safari/537.36"
47.128.23.196 - - [05/Aug/2025:17:13:00 +0300] "GET /shop/?orderby=rating&product_brand=karisma%2Cpremier%2Cgeneric&rating_filter=5 HTTP/2" 200 26226 "-" "Mozilla/5.0 (Linux; Android 5.0) AppleWebKit/537.36 (KHTML, like Gecko) Mobile Safari/537.36 (compatible; Bytespider; spider-feedback@bytedance.com)"
20.15.133.162 - - [05/Aug/2025:17:13:04 +0300] "GET /shopdetail/7988940/ HTTP/2" 404 25629 "-" "Mozilla/5.0 AppleWebKit/537.36 (KHTML, like Gecko; compatible; bingbot/2.0; +http://www.bing.com/bingbot.htm) Chrome/116.0.1938.76 Safari/537.36"
57.141.6.31 - - [05/Aug/2025:17:13:20 +0300] "GET /shopdetail/21936373/ HTTP/2" 404 131191 "-" "meta-externalagent/1.1 (+https://developers.facebook.com/docs/sharing/webmasters/crawler)"
197.248.134.119 - - [05/Aug/2025:17:13:50 +0300] "POST /wp-admin/admin-ajax.php HTTP/2" 200 51 "https://karismamodernkitchen.com/wp-admin/admin.php?page=wp_file_manager" "Mozilla/5.0 (Windows NT 10.0; Win64; x64) AppleWebKit/537.36 (KHTML, like Gecko) Chrome/138.0.0.0 Safari/537.36"
197.248.134.119 - - [05/Aug/2025:17:14:52 +0300] "POST /wp-admin/admin-ajax.php HTTP/2" 200 51 "https://karismamodernkitchen.com/wp-admin/admin.php?page=wp_file_manager" "Mozilla/5.0 (Windows NT 10.0; Win64; x64) AppleWebKit/537.36 (KHTML, like Gecko) Chrome/138.0.0.0 Safari/537.36"
66.249.68.36 - - [05/Aug/2025:17:10:35 +0300] "GET /robots.txt HTTP/1.1" 200 77 "-" "Mozilla/5.0 (compatible; Googlebot/2.1; +http://www.google.com/bot.html)"
57.141.6.20 - - [05/Aug/2025:17:10:51 +0300] "GET /shopdetail/25255117/ HTTP/2" 404 131191 "-" "meta-externalagent/1.1 (+https://developers.facebook.com/docs/sharing/webmasters/crawler)"
66.249.68.37 - - [05/Aug/2025:17:11:04 +0300] "GET /shopdetail/29233673/ HTTP/1.1" 404 25562 "-" "Mozilla/5.0 (compatible; Googlebot/2.1; +http://www.google.com/bot.html)"
57.141.6.24 - - [05/Aug/2025:17:11:39 +0300] "GET /shopdetail/24513795/ HTTP/2" 404 131191 "-" "meta-externalagent/1.1 (+https://developers.facebook.com/docs/sharing/webmasters/crawler)"
57.141.6.16 - - [05/Aug/2025:17:12:29 +0300] "GET /shopdetail/21197117/ HTTP/2" 404 131191 "-" "meta-externalagent/1.1 (+https://developers.facebook.com/docs/sharing/webmasters/crawler)"
66.249.68.36 - - [05/Aug/2025:17:12:57 +0300] "GET /shopdetail/28491440/ HTTP/1.1" 404 25562 "-" "Mozilla/5.0 (compatible; Googlebot/2.1; +http://www.google.com/bot.html)"
20.169.6.224 - - [05/Aug/2025:17:13:12 +0300] "GET /shopdetail/26048528/ HTTP/2" 404 25561 "-" "Mozilla/5.0 (Macintosh; Intel Mac OS X 10_15_7) AppleWebKit/537.36 (KHTML, like Gecko) Chrome/131.0.0.0 Safari/537.36; compatible; OAI-SearchBot/1.0; +https://openai.com/searchbot"
66.249.68.36 - - [05/Aug/2025:17:13:26 +0300] "GET /shopdetail/9483217/ HTTP/1.1" 404 25628 "-" "Mozilla/5.0 (compatible; Googlebot/2.1; +http://www.google.com/bot.html)"
57.141.6.2 - - [05/Aug/2025:17:14:10 +0300] "GET /shopdetail/27231073/ HTTP/2" 404 131191 "-" "meta-externalagent/1.1 (+https://developers.facebook.com/docs/sharing/webmasters/crawler)"
45.40.50.250 - - [05/Aug/2025:17:14:28 +0300] "GET /shop/page/6/?orderby=price-desc&add_to_compare=4323 HTTP/2" 200 33948 "https://karismamodernkitchen.com/shop/page/6/?orderby=price-desc&add_to_compare=4323" "Mozilla/5.0 (Macintosh; Intel Mac OS X 10_15_7) AppleWebKit/537.36 (KHTML, like Gecko) Chrome/131.0.0.0 Safari/537.36"
57.141.6.15 - - [05/Aug/2025:17:15:00 +0300] "GET /shopdetail/25612695/ HTTP/2" 404 131191 "-" "meta-externalagent/1.1 (+https://developers.facebook.com/docs/sharing/webmasters/crawler)"
66.249.68.38 - - [05/Aug/2025:17:15:07 +0300] "GET /shopdetail/3268273/ HTTP/1.1" 404 25627 "-" "Mozilla/5.0 (Linux; Android 6.0.1; Nexus 5X Build/MMB29P) AppleWebKit/537.36 (KHTML, like Gecko) Chrome/138.0.7204.183 Mobile Safari/537.36 (compatible; GoogleOther)"
66.249.68.36 - - [05/Aug/2025:17:15:45 +0300] "GET /shopdetail/19972984/ HTTP/1.1" 404 25563 "-" "Mozilla/5.0 (Linux; Android 6.0.1; Nexus 5X Build/MMB29P) AppleWebKit/537.36 (KHTML, like Gecko) Chrome/138.0.7204.183 Mobile Safari/537.36 (compatible; GoogleOther)"
66.249.68.36 - - [05/Aug/2025:17:15:55 +0300] "GET /shopdetail/17164139/ HTTP/1.1" 404 25562 "-" "Mozilla/5.0 (compatible; Googlebot/2.1; +http://www.google.com/bot.html)"
66.249.68.38 - - [05/Aug/2025:17:16:02 +0300] "GET /shopdetail/16145173/ HTTP/1.1" 404 25562 "-" "Mozilla/5.0 (Linux; Android 6.0.1; Nexus 5X Build/MMB29P) AppleWebKit/537.36 (KHTML, like Gecko) Chrome/138.0.7204.183 Mobile Safari/537.36 (compatible; GoogleOther)"
66.249.69.200 - - [05/Aug/2025:17:16:16 +0300] "GET /shopdetail/16564739/ HTTP/1.1" 404 25561 "-" "Mozilla/5.0 (Linux; Android 6.0.1; Nexus 5X Build/MMB29P) AppleWebKit/537.36 (KHTML, like Gecko) Chrome/138.0.7204.183 Mobile Safari/537.36 (compatible; GoogleOther)"
66.249.69.199 - - [05/Aug/2025:17:16:26 +0300] "GET /shopdetail/13829073/ HTTP/1.1" 404 25562 "-" "Mozilla/5.0 (Linux; Android 6.0.1; Nexus 5X Build/MMB29P) AppleWebKit/537.36 (KHTML, like Gecko) Chrome/138.0.7204.183 Mobile Safari/537.36 (compatible; Googlebot/2.1; +http://www.google.com/bot.html)"
57.141.6.1 - - [05/Aug/2025:17:16:40 +0300] "GET /shopdetail/4523773/ HTTP/2" 404 131187 "-" "meta-externalagent/1.1 (+https://developers.facebook.com/docs/sharing/webmasters/crawler)"
52.167.144.191 - - [05/Aug/2025:17:15:15 +0300] "GET /product/ice-pop-machine/?add_to_compare=3774 HTTP/2" 200 30987 "-" "Mozilla/5.0 AppleWebKit/537.36 (KHTML, like Gecko; compatible; bingbot/2.0; +http://www.bing.com/bingbot.htm) Chrome/116.0.1938.76 Safari/537.36"
57.141.6.5 - - [05/Aug/2025:17:15:49 +0300] "GET /shopdetail/26611695/ HTTP/2" 404 131191 "-" "meta-externalagent/1.1 (+https://developers.facebook.com/docs/sharing/webmasters/crawler)"
197.248.134.119 - - [05/Aug/2025:17:15:52 +0300] "POST /wp-admin/admin-ajax.php HTTP/2" 200 51 "https://karismamodernkitchen.com/wp-admin/admin.php?page=wp_file_manager" "Mozilla/5.0 (Windows NT 10.0; Win64; x64) AppleWebKit/537.36 (KHTML, like Gecko) Chrome/138.0.0.0 Safari/537.36"
102.212.247.75 - - [05/Aug/2025:17:16:00 +0300] "POST /wp-admin/admin-ajax.php?action=as_async_request_queue_runner&nonce=7d2b0c744c HTTP/1.1" 200 0 "-" "WordPress/6.8.2; https://karismamodernkitchen.com"
66.249.68.37 - - [05/Aug/2025:17:16:16 +0300] "GET /shopdetail/6306395/ HTTP/1.1" 404 25628 "-" "Mozilla/5.0 (compatible; Googlebot/2.1; +http://www.google.com/bot.html)"
166.108.194.67 - - [05/Aug/2025:17:16:34 +0300] "GET /shop/page/7/?orderby=price-desc&add_to_compare=4403 HTTP/2" 200 35026 "https://karismamodernkitchen.com/shop/page/7/?orderby=price-desc&add_to_compare=4403" "Mozilla/5.0 (Windows NT 10.0; Win64; x64) AppleWebKit/537.36 (KHTML, like Gecko) Chrome/104.0.0.0 Safari/537.36"
196.96.232.156 - - [05/Aug/2025:17:16:51 +0300] "GET / HTTP/2" 200 36101 "https://l.wl.co/" "Mozilla/5.0 (Linux; Android 10; K) AppleWebKit/537.36 (KHTML, like Gecko) Chrome/138.0.0.0 Mobile Safari/537.36"
196.96.232.156 - - [05/Aug/2025:17:16:55 +0300] "GET /wp-content/plugins/header-footer-elementor/inc/widgets-css/frontend.css?ver=2.4.8 HTTP/2" 200 8154 "https://karismamodernkitchen.com/" "Mozilla/5.0 (Linux; Android 10; K) AppleWebKit/537.36 (KHTML, like Gecko) Chrome/138.0.0.0 Mobile Safari/537.36"
196.96.232.156 - - [05/Aug/2025:17:16:56 +0300] "GET /wp-content/plugins/contact-form-7/includes/css/styles.css?ver=6.1.1 HTTP/2" 200 899 "https://karismamodernkitchen.com/" "Mozilla/5.0 (Linux; Android 10; K) AppleWebKit/537.36 (KHTML, like Gecko) Chrome/138.0.0.0 Mobile Safari/537.36"
196.96.232.156 - - [05/Aug/2025:17:16:56 +0300] "GET /wp-content/plugins/header-footer-elementor/assets/css/header-footer-elementor.css?ver=2.4.8 HTTP/2" 200 259 "https://karismamodernkitchen.com/" "Mozilla/5.0 (Linux; Android 10; K) AppleWebKit/537.36 (KHTML, like Gecko) Chrome/138.0.0.0 Mobile Safari/537.36"
196.96.232.156 - - [05/Aug/2025:17:16:56 +0300] "GET /wp-content/uploads/elementor/css/post-3401.css?ver=1754400205 HTTP/2" 200 1309 "https://karismamodernkitchen.com/" "Mozilla/5.0 (Linux; Android 10; K) AppleWebKit/537.36 (KHTML, like Gecko) Chrome/138.0.0.0 Mobile Safari/537.36"
196.96.232.156 - - [05/Aug/2025:17:16:57 +0300] "GET /wp-content/uploads/elementor/css/post-8.css?ver=1754399781 HTTP/2" 200 378 "https://karismamodernkitchen.com/" "Mozilla/5.0 (Linux; Android 10; K) AppleWebKit/537.36 (KHTML, like Gecko) Chrome/138.0.0.0 Mobile Safari/537.36"
196.96.232.156 - - [05/Aug/2025:17:16:57 +0300] "GET /wp-content/uploads/elementor/css/post-4451.css?ver=1754399781 HTTP/2" 200 1846 "https://karismamodernkitchen.com/" "Mozilla/5.0 (Linux; Android 10; K) AppleWebKit/537.36 (KHTML, like Gecko) Chrome/138.0.0.0 Mobile Safari/537.36"
196.96.232.156 - - [05/Aug/2025:17:16:57 +0300] "GET /wp-content/plugins/contact-form-7/includes/js/index.js?ver=6.1.1 HTTP/2" 200 4008 "https://karismamodernkitchen.com/" "Mozilla/5.0 (Linux; Android 10; K) AppleWebKit/537.36 (KHTML, like Gecko) Chrome/138.0.0.0 Mobile Safari/537.36"
196.96.232.156 - - [05/Aug/2025:17:16:57 +0300] "GET /wp-content/plugins/contact-form-7/includes/swv/js/index.js?ver=6.1.1 HTTP/2" 200 3369 "https://karismamodernkitchen.com/" "Mozilla/5.0 (Linux; Android 10; K) AppleWebKit/537.36 (KHTML, like Gecko) Chrome/138.0.0.0 Mobile Safari/537.36"
197.248.134.119 - - [05/Aug/2025:17:16:53 +0300] "POST /wp-admin/admin-ajax.php HTTP/2" 200 51 "https://karismamodernkitchen.com/wp-admin/admin.php?page=wp_file_manager" "Mozilla/5.0 (Windows NT 10.0; Win64; x64) AppleWebKit/537.36 (KHTML, like Gecko) Chrome/138.0.0.0 Safari/537.36"
196.96.232.156 - - [05/Aug/2025:17:16:59 +0300] "POST /?wc-ajax=get_refreshed_fragments HTTP/2" 200 0 "https://karismamodernkitchen.com/" "Mozilla/5.0 (Linux; Android 10; K) AppleWebKit/537.36 (KHTML, like Gecko) Chrome/138.0.0.0 Mobile Safari/537.36"
196.96.232.156 - - [05/Aug/2025:17:16:58 +0300] "POST /?wc-ajax=get_compare_fragments HTTP/2" 200 241 "https://karismamodernkitchen.com/" "Mozilla/5.0 (Linux; Android 10; K) AppleWebKit/537.36 (KHTML, like Gecko) Chrome/138.0.0.0 Mobile Safari/537.36"
196.96.232.156 - - [05/Aug/2025:17:16:58 +0300] "POST /?wc-ajax=get_wishlist_fragments HTTP/2" 200 255 "https://karismamodernkitchen.com/" "Mozilla/5.0 (Linux; Android 10; K) AppleWebKit/537.36 (KHTML, like Gecko) Chrome/138.0.0.0 Mobile Safari/537.36"
196.96.232.156 - - [05/Aug/2025:17:17:06 +0300] "GET /product-category/fabrications/ HTTP/2" 200 0 "https://karismamodernkitchen.com/" "Mozilla/5.0 (Linux; Android 10; K) AppleWebKit/537.36 (KHTML, like Gecko) Chrome/138.0.0.0 Mobile Safari/537.36"
47.128.44.106 - - [05/Aug/2025:17:17:02 +0300] "GET /product-brand/premier/?orderby=rating&product_brand=caterina&rating_filter=5 HTTP/2" 200 26628 "-" "Mozilla/5.0 (Linux; Android 5.0) AppleWebKit/537.36 (KHTML, like Gecko) Mobile Safari/537.36 (compatible; Bytespider; spider-feedback@bytedance.com)"
196.96.232.156 - - [05/Aug/2025:17:17:09 +0300] "GET /product-category/fabrications/stainless-steel/ HTTP/2" 200 31696 "https://karismamodernkitchen.com/" "Mozilla/5.0 (Linux; Android 10; K) AppleWebKit/537.36 (KHTML, like Gecko) Chrome/138.0.0.0 Mobile Safari/537.36"
114.119.159.177 - - [05/Aug/2025:17:17:20 +0300] "GET /shop/?product_brand=generic,caterina,premier,karisma,sab-italy&rating_filter=5 HTTP/1.1" 200 33416 "https://karismamodernkitchen.com/shop/?product_brand=generic%2Ccaterina%2Cpremier%2Ckarisma%2Csab-italy&rating_filter=5" "Mozilla/5.0 (Linux; Android 7.0;) AppleWebKit/537.36 (KHTML, like Gecko) Mobile Safari/537.36 (compatible; PetalBot;+https://webmaster.petalsearch.com/site/petalbot)"
196.96.232.156 - - [05/Aug/2025:17:17:30 +0300] "POST /?wc-ajax=get_refreshed_fragments HTTP/2" 200 0 "https://karismamodernkitchen.com/product-category/fabrications/stainless-steel/" "Mozilla/5.0 (Linux; Android 10; K) AppleWebKit/537.36 (KHTML, like Gecko) Chrome/138.0.0.0 Mobile Safari/537.36"
196.96.232.156 - - [05/Aug/2025:17:17:30 +0300] "POST /?wc-ajax=get_compare_fragments HTTP/2" 200 241 "https://karismamodernkitchen.com/product-category/fabrications/stainless-steel/" "Mozilla/5.0 (Linux; Android 10; K) AppleWebKit/537.36 (KHTML, like Gecko) Chrome/138.0.0.0 Mobile Safari/537.36"
196.96.232.156 - - [05/Aug/2025:17:17:52 +0300] "GET /product-category/fabrications/stainless-steel/ HTTP/1.1" 200 39023 "-" "WhatsApp/2.23.20.0"
66.249.69.200 - - [05/Aug/2025:17:18:16 +0300] "GET /shopdetail/24360439/ HTTP/1.1" 404 25562 "-" "Mozilla/5.0 (Linux; Android 6.0.1; Nexus 5X Build/MMB29P) AppleWebKit/537.36 (KHTML, like Gecko) Chrome/138.0.7204.183 Mobile Safari/537.36 (compatible; GoogleOther)"
57.141.6.29 - - [05/Aug/2025:17:18:19 +0300] "GET /shopdetail/24913395/ HTTP/2" 404 131191 "-" "meta-externalagent/1.1 (+https://developers.facebook.com/docs/sharing/webmasters/crawler)"
45.40.50.206 - - [05/Aug/2025:17:18:39 +0300] "GET /shop/page/7/?orderby=popularity&add_to_compare=4069 HTTP/2" 200 32863 "https://karismamodernkitchen.com/shop/page/7/?orderby=popularity&add_to_compare=4069" "Mozilla/5.0 (Macintosh; Intel Mac OS X 10_15_7) AppleWebKit/537.36 (KHTML, like Gecko) Chrome/131.0.0.0 Safari/537.36"
66.249.69.199 - - [05/Aug/2025:17:16:46 +0300] "GET /shopdetail/13210762/ HTTP/1.1" 404 25561 "-" "Mozilla/5.0 (Linux; Android 6.0.1; Nexus 5X Build/MMB29P) AppleWebKit/537.36 (KHTML, like Gecko) Chrome/138.0.7204.183 Mobile Safari/537.36 (compatible; GoogleOther)"
66.249.69.198 - - [05/Aug/2025:17:17:11 +0300] "GET /shopdetail/2616428/ HTTP/1.1" 404 25628 "-" "Mozilla/5.0 (Linux; Android 6.0.1; Nexus 5X Build/MMB29P) AppleWebKit/537.36 (KHTML, like Gecko) Chrome/138.0.7204.183 Mobile Safari/537.36 (compatible; Googlebot/2.1; +http://www.google.com/bot.html)"
57.141.6.7 - - [05/Aug/2025:17:17:31 +0300] "GET /shopdetail/19219095/ HTTP/2" 404 131191 "-" "meta-externalagent/1.1 (+https://developers.facebook.com/docs/sharing/webmasters/crawler)"
66.249.93.74 - - [05/Aug/2025:17:17:33 +0300] "GET /product-category/fabrications/stainless-steel/ HTTP/1.1" 200 31682 "-" "Mozilla/5.0 (Linux; Android 10; K) AppleWebKit/537.36 (KHTML, like Gecko) Chrome/138.0.0.0 Mobile Safari/537.36 (compatible; Google-Read-Aloud; +https://support.google.com/webmasters/answer/1061943)"
66.249.93.73 - - [05/Aug/2025:17:17:43 +0300] "GET /product-category/fabrications/stainless-steel/ HTTP/1.1" 200 0 "-" "Mozilla/5.0 (Linux; Android 10; K) AppleWebKit/537.36 (KHTML, like Gecko) Chrome/138.0.0.0 Mobile Safari/537.36 (compatible; Google-Read-Aloud; +https://support.google.com/webmasters/answer/1061943)"
66.249.93.75 - - [05/Aug/2025:17:17:43 +0300] "GET /product-category/fabrications/stainless-steel/ HTTP/1.1" 200 0 "-" "Mozilla/5.0 (Linux; Android 10; K) AppleWebKit/537.36 (KHTML, like Gecko) Chrome/138.0.0.0 Mobile Safari/537.36 (compatible; Google-Read-Aloud; +https://support.google.com/webmasters/answer/1061943)"
196.96.232.156 - - [05/Aug/2025:17:17:43 +0300] "GET /product-category/fabrications/stainless-steel/ HTTP/1.1" 200 39019 "-" "WhatsApp/2.23.20.0"
66.249.68.36 - - [05/Aug/2025:17:17:54 +0300] "GET /shopdetail/2729973/ HTTP/1.1" 404 25627 "-" "Mozilla/5.0 (Linux; Android 6.0.1; Nexus 5X Build/MMB29P) AppleWebKit/537.36 (KHTML, like Gecko) Chrome/138.0.7204.183 Mobile Safari/537.36 (compatible; Googlebot/2.1; +http://www.google.com/bot.html)"
197.248.134.119 - - [05/Aug/2025:17:18:05 +0300] "POST /wp-admin/admin-ajax.php HTTP/2" 200 51 "https://karismamodernkitchen.com/wp-admin/admin.php?page=wp_file_manager" "Mozilla/5.0 (Windows NT 10.0; Win64; x64) AppleWebKit/537.36 (KHTML, like Gecko) Chrome/138.0.0.0 Safari/537.36"
66.249.68.36 - - [05/Aug/2025:17:18:17 +0300] "GET /shopdetail/6026106/ HTTP/1.1" 404 25628 "-" "Mozilla/5.0 (compatible; Googlebot/2.1; +http://www.google.com/bot.html)"
66.249.69.198 - - [05/Aug/2025:17:18:28 +0300] "GET /shopdetail/25696351/ HTTP/1.1" 404 25562 "-" "Mozilla/5.0 (Linux; Android 6.0.1; Nexus 5X Build/MMB29P) AppleWebKit/537.36 (KHTML, like Gecko) Chrome/138.0.7204.183 Mobile Safari/537.36 (compatible; Googlebot/2.1; +http://www.google.com/bot.html)"
57.141.6.23 - - [05/Aug/2025:17:19:11 +0300] "GET /shopdetail/27313051/ HTTP/2" 404 131191 "-" "meta-externalagent/1.1 (+https://developers.facebook.com/docs/sharing/webmasters/crawler)"
196.96.232.156 - - [05/Aug/2025:17:19:18 +0300] "GET /product/cold-room-8x10ft/ HTTP/2" 200 30618 "https://karismamodernkitchen.com/product-category/fabrications/stainless-steel/" "Mozilla/5.0 (Linux; Android 10; K) AppleWebKit/537.36 (KHTML, like Gecko) Chrome/138.0.0.0 Mobile Safari/537.36"
66.249.68.38 - - [05/Aug/2025:17:19:19 +0300] "GET /shopdetail/22415340/ HTTP/1.1" 404 25562 "-" "Mozilla/5.0 (Linux; Android 6.0.1; Nexus 5X Build/MMB29P) AppleWebKit/537.36 (KHTML, like Gecko) Chrome/138.0.7204.183 Mobile Safari/537.36 (compatible; Googlebot/2.1; +http://www.google.com/bot.html)"
196.96.232.156 - - [05/Aug/2025:17:19:29 +0300] "GET /product-category/fabrications/stainless-steel/page/2/ HTTP/2" 200 0 "https://karismamodernkitchen.com/product-category/fabrications/stainless-steel/" "Mozilla/5.0 (Linux; Android 10; K) AppleWebKit/537.36 (KHTML, like Gecko) Chrome/138.0.0.0 Mobile Safari/537.36"
196.96.232.156 - - [05/Aug/2025:17:19:25 +0300] "GET /product/cooling-tank-200-litres/ HTTP/2" 200 30573 "https://karismamodernkitchen.com/product-category/fabrications/stainless-steel/" "Mozilla/5.0 (Linux; Android 10; K) AppleWebKit/537.36 (KHTML, like Gecko) Chrome/138.0.0.0 Mobile Safari/537.36"
