41.139.187.211 - - [05/Aug/2025:17:32:34 +0300] "GET /wp-content/plugins/revslider/public/js/libs/tptools.js?ver=6.7.25 HTTP/2" 200 72603 "https://karismamodernkitchen.com/product-tag/stainless-steel-fridge-single-door/" "Mozilla/5.0 (Linux; Android 10; K) AppleWebKit/537.36 (KHTML, like Gecko) SamsungBrowser/28.0 Chrome/130.0.0.0 Mobile Safari/537.36"
41.139.187.211 - - [05/Aug/2025:17:32:34 +0300] "GET /wp-content/plugins/revslider/public/js/sr7.js?ver=6.7.25 HTTP/2" 200 88816 "https://karismamodernkitchen.com/product-tag/stainless-steel-fridge-single-door/" "Mozilla/5.0 (Linux; Android 10; K) AppleWebKit/537.36 (KHTML, like Gecko) SamsungBrowser/28.0 Chrome/130.0.0.0 Mobile Safari/537.36"
41.139.187.211 - - [05/Aug/2025:17:32:34 +0300] "GET /wp-includes/js/wp-emoji-release.min.js?ver=6.8.2 HTTP/2" 200 4769 "https://karismamodernkitchen.com/product-tag/stainless-steel-fridge-single-door/" "Mozilla/5.0 (Linux; Android 10; K) AppleWebKit/537.36 (KHTML, like Gecko) SamsungBrowser/28.0 Chrome/130.0.0.0 Mobile Safari/537.36"
41.139.187.211 - - [05/Aug/2025:17:32:34 +0300] "GET /wp-content/plugins/elementor/assets/js/shared-frontend-handlers.30dc2f9c080845a413a6.bundle.min.js HTTP/2" 200 2546 "https://karismamodernkitchen.com/product-tag/stainless-steel-fridge-single-door/" "Mozilla/5.0 (Linux; Android 10; K) AppleWebKit/537.36 (KHTML, like Gecko) SamsungBrowser/28.0 Chrome/130.0.0.0 Mobile Safari/537.36"
41.139.187.211 - - [05/Aug/2025:17:32:35 +0300] "GET /wp-content/uploads/2025/01/cropped-KARISMA-300x300.png HTTP/2" 200 4014 "https://karismamodernkitchen.com/product-tag/stainless-steel-fridge-single-door/" "Mozilla/5.0 (Linux; Android 10; K) AppleWebKit/537.36 (KHTML, like Gecko) SamsungBrowser/28.0 Chrome/130.0.0.0 Mobile Safari/537.36"
66.249.83.105 - - [05/Aug/2025:17:31:40 +0300] "GET /wp-content/plugins/woocommerce/assets/js/accounting/accounting.min.js?ver=0.4.2 HTTP/1.1" 200 1321 "https://karismamodernkitchen.com/product-category/fabrications/stainless-steel/page/2/" "Mozilla/5.0 (Linux; Android 10; K) AppleWebKit/537.36 (KHTML, like Gecko) Chrome/138.0.0.0 Mobile Safari/537.36 (compatible; Google-Read-Aloud; +https://support.google.com/webmasters/answer/1061943)"
66.249.83.105 - - [05/Aug/2025:17:31:40 +0300] "GET /wp-content/plugins/woocommerce/assets/js/frontend/add-to-cart.min.js?ver=10.0.4 HTTP/1.1" 200 1266 "https://karismamodernkitchen.com/product-category/fabrications/stainless-steel/page/2/" "Mozilla/5.0 (Linux; Android 10; K) AppleWebKit/537.36 (KHTML, like Gecko) Chrome/138.0.0.0 Mobile Safari/537.36 (compatible; Google-Read-Aloud; +https://support.google.com/webmasters/answer/1061943)"
66.249.83.106 - - [05/Aug/2025:17:31:39 +0300] "GET /wp-content/themes/martfury/js/plugins/notify.min.js?ver=1.0.0 HTTP/1.1" 200 7000 "https://karismamodernkitchen.com/product-category/fabrications/stainless-steel/page/2/" "Mozilla/5.0 (Linux; Android 10; K) AppleWebKit/537.36 (KHTML, like Gecko) Chrome/138.0.0.0 Mobile Safari/537.36 (compatible; Google-Read-Aloud; +https://support.google.com/webmasters/answer/1061943)"
66.249.83.105 - - [05/Aug/2025:17:31:40 +0300] "GET /wp-content/plugins/elementor/assets/js/frontend.min.js?ver=3.30.4 HTTP/1.1" 200 10288 "https://karismamodernkitchen.com/product-category/fabrications/stainless-steel/page/2/" "Mozilla/5.0 (Linux; Android 10; K) AppleWebKit/537.36 (KHTML, like Gecko) Chrome/138.0.0.0 Mobile Safari/537.36 (compatible; Google-Read-Aloud; +https://support.google.com/webmasters/answer/1061943)"
66.249.83.106 - - [05/Aug/2025:17:31:40 +0300] "GET /wp-content/plugins/elementor/assets/js/frontend-modules.min.js?ver=3.30.4 HTTP/1.1" 200 14423 "https://karismamodernkitchen.com/product-category/fabrications/stainless-steel/page/2/" "Mozilla/5.0 (Linux; Android 10; K) AppleWebKit/537.36 (KHTML, like Gecko) Chrome/138.0.0.0 Mobile Safari/537.36 (compatible; Google-Read-Aloud; +https://support.google.com/webmasters/answer/1061943)"
57.141.6.11 - - [05/Aug/2025:17:31:41 +0300] "GET /shopdetail/28292073/ HTTP/2" 404 131191 "-" "meta-externalagent/1.1 (+https://developers.facebook.com/docs/sharing/webmasters/crawler)"
66.249.83.106 - - [05/Aug/2025:17:31:43 +0300] "POST /?wc-ajax=get_wishlist_fragments HTTP/1.1" 200 255 "https://karismamodernkitchen.com/product-category/fabrications/stainless-steel/page/2/" "Mozilla/5.0 (Linux; Android 10; K) AppleWebKit/537.36 (KHTML, like Gecko) Chrome/138.0.0.0 Mobile Safari/537.36 (compatible; Google-Read-Aloud; +https://support.google.com/webmasters/answer/1061943)"
102.212.247.75 - - [05/Aug/2025:17:32:32 +0300] "POST /?wordfence_syncAttackData=1754404352.2257 HTTP/1.1" 200 0 "-" "WordPress/6.8.2; https://karismamodernkitchen.com"
57.141.6.23 - - [05/Aug/2025:17:32:30 +0300] "GET /shopdetail/2607751/ HTTP/2" 404 131187 "-" "meta-externalagent/1.1 (+https://developers.facebook.com/docs/sharing/webmasters/crawler)"
66.249.69.198 - - [05/Aug/2025:17:32:43 +0300] "GET /shopdetail/31016517/ HTTP/1.1" 404 25561 "-" "Mozilla/5.0 (Linux; Android 6.0.1; Nexus 5X Build/MMB29P) AppleWebKit/537.36 (KHTML, like Gecko) Chrome/138.0.7204.183 Mobile Safari/537.36 (compatible; GoogleOther)"
162.120.186.97 - - [05/Aug/2025:17:32:46 +0300] "GET /shopdetail/29019273/ HTTP/2" 404 25561 "https://www.google.com/" "Mozilla/5.0 (Windows NT 10.0; Win64; x64) AppleWebKit/537.36 (KHTML, like Gecko) Chrome/138.0.0.0 Safari/537.36"
47.221.131.39 - - [05/Aug/2025:17:32:49 +0300] "GET /shopdetail/29019273/ HTTP/2" 404 25562 "https://www.google.com/" "Mozilla/5.0 (Windows NT 10.0; Win64; x64) AppleWebKit/537.36 (KHTML, like Gecko) Chrome/138.0.0.0 Safari/537.36"
47.221.131.39 - - [05/Aug/2025:17:32:51 +0300] "GET /wp-content/plugins/woocommerce-deals/assets/css/tawc-deals.css?ver=1.0.0 HTTP/2" 200 301 "https://karismamodernkitchen.com/shopdetail/29019273/" "Mozilla/5.0 (Windows NT 10.0; Win64; x64) AppleWebKit/537.36 (KHTML, like Gecko) Chrome/138.0.0.0 Safari/537.36"
47.221.131.39 - - [05/Aug/2025:17:32:51 +0300] "GET /wp-content/themes/martfury/inc/modules/product-bought-together/assets/product-bought-together.css?ver=1.0.0 HTTP/2" 200 1353 "https://karismamodernkitchen.com/shopdetail/29019273/" "Mozilla/5.0 (Windows NT 10.0; Win64; x64) AppleWebKit/537.36 (KHTML, like Gecko) Chrome/138.0.0.0 Safari/537.36"
47.221.131.39 - - [05/Aug/2025:17:32:51 +0300] "GET /wp-content/plugins/elementor/assets/lib/eicons/css/elementor-icons.min.css?ver=5.34.0 HTTP/2" 200 3989 "https://karismamodernkitchen.com/shopdetail/29019273/" "Mozilla/5.0 (Windows NT 10.0; Win64; x64) AppleWebKit/537.36 (KHTML, like Gecko) Chrome/138.0.0.0 Safari/537.36"
47.221.131.39 - - [05/Aug/2025:17:32:51 +0300] "GET /wp-content/plugins/elementor/assets/css/widget-icon-list.min.css?ver=3.24.3 HTTP/2" 200 957 "https://karismamodernkitchen.com/shopdetail/29019273/" "Mozilla/5.0 (Windows NT 10.0; Win64; x64) AppleWebKit/537.36 (KHTML, like Gecko) Chrome/138.0.0.0 Safari/537.36"
47.221.131.39 - - [05/Aug/2025:17:32:51 +0300] "GET /wp-content/plugins/elementor/assets/css/widget-social-icons.min.css?ver=3.24.0 HTTP/2" 200 1069 "https://karismamodernkitchen.com/shopdetail/29019273/" "Mozilla/5.0 (Windows NT 10.0; Win64; x64) AppleWebKit/537.36 (KHTML, like Gecko) Chrome/138.0.0.0 Safari/537.36"
47.221.131.39 - - [05/Aug/2025:17:32:51 +0300] "GET /wp-content/plugins/header-footer-elementor/inc/widgets-css/frontend.css?ver=2.4.8 HTTP/2" 200 8154 "https://karismamodernkitchen.com/shopdetail/29019273/" "Mozilla/5.0 (Windows NT 10.0; Win64; x64) AppleWebKit/537.36 (KHTML, like Gecko) Chrome/138.0.0.0 Safari/537.36"
47.221.131.39 - - [05/Aug/2025:17:32:51 +0300] "GET /wp-includes/css/dist/block-library/style.min.css?ver=6.8.2 HTTP/2" 200 14360 "https://karismamodernkitchen.com/shopdetail/29019273/" "Mozilla/5.0 (Windows NT 10.0; Win64; x64) AppleWebKit/537.36 (KHTML, like Gecko) Chrome/138.0.0.0 Safari/537.36"
47.221.131.39 - - [05/Aug/2025:17:32:51 +0300] "GET /wp-content/plugins/contact-form-7/includes/css/styles.css?ver=6.1.1 HTTP/2" 200 899 "https://karismamodernkitchen.com/shopdetail/29019273/" "Mozilla/5.0 (Windows NT 10.0; Win64; x64) AppleWebKit/537.36 (KHTML, like Gecko) Chrome/138.0.0.0 Safari/537.36"
47.221.131.39 - - [05/Aug/2025:17:32:51 +0300] "GET /wp-content/plugins/revslider/public/css/sr7.css?ver=6.7.25 HTTP/2" 200 1308 "https://karismamodernkitchen.com/shopdetail/29019273/" "Mozilla/5.0 (Windows NT 10.0; Win64; x64) AppleWebKit/537.36 (KHTML, like Gecko) Chrome/138.0.0.0 Safari/537.36"
47.221.131.39 - - [05/Aug/2025:17:32:51 +0300] "GET /wp-content/plugins/woocommerce/assets/css/woocommerce.css?ver=10.0.4 HTTP/2" 200 10172 "https://karismamodernkitchen.com/shopdetail/29019273/" "Mozilla/5.0 (Windows NT 10.0; Win64; x64) AppleWebKit/537.36 (KHTML, like Gecko) Chrome/138.0.0.0 Safari/537.36"
47.221.131.39 - - [05/Aug/2025:17:32:51 +0300] "GET /wp-content/plugins/wcboost-products-compare/assets/css/compare.css?ver=1.0.8 HTTP/2" 200 1318 "https://karismamodernkitchen.com/shopdetail/29019273/" "Mozilla/5.0 (Windows NT 10.0; Win64; x64) AppleWebKit/537.36 (KHTML, like Gecko) Chrome/138.0.0.0 Safari/537.36"
47.221.131.39 - - [05/Aug/2025:17:32:51 +0300] "GET /wp-content/plugins/wcboost-variation-swatches/assets/css/frontend.css?ver=1.1.2 HTTP/2" 200 1503 "https://karismamodernkitchen.com/shopdetail/29019273/" "Mozilla/5.0 (Windows NT 10.0; Win64; x64) AppleWebKit/537.36 (KHTML, like Gecko) Chrome/138.0.0.0 Safari/537.36"
47.221.131.39 - - [05/Aug/2025:17:32:51 +0300] "GET /wp-content/plugins/wcboost-wishlist/assets/css/wishlist.css?ver=1.2.1 HTTP/2" 200 1164 "https://karismamodernkitchen.com/shopdetail/29019273/" "Mozilla/5.0 (Windows NT 10.0; Win64; x64) AppleWebKit/537.36 (KHTML, like Gecko) Chrome/138.0.0.0 Safari/537.36"
47.221.131.39 - - [05/Aug/2025:17:32:51 +0300] "GET /wp-content/plugins/header-footer-elementor/assets/css/header-footer-elementor.css?ver=2.4.8 HTTP/2" 200 259 "https://karismamodernkitchen.com/shopdetail/29019273/" "Mozilla/5.0 (Windows NT 10.0; Win64; x64) AppleWebKit/537.36 (KHTML, like Gecko) Chrome/138.0.0.0 Safari/537.36"
47.221.131.39 - - [05/Aug/2025:17:32:51 +0300] "GET /wp-content/plugins/elementor/assets/css/frontend.min.css?ver=3.30.4 HTTP/2" 200 6482 "https://karismamodernkitchen.com/shopdetail/29019273/" "Mozilla/5.0 (Windows NT 10.0; Win64; x64) AppleWebKit/537.36 (KHTML, like Gecko) Chrome/138.0.0.0 Safari/537.36"
47.221.131.39 - - [05/Aug/2025:17:32:51 +0300] "GET /wp-content/uploads/elementor/css/post-8.css?ver=1754399781 HTTP/2" 200 378 "https://karismamodernkitchen.com/shopdetail/29019273/" "Mozilla/5.0 (Windows NT 10.0; Win64; x64) AppleWebKit/537.36 (KHTML, like Gecko) Chrome/138.0.0.0 Safari/537.36"
47.221.131.39 - - [05/Aug/2025:17:32:51 +0300] "GET /wp-content/uploads/elementor/css/post-4451.css?ver=1754399781 HTTP/2" 200 1846 "https://karismamodernkitchen.com/shopdetail/29019273/" "Mozilla/5.0 (Windows NT 10.0; Win64; x64) AppleWebKit/537.36 (KHTML, like Gecko) Chrome/138.0.0.0 Safari/537.36"
47.221.131.39 - - [05/Aug/2025:17:32:51 +0300] "GET /wp-content/plugins/woo-order-on-whatsapp//assets/css/style.min.css?ver=2.4.1 HTTP/2" 200 315 "https://karismamodernkitchen.com/shopdetail/29019273/" "Mozilla/5.0 (Windows NT 10.0; Win64; x64) AppleWebKit/537.36 (KHTML, like Gecko) Chrome/138.0.0.0 Safari/537.36"
47.221.131.39 - - [05/Aug/2025:17:32:51 +0300] "GET /wp-content/plugins/woocommerce/assets/css/brands.css?ver=10.0.4 HTTP/2" 200 579 "https://karismamodernkitchen.com/shopdetail/29019273/" "Mozilla/5.0 (Windows NT 10.0; Win64; x64) AppleWebKit/537.36 (KHTML, like Gecko) Chrome/138.0.0.0 Safari/537.36"
47.221.131.39 - - [05/Aug/2025:17:32:51 +0300] "GET /wp-content/themes/martfury/css/linearicons.min.css?ver=1.0.0 HTTP/2" 200 7263 "https://karismamodernkitchen.com/shopdetail/29019273/" "Mozilla/5.0 (Windows NT 10.0; Win64; x64) AppleWebKit/537.36 (KHTML, like Gecko) Chrome/138.0.0.0 Safari/537.36"
47.221.131.39 - - [05/Aug/2025:17:32:51 +0300] "GET /wp-content/themes/martfury/css/ionicons.min.css?ver=2.0.0 HTTP/2" 200 7480 "https://karismamodernkitchen.com/shopdetail/29019273/" "Mozilla/5.0 (Windows NT 10.0; Win64; x64) AppleWebKit/537.36 (KHTML, like Gecko) Chrome/138.0.0.0 Safari/537.36"
47.221.131.39 - - [05/Aug/2025:17:32:51 +0300] "GET /wp-content/themes/martfury/css/eleganticons.min.css?ver=1.0.0 HTTP/2" 200 3783 "https://karismamodernkitchen.com/shopdetail/29019273/" "Mozilla/5.0 (Windows NT 10.0; Win64; x64) AppleWebKit/537.36 (KHTML, like Gecko) Chrome/138.0.0.0 Safari/537.36"
47.221.131.39 - - [05/Aug/2025:17:32:51 +0300] "GET /wp-content/plugins/elementor/assets/lib/font-awesome/css/font-awesome.min.css?ver=4.7.0 HTTP/2" 200 6657 "https://karismamodernkitchen.com/shopdetail/29019273/" "Mozilla/5.0 (Windows NT 10.0; Win64; x64) AppleWebKit/537.36 (KHTML, like Gecko) Chrome/138.0.0.0 Safari/537.36"
47.221.131.39 - - [05/Aug/2025:17:32:51 +0300] "GET /wp-content/themes/martfury/css/bootstrap.min.css?ver=3.3.7 HTTP/2" 200 3727 "https://karismamodernkitchen.com/shopdetail/29019273/" "Mozilla/5.0 (Windows NT 10.0; Win64; x64) AppleWebKit/537.36 (KHTML, like Gecko) Chrome/138.0.0.0 Safari/537.36"
47.221.131.39 - - [05/Aug/2025:17:32:51 +0300] "GET /wp-content/plugins/elementor/assets/lib/font-awesome/css/brands.css?ver=5.15.3 HTTP/2" 200 296 "https://karismamodernkitchen.com/shopdetail/29019273/" "Mozilla/5.0 (Windows NT 10.0; Win64; x64) AppleWebKit/537.36 (KHTML, like Gecko) Chrome/138.0.0.0 Safari/537.36"
47.221.131.39 - - [05/Aug/2025:17:32:51 +0300] "GET /wp-content/plugins/elementor/assets/lib/font-awesome/css/fontawesome.css?ver=5.15.3 HTTP/2" 200 12526 "https://karismamodernkitchen.com/shopdetail/29019273/" "Mozilla/5.0 (Windows NT 10.0; Win64; x64) AppleWebKit/537.36 (KHTML, like Gecko) Chrome/138.0.0.0 Safari/537.36"
47.221.131.39 - - [05/Aug/2025:17:32:51 +0300] "GET /wp-content/plugins/elementor/assets/lib/font-awesome/css/solid.css?ver=5.15.3 HTTP/2" 200 296 "https://karismamodernkitchen.com/shopdetail/29019273/" "Mozilla/5.0 (Windows NT 10.0; Win64; x64) AppleWebKit/537.36 (KHTML, like Gecko) Chrome/138.0.0.0 Safari/537.36"
47.221.131.39 - - [05/Aug/2025:17:32:51 +0300] "GET /wp-content/uploads/elementor/google-fonts/css/roboto.css?ver=1743492454 HTTP/2" 200 1875 "https://karismamodernkitchen.com/shopdetail/29019273/" "Mozilla/5.0 (Windows NT 10.0; Win64; x64) AppleWebKit/537.36 (KHTML, like Gecko) Chrome/138.0.0.0 Safari/537.36"
47.221.131.39 - - [05/Aug/2025:17:32:51 +0300] "GET /wp-content/uploads/elementor/google-fonts/css/robotoslab.css?ver=1743492470 HTTP/2" 200 712 "https://karismamodernkitchen.com/shopdetail/29019273/" "Mozilla/5.0 (Windows NT 10.0; Win64; x64) AppleWebKit/537.36 (KHTML, like Gecko) Chrome/138.0.0.0 Safari/537.36"
47.221.131.39 - - [05/Aug/2025:17:32:51 +0300] "GET /wp-content/themes/martfury/style.css?ver=20221123 HTTP/2" 200 82362 "https://karismamodernkitchen.com/shopdetail/29019273/" "Mozilla/5.0 (Windows NT 10.0; Win64; x64) AppleWebKit/537.36 (KHTML, like Gecko) Chrome/138.0.0.0 Safari/537.36"
47.221.131.39 - - [05/Aug/2025:17:32:51 +0300] "GET /wp-content/themes/martfury/fonts/linearicons.woff2 HTTP/2" 200 146392 "https://karismamodernkitchen.com/shopdetail/29019273/" "Mozilla/5.0 (Windows NT 10.0; Win64; x64) AppleWebKit/537.36 (KHTML, like Gecko) Chrome/138.0.0.0 Safari/537.36"
47.221.131.39 - - [05/Aug/2025:17:32:51 +0300] "GET /wp-content/themes/martfury/fonts/eleganticons.woff2 HTTP/2" 200 21728 "https://karismamodernkitchen.com/shopdetail/29019273/" "Mozilla/5.0 (Windows NT 10.0; Win64; x64) AppleWebKit/537.36 (KHTML, like Gecko) Chrome/138.0.0.0 Safari/537.36"
47.221.131.39 - - [05/Aug/2025:17:32:51 +0300] "GET /wp-content/themes/martfury/fonts/ionicons.woff2 HTTP/2" 200 85612 "https://karismamodernkitchen.com/shopdetail/29019273/" "Mozilla/5.0 (Windows NT 10.0; Win64; x64) AppleWebKit/537.36 (KHTML, like Gecko) Chrome/138.0.0.0 Safari/537.36"
47.221.131.39 - - [05/Aug/2025:17:32:51 +0300] "GET /wp-content/uploads/elementor/google-fonts/css/ubuntu.css?ver=1744291618 HTTP/2" 200 813 "https://karismamodernkitchen.com/shopdetail/29019273/" "Mozilla/5.0 (Windows NT 10.0; Win64; x64) AppleWebKit/537.36 (KHTML, like Gecko) Chrome/138.0.0.0 Safari/537.36"
47.221.131.39 - - [05/Aug/2025:17:32:51 +0300] "GET /wp-content/plugins/martfury-addons/assets/css/linearicons.min.css?ver=1.0.0 HTTP/2" 200 7448 "https://karismamodernkitchen.com/shopdetail/29019273/" "Mozilla/5.0 (Windows NT 10.0; Win64; x64) AppleWebKit/537.36 (KHTML, like Gecko) Chrome/138.0.0.0 Safari/537.36"
47.221.131.39 - - [05/Aug/2025:17:32:51 +0300] "GET /wp-includes/js/jquery/jquery.min.js?ver=3.7.1 HTTP/2" 200 29744 "https://karismamodernkitchen.com/shopdetail/29019273/" "Mozilla/5.0 (Windows NT 10.0; Win64; x64) AppleWebKit/537.36 (KHTML, like Gecko) Chrome/138.0.0.0 Safari/537.36"
47.221.131.39 - - [05/Aug/2025:17:32:51 +0300] "GET /wp-includes/js/jquery/jquery-migrate.min.js?ver=3.4.1 HTTP/2" 200 4678 "https://karismamodernkitchen.com/shopdetail/29019273/" "Mozilla/5.0 (Windows NT 10.0; Win64; x64) AppleWebKit/537.36 (KHTML, like Gecko) Chrome/138.0.0.0 Safari/537.36"
47.221.131.39 - - [05/Aug/2025:17:32:51 +0300] "GET /wp-includes/js/underscore.min.js?ver=1.13.7 HTTP/2" 200 7185 "https://karismamodernkitchen.com/shopdetail/29019273/" "Mozilla/5.0 (Windows NT 10.0; Win64; x64) AppleWebKit/537.36 (KHTML, like Gecko) Chrome/138.0.0.0 Safari/537.36"
47.221.131.39 - - [05/Aug/2025:17:32:51 +0300] "GET /wp-includes/js/wp-util.min.js?ver=6.8.2 HTTP/2" 200 690 "https://karismamodernkitchen.com/shopdetail/29019273/" "Mozilla/5.0 (Windows NT 10.0; Win64; x64) AppleWebKit/537.36 (KHTML, like Gecko) Chrome/138.0.0.0 Safari/537.36"
47.221.131.39 - - [05/Aug/2025:17:32:51 +0300] "GET /wp-content/themes/martfury/js/plugins/waypoints.min.js?ver=2.0.2 HTTP/2" 200 2466 "https://karismamodernkitchen.com/shopdetail/29019273/" "Mozilla/5.0 (Windows NT 10.0; Win64; x64) AppleWebKit/537.36 (KHTML, like Gecko) Chrome/138.0.0.0 Safari/537.36"
47.221.131.39 - - [05/Aug/2025:17:32:51 +0300] "GET /wp-content/themes/martfury/inc/modules/product-bought-together/assets/product-bought-together.js?ver=1.0.0 HTTP/2" 200 4857 "https://karismamodernkitchen.com/shopdetail/29019273/" "Mozilla/5.0 (Windows NT 10.0; Win64; x64) AppleWebKit/537.36 (KHTML, like Gecko) Chrome/138.0.0.0 Safari/537.36"
47.221.131.39 - - [05/Aug/2025:17:32:51 +0300] "GET /wp-content/uploads/2025/04/TILL-AND-PAYBILL-1-4.png HTTP/2" 200 113512 "https://karismamodernkitchen.com/shopdetail/29019273/" "Mozilla/5.0 (Windows NT 10.0; Win64; x64) AppleWebKit/537.36 (KHTML, like Gecko) Chrome/138.0.0.0 Safari/537.36"
47.221.131.39 - - [05/Aug/2025:17:32:51 +0300] "GET /wp-content/uploads/2024/12/KARISMA-1.png HTTP/2" 200 19255 "https://karismamodernkitchen.com/shopdetail/29019273/" "Mozilla/5.0 (Windows NT 10.0; Win64; x64) AppleWebKit/537.36 (KHTML, like Gecko) Chrome/138.0.0.0 Safari/537.36"
47.221.131.39 - - [05/Aug/2025:17:32:51 +0300] "GET /wp-content/themes/martfury/images/bg-404.jpg HTTP/2" 200 62911 "https://karismamodernkitchen.com/shopdetail/29019273/" "Mozilla/5.0 (Windows NT 10.0; Win64; x64) AppleWebKit/537.36 (KHTML, like Gecko) Chrome/138.0.0.0 Safari/537.36"
47.221.131.39 - - [05/Aug/2025:17:32:51 +0300] "GET /wp-content/plugins/woocommerce/assets/client/blocks/wc-blocks.css?ver=wc-10.0.4 HTTP/2" 200 2357 "https://karismamodernkitchen.com/shopdetail/29019273/" "Mozilla/5.0 (Windows NT 10.0; Win64; x64) AppleWebKit/537.36 (KHTML, like Gecko) Chrome/138.0.0.0 Safari/537.36"
47.221.131.39 - - [05/Aug/2025:17:32:51 +0300] "GET /wp-content/fonts/ubuntu/4iCs6KVjbNBYlgoKfw72.woff2 HTTP/2" 200 34852 "https://karismamodernkitchen.com/shopdetail/29019273/" "Mozilla/5.0 (Windows NT 10.0; Win64; x64) AppleWebKit/537.36 (KHTML, like Gecko) Chrome/138.0.0.0 Safari/537.36"
47.221.131.39 - - [05/Aug/2025:17:32:51 +0300] "GET /wp-content/uploads/elementor/google-fonts/fonts/ubuntu-4icv6kvjbnbylgocxcvjsgyn.woff2 HTTP/2" 200 29752 "https://karismamodernkitchen.com/wp-content/uploads/elementor/google-fonts/css/ubuntu.css?ver=1744291618" "Mozilla/5.0 (Windows NT 10.0; Win64; x64) AppleWebKit/537.36 (KHTML, like Gecko) Chrome/138.0.0.0 Safari/537.36"
47.221.131.39 - - [05/Aug/2025:17:32:51 +0300] "GET /wp-content/plugins/martfury-addons/assets/fonts/Linearicons.woff2 HTTP/2" 200 146536 "https://karismamodernkitchen.com/wp-content/plugins/martfury-addons/assets/css/linearicons.min.css?ver=1.0.0" "Mozilla/5.0 (Windows NT 10.0; Win64; x64) AppleWebKit/537.36 (KHTML, like Gecko) Chrome/138.0.0.0 Safari/537.36"
47.221.131.39 - - [05/Aug/2025:17:32:51 +0300] "GET /wp-content/fonts/ubuntu/4iCv6KVjbNBYlgoCjC3jsGyN.woff2 HTTP/2" 200 30480 "https://karismamodernkitchen.com/shopdetail/29019273/" "Mozilla/5.0 (Windows NT 10.0; Win64; x64) AppleWebKit/537.36 (KHTML, like Gecko) Chrome/138.0.0.0 Safari/537.36"
47.221.131.39 - - [05/Aug/2025:17:32:51 +0300] "GET /wp-content/plugins/elementor/assets/css/widget-icon-box.min.css?ver=3.30.4 HTTP/2" 200 656 "https://karismamodernkitchen.com/shopdetail/29019273/" "Mozilla/5.0 (Windows NT 10.0; Win64; x64) AppleWebKit/537.36 (KHTML, like Gecko) Chrome/138.0.0.0 Safari/537.36"
47.221.131.39 - - [05/Aug/2025:17:32:51 +0300] "GET /wp-content/plugins/elementor/assets/css/widget-divider.min.css?ver=3.30.4 HTTP/2" 200 705 "https://karismamodernkitchen.com/shopdetail/29019273/" "Mozilla/5.0 (Windows NT 10.0; Win64; x64) AppleWebKit/537.36 (KHTML, like Gecko) Chrome/138.0.0.0 Safari/537.36"
47.221.131.39 - - [05/Aug/2025:17:32:51 +0300] "GET /wp-content/plugins/elementor/assets/css/widget-heading.min.css?ver=3.30.4 HTTP/2" 200 154 "https://karismamodernkitchen.com/shopdetail/29019273/" "Mozilla/5.0 (Windows NT 10.0; Win64; x64) AppleWebKit/537.36 (KHTML, like Gecko) Chrome/138.0.0.0 Safari/537.36"
47.221.131.39 - - [05/Aug/2025:17:32:51 +0300] "GET /wp-content/plugins/elementor/assets/css/widget-image.min.css?ver=3.30.4 HTTP/2" 200 119 "https://karismamodernkitchen.com/shopdetail/29019273/" "Mozilla/5.0 (Windows NT 10.0; Win64; x64) AppleWebKit/537.36 (KHTML, like Gecko) Chrome/138.0.0.0 Safari/537.36"
47.221.131.39 - - [05/Aug/2025:17:32:51 +0300] "GET /wp-content/plugins/elementor/assets/css/widget-icon-list.min.css?ver=3.30.4 HTTP/2" 200 957 "https://karismamodernkitchen.com/shopdetail/29019273/" "Mozilla/5.0 (Windows NT 10.0; Win64; x64) AppleWebKit/537.36 (KHTML, like Gecko) Chrome/138.0.0.0 Safari/537.36"
47.221.131.39 - - [05/Aug/2025:17:32:51 +0300] "GET /wp-content/plugins/elementor/assets/css/widget-social-icons.min.css?ver=3.30.4 HTTP/2" 200 1069 "https://karismamodernkitchen.com/shopdetail/29019273/" "Mozilla/5.0 (Windows NT 10.0; Win64; x64) AppleWebKit/537.36 (KHTML, like Gecko) Chrome/138.0.0.0 Safari/537.36"
47.221.131.39 - - [05/Aug/2025:17:32:51 +0300] "GET /wp-content/plugins/elementor/assets/css/conditionals/apple-webkit.min.css?ver=3.30.4 HTTP/2" 200 472 "https://karismamodernkitchen.com/shopdetail/29019273/" "Mozilla/5.0 (Windows NT 10.0; Win64; x64) AppleWebKit/537.36 (KHTML, like Gecko) Chrome/138.0.0.0 Safari/537.36"
47.221.131.39 - - [05/Aug/2025:17:32:51 +0300] "GET /wp-includes/js/dist/hooks.min.js?ver=4d63a3d491d11ffd8ac6 HTTP/2" 200 1571 "https://karismamodernkitchen.com/shopdetail/29019273/" "Mozilla/5.0 (Windows NT 10.0; Win64; x64) AppleWebKit/537.36 (KHTML, like Gecko) Chrome/138.0.0.0 Safari/537.36"
47.221.131.39 - - [05/Aug/2025:17:32:51 +0300] "GET /wp-includes/js/dist/i18n.min.js?ver=5e580eb46a90c2b997e6 HTTP/2" 200 3542 "https://karismamodernkitchen.com/shopdetail/29019273/" "Mozilla/5.0 (Windows NT 10.0; Win64; x64) AppleWebKit/537.36 (KHTML, like Gecko) Chrome/138.0.0.0 Safari/537.36"
47.221.131.39 - - [05/Aug/2025:17:32:51 +0300] "GET /wp-content/plugins/contact-form-7/includes/swv/js/index.js?ver=6.1.1 HTTP/2" 200 3369 "https://karismamodernkitchen.com/shopdetail/29019273/" "Mozilla/5.0 (Windows NT 10.0; Win64; x64) AppleWebKit/537.36 (KHTML, like Gecko) Chrome/138.0.0.0 Safari/537.36"
47.221.131.39 - - [05/Aug/2025:17:32:51 +0300] "GET /wp-content/plugins/contact-form-7/includes/js/index.js?ver=6.1.1 HTTP/2" 200 4008 "https://karismamodernkitchen.com/shopdetail/29019273/" "Mozilla/5.0 (Windows NT 10.0; Win64; x64) AppleWebKit/537.36 (KHTML, like Gecko) Chrome/138.0.0.0 Safari/537.36"
47.221.131.39 - - [05/Aug/2025:17:32:51 +0300] "GET /wp-content/plugins/wcboost-products-compare/assets/js/compare.min.js?ver=1.0.8 HTTP/2" 200 2498 "https://karismamodernkitchen.com/shopdetail/29019273/" "Mozilla/5.0 (Windows NT 10.0; Win64; x64) AppleWebKit/537.36 (KHTML, like Gecko) Chrome/138.0.0.0 Safari/537.36"
47.221.131.39 - - [05/Aug/2025:17:32:51 +0300] "GET /wp-content/plugins/wcboost-products-compare/assets/js/compare-fragments.min.js?ver=1.0.8 HTTP/2" 200 1294 "https://karismamodernkitchen.com/shopdetail/29019273/" "Mozilla/5.0 (Windows NT 10.0; Win64; x64) AppleWebKit/537.36 (KHTML, like Gecko) Chrome/138.0.0.0 Safari/537.36"
47.221.131.39 - - [05/Aug/2025:17:32:51 +0300] "GET /wp-content/plugins/wcboost-variation-swatches/assets/js/frontend.min.js?ver=1.1.2 HTTP/2" 200 1111 "https://karismamodernkitchen.com/shopdetail/29019273/" "Mozilla/5.0 (Windows NT 10.0; Win64; x64) AppleWebKit/537.36 (KHTML, like Gecko) Chrome/138.0.0.0 Safari/537.36"
47.221.131.39 - - [05/Aug/2025:17:32:51 +0300] "GET /wp-content/plugins/wcboost-wishlist/assets/js/wishlist.min.js?ver=1.2.1 HTTP/2" 200 2936 "https://karismamodernkitchen.com/shopdetail/29019273/" "Mozilla/5.0 (Windows NT 10.0; Win64; x64) AppleWebKit/537.36 (KHTML, like Gecko) Chrome/138.0.0.0 Safari/537.36"
47.221.131.39 - - [05/Aug/2025:17:32:51 +0300] "GET /wp-content/plugins/wcboost-wishlist/assets/js/wishlist-fragments.min.js?ver=1.2.1 HTTP/2" 200 1441 "https://karismamodernkitchen.com/shopdetail/29019273/" "Mozilla/5.0 (Windows NT 10.0; Win64; x64) AppleWebKit/537.36 (KHTML, like Gecko) Chrome/138.0.0.0 Safari/537.36"
47.221.131.39 - - [05/Aug/2025:17:32:51 +0300] "GET /wp-content/plugins/woo-order-on-whatsapp//assets/js/front-js.min.js?ver=2.4.1 HTTP/2" 200 255 "https://karismamodernkitchen.com/shopdetail/29019273/" "Mozilla/5.0 (Windows NT 10.0; Win64; x64) AppleWebKit/537.36 (KHTML, like Gecko) Chrome/138.0.0.0 Safari/537.36"
47.221.131.39 - - [05/Aug/2025:17:32:51 +0300] "GET /wp-includes/js/jquery/ui/core.min.js?ver=1.13.3 HTTP/2" 200 6812 "https://karismamodernkitchen.com/shopdetail/29019273/" "Mozilla/5.0 (Windows NT 10.0; Win64; x64) AppleWebKit/537.36 (KHTML, like Gecko) Chrome/138.0.0.0 Safari/537.36"
47.221.131.39 - - [05/Aug/2025:17:32:51 +0300] "GET /wp-includes/js/jquery/ui/tooltip.min.js?ver=1.13.3 HTTP/2" 200 2019 "https://karismamodernkitchen.com/shopdetail/29019273/" "Mozilla/5.0 (Windows NT 10.0; Win64; x64) AppleWebKit/537.36 (KHTML, like Gecko) Chrome/138.0.0.0 Safari/537.36"
47.221.131.39 - - [05/Aug/2025:17:32:51 +0300] "GET /wp-includes/js/imagesloaded.min.js?ver=5.0.0 HTTP/2" 200 1687 "https://karismamodernkitchen.com/shopdetail/29019273/" "Mozilla/5.0 (Windows NT 10.0; Win64; x64) AppleWebKit/537.36 (KHTML, like Gecko) Chrome/138.0.0.0 Safari/537.36"
47.221.131.39 - - [05/Aug/2025:17:32:51 +0300] "GET /wp-content/themes/martfury/js/plugins/jquery.lazyload.min.js?ver=1.9.7 HTTP/2" 200 1183 "https://karismamodernkitchen.com/shopdetail/29019273/" "Mozilla/5.0 (Windows NT 10.0; Win64; x64) AppleWebKit/537.36 (KHTML, like Gecko) Chrome/138.0.0.0 Safari/537.36"
47.221.131.39 - - [05/Aug/2025:17:32:51 +0300] "GET /wp-content/themes/martfury/js/plugins/jquery.fitvids.js?ver=1.1.0 HTTP/2" 200 1121 "https://karismamodernkitchen.com/shopdetail/29019273/" "Mozilla/5.0 (Windows NT 10.0; Win64; x64) AppleWebKit/537.36 (KHTML, like Gecko) Chrome/138.0.0.0 Safari/537.36"
47.221.131.39 - - [05/Aug/2025:17:32:51 +0300] "GET /wp-content/themes/martfury/js/plugins/isInViewport.min.js?ver=1.0.0 HTTP/2" 200 1036 "https://karismamodernkitchen.com/shopdetail/29019273/" "Mozilla/5.0 (Windows NT 10.0; Win64; x64) AppleWebKit/537.36 (KHTML, like Gecko) Chrome/138.0.0.0 Safari/537.36"
47.221.131.39 - - [05/Aug/2025:17:32:51 +0300] "GET /wp-content/themes/martfury/js/plugins/jquery.coundown.js?ver=1.0.0 HTTP/2" 200 437 "https://karismamodernkitchen.com/shopdetail/29019273/" "Mozilla/5.0 (Windows NT 10.0; Win64; x64) AppleWebKit/537.36 (KHTML, like Gecko) Chrome/138.0.0.0 Safari/537.36"
47.221.131.39 - - [05/Aug/2025:17:32:51 +0300] "GET /wp-content/themes/martfury/js/plugins/jquery.counterup.min.js?ver=1.0.0 HTTP/2" 200 809 "https://karismamodernkitchen.com/shopdetail/29019273/" "Mozilla/5.0 (Windows NT 10.0; Win64; x64) AppleWebKit/537.36 (KHTML, like Gecko) Chrome/138.0.0.0 Safari/537.36"
47.221.131.39 - - [05/Aug/2025:17:32:51 +0300] "GET /wp-content/themes/martfury/js/plugins/jquery.tabs.js?ver=1.0.0 HTTP/2" 200 376 "https://karismamodernkitchen.com/shopdetail/29019273/" "Mozilla/5.0 (Windows NT 10.0; Win64; x64) AppleWebKit/537.36 (KHTML, like Gecko) Chrome/138.0.0.0 Safari/537.36"
47.221.131.39 - - [05/Aug/2025:17:32:51 +0300] "GET /wp-content/themes/martfury/js/plugins/nprogress.js?ver=1.0.0 HTTP/2" 200 3393 "https://karismamodernkitchen.com/shopdetail/29019273/" "Mozilla/5.0 (Windows NT 10.0; Win64; x64) AppleWebKit/537.36 (KHTML, like Gecko) Chrome/138.0.0.0 Safari/537.36"
47.221.131.39 - - [05/Aug/2025:17:32:51 +0300] "GET /wp-content/themes/martfury/js/plugins/slick.min.js?ver=1.6.0 HTTP/2" 200 10103 "https://karismamodernkitchen.com/shopdetail/29019273/" "Mozilla/5.0 (Windows NT 10.0; Win64; x64) AppleWebKit/537.36 (KHTML, like Gecko) Chrome/138.0.0.0 Safari/537.36"
47.221.131.39 - - [05/Aug/2025:17:32:51 +0300] "GET /wp-content/themes/martfury/js/plugins/notify.min.js?ver=1.0.0 HTTP/2" 200 7000 "https://karismamodernkitchen.com/shopdetail/29019273/" "Mozilla/5.0 (Windows NT 10.0; Win64; x64) AppleWebKit/537.36 (KHTML, like Gecko) Chrome/138.0.0.0 Safari/537.36"
47.221.131.39 - - [05/Aug/2025:17:32:51 +0300] "GET /wp-content/themes/martfury/js/scripts.js?ver=20201224 HTTP/2" 200 16761 "https://karismamodernkitchen.com/shopdetail/29019273/" "Mozilla/5.0 (Windows NT 10.0; Win64; x64) AppleWebKit/537.36 (KHTML, like Gecko) Chrome/138.0.0.0 Safari/537.36"
47.221.131.39 - - [05/Aug/2025:17:32:51 +0300] "GET /wp-content/plugins/woocommerce-deals/assets/js/tawc-deals.js?ver=1.0.0 HTTP/2" 200 397 "https://karismamodernkitchen.com/shopdetail/29019273/" "Mozilla/5.0 (Windows NT 10.0; Win64; x64) AppleWebKit/537.36 (KHTML, like Gecko) Chrome/138.0.0.0 Safari/537.36"
47.221.131.39 - - [05/Aug/2025:17:32:51 +0300] "GET /wp-content/plugins/woocommerce/assets/js/sourcebuster/sourcebuster.min.js?ver=10.0.4 HTTP/2" 200 4609 "https://karismamodernkitchen.com/shopdetail/29019273/" "Mozilla/5.0 (Windows NT 10.0; Win64; x64) AppleWebKit/537.36 (KHTML, like Gecko) Chrome/138.0.0.0 Safari/537.36"
47.221.131.39 - - [05/Aug/2025:17:32:51 +0300] "GET /wp-content/plugins/woocommerce/assets/js/frontend/order-attribution.min.js?ver=10.0.4 HTTP/2" 200 998 "https://karismamodernkitchen.com/shopdetail/29019273/" "Mozilla/5.0 (Windows NT 10.0; Win64; x64) AppleWebKit/537.36 (KHTML, like Gecko) Chrome/138.0.0.0 Safari/537.36"
47.221.131.39 - - [05/Aug/2025:17:32:51 +0300] "GET /wp-content/plugins/elementor/assets/js/webpack.runtime.min.js?ver=3.30.4 HTTP/2" 200 2319 "https://karismamodernkitchen.com/shopdetail/29019273/" "Mozilla/5.0 (Windows NT 10.0; Win64; x64) AppleWebKit/537.36 (KHTML, like Gecko) Chrome/138.0.0.0 Safari/537.36"
47.221.131.39 - - [05/Aug/2025:17:32:51 +0300] "GET /wp-content/plugins/elementor/assets/js/frontend-modules.min.js?ver=3.30.4 HTTP/2" 200 14423 "https://karismamodernkitchen.com/shopdetail/29019273/" "Mozilla/5.0 (Windows NT 10.0; Win64; x64) AppleWebKit/537.36 (KHTML, like Gecko) Chrome/138.0.0.0 Safari/537.36"
47.221.131.39 - - [05/Aug/2025:17:32:51 +0300] "GET /wp-content/plugins/elementor/assets/js/frontend.min.js?ver=3.30.4 HTTP/2" 200 10288 "https://karismamodernkitchen.com/shopdetail/29019273/" "Mozilla/5.0 (Windows NT 10.0; Win64; x64) AppleWebKit/537.36 (KHTML, like Gecko) Chrome/138.0.0.0 Safari/537.36"
47.221.131.39 - - [05/Aug/2025:17:32:51 +0300] "GET /wp-content/plugins/woocommerce/assets/js/jquery-blockui/jquery.blockUI.min.js?ver=2.7.0-wc.10.0.4 HTTP/2" 200 3277 "https://karismamodernkitchen.com/shopdetail/29019273/" "Mozilla/5.0 (Windows NT 10.0; Win64; x64) AppleWebKit/537.36 (KHTML, like Gecko) Chrome/138.0.0.0 Safari/537.36"
47.221.131.39 - - [05/Aug/2025:17:32:51 +0300] "GET /wp-content/plugins/woocommerce/assets/js/frontend/add-to-cart.min.js?ver=10.0.4 HTTP/2" 200 1266 "https://karismamodernkitchen.com/shopdetail/29019273/" "Mozilla/5.0 (Windows NT 10.0; Win64; x64) AppleWebKit/537.36 (KHTML, like Gecko) Chrome/138.0.0.0 Safari/537.36"
47.221.131.39 - - [05/Aug/2025:17:32:51 +0300] "GET /wp-content/plugins/woocommerce/assets/js/js-cookie/js.cookie.min.js?ver=2.1.4-wc.10.0.4 HTTP/2" 200 760 "https://karismamodernkitchen.com/shopdetail/29019273/" "Mozilla/5.0 (Windows NT 10.0; Win64; x64) AppleWebKit/537.36 (KHTML, like Gecko) Chrome/138.0.0.0 Safari/537.36"
47.221.131.39 - - [05/Aug/2025:17:32:51 +0300] "GET /wp-content/plugins/woocommerce/assets/js/frontend/woocommerce.min.js?ver=10.0.4 HTTP/2" 200 1332 "https://karismamodernkitchen.com/shopdetail/29019273/" "Mozilla/5.0 (Windows NT 10.0; Win64; x64) AppleWebKit/537.36 (KHTML, like Gecko) Chrome/138.0.0.0 Safari/537.36"
47.221.131.39 - - [05/Aug/2025:17:32:51 +0300] "GET /wp-content/plugins/woocommerce/assets/js/frontend/add-to-cart-variation.min.js?ver=10.0.4 HTTP/2" 200 3712 "https://karismamodernkitchen.com/shopdetail/29019273/" "Mozilla/5.0 (Windows NT 10.0; Win64; x64) AppleWebKit/537.36 (KHTML, like Gecko) Chrome/138.0.0.0 Safari/537.36"
47.221.131.39 - - [05/Aug/2025:17:32:51 +0300] "GET /wp-content/plugins/woocommerce/assets/js/frontend/cart-fragments.min.js?ver=10.0.4 HTTP/2" 200 943 "https://karismamodernkitchen.com/shopdetail/29019273/" "Mozilla/5.0 (Windows NT 10.0; Win64; x64) AppleWebKit/537.36 (KHTML, like Gecko) Chrome/138.0.0.0 Safari/537.36"
47.221.131.39 - - [05/Aug/2025:17:32:51 +0300] "GET /wp-content/plugins/revslider/public/js/libs/tptools.js?ver=6.7.25 HTTP/2" 200 72603 "https://karismamodernkitchen.com/shopdetail/29019273/" "Mozilla/5.0 (Windows NT 10.0; Win64; x64) AppleWebKit/537.36 (KHTML, like Gecko) Chrome/138.0.0.0 Safari/537.36"
47.221.131.39 - - [05/Aug/2025:17:32:51 +0300] "GET /wp-content/plugins/revslider/public/js/sr7.js?ver=6.7.25 HTTP/2" 200 88816 "https://karismamodernkitchen.com/shopdetail/29019273/" "Mozilla/5.0 (Windows NT 10.0; Win64; x64) AppleWebKit/537.36 (KHTML, like Gecko) Chrome/138.0.0.0 Safari/537.36"
47.221.131.39 - - [05/Aug/2025:17:32:51 +0300] "GET /wp-includes/js/wp-emoji-release.min.js?ver=6.8.2 HTTP/2" 200 4769 "https://karismamodernkitchen.com/shopdetail/29019273/" "Mozilla/5.0 (Windows NT 10.0; Win64; x64) AppleWebKit/537.36 (KHTML, like Gecko) Chrome/138.0.0.0 Safari/537.36"
47.221.131.39 - - [05/Aug/2025:17:32:52 +0300] "GET /wp-content/plugins/elementor/assets/js/shared-frontend-handlers.30dc2f9c080845a413a6.bundle.min.js HTTP/2" 200 2546 "https://karismamodernkitchen.com/shopdetail/29019273/" "Mozilla/5.0 (Windows NT 10.0; Win64; x64) AppleWebKit/537.36 (KHTML, like Gecko) Chrome/138.0.0.0 Safari/537.36"
47.221.131.39 - - [05/Aug/2025:17:32:52 +0300] "GET /wp-content/plugins/elementor/assets/js/section-frontend-handlers.d85ab872da118940910d.bundle.min.js HTTP/2" 200 254 "https://karismamodernkitchen.com/shopdetail/29019273/" "Mozilla/5.0 (Windows NT 10.0; Win64; x64) AppleWebKit/537.36 (KHTML, like Gecko) Chrome/138.0.0.0 Safari/537.36"
47.221.131.39 - - [05/Aug/2025:17:32:52 +0300] "GET /wp-content/uploads/2025/01/cropped-KARISMA-100x100.png HTTP/2" 200 1505 "https://karismamodernkitchen.com/shopdetail/29019273/" "Mozilla/5.0 (Windows NT 10.0; Win64; x64) AppleWebKit/537.36 (KHTML, like Gecko) Chrome/138.0.0.0 Safari/537.36"
47.221.131.39 - - [05/Aug/2025:17:32:51 +0300] "POST /?wc-ajax=get_compare_fragments HTTP/2" 200 0 "https://karismamodernkitchen.com/shopdetail/29019273/" "Mozilla/5.0 (Windows NT 10.0; Win64; x64) AppleWebKit/537.36 (KHTML, like Gecko) Chrome/138.0.0.0 Safari/537.36"
47.221.131.39 - - [05/Aug/2025:17:32:52 +0300] "POST /?wc-ajax=get_refreshed_fragments HTTP/2" 200 0 "https://karismamodernkitchen.com/shopdetail/29019273/" "Mozilla/5.0 (Windows NT 10.0; Win64; x64) AppleWebKit/537.36 (KHTML, like Gecko) Chrome/138.0.0.0 Safari/537.36"
47.221.131.39 - - [05/Aug/2025:17:32:51 +0300] "POST /?wc-ajax=get_wishlist_fragments HTTP/2" 200 0 "https://karismamodernkitchen.com/shopdetail/29019273/" "Mozilla/5.0 (Windows NT 10.0; Win64; x64) AppleWebKit/537.36 (KHTML, like Gecko) Chrome/138.0.0.0 Safari/537.36"
66.249.68.36 - - [05/Aug/2025:17:32:55 +0300] "GET /shopdetail/8670362/ HTTP/1.1" 200 0 "-" "Mozilla/5.0 (Linux; Android 6.0.1; Nexus 5X Build/MMB29P) AppleWebKit/537.36 (KHTML, like Gecko) Chrome/138.0.7204.183 Mobile Safari/537.36 (compatible; Googlebot/2.1; +http://www.google.com/bot.html)"
66.249.69.198 - - [05/Aug/2025:17:33:15 +0300] "GET /shopdetail/30842451/ HTTP/1.1" 404 25562 "-" "Mozilla/5.0 (Linux; Android 6.0.1; Nexus 5X Build/MMB29P) AppleWebKit/537.36 (KHTML, like Gecko) Chrome/138.0.7204.183 Mobile Safari/537.36 (compatible; GoogleOther)"
41.139.187.211 - - [05/Aug/2025:17:32:36 +0300] "GET /wp-content/fonts/ubuntu/4iCv6KVjbNBYlgoCjC3jsGyN.woff2 HTTP/2" 200 30480 "https://karismamodernkitchen.com/product-tag/stainless-steel-fridge-single-door/" "Mozilla/5.0 (Linux; Android 10; K) AppleWebKit/537.36 (KHTML, like Gecko) SamsungBrowser/28.0 Chrome/130.0.0.0 Mobile Safari/537.36"
41.139.187.211 - - [05/Aug/2025:17:32:34 +0300] "POST /?wc-ajax=get_wishlist_fragments HTTP/2" 200 0 "https://karismamodernkitchen.com/product-tag/stainless-steel-fridge-single-door/" "Mozilla/5.0 (Linux; Android 10; K) AppleWebKit/537.36 (KHTML, like Gecko) SamsungBrowser/28.0 Chrome/130.0.0.0 Mobile Safari/537.36"
41.139.187.211 - - [05/Aug/2025:17:32:34 +0300] "POST /?wc-ajax=get_compare_fragments HTTP/2" 200 0 "https://karismamodernkitchen.com/product-tag/stainless-steel-fridge-single-door/" "Mozilla/5.0 (Linux; Android 10; K) AppleWebKit/537.36 (KHTML, like Gecko) SamsungBrowser/28.0 Chrome/130.0.0.0 Mobile Safari/537.36"
41.139.187.211 - - [05/Aug/2025:17:32:34 +0300] "POST /?wc-ajax=get_refreshed_fragments HTTP/2" 200 0 "https://karismamodernkitchen.com/product-tag/stainless-steel-fridge-single-door/" "Mozilla/5.0 (Linux; Android 10; K) AppleWebKit/537.36 (KHTML, like Gecko) SamsungBrowser/28.0 Chrome/130.0.0.0 Mobile Safari/537.36"
66.249.69.198 - - [05/Aug/2025:17:32:39 +0300] "GET /shopdetail/14824417/ HTTP/1.1" 404 25562 "-" "Mozilla/5.0 (compatible; Googlebot/2.1; +http://www.google.com/bot.html)"
66.249.69.198 - - [05/Aug/2025:17:32:51 +0300] "GET /shopdetail/13042862/ HTTP/1.1" 404 25561 "-" "Mozilla/5.0 (compatible; Googlebot/2.1; +http://www.google.com/bot.html)"
66.249.69.198 - - [05/Aug/2025:17:33:10 +0300] "GET /shopdetail/5650262/ HTTP/1.1" 404 25626 "-" "Mozilla/5.0 (Linux; Android 6.0.1; Nexus 5X Build/MMB29P) AppleWebKit/537.36 (KHTML, like Gecko) Chrome/138.0.7204.183 Mobile Safari/537.36 (compatible; Googlebot/2.1; +http://www.google.com/bot.html)"
57.141.6.13 - - [05/Aug/2025:17:33:20 +0300] "GET /shopdetail/4683617/ HTTP/2" 404 131187 "-" "meta-externalagent/1.1 (+https://developers.facebook.com/docs/sharing/webmasters/crawler)"
66.249.69.198 - - [05/Aug/2025:17:33:24 +0300] "GET /shopdetail/26696017/ HTTP/1.1" 404 25561 "-" "Mozilla/5.0 (compatible; Googlebot/2.1; +http://www.google.com/bot.html)"
162.128.175.171 - - [05/Aug/2025:17:33:26 +0300] "GET /shop/page/7/?orderby=price&add-to-wishlist=4194 HTTP/2" 200 33122 "https://karismamodernkitchen.com/shop/page/7/?orderby=price&add-to-wishlist=4194" "Mozilla/5.0 (Windows NT 10.0; Win64; x64) AppleWebKit/537.36 (KHTML, like Gecko) Chrome/104.0.0.0 Safari/537.36"
197.248.134.119 - - [05/Aug/2025:17:33:27 +0300] "POST /wp-admin/admin-ajax.php HTTP/2" 200 51 "https://karismamodernkitchen.com/wp-admin/admin.php?page=wp_file_manager" "Mozilla/5.0 (Windows NT 10.0; Win64; x64) AppleWebKit/537.36 (KHTML, like Gecko) Chrome/138.0.0.0 Safari/537.36"
57.141.6.6 - - [05/Aug/2025:17:34:10 +0300] "GET /shopdetail/27750551/ HTTP/2" 404 131191 "-" "meta-externalagent/1.1 (+https://developers.facebook.com/docs/sharing/webmasters/crawler)"
197.248.134.119 - - [05/Aug/2025:17:34:27 +0300] "POST /wp-admin/admin-ajax.php HTTP/2" 200 51 "https://karismamodernkitchen.com/wp-admin/admin.php?page=wp_file_manager" "Mozilla/5.0 (Windows NT 10.0; Win64; x64) AppleWebKit/537.36 (KHTML, like Gecko) Chrome/138.0.0.0 Safari/537.36"
197.248.134.119 - - [05/Aug/2025:17:35:29 +0300] "POST /wp-admin/admin-ajax.php HTTP/2" 200 51 "https://karismamodernkitchen.com/wp-admin/admin.php?page=wp_file_manager" "Mozilla/5.0 (Windows NT 10.0; Win64; x64) AppleWebKit/537.36 (KHTML, like Gecko) Chrome/138.0.0.0 Safari/537.36"
45.40.50.242 - - [05/Aug/2025:17:35:34 +0300] "GET /shop/page/6/?remove_compare_item=b74084f67608d5d35079175712568095&_wpnonce=ce8cf3d63d HTTP/2" 200 33151 "https://karismamodernkitchen.com/shop/page/6/?remove_compare_item=b74084f67608d5d35079175712568095&_wpnonce=ce8cf3d63d" "Mozilla/5.0 (Windows NT 10.0; Win64; x64) AppleWebKit/537.36 (KHTML, like Gecko) Chrome/107.0.0.0 Safari/537.36"
66.249.69.198 - - [05/Aug/2025:17:33:59 +0300] "GET /shopdetail/26473717/ HTTP/1.1" 404 25562 "-" "Mozilla/5.0 (Linux; Android 6.0.1; Nexus 5X Build/MMB29P) AppleWebKit/537.36 (KHTML, like Gecko) Chrome/138.0.7204.183 Mobile Safari/537.36 (compatible; GoogleOther)"
66.249.69.198 - - [05/Aug/2025:17:34:24 +0300] "GET /shopdetail/12050851/ HTTP/1.1" 404 25562 "-" "Mozilla/5.0 (Linux; Android 6.0.1; Nexus 5X Build/MMB29P) AppleWebKit/537.36 (KHTML, like Gecko) Chrome/138.0.7204.183 Mobile Safari/537.36 (compatible; Googlebot/2.1; +http://www.google.com/bot.html)"
66.249.69.198 - - [05/Aug/2025:17:34:48 +0300] "GET /shopdetail/27012928/ HTTP/1.1" 404 25562 "-" "Mozilla/5.0 (compatible; Googlebot/2.1; +http://www.google.com/bot.html)"
57.141.6.3 - - [05/Aug/2025:17:35:00 +0300] "GET /shopdetail/4665695/ HTTP/2" 404 131187 "-" "meta-externalagent/1.1 (+https://developers.facebook.com/docs/sharing/webmasters/crawler)"
52.167.144.138 - - [05/Aug/2025:17:35:24 +0300] "GET /pcmypage?callback=/product/detail/29992965 HTTP/2" 404 25544 "-" "Mozilla/5.0 AppleWebKit/537.36 (KHTML, like Gecko; compatible; bingbot/2.0; +http://www.bing.com/bingbot.htm) Chrome/116.0.1938.76 Safari/537.36"
57.141.6.22 - - [05/Aug/2025:17:35:49 +0300] "GET /shopdetail/23396973/ HTTP/2" 404 131191 "-" "meta-externalagent/1.1 (+https://developers.facebook.com/docs/sharing/webmasters/crawler)"
66.249.69.199 - - [05/Aug/2025:17:35:53 +0300] "GET /shopdetail/21401651/ HTTP/1.1" 404 25559 "-" "Mozilla/5.0 (Linux; Android 6.0.1; Nexus 5X Build/MMB29P) AppleWebKit/537.36 (KHTML, like Gecko) Chrome/138.0.7204.183 Mobile Safari/537.36 (compatible; GoogleOther)"
66.249.69.198 - - [05/Aug/2025:17:35:56 +0300] "GET /shopdetail/27949806/ HTTP/1.1" 404 25562 "-" "Mozilla/5.0 (compatible; Googlebot/2.1; +http://www.google.com/bot.html)"
114.119.159.177 - - [05/Aug/2025:17:36:08 +0300] "GET /shop/?product_brand=generic,caterina,premier,karisma,sab-italy HTTP/1.1" 200 43079 "https://karismamodernkitchen.com/shop/?product_brand=generic%2Ccaterina%2Cpremier%2Ckarisma%2Csab-italy&rating_filter=5" "Mozilla/5.0 (Linux; Android 7.0;) AppleWebKit/537.36 (KHTML, like Gecko) Mobile Safari/537.36 (compatible; PetalBot;+https://webmaster.petalsearch.com/site/petalbot)"
66.249.69.198 - - [05/Aug/2025:17:36:12 +0300] "GET /shopdetail/12982928/ HTTP/1.1" 404 25561 "-" "Mozilla/5.0 (compatible; Googlebot/2.1; +http://www.google.com/bot.html)"
197.248.134.119 - - [05/Aug/2025:17:37:05 +0300] "POST /wp-admin/admin-ajax.php HTTP/2" 200 51 "https://karismamodernkitchen.com/wp-admin/admin.php?page=wp_file_manager" "Mozilla/5.0 (Windows NT 10.0; Win64; x64) AppleWebKit/537.36 (KHTML, like Gecko) Chrome/138.0.0.0 Safari/537.36"
66.249.69.199 - - [05/Aug/2025:17:37:10 +0300] "GET /shopdetail/13375984/ HTTP/1.1" 404 25562 "-" "Mozilla/5.0 (Linux; Android 6.0.1; Nexus 5X Build/MMB29P) AppleWebKit/537.36 (KHTML, like Gecko) Chrome/138.0.7204.183 Mobile Safari/537.36 (compatible; GoogleOther)"
66.249.68.36 - - [05/Aug/2025:17:37:11 +0300] "GET /shopdetail/3809095/ HTTP/1.1" 404 25628 "-" "Mozilla/5.0 (compatible; Googlebot/2.1; +http://www.google.com/bot.html)"
66.249.69.198 - - [05/Aug/2025:17:37:41 +0300] "GET /shopdetail/25174762/ HTTP/1.1" 404 25560 "-" "Mozilla/5.0 (compatible; Googlebot/2.1; +http://www.google.com/bot.html)"
66.249.69.199 - - [05/Aug/2025:17:38:07 +0300] "GET /shopdetail/14297673/ HTTP/1.1" 404 25562 "-" "Mozilla/5.0 (Linux; Android 6.0.1; Nexus 5X Build/MMB29P) AppleWebKit/537.36 (KHTML, like Gecko) Chrome/138.0.7204.183 Mobile Safari/537.36 (compatible; GoogleOther)"
66.249.69.198 - - [05/Aug/2025:17:39:04 +0300] "GET /shopdetail/12090828/ HTTP/1.1" 404 25561 "-" "Mozilla/5.0 (Linux; Android 6.0.1; Nexus 5X Build/MMB29P) AppleWebKit/537.36 (KHTML, like Gecko) Chrome/138.0.7204.183 Mobile Safari/537.36 (compatible; GoogleOther)"
66.249.69.199 - - [05/Aug/2025:17:39:05 +0300] "GET /shopdetail/5539739/ HTTP/1.1" 404 25628 "-" "Mozilla/5.0 (compatible; Googlebot/2.1; +http://www.google.com/bot.html)"
66.249.69.199 - - [05/Aug/2025:17:36:25 +0300] "GET /shopdetail/13799095/ HTTP/1.1" 404 25562 "-" "Mozilla/5.0 (compatible; Googlebot/2.1; +http://www.google.com/bot.html)"
66.249.69.198 - - [05/Aug/2025:17:36:32 +0300] "GET /shopdetail/27569651/ HTTP/1.1" 404 25562 "-" "Mozilla/5.0 (Linux; Android 6.0.1; Nexus 5X Build/MMB29P) AppleWebKit/537.36 (KHTML, like Gecko) Chrome/138.0.7204.183 Mobile Safari/537.36 (compatible; GoogleOther)"
57.141.6.13 - - [05/Aug/2025:17:36:40 +0300] "GET /shopdetail/30310051/ HTTP/2" 404 131191 "-" "meta-externalagent/1.1 (+https://developers.facebook.com/docs/sharing/webmasters/crawler)"
66.249.69.198 - - [05/Aug/2025:17:36:53 +0300] "GET /shopdetail/29827928/ HTTP/1.1" 404 25562 "-" "Mozilla/5.0 (compatible; Googlebot/2.1; +http://www.google.com/bot.html)"
66.249.69.199 - - [05/Aug/2025:17:37:05 +0300] "GET /shopdetail/29579928/ HTTP/1.1" 404 25563 "-" "Mozilla/5.0 (compatible; Googlebot/2.1; +http://www.google.com/bot.html)"
66.249.69.198 - - [05/Aug/2025:17:37:15 +0300] "GET /shopdetail/5930084/ HTTP/1.1" 404 25627 "-" "Mozilla/5.0 (Linux; Android 6.0.1; Nexus 5X Build/MMB29P) AppleWebKit/537.36 (KHTML, like Gecko) Chrome/138.0.7204.183 Mobile Safari/537.36 (compatible; Googlebot/2.1; +http://www.google.com/bot.html)"
57.141.6.10 - - [05/Aug/2025:17:37:30 +0300] "GET /shopdetail/20419951/ HTTP/2" 404 131191 "-" "meta-externalagent/1.1 (+https://developers.facebook.com/docs/sharing/webmasters/crawler)"
45.40.50.189 - - [05/Aug/2025:17:37:41 +0300] "GET /shop/page/7/?orderby=price&add_to_compare=4431 HTTP/2" 200 33164 "https://karismamodernkitchen.com/shop/page/7/?orderby=price&add_to_compare=4431" "Mozilla/5.0 (Macintosh; Intel Mac OS X 10_15_7) AppleWebKit/537.36 (KHTML, like Gecko) Chrome/119.0.0.0 Safari/537.36"
66.249.68.36 - - [05/Aug/2025:17:37:46 +0300] "GET /shopdetail/11088928/ HTTP/1.1" 404 25562 "-" "Mozilla/5.0 (Linux; Android 6.0.1; Nexus 5X Build/MMB29P) AppleWebKit/537.36 (KHTML, like Gecko) Chrome/138.0.7204.183 Mobile Safari/537.36 (compatible; Googlebot/2.1; +http://www.google.com/bot.html)"
66.249.69.199 - - [05/Aug/2025:17:38:10 +0300] "GET /shopdetail/6157539/ HTTP/1.1" 404 25629 "-" "Mozilla/5.0 (compatible; Googlebot/2.1; +http://www.google.com/bot.html)"
57.141.6.15 - - [05/Aug/2025:17:38:20 +0300] "GET /shopdetail/20879495/ HTTP/2" 404 131191 "-" "meta-externalagent/1.1 (+https://developers.facebook.com/docs/sharing/webmasters/crawler)"
66.249.69.198 - - [05/Aug/2025:17:38:41 +0300] "GET /shopdetail/13883884/ HTTP/1.1" 404 25562 "-" "Mozilla/5.0 (compatible; Googlebot/2.1; +http://www.google.com/bot.html)"
197.248.134.119 - - [05/Aug/2025:17:39:04 +0300] "POST /wp-admin/admin-ajax.php HTTP/2" 200 51 "https://karismamodernkitchen.com/wp-admin/admin.php?page=wp_file_manager" "Mozilla/5.0 (Windows NT 10.0; Win64; x64) AppleWebKit/537.36 (KHTML, like Gecko) Chrome/138.0.0.0 Safari/537.36"
138.197.118.15 - - [05/Aug/2025:17:39:32 +0300] "GET / HTTP/2" 200 36103 "-" "Mozilla/5.0 (Windows NT 10.0; Win64; x64) AppleWebKit/537.36 (KHTML, like Gecko) Chrome/130.0.0.0 Safari/537.36"
45.40.50.203 - - [05/Aug/2025:17:39:47 +0300] "GET /shop/page/6/?orderby=price&add-to-wishlist=4344 HTTP/2" 200 32737 "https://karismamodernkitchen.com/shop/page/6/?orderby=price&add-to-wishlist=4344" "Mozilla/5.0 (Windows NT 10.0; Win64; x64) AppleWebKit/537.36 (KHTML, like Gecko) Chrome/116.0.0.0 Safari/537.36"
57.141.6.13 - - [05/Aug/2025:17:39:59 +0300] "GET /shopdetail/27193173/ HTTP/2" 404 131191 "-" "meta-externalagent/1.1 (+https://developers.facebook.com/docs/sharing/webmasters/crawler)"
66.249.69.199 - - [05/Aug/2025:17:40:00 +0300] "GET /shopdetail/2867062/ HTTP/1.1" 404 25627 "-" "Mozilla/5.0 (compatible; Googlebot/2.1; +http://www.google.com/bot.html)"
66.249.69.199 - - [05/Aug/2025:17:40:15 +0300] "GET /shopdetail/26383062/ HTTP/1.1" 404 25561 "-" "Mozilla/5.0 (Linux; Android 6.0.1; Nexus 5X Build/MMB29P) AppleWebKit/537.36 (KHTML, like Gecko) Chrome/138.0.7204.183 Mobile Safari/537.36 (compatible; GoogleOther)"
57.141.6.1 - - [05/Aug/2025:17:39:11 +0300] "GET /shopdetail/19341039/ HTTP/2" 404 131191 "-" "meta-externalagent/1.1 (+https://developers.facebook.com/docs/sharing/webmasters/crawler)"
66.249.69.199 - - [05/Aug/2025:17:40:30 +0300] "GET /shopdetail/25971784/ HTTP/1.1" 404 25561 "-" "Mozilla/5.0 (compatible; Googlebot/2.1; +http://www.google.com/bot.html)"
66.249.69.198 - - [05/Aug/2025:17:40:59 +0300] "GET /shopdetail/12090828/ HTTP/1.1" 404 25562 "-" "Mozilla/5.0 (Linux; Android 6.0.1; Nexus 5X Build/MMB29P) AppleWebKit/537.36 (KHTML, like Gecko) Chrome/138.0.7204.183 Mobile Safari/537.36 (compatible; GoogleOther)"
