196.96.232.156 - - [05/Aug/2025:17:19:30 +0300] "GET /product-category/fabrications/stainless-steel/page/2/ HTTP/2" 200 0 "https://karismamodernkitchen.com/product-category/fabrications/stainless-steel/" "Mozilla/5.0 (Linux; Android 10; K) AppleWebKit/537.36 (KHTML, like Gecko) Chrome/138.0.0.0 Mobile Safari/537.36"
196.96.232.156 - - [05/Aug/2025:17:19:37 +0300] "GET /product-category/fabrications/stainless-steel/page/2/ HTTP/2" 200 0 "https://karismamodernkitchen.com/product-category/fabrications/stainless-steel/" "Mozilla/5.0 (Linux; Android 10; K) AppleWebKit/537.36 (KHTML, like Gecko) Chrome/138.0.0.0 Mobile Safari/537.36"
196.96.232.156 - - [05/Aug/2025:17:19:32 +0300] "GET /product/dump-receiver-tank-300-litres/ HTTP/2" 200 0 "https://karismamodernkitchen.com/product-category/fabrications/stainless-steel/" "Mozilla/5.0 (Linux; Android 10; K) AppleWebKit/537.36 (KHTML, like Gecko) Chrome/138.0.0.0 Mobile Safari/537.36"
196.96.232.156 - - [05/Aug/2025:17:19:42 +0300] "GET /product/milk-pasteurizer/ HTTP/2" 200 0 "https://karismamodernkitchen.com/product-category/fabrications/stainless-steel/" "Mozilla/5.0 (Linux; Android 10; K) AppleWebKit/537.36 (KHTML, like Gecko) Chrome/138.0.0.0 Mobile Safari/537.36"
196.96.232.156 - - [05/Aug/2025:17:19:52 +0300] "GET /product/reverse-osmosis-1000-litres-per-hour-complete-setup/ HTTP/2" 200 0 "https://karismamodernkitchen.com/product-category/fabrications/stainless-steel/" "Mozilla/5.0 (Linux; Android 10; K) AppleWebKit/537.36 (KHTML, like Gecko) Chrome/138.0.0.0 Mobile Safari/537.36"
197.248.134.119 - - [05/Aug/2025:17:19:48 +0300] "POST /wp-admin/admin-ajax.php HTTP/2" 200 51 "https://karismamodernkitchen.com/wp-admin/admin.php?page=wp_file_manager" "Mozilla/5.0 (Windows NT 10.0; Win64; x64) AppleWebKit/537.36 (KHTML, like Gecko) Chrome/138.0.0.0 Safari/537.36"
196.96.232.156 - - [05/Aug/2025:17:19:41 +0300] "GET /product-category/fabrications/stainless-steel/page/2/ HTTP/2" 200 31338 "https://karismamodernkitchen.com/product-category/fabrications/stainless-steel/" "Mozilla/5.0 (Linux; Android 10; K) AppleWebKit/537.36 (KHTML, like Gecko) Chrome/138.0.0.0 Mobile Safari/537.36"
196.96.232.156 - - [05/Aug/2025:17:20:20 +0300] "GET /wp-content/uploads/2025/02/Stainless-Steel-Stair-Handrails.png HTTP/2" 206 1 "https://karismamodernkitchen.com/product-category/fabrications/stainless-steel/page/2/" "Mozilla/5.0 (Linux; Android 10; K) AppleWebKit/537.36 (KHTML, like Gecko) Chrome/138.0.0.0 Mobile Safari/537.36"
196.96.232.156 - - [05/Aug/2025:17:20:21 +0300] "GET /wp-content/uploads/2025/02/Stainless-Steel-Stair-Handrails.png HTTP/2" 206 42448 "https://karismamodernkitchen.com/product-category/fabrications/stainless-steel/page/2/" "Mozilla/5.0 (Linux; Android 10; K) AppleWebKit/537.36 (KHTML, like Gecko) Chrome/138.0.0.0 Mobile Safari/537.36"
196.96.232.156 - - [05/Aug/2025:17:20:21 +0300] "POST /?wc-ajax=get_refreshed_fragments HTTP/2" 200 0 "https://karismamodernkitchen.com/product-category/fabrications/stainless-steel/page/2/" "Mozilla/5.0 (Linux; Android 10; K) AppleWebKit/537.36 (KHTML, like Gecko) Chrome/138.0.0.0 Mobile Safari/537.36"
196.96.232.156 - - [05/Aug/2025:17:20:20 +0300] "POST /?wc-ajax=get_compare_fragments HTTP/2" 200 241 "https://karismamodernkitchen.com/product-category/fabrications/stainless-steel/page/2/" "Mozilla/5.0 (Linux; Android 10; K) AppleWebKit/537.36 (KHTML, like Gecko) Chrome/138.0.0.0 Mobile Safari/537.36"
66.249.68.36 - - [05/Aug/2025:17:20:33 +0300] "GET /shopdetail/12568862/ HTTP/1.1" 404 25561 "-" "Mozilla/5.0 (Linux; Android 6.0.1; Nexus 5X Build/MMB29P) AppleWebKit/537.36 (KHTML, like Gecko) Chrome/138.0.7204.183 Mobile Safari/537.36 (compatible; GoogleOther)"
197.248.134.119 - - [05/Aug/2025:17:20:48 +0300] "POST /wp-admin/admin-ajax.php HTTP/2" 200 51 "https://karismamodernkitchen.com/wp-admin/admin.php?page=wp_file_manager" "Mozilla/5.0 (Windows NT 10.0; Win64; x64) AppleWebKit/537.36 (KHTML, like Gecko) Chrome/138.0.0.0 Safari/537.36"
162.128.175.145 - - [05/Aug/2025:17:20:46 +0300] "GET /shop/page/7/?orderby=date&add_to_compare=4401 HTTP/2" 200 32714 "https://karismamodernkitchen.com/shop/page/7/?orderby=date&add_to_compare=4401" "Mozilla/5.0 (Windows NT 10.0; Win64; x64) AppleWebKit/537.36 (KHTML, like Gecko) Chrome/101.0.4951.67 Safari/537.36"
66.249.68.36 - - [05/Aug/2025:17:21:44 +0300] "GET /shopdetail/9554040/ HTTP/1.1" 404 25626 "-" "Mozilla/5.0 (compatible; Googlebot/2.1; +http://www.google.com/bot.html)"
66.249.68.36 - - [05/Aug/2025:17:21:51 +0300] "GET /shopdetail/28060217/ HTTP/1.1" 404 25560 "-" "Mozilla/5.0 (Linux; Android 6.0.1; Nexus 5X Build/MMB29P) AppleWebKit/537.36 (KHTML, like Gecko) Chrome/138.0.7204.183 Mobile Safari/537.36 (compatible; Googlebot/2.1; +http://www.google.com/bot.html)"
197.248.134.119 - - [05/Aug/2025:17:22:03 +0300] "POST /wp-admin/admin-ajax.php HTTP/2" 200 51 "https://karismamodernkitchen.com/wp-admin/admin.php?page=wp_file_manager" "Mozilla/5.0 (Windows NT 10.0; Win64; x64) AppleWebKit/537.36 (KHTML, like Gecko) Chrome/138.0.0.0 Safari/537.36"
66.249.69.198 - - [05/Aug/2025:17:22:25 +0300] "GET /shopdetail/18018262/ HTTP/1.1" 404 25561 "-" "Mozilla/5.0 (Linux; Android 6.0.1; Nexus 5X Build/MMB29P) AppleWebKit/537.36 (KHTML, like Gecko) Chrome/138.0.7204.183 Mobile Safari/537.36 (compatible; Googlebot/2.1; +http://www.google.com/bot.html)"
162.128.175.240 - - [05/Aug/2025:17:22:54 +0300] "GET /shop/page/7/?orderby=price-desc&add-to-wishlist=4113 HTTP/2" 200 35005 "https://karismamodernkitchen.com/shop/page/7/?orderby=price-desc&add-to-wishlist=4113" "Mozilla/5.0 (Windows NT 10.0; Win64; x64) AppleWebKit/537.36 (KHTML, like Gecko) Chrome/101.0.4951.67 Safari/537.36"
197.248.134.119 - - [05/Aug/2025:17:23:03 +0300] "POST /wp-admin/admin-ajax.php HTTP/2" 200 51 "https://karismamodernkitchen.com/wp-admin/admin.php?page=wp_file_manager" "Mozilla/5.0 (Windows NT 10.0; Win64; x64) AppleWebKit/537.36 (KHTML, like Gecko) Chrome/138.0.0.0 Safari/537.36"
57.141.6.24 - - [05/Aug/2025:17:23:20 +0300] "GET /shopdetail/20457851/ HTTP/2" 404 131191 "-" "meta-externalagent/1.1 (+https://developers.facebook.com/docs/sharing/webmasters/crawler)"
57.141.6.10 - - [05/Aug/2025:17:24:09 +0300] "GET /shopdetail/31069295/ HTTP/2" 404 131191 "-" "meta-externalagent/1.1 (+https://developers.facebook.com/docs/sharing/webmasters/crawler)"
45.40.50.134 - - [05/Aug/2025:17:25:00 +0300] "GET /shop/page/7/?orderby=menu_order&add_to_compare=3904 HTTP/2" 200 33443 "https://karismamodernkitchen.com/shop/page/7/?orderby=menu_order&add_to_compare=3904" "Mozilla/5.0 (Windows NT 10.0; Win64; x64) AppleWebKit/537.36 (KHTML, like Gecko) Chrome/101.0.4951.64 Safari/537.36 Edg/101.0.1210.47"
197.248.134.119 - - [05/Aug/2025:17:25:04 +0300] "POST /wp-admin/admin-ajax.php HTTP/2" 200 51 "https://karismamodernkitchen.com/wp-admin/admin.php?page=wp_file_manager" "Mozilla/5.0 (Windows NT 10.0; Win64; x64) AppleWebKit/537.36 (KHTML, like Gecko) Chrome/138.0.0.0 Safari/537.36"
66.249.69.198 - - [05/Aug/2025:17:25:20 +0300] "GET /shopdetail/17784895/ HTTP/1.1" 404 25563 "-" "Mozilla/5.0 (Linux; Android 6.0.1; Nexus 5X Build/MMB29P) AppleWebKit/537.36 (KHTML, like Gecko) Chrome/138.0.7204.183 Mobile Safari/537.36 (compatible; GoogleOther)"
66.249.69.198 - - [05/Aug/2025:17:26:27 +0300] "GET /shopdetail/5739539/ HTTP/1.1" 404 25628 "-" "Mozilla/5.0 (compatible; Googlebot/2.1; +http://www.google.com/bot.html)"
57.141.6.13 - - [05/Aug/2025:17:26:40 +0300] "GET /shopdetail/24993317/ HTTP/2" 404 131191 "-" "meta-externalagent/1.1 (+https://developers.facebook.com/docs/sharing/webmasters/crawler)"
66.249.69.198 - - [05/Aug/2025:17:18:42 +0300] "GET /shopdetail/14005239/ HTTP/1.1" 404 25562 "-" "Mozilla/5.0 (Linux; Android 6.0.1; Nexus 5X Build/MMB29P) AppleWebKit/537.36 (KHTML, like Gecko) Chrome/138.0.7204.183 Mobile Safari/537.36 (compatible; Googlebot/2.1; +http://www.google.com/bot.html)"
66.249.69.198 - - [05/Aug/2025:17:18:50 +0300] "GET /shopdetail/2400439/ HTTP/1.1" 404 25628 "-" "Mozilla/5.0 (Linux; Android 6.0.1; Nexus 5X Build/MMB29P) AppleWebKit/537.36 (KHTML, like Gecko) Chrome/138.0.7204.183 Mobile Safari/537.36 (compatible; GoogleOther)"
66.249.68.36 - - [05/Aug/2025:17:19:24 +0300] "GET /shopdetail/7542384/ HTTP/1.1" 404 25627 "-" "Mozilla/5.0 (compatible; Googlebot/2.1; +http://www.google.com/bot.html)"
66.249.69.200 - - [05/Aug/2025:17:19:30 +0300] "GET /shopdetail/26952984/ HTTP/1.1" 404 25562 "-" "Mozilla/5.0 (compatible; Googlebot/2.1; +http://www.google.com/bot.html)"
85.208.96.197 - - [05/Aug/2025:17:19:30 +0300] "GET /product-tag/dump-receiver-tank-300-litres/ HTTP/1.1" 200 32687 "-" "Mozilla/5.0 (compatible; SemrushBot/7~bl; +http://www.semrush.com/bot.html)"
57.141.6.22 - - [05/Aug/2025:17:20:00 +0300] "GET /shopdetail/24955417/ HTTP/2" 404 131191 "-" "meta-externalagent/1.1 (+https://developers.facebook.com/docs/sharing/webmasters/crawler)"
66.249.69.199 - - [05/Aug/2025:17:20:32 +0300] "GET /shopdetail/28480773/ HTTP/1.1" 404 25561 "-" "Mozilla/5.0 (Linux; Android 6.0.1; Nexus 5X Build/MMB29P) AppleWebKit/537.36 (KHTML, like Gecko) Chrome/138.0.7204.183 Mobile Safari/537.36 (compatible; Googlebot/2.1; +http://www.google.com/bot.html)"
57.141.6.14 - - [05/Aug/2025:17:20:50 +0300] "GET /shopdetail/29630739/ HTTP/2" 404 131191 "-" "meta-externalagent/1.1 (+https://developers.facebook.com/docs/sharing/webmasters/crawler)"
47.128.59.214 - - [05/Aug/2025:17:21:00 +0300] "GET /shop/?orderby=date&product_brand=caterina&rating_filter=5 HTTP/2" 200 26135 "-" "Mozilla/5.0 (Linux; Android 5.0) AppleWebKit/537.36 (KHTML, like Gecko) Mobile Safari/537.36 (compatible; Bytespider; spider-feedback@bytedance.com)"
66.249.68.36 - - [05/Aug/2025:17:21:36 +0300] "GET /shopdetail/26696017/ HTTP/1.1" 404 25560 "-" "Mozilla/5.0 (compatible; Googlebot/2.1; +http://www.google.com/bot.html)"
57.141.6.30 - - [05/Aug/2025:17:21:40 +0300] "GET /shopdetail/19400973/ HTTP/2" 404 131191 "-" "meta-externalagent/1.1 (+https://developers.facebook.com/docs/sharing/webmasters/crawler)"
57.141.6.27 - - [05/Aug/2025:17:22:30 +0300] "GET /shopdetail/28669639/ HTTP/2" 404 131191 "-" "meta-externalagent/1.1 (+https://developers.facebook.com/docs/sharing/webmasters/crawler)"
47.128.55.228 - - [05/Aug/2025:17:25:10 +0300] "GET /shop/?orderby=popularity&product_brand=generic%2Ccaterina%2Cpremier%2Ckarisma&rating_filter=5 HTTP/2" 200 26248 "-" "Mozilla/5.0 (Linux; Android 5.0) AppleWebKit/537.36 (KHTML, like Gecko) Mobile Safari/537.36 (compatible; Bytespider; spider-feedback@bytedance.com)"
57.141.6.6 - - [05/Aug/2025:17:25:50 +0300] "GET /shopdetail/24873439/ HTTP/2" 404 131191 "-" "meta-externalagent/1.1 (+https://developers.facebook.com/docs/sharing/webmasters/crawler)"
66.249.69.200 - - [05/Aug/2025:17:26:12 +0300] "GET /shopdetail/20644006/ HTTP/1.1" 404 25560 "-" "Mozilla/5.0 (Linux; Android 6.0.1; Nexus 5X Build/MMB29P) AppleWebKit/537.36 (KHTML, like Gecko) Chrome/138.0.7204.183 Mobile Safari/537.36 (compatible; GoogleOther)"
197.248.134.119 - - [05/Aug/2025:17:27:04 +0300] "POST /wp-admin/admin-ajax.php HTTP/2" 200 51 "https://karismamodernkitchen.com/wp-admin/admin.php?page=wp_file_manager" "Mozilla/5.0 (Windows NT 10.0; Win64; x64) AppleWebKit/537.36 (KHTML, like Gecko) Chrome/138.0.0.0 Safari/537.36"
207.46.13.229 - - [05/Aug/2025:17:27:27 +0300] "GET /robots.txt HTTP/2" 200 77 "-" "Mozilla/5.0 AppleWebKit/537.36 (KHTML, like Gecko; compatible; bingbot/2.0; +http://www.bing.com/bingbot.htm) Chrome/116.0.1938.76 Safari/537.36"
66.249.69.198 - - [05/Aug/2025:17:27:31 +0300] "GET /shopdetail/5427273/ HTTP/1.1" 404 25627 "-" "Mozilla/5.0 (compatible; Googlebot/2.1; +http://www.google.com/bot.html)"
66.249.69.198 - - [05/Aug/2025:17:27:56 +0300] "GET /shopdetail/20644006/ HTTP/1.1" 404 25561 "-" "Mozilla/5.0 (Linux; Android 6.0.1; Nexus 5X Build/MMB29P) AppleWebKit/537.36 (KHTML, like Gecko) Chrome/138.0.7204.183 Mobile Safari/537.36 (compatible; GoogleOther)"
66.249.69.198 - - [05/Aug/2025:17:28:10 +0300] "GET /shopdetail/13175173/ HTTP/1.1" 404 25562 "-" "Mozilla/5.0 (compatible; Googlebot/2.1; +http://www.google.com/bot.html)"
57.141.6.19 - - [05/Aug/2025:17:28:21 +0300] "GET /shopdetail/19638673/ HTTP/2" 404 131191 "-" "meta-externalagent/1.1 (+https://developers.facebook.com/docs/sharing/webmasters/crawler)"
57.141.6.7 - - [05/Aug/2025:17:29:10 +0300] "GET /shopdetail/30727573/ HTTP/2" 404 131191 "-" "meta-externalagent/1.1 (+https://developers.facebook.com/docs/sharing/webmasters/crawler)"
66.249.68.36 - - [05/Aug/2025:17:29:46 +0300] "GET /shopdetail/6862417/ HTTP/1.1" 404 25626 "-" "Mozilla/5.0 (Linux; Android 6.0.1; Nexus 5X Build/MMB29P) AppleWebKit/537.36 (KHTML, like Gecko) Chrome/138.0.7204.183 Mobile Safari/537.36 (compatible; Googlebot/2.1; +http://www.google.com/bot.html)"
66.249.69.198 - - [05/Aug/2025:17:30:07 +0300] "GET /shopdetail/1303262/ HTTP/1.1" 404 25626 "-" "Mozilla/5.0 (compatible; Googlebot/2.1; +http://www.google.com/bot.html)"
57.141.6.30 - - [05/Aug/2025:17:30:07 +0300] "GET /shopdetail/31209151/ HTTP/2" 404 131191 "-" "meta-externalagent/1.1 (+https://developers.facebook.com/docs/sharing/webmasters/crawler)"
197.248.134.119 - - [05/Aug/2025:17:31:05 +0300] "POST /wp-admin/admin-ajax.php HTTP/2" 200 51 "https://karismamodernkitchen.com/wp-admin/admin.php?page=wp_file_manager" "Mozilla/5.0 (Windows NT 10.0; Win64; x64) AppleWebKit/537.36 (KHTML, like Gecko) Chrome/138.0.0.0 Safari/537.36"
66.249.69.198 - - [05/Aug/2025:17:31:25 +0300] "GET /shopdetail/5524406/ HTTP/1.1" 404 25626 "-" "Mozilla/5.0 (compatible; Googlebot/2.1; +http://www.google.com/bot.html)"
66.249.83.107 - - [05/Aug/2025:17:31:36 +0300] "GET /wp-content/plugins/wcboost-variation-swatches/assets/css/frontend.css?ver=1.1.2 HTTP/1.1" 200 1503 "https://karismamodernkitchen.com/product-category/fabrications/stainless-steel/page/2/" "Mozilla/5.0 (Linux; Android 10; K) AppleWebKit/537.36 (KHTML, like Gecko) Chrome/138.0.0.0 Mobile Safari/537.36 (compatible; Google-Read-Aloud; +https://support.google.com/webmasters/answer/1061943)"
66.249.83.106 - - [05/Aug/2025:17:31:36 +0300] "GET /wp-content/themes/martfury/inc/modules/product-bought-together/assets/product-bought-together.css?ver=1.0.0 HTTP/1.1" 200 1353 "https://karismamodernkitchen.com/product-category/fabrications/stainless-steel/page/2/" "Mozilla/5.0 (Linux; Android 10; K) AppleWebKit/537.36 (KHTML, like Gecko) Chrome/138.0.0.0 Mobile Safari/537.36 (compatible; Google-Read-Aloud; +https://support.google.com/webmasters/answer/1061943)"
66.249.83.106 - - [05/Aug/2025:17:31:36 +0300] "GET /wp-content/themes/martfury/css/eleganticons.min.css?ver=1.0.0 HTTP/1.1" 200 3783 "https://karismamodernkitchen.com/product-category/fabrications/stainless-steel/page/2/" "Mozilla/5.0 (Linux; Android 10; K) AppleWebKit/537.36 (KHTML, like Gecko) Chrome/138.0.0.0 Mobile Safari/537.36 (compatible; Google-Read-Aloud; +https://support.google.com/webmasters/answer/1061943)"
66.249.83.106 - - [05/Aug/2025:17:31:36 +0300] "GET /wp-content/themes/martfury/fonts/ionicons.woff2 HTTP/1.1" 200 85612 "https://karismamodernkitchen.com/product-category/fabrications/stainless-steel/page/2/" "Mozilla/5.0 (Linux; Android 10; K) AppleWebKit/537.36 (KHTML, like Gecko) Chrome/138.0.0.0 Mobile Safari/537.36 (compatible; Google-Read-Aloud; +https://support.google.com/webmasters/answer/1061943)"
66.249.83.107 - - [05/Aug/2025:17:31:36 +0300] "GET /wp-content/plugins/wcboost-products-compare/assets/css/compare.css?ver=1.0.8 HTTP/1.1" 200 1318 "https://karismamodernkitchen.com/product-category/fabrications/stainless-steel/page/2/" "Mozilla/5.0 (Linux; Android 10; K) AppleWebKit/537.36 (KHTML, like Gecko) Chrome/138.0.0.0 Mobile Safari/537.36 (compatible; Google-Read-Aloud; +https://support.google.com/webmasters/answer/1061943)"
66.249.83.105 - - [05/Aug/2025:17:31:36 +0300] "GET /wp-content/plugins/elementor/assets/lib/font-awesome/css/brands.css?ver=5.15.3 HTTP/1.1" 200 296 "https://karismamodernkitchen.com/product-category/fabrications/stainless-steel/page/2/" "Mozilla/5.0 (Linux; Android 10; K) AppleWebKit/537.36 (KHTML, like Gecko) Chrome/138.0.0.0 Mobile Safari/537.36 (compatible; Google-Read-Aloud; +https://support.google.com/webmasters/answer/1061943)"
66.249.83.105 - - [05/Aug/2025:17:31:36 +0300] "GET /wp-content/plugins/woocommerce-deals/assets/css/tawc-deals.css?ver=1.0.0 HTTP/1.1" 200 301 "https://karismamodernkitchen.com/product-category/fabrications/stainless-steel/page/2/" "Mozilla/5.0 (Linux; Android 10; K) AppleWebKit/537.36 (KHTML, like Gecko) Chrome/138.0.0.0 Mobile Safari/537.36 (compatible; Google-Read-Aloud; +https://support.google.com/webmasters/answer/1061943)"
66.249.83.107 - - [05/Aug/2025:17:31:36 +0300] "GET /wp-content/themes/martfury/style.css?ver=20221123 HTTP/1.1" 200 82362 "https://karismamodernkitchen.com/product-category/fabrications/stainless-steel/page/2/" "Mozilla/5.0 (Linux; Android 10; K) AppleWebKit/537.36 (KHTML, like Gecko) Chrome/138.0.0.0 Mobile Safari/537.36 (compatible; Google-Read-Aloud; +https://support.google.com/webmasters/answer/1061943)"
66.249.83.107 - - [05/Aug/2025:17:31:36 +0300] "GET /wp-content/plugins/header-footer-elementor/inc/widgets-css/frontend.css?ver=2.4.8 HTTP/1.1" 200 8154 "https://karismamodernkitchen.com/product-category/fabrications/stainless-steel/page/2/" "Mozilla/5.0 (Linux; Android 10; K) AppleWebKit/537.36 (KHTML, like Gecko) Chrome/138.0.0.0 Mobile Safari/537.36 (compatible; Google-Read-Aloud; +https://support.google.com/webmasters/answer/1061943)"
66.249.83.105 - - [05/Aug/2025:17:31:36 +0300] "GET /wp-content/themes/martfury/css/bootstrap.min.css?ver=3.3.7 HTTP/1.1" 200 3727 "https://karismamodernkitchen.com/product-category/fabrications/stainless-steel/page/2/" "Mozilla/5.0 (Linux; Android 10; K) AppleWebKit/537.36 (KHTML, like Gecko) Chrome/138.0.0.0 Mobile Safari/537.36 (compatible; Google-Read-Aloud; +https://support.google.com/webmasters/answer/1061943)"
66.249.83.107 - - [05/Aug/2025:17:31:36 +0300] "GET /wp-content/plugins/contact-form-7/includes/css/styles.css?ver=6.1.1 HTTP/1.1" 200 899 "https://karismamodernkitchen.com/product-category/fabrications/stainless-steel/page/2/" "Mozilla/5.0 (Linux; Android 10; K) AppleWebKit/537.36 (KHTML, like Gecko) Chrome/138.0.0.0 Mobile Safari/537.36 (compatible; Google-Read-Aloud; +https://support.google.com/webmasters/answer/1061943)"
66.249.83.107 - - [05/Aug/2025:17:31:36 +0300] "GET /wp-content/plugins/elementor/assets/css/widget-divider.min.css?ver=3.30.4 HTTP/1.1" 200 705 "https://karismamodernkitchen.com/product-category/fabrications/stainless-steel/page/2/" "Mozilla/5.0 (Linux; Android 10; K) AppleWebKit/537.36 (KHTML, like Gecko) Chrome/138.0.0.0 Mobile Safari/537.36 (compatible; Google-Read-Aloud; +https://support.google.com/webmasters/answer/1061943)"
66.249.83.106 - - [05/Aug/2025:17:31:36 +0300] "GET /wp-content/plugins/elementor/assets/css/widget-icon-list.min.css?ver=3.24.3 HTTP/1.1" 200 957 "https://karismamodernkitchen.com/product-category/fabrications/stainless-steel/page/2/" "Mozilla/5.0 (Linux; Android 10; K) AppleWebKit/537.36 (KHTML, like Gecko) Chrome/138.0.0.0 Mobile Safari/537.36 (compatible; Google-Read-Aloud; +https://support.google.com/webmasters/answer/1061943)"
45.40.50.195 - - [05/Aug/2025:17:27:07 +0300] "GET /shop/page/7/?orderby=rating&remove_compare_item=89a4779d3836ea432f7ea074e522a17e&_wpnonce=6f69f1ffb7 HTTP/2" 200 32628 "https://karismamodernkitchen.com/shop/page/7/?orderby=rating&remove_compare_item=89a4779d3836ea432f7ea074e522a17e&_wpnonce=6f69f1ffb7" "Mozilla/5.0 (Macintosh; Intel Mac OS X 10_15_7) AppleWebKit/537.36 (KHTML, like Gecko) Chrome/119.0.0.0 Safari/537.36"
66.249.69.198 - - [05/Aug/2025:17:27:11 +0300] "GET /shopdetail/14269328/ HTTP/1.1" 404 25562 "-" "Mozilla/5.0 (compatible; Googlebot/2.1; +http://www.google.com/bot.html)"
52.167.144.179 - - [05/Aug/2025:17:27:26 +0300] "GET /product-brand/caterina/page/2/?orderby=price&product_brand=karisma%2Cgeneric%2Cpremier HTTP/2" 200 31743 "-" "Mozilla/5.0 AppleWebKit/537.36 (KHTML, like Gecko; compatible; bingbot/2.0; +http://www.bing.com/bingbot.htm) Chrome/116.0.1938.76 Safari/537.36"
57.141.6.8 - - [05/Aug/2025:17:27:30 +0300] "GET /shopdetail/3145151/ HTTP/2" 404 131187 "-" "meta-externalagent/1.1 (+https://developers.facebook.com/docs/sharing/webmasters/crawler)"
66.249.68.38 - - [05/Aug/2025:17:29:03 +0300] "GET /shopdetail/29930006/ HTTP/1.1" 404 25559 "-" "Mozilla/5.0 (compatible; Googlebot/2.1; +http://www.google.com/bot.html)"
197.248.134.119 - - [05/Aug/2025:17:29:05 +0300] "POST /wp-admin/admin-ajax.php HTTP/2" 200 51 "https://karismamodernkitchen.com/wp-admin/admin.php?page=wp_file_manager" "Mozilla/5.0 (Windows NT 10.0; Win64; x64) AppleWebKit/537.36 (KHTML, like Gecko) Chrome/138.0.0.0 Safari/537.36"
45.40.50.250 - - [05/Aug/2025:17:29:14 +0300] "GET /shop/page/7/?orderby=menu_order&add_to_compare=4083 HTTP/2" 200 33466 "https://karismamodernkitchen.com/shop/page/7/?orderby=menu_order&add_to_compare=4083" "Mozilla/5.0 (Windows NT 10.0; Win64; x64) AppleWebKit/537.36 (KHTML, like Gecko) Chrome/116.0.0.0 Safari/537.36"
66.249.69.200 - - [05/Aug/2025:17:29:30 +0300] "GET /shopdetail/5058540/ HTTP/1.1" 404 25627 "-" "Mozilla/5.0 (compatible; Googlebot/2.1; +http://www.google.com/bot.html)"
57.141.6.27 - - [05/Aug/2025:17:30:51 +0300] "GET /shopdetail/22236073/ HTTP/2" 404 131191 "-" "meta-externalagent/1.1 (+https://developers.facebook.com/docs/sharing/webmasters/crawler)"
66.249.69.199 - - [05/Aug/2025:17:30:57 +0300] "GET /shopdetail/5650262/ HTTP/1.1" 404 25626 "-" "Mozilla/5.0 (Linux; Android 6.0.1; Nexus 5X Build/MMB29P) AppleWebKit/537.36 (KHTML, like Gecko) Chrome/138.0.7204.183 Mobile Safari/537.36 (compatible; Googlebot/2.1; +http://www.google.com/bot.html)"
66.249.69.198 - - [05/Aug/2025:17:31:12 +0300] "GET /shopdetail/18561339/ HTTP/1.1" 404 25561 "-" "Mozilla/5.0 (Linux; Android 6.0.1; Nexus 5X Build/MMB29P) AppleWebKit/537.36 (KHTML, like Gecko) Chrome/138.0.7204.183 Mobile Safari/537.36 (compatible; GoogleOther)"
162.128.175.182 - - [05/Aug/2025:17:31:22 +0300] "GET /product-category/fabrications/stainless-steel/page/2/?orderby=menu_order&add_to_compare=3982 HTTP/2" 200 31612 "https://karismamodernkitchen.com/product-category/fabrications/stainless-steel/page/2/?orderby=menu_order&add_to_compare=3982" "Mozilla/5.0 (Windows NT 10.0; Win64; x64) AppleWebKit/537.36 (KHTML, like Gecko) Chrome/107.0.0.0 Safari/537.36"
66.249.93.74 - - [05/Aug/2025:17:31:23 +0300] "GET /product-category/fabrications/stainless-steel/page/2/ HTTP/1.1" 200 31338 "-" "Mozilla/5.0 (Linux; Android 10; K) AppleWebKit/537.36 (KHTML, like Gecko) Chrome/138.0.0.0 Mobile Safari/537.36 (compatible; Google-Read-Aloud; +https://support.google.com/webmasters/answer/1061943)"
66.249.83.105 - - [05/Aug/2025:17:31:30 +0300] "GET /product-category/fabrications/stainless-steel/page/2/ HTTP/1.1" 200 31338 "-" "Mozilla/5.0 (Linux; Android 10; K) AppleWebKit/537.36 (KHTML, like Gecko) Chrome/138.0.0.0 Mobile Safari/537.36 (compatible; Google-Read-Aloud; +https://support.google.com/webmasters/answer/1061943)"
66.249.83.106 - - [05/Aug/2025:17:31:36 +0300] "GET /wp-content/plugins/elementor/assets/css/widget-social-icons.min.css?ver=3.30.4 HTTP/1.1" 200 1069 "https://karismamodernkitchen.com/product-category/fabrications/stainless-steel/page/2/" "Mozilla/5.0 (Linux; Android 10; K) AppleWebKit/537.36 (KHTML, like Gecko) Chrome/138.0.0.0 Mobile Safari/537.36 (compatible; Google-Read-Aloud; +https://support.google.com/webmasters/answer/1061943)"
66.249.83.106 - - [05/Aug/2025:17:31:36 +0300] "GET /wp-content/uploads/elementor/css/post-8.css?ver=1754399781 HTTP/1.1" 200 378 "https://karismamodernkitchen.com/product-category/fabrications/stainless-steel/page/2/" "Mozilla/5.0 (Linux; Android 10; K) AppleWebKit/537.36 (KHTML, like Gecko) Chrome/138.0.0.0 Mobile Safari/537.36 (compatible; Google-Read-Aloud; +https://support.google.com/webmasters/answer/1061943)"
66.249.83.106 - - [05/Aug/2025:17:31:36 +0300] "GET /wp-content/plugins/wcboost-wishlist/assets/css/wishlist.css?ver=1.2.1 HTTP/1.1" 200 1164 "https://karismamodernkitchen.com/product-category/fabrications/stainless-steel/page/2/" "Mozilla/5.0 (Linux; Android 10; K) AppleWebKit/537.36 (KHTML, like Gecko) Chrome/138.0.0.0 Mobile Safari/537.36 (compatible; Google-Read-Aloud; +https://support.google.com/webmasters/answer/1061943)"
66.249.83.107 - - [05/Aug/2025:17:31:36 +0300] "GET /wp-content/plugins/elementor/assets/lib/font-awesome/css/solid.css?ver=5.15.3 HTTP/1.1" 200 296 "https://karismamodernkitchen.com/product-category/fabrications/stainless-steel/page/2/" "Mozilla/5.0 (Linux; Android 10; K) AppleWebKit/537.36 (KHTML, like Gecko) Chrome/138.0.0.0 Mobile Safari/537.36 (compatible; Google-Read-Aloud; +https://support.google.com/webmasters/answer/1061943)"
66.249.83.107 - - [05/Aug/2025:17:31:36 +0300] "GET /wp-content/plugins/header-footer-elementor/assets/css/header-footer-elementor.css?ver=2.4.8 HTTP/1.1" 200 259 "https://karismamodernkitchen.com/product-category/fabrications/stainless-steel/page/2/" "Mozilla/5.0 (Linux; Android 10; K) AppleWebKit/537.36 (KHTML, like Gecko) Chrome/138.0.0.0 Mobile Safari/537.36 (compatible; Google-Read-Aloud; +https://support.google.com/webmasters/answer/1061943)"
66.249.83.106 - - [05/Aug/2025:17:31:36 +0300] "GET /wp-content/plugins/elementor/assets/css/frontend.min.css?ver=3.30.4 HTTP/1.1" 200 6482 "https://karismamodernkitchen.com/product-category/fabrications/stainless-steel/page/2/" "Mozilla/5.0 (Linux; Android 10; K) AppleWebKit/537.36 (KHTML, like Gecko) Chrome/138.0.0.0 Mobile Safari/537.36 (compatible; Google-Read-Aloud; +https://support.google.com/webmasters/answer/1061943)"
66.249.83.107 - - [05/Aug/2025:17:31:36 +0300] "GET /wp-content/plugins/woo-order-on-whatsapp//assets/css/style.min.css?ver=2.4.1 HTTP/1.1" 200 315 "https://karismamodernkitchen.com/product-category/fabrications/stainless-steel/page/2/" "Mozilla/5.0 (Linux; Android 10; K) AppleWebKit/537.36 (KHTML, like Gecko) Chrome/138.0.0.0 Mobile Safari/537.36 (compatible; Google-Read-Aloud; +https://support.google.com/webmasters/answer/1061943)"
66.249.83.107 - - [05/Aug/2025:17:31:36 +0300] "GET /wp-content/plugins/woocommerce/assets/css/brands.css?ver=10.0.4 HTTP/1.1" 200 579 "https://karismamodernkitchen.com/product-category/fabrications/stainless-steel/page/2/" "Mozilla/5.0 (Linux; Android 10; K) AppleWebKit/537.36 (KHTML, like Gecko) Chrome/138.0.0.0 Mobile Safari/537.36 (compatible; Google-Read-Aloud; +https://support.google.com/webmasters/answer/1061943)"
66.249.83.105 - - [05/Aug/2025:17:31:36 +0300] "GET /wp-content/themes/martfury/fonts/eleganticons.woff2 HTTP/1.1" 200 21728 "https://karismamodernkitchen.com/product-category/fabrications/stainless-steel/page/2/" "Mozilla/5.0 (Linux; Android 10; K) AppleWebKit/537.36 (KHTML, like Gecko) Chrome/138.0.0.0 Mobile Safari/537.36 (compatible; Google-Read-Aloud; +https://support.google.com/webmasters/answer/1061943)"
66.249.83.105 - - [05/Aug/2025:17:31:36 +0300] "GET /wp-content/themes/martfury/fonts/linearicons.woff2 HTTP/1.1" 200 146392 "https://karismamodernkitchen.com/product-category/fabrications/stainless-steel/page/2/" "Mozilla/5.0 (Linux; Android 10; K) AppleWebKit/537.36 (KHTML, like Gecko) Chrome/138.0.0.0 Mobile Safari/537.36 (compatible; Google-Read-Aloud; +https://support.google.com/webmasters/answer/1061943)"
66.249.83.106 - - [05/Aug/2025:17:31:30 +0300] "GET /product-category/fabrications/stainless-steel/page/2/ HTTP/1.1" 200 31338 "-" "Mozilla/5.0 (Linux; Android 10; K) AppleWebKit/537.36 (KHTML, like Gecko) Chrome/138.0.0.0 Mobile Safari/537.36 (compatible; Google-Read-Aloud; +https://support.google.com/webmasters/answer/1061943)"
66.249.83.106 - - [05/Aug/2025:17:31:36 +0300] "GET /wp-content/plugins/elementor/assets/css/widget-heading.min.css?ver=3.30.4 HTTP/1.1" 200 154 "https://karismamodernkitchen.com/product-category/fabrications/stainless-steel/page/2/" "Mozilla/5.0 (Linux; Android 10; K) AppleWebKit/537.36 (KHTML, like Gecko) Chrome/138.0.0.0 Mobile Safari/537.36 (compatible; Google-Read-Aloud; +https://support.google.com/webmasters/answer/1061943)"
66.249.83.106 - - [05/Aug/2025:17:31:36 +0300] "GET /wp-content/themes/martfury/css/linearicons.min.css?ver=1.0.0 HTTP/1.1" 200 7263 "https://karismamodernkitchen.com/product-category/fabrications/stainless-steel/page/2/" "Mozilla/5.0 (Linux; Android 10; K) AppleWebKit/537.36 (KHTML, like Gecko) Chrome/138.0.0.0 Mobile Safari/537.36 (compatible; Google-Read-Aloud; +https://support.google.com/webmasters/answer/1061943)"
66.249.83.107 - - [05/Aug/2025:17:31:36 +0300] "GET /wp-content/plugins/elementor/assets/lib/eicons/css/elementor-icons.min.css?ver=5.34.0 HTTP/1.1" 200 3989 "https://karismamodernkitchen.com/product-category/fabrications/stainless-steel/page/2/" "Mozilla/5.0 (Linux; Android 10; K) AppleWebKit/537.36 (KHTML, like Gecko) Chrome/138.0.0.0 Mobile Safari/537.36 (compatible; Google-Read-Aloud; +https://support.google.com/webmasters/answer/1061943)"
66.249.83.105 - - [05/Aug/2025:17:31:36 +0300] "GET /wp-content/plugins/woocommerce/assets/css/woocommerce.css?ver=10.0.4 HTTP/1.1" 200 10172 "https://karismamodernkitchen.com/product-category/fabrications/stainless-steel/page/2/" "Mozilla/5.0 (Linux; Android 10; K) AppleWebKit/537.36 (KHTML, like Gecko) Chrome/138.0.0.0 Mobile Safari/537.36 (compatible; Google-Read-Aloud; +https://support.google.com/webmasters/answer/1061943)"
66.249.83.106 - - [05/Aug/2025:17:31:36 +0300] "GET /wp-includes/css/dist/block-library/style.min.css?ver=6.8.2 HTTP/1.1" 200 14360 "https://karismamodernkitchen.com/product-category/fabrications/stainless-steel/page/2/" "Mozilla/5.0 (Linux; Android 10; K) AppleWebKit/537.36 (KHTML, like Gecko) Chrome/138.0.0.0 Mobile Safari/537.36 (compatible; Google-Read-Aloud; +https://support.google.com/webmasters/answer/1061943)"
66.249.83.107 - - [05/Aug/2025:17:31:36 +0300] "GET /wp-content/uploads/elementor/google-fonts/css/roboto.css?ver=1743492454 HTTP/1.1" 200 1875 "https://karismamodernkitchen.com/product-category/fabrications/stainless-steel/page/2/" "Mozilla/5.0 (Linux; Android 10; K) AppleWebKit/537.36 (KHTML, like Gecko) Chrome/138.0.0.0 Mobile Safari/537.36 (compatible; Google-Read-Aloud; +https://support.google.com/webmasters/answer/1061943)"
66.249.83.106 - - [05/Aug/2025:17:31:36 +0300] "GET /wp-content/plugins/elementor/assets/css/widget-social-icons.min.css?ver=3.24.0 HTTP/1.1" 200 1069 "https://karismamodernkitchen.com/product-category/fabrications/stainless-steel/page/2/" "Mozilla/5.0 (Linux; Android 10; K) AppleWebKit/537.36 (KHTML, like Gecko) Chrome/138.0.0.0 Mobile Safari/537.36 (compatible; Google-Read-Aloud; +https://support.google.com/webmasters/answer/1061943)"
66.249.83.107 - - [05/Aug/2025:17:31:36 +0300] "GET /wp-content/plugins/woocommerce/assets/client/blocks/wc-blocks.css?ver=wc-10.0.4 HTTP/1.1" 200 2357 "https://karismamodernkitchen.com/product-category/fabrications/stainless-steel/page/2/" "Mozilla/5.0 (Linux; Android 10; K) AppleWebKit/537.36 (KHTML, like Gecko) Chrome/138.0.0.0 Mobile Safari/537.36 (compatible; Google-Read-Aloud; +https://support.google.com/webmasters/answer/1061943)"
66.249.83.106 - - [05/Aug/2025:17:31:36 +0300] "GET /wp-content/plugins/elementor/assets/css/conditionals/apple-webkit.min.css?ver=3.30.4 HTTP/1.1" 200 472 "https://karismamodernkitchen.com/product-category/fabrications/stainless-steel/page/2/" "Mozilla/5.0 (Linux; Android 10; K) AppleWebKit/537.36 (KHTML, like Gecko) Chrome/138.0.0.0 Mobile Safari/537.36 (compatible; Google-Read-Aloud; +https://support.google.com/webmasters/answer/1061943)"
66.249.83.105 - - [05/Aug/2025:17:31:36 +0300] "GET /wp-content/uploads/elementor/css/post-4451.css?ver=1754399781 HTTP/1.1" 200 1846 "https://karismamodernkitchen.com/product-category/fabrications/stainless-steel/page/2/" "Mozilla/5.0 (Linux; Android 10; K) AppleWebKit/537.36 (KHTML, like Gecko) Chrome/138.0.0.0 Mobile Safari/537.36 (compatible; Google-Read-Aloud; +https://support.google.com/webmasters/answer/1061943)"
66.249.83.105 - - [05/Aug/2025:17:31:36 +0300] "GET /wp-content/themes/martfury/css/ionicons.min.css?ver=2.0.0 HTTP/1.1" 200 7480 "https://karismamodernkitchen.com/product-category/fabrications/stainless-steel/page/2/" "Mozilla/5.0 (Linux; Android 10; K) AppleWebKit/537.36 (KHTML, like Gecko) Chrome/138.0.0.0 Mobile Safari/537.36 (compatible; Google-Read-Aloud; +https://support.google.com/webmasters/answer/1061943)"
66.249.83.105 - - [05/Aug/2025:17:31:36 +0300] "GET /wp-content/themes/martfury/fonts/eleganticons.woff2 HTTP/1.1" 200 21728 "https://karismamodernkitchen.com/product-category/fabrications/stainless-steel/page/2/" "Mozilla/5.0 (Linux; Android 10; K) AppleWebKit/537.36 (KHTML, like Gecko) Chrome/138.0.0.0 Mobile Safari/537.36 (compatible; Google-Read-Aloud; +https://support.google.com/webmasters/answer/1061943)"
66.249.83.105 - - [05/Aug/2025:17:31:36 +0300] "GET /wp-content/plugins/elementor/assets/lib/font-awesome/css/font-awesome.min.css?ver=4.7.0 HTTP/1.1" 200 6657 "https://karismamodernkitchen.com/product-category/fabrications/stainless-steel/page/2/" "Mozilla/5.0 (Linux; Android 10; K) AppleWebKit/537.36 (KHTML, like Gecko) Chrome/138.0.0.0 Mobile Safari/537.36 (compatible; Google-Read-Aloud; +https://support.google.com/webmasters/answer/1061943)"
66.249.83.106 - - [05/Aug/2025:17:31:36 +0300] "GET /wp-content/plugins/header-footer-elementor/inc/widgets-css/frontend.css?ver=2.4.8 HTTP/1.1" 200 8154 "https://karismamodernkitchen.com/product-category/fabrications/stainless-steel/page/2/" "Mozilla/5.0 (Linux; Android 10; K) AppleWebKit/537.36 (KHTML, like Gecko) Chrome/138.0.0.0 Mobile Safari/537.36 (compatible; Google-Read-Aloud; +https://support.google.com/webmasters/answer/1061943)"
66.249.83.106 - - [05/Aug/2025:17:31:36 +0300] "GET /wp-content/plugins/elementor/assets/css/widget-social-icons.min.css?ver=3.24.0 HTTP/1.1" 200 1069 "https://karismamodernkitchen.com/product-category/fabrications/stainless-steel/page/2/" "Mozilla/5.0 (Linux; Android 10; K) AppleWebKit/537.36 (KHTML, like Gecko) Chrome/138.0.0.0 Mobile Safari/537.36 (compatible; Google-Read-Aloud; +https://support.google.com/webmasters/answer/1061943)"
66.249.83.107 - - [05/Aug/2025:17:31:36 +0300] "GET /wp-content/themes/martfury/css/linearicons.min.css?ver=1.0.0 HTTP/1.1" 200 7263 "https://karismamodernkitchen.com/product-category/fabrications/stainless-steel/page/2/" "Mozilla/5.0 (Linux; Android 10; K) AppleWebKit/537.36 (KHTML, like Gecko) Chrome/138.0.0.0 Mobile Safari/537.36 (compatible; Google-Read-Aloud; +https://support.google.com/webmasters/answer/1061943)"
66.249.83.105 - - [05/Aug/2025:17:31:36 +0300] "GET /wp-content/plugins/woocommerce/assets/css/woocommerce.css?ver=10.0.4 HTTP/1.1" 200 10172 "https://karismamodernkitchen.com/product-category/fabrications/stainless-steel/page/2/" "Mozilla/5.0 (Linux; Android 10; K) AppleWebKit/537.36 (KHTML, like Gecko) Chrome/138.0.0.0 Mobile Safari/537.36 (compatible; Google-Read-Aloud; +https://support.google.com/webmasters/answer/1061943)"
66.249.83.107 - - [05/Aug/2025:17:31:36 +0300] "GET /wp-content/themes/martfury/fonts/linearicons.woff2 HTTP/1.1" 200 146392 "https://karismamodernkitchen.com/product-category/fabrications/stainless-steel/page/2/" "Mozilla/5.0 (Linux; Android 10; K) AppleWebKit/537.36 (KHTML, like Gecko) Chrome/138.0.0.0 Mobile Safari/537.36 (compatible; Google-Read-Aloud; +https://support.google.com/webmasters/answer/1061943)"
66.249.83.107 - - [05/Aug/2025:17:31:36 +0300] "GET /wp-content/uploads/elementor/css/post-4451.css?ver=1754399781 HTTP/1.1" 200 1846 "https://karismamodernkitchen.com/product-category/fabrications/stainless-steel/page/2/" "Mozilla/5.0 (Linux; Android 10; K) AppleWebKit/537.36 (KHTML, like Gecko) Chrome/138.0.0.0 Mobile Safari/537.36 (compatible; Google-Read-Aloud; +https://support.google.com/webmasters/answer/1061943)"
66.249.83.105 - - [05/Aug/2025:17:31:36 +0300] "GET /wp-content/themes/martfury/css/ionicons.min.css?ver=2.0.0 HTTP/1.1" 200 7480 "https://karismamodernkitchen.com/product-category/fabrications/stainless-steel/page/2/" "Mozilla/5.0 (Linux; Android 10; K) AppleWebKit/537.36 (KHTML, like Gecko) Chrome/138.0.0.0 Mobile Safari/537.36 (compatible; Google-Read-Aloud; +https://support.google.com/webmasters/answer/1061943)"
66.249.83.106 - - [05/Aug/2025:17:31:36 +0300] "GET /wp-content/plugins/elementor/assets/lib/font-awesome/css/fontawesome.css?ver=5.15.3 HTTP/1.1" 200 12526 "https://karismamodernkitchen.com/product-category/fabrications/stainless-steel/page/2/" "Mozilla/5.0 (Linux; Android 10; K) AppleWebKit/537.36 (KHTML, like Gecko) Chrome/138.0.0.0 Mobile Safari/537.36 (compatible; Google-Read-Aloud; +https://support.google.com/webmasters/answer/1061943)"
66.249.83.106 - - [05/Aug/2025:17:31:36 +0300] "GET /wp-content/plugins/revslider/public/css/sr7.css?ver=6.7.25 HTTP/1.1" 200 1308 "https://karismamodernkitchen.com/product-category/fabrications/stainless-steel/page/2/" "Mozilla/5.0 (Linux; Android 10; K) AppleWebKit/537.36 (KHTML, like Gecko) Chrome/138.0.0.0 Mobile Safari/537.36 (compatible; Google-Read-Aloud; +https://support.google.com/webmasters/answer/1061943)"
66.249.83.107 - - [05/Aug/2025:17:31:37 +0300] "GET /wp-includes/js/wp-util.min.js?ver=6.8.2 HTTP/1.1" 200 690 "https://karismamodernkitchen.com/product-category/fabrications/stainless-steel/page/2/" "Mozilla/5.0 (Linux; Android 10; K) AppleWebKit/537.36 (KHTML, like Gecko) Chrome/138.0.0.0 Mobile Safari/537.36 (compatible; Google-Read-Aloud; +https://support.google.com/webmasters/answer/1061943)"
66.249.83.106 - - [05/Aug/2025:17:31:37 +0300] "GET /wp-content/plugins/contact-form-7/includes/css/styles.css?ver=6.1.1 HTTP/1.1" 200 899 "https://karismamodernkitchen.com/product-category/fabrications/stainless-steel/page/2/" "Mozilla/5.0 (Linux; Android 10; K) AppleWebKit/537.36 (KHTML, like Gecko) Chrome/138.0.0.0 Mobile Safari/537.36 (compatible; Google-Read-Aloud; +https://support.google.com/webmasters/answer/1061943)"
66.249.83.106 - - [05/Aug/2025:17:31:37 +0300] "GET /wp-content/themes/martfury/style.css?ver=20221123 HTTP/1.1" 200 82362 "https://karismamodernkitchen.com/product-category/fabrications/stainless-steel/page/2/" "Mozilla/5.0 (Linux; Android 10; K) AppleWebKit/537.36 (KHTML, like Gecko) Chrome/138.0.0.0 Mobile Safari/537.36 (compatible; Google-Read-Aloud; +https://support.google.com/webmasters/answer/1061943)"
66.249.83.106 - - [05/Aug/2025:17:31:37 +0300] "GET /wp-content/plugins/martfury-addons/assets/css/linearicons.min.css?ver=1.0.0 HTTP/1.1" 200 7448 "https://karismamodernkitchen.com/product-category/fabrications/stainless-steel/page/2/" "Mozilla/5.0 (Linux; Android 10; K) AppleWebKit/537.36 (KHTML, like Gecko) Chrome/138.0.0.0 Mobile Safari/537.36 (compatible; Google-Read-Aloud; +https://support.google.com/webmasters/answer/1061943)"
66.249.83.106 - - [05/Aug/2025:17:31:36 +0300] "GET /wp-includes/js/jquery/jquery.min.js?ver=3.7.1 HTTP/1.1" 200 29744 "https://karismamodernkitchen.com/product-category/fabrications/stainless-steel/page/2/" "Mozilla/5.0 (Linux; Android 10; K) AppleWebKit/537.36 (KHTML, like Gecko) Chrome/138.0.0.0 Mobile Safari/537.36 (compatible; Google-Read-Aloud; +https://support.google.com/webmasters/answer/1061943)"
66.249.83.107 - - [05/Aug/2025:17:31:37 +0300] "GET /wp-includes/js/underscore.min.js?ver=1.13.7 HTTP/1.1" 200 7185 "https://karismamodernkitchen.com/product-category/fabrications/stainless-steel/page/2/" "Mozilla/5.0 (Linux; Android 10; K) AppleWebKit/537.36 (KHTML, like Gecko) Chrome/138.0.0.0 Mobile Safari/537.36 (compatible; Google-Read-Aloud; +https://support.google.com/webmasters/answer/1061943)"
66.249.83.107 - - [05/Aug/2025:17:31:37 +0300] "GET /wp-includes/js/jquery/jquery-migrate.min.js?ver=3.4.1 HTTP/1.1" 200 4678 "https://karismamodernkitchen.com/product-category/fabrications/stainless-steel/page/2/" "Mozilla/5.0 (Linux; Android 10; K) AppleWebKit/537.36 (KHTML, like Gecko) Chrome/138.0.0.0 Mobile Safari/537.36 (compatible; Google-Read-Aloud; +https://support.google.com/webmasters/answer/1061943)"
66.249.83.105 - - [05/Aug/2025:17:31:37 +0300] "GET /wp-content/uploads/elementor/google-fonts/css/ubuntu.css?ver=1744291618 HTTP/1.1" 200 813 "https://karismamodernkitchen.com/product-category/fabrications/stainless-steel/page/2/" "Mozilla/5.0 (Linux; Android 10; K) AppleWebKit/537.36 (KHTML, like Gecko) Chrome/138.0.0.0 Mobile Safari/537.36 (compatible; Google-Read-Aloud; +https://support.google.com/webmasters/answer/1061943)"
66.249.83.105 - - [05/Aug/2025:17:31:37 +0300] "GET /wp-content/uploads/elementor/google-fonts/css/robotoslab.css?ver=1743492470 HTTP/1.1" 200 712 "https://karismamodernkitchen.com/product-category/fabrications/stainless-steel/page/2/" "Mozilla/5.0 (Linux; Android 10; K) AppleWebKit/537.36 (KHTML, like Gecko) Chrome/138.0.0.0 Mobile Safari/537.36 (compatible; Google-Read-Aloud; +https://support.google.com/webmasters/answer/1061943)"
66.249.83.106 - - [05/Aug/2025:17:31:38 +0300] "GET /wp-content/plugins/elementor/assets/lib/font-awesome/css/fontawesome.css?ver=5.15.3 HTTP/1.1" 200 12526 "https://karismamodernkitchen.com/product-category/fabrications/stainless-steel/page/2/" "Mozilla/5.0 (Linux; Android 10; K) AppleWebKit/537.36 (KHTML, like Gecko) Chrome/138.0.0.0 Mobile Safari/537.36 (compatible; Google-Read-Aloud; +https://support.google.com/webmasters/answer/1061943)"
66.249.83.107 - - [05/Aug/2025:17:31:38 +0300] "GET /wp-content/plugins/elementor/assets/css/widget-icon-list.min.css?ver=3.30.4 HTTP/1.1" 200 957 "https://karismamodernkitchen.com/product-category/fabrications/stainless-steel/page/2/" "Mozilla/5.0 (Linux; Android 10; K) AppleWebKit/537.36 (KHTML, like Gecko) Chrome/138.0.0.0 Mobile Safari/537.36 (compatible; Google-Read-Aloud; +https://support.google.com/webmasters/answer/1061943)"
66.249.83.106 - - [05/Aug/2025:17:31:38 +0300] "GET /wp-content/uploads/elementor/google-fonts/css/robotoslab.css?ver=1743492470 HTTP/1.1" 200 712 "https://karismamodernkitchen.com/product-category/fabrications/stainless-steel/page/2/" "Mozilla/5.0 (Linux; Android 10; K) AppleWebKit/537.36 (KHTML, like Gecko) Chrome/138.0.0.0 Mobile Safari/537.36 (compatible; Google-Read-Aloud; +https://support.google.com/webmasters/answer/1061943)"
66.249.83.105 - - [05/Aug/2025:17:31:38 +0300] "GET /wp-content/plugins/elementor/assets/css/widget-icon-box.min.css?ver=3.30.4 HTTP/1.1" 200 656 "https://karismamodernkitchen.com/product-category/fabrications/stainless-steel/page/2/" "Mozilla/5.0 (Linux; Android 10; K) AppleWebKit/537.36 (KHTML, like Gecko) Chrome/138.0.0.0 Mobile Safari/537.36 (compatible; Google-Read-Aloud; +https://support.google.com/webmasters/answer/1061943)"
66.249.83.105 - - [05/Aug/2025:17:31:38 +0300] "GET /wp-content/plugins/elementor/assets/css/widget-image.min.css?ver=3.30.4 HTTP/1.1" 200 119 "https://karismamodernkitchen.com/product-category/fabrications/stainless-steel/page/2/" "Mozilla/5.0 (Linux; Android 10; K) AppleWebKit/537.36 (KHTML, like Gecko) Chrome/138.0.0.0 Mobile Safari/537.36 (compatible; Google-Read-Aloud; +https://support.google.com/webmasters/answer/1061943)"
66.249.83.107 - - [05/Aug/2025:17:31:38 +0300] "GET /wp-content/plugins/revslider/public/css/sr7.css?ver=6.7.25 HTTP/1.1" 200 1308 "https://karismamodernkitchen.com/product-category/fabrications/stainless-steel/page/2/" "Mozilla/5.0 (Linux; Android 10; K) AppleWebKit/537.36 (KHTML, like Gecko) Chrome/138.0.0.0 Mobile Safari/537.36 (compatible; Google-Read-Aloud; +https://support.google.com/webmasters/answer/1061943)"
66.249.83.106 - - [05/Aug/2025:17:31:38 +0300] "GET /wp-includes/js/dist/hooks.min.js?ver=4d63a3d491d11ffd8ac6 HTTP/1.1" 200 1571 "https://karismamodernkitchen.com/product-category/fabrications/stainless-steel/page/2/" "Mozilla/5.0 (Linux; Android 10; K) AppleWebKit/537.36 (KHTML, like Gecko) Chrome/138.0.0.0 Mobile Safari/537.36 (compatible; Google-Read-Aloud; +https://support.google.com/webmasters/answer/1061943)"
66.249.83.105 - - [05/Aug/2025:17:31:38 +0300] "GET /wp-content/plugins/elementor/assets/css/widget-image.min.css?ver=3.30.4 HTTP/1.1" 200 119 "https://karismamodernkitchen.com/product-category/fabrications/stainless-steel/page/2/" "Mozilla/5.0 (Linux; Android 10; K) AppleWebKit/537.36 (KHTML, like Gecko) Chrome/138.0.0.0 Mobile Safari/537.36 (compatible; Google-Read-Aloud; +https://support.google.com/webmasters/answer/1061943)"
66.249.83.106 - - [05/Aug/2025:17:31:38 +0300] "GET /wp-content/plugins/martfury-addons/assets/css/linearicons.min.css?ver=1.0.0 HTTP/1.1" 200 7448 "https://karismamodernkitchen.com/product-category/fabrications/stainless-steel/page/2/" "Mozilla/5.0 (Linux; Android 10; K) AppleWebKit/537.36 (KHTML, like Gecko) Chrome/138.0.0.0 Mobile Safari/537.36 (compatible; Google-Read-Aloud; +https://support.google.com/webmasters/answer/1061943)"
66.249.83.105 - - [05/Aug/2025:17:31:38 +0300] "GET /wp-includes/js/dist/i18n.min.js?ver=5e580eb46a90c2b997e6 HTTP/1.1" 200 3542 "https://karismamodernkitchen.com/product-category/fabrications/stainless-steel/page/2/" "Mozilla/5.0 (Linux; Android 10; K) AppleWebKit/537.36 (KHTML, like Gecko) Chrome/138.0.0.0 Mobile Safari/537.36 (compatible; Google-Read-Aloud; +https://support.google.com/webmasters/answer/1061943)"
66.249.83.106 - - [05/Aug/2025:17:31:38 +0300] "GET /wp-content/plugins/contact-form-7/includes/swv/js/index.js?ver=6.1.1 HTTP/1.1" 200 3369 "https://karismamodernkitchen.com/product-category/fabrications/stainless-steel/page/2/" "Mozilla/5.0 (Linux; Android 10; K) AppleWebKit/537.36 (KHTML, like Gecko) Chrome/138.0.0.0 Mobile Safari/537.36 (compatible; Google-Read-Aloud; +https://support.google.com/webmasters/answer/1061943)"
66.249.83.105 - - [05/Aug/2025:17:31:38 +0300] "GET /wp-content/plugins/contact-form-7/includes/js/index.js?ver=6.1.1 HTTP/1.1" 200 4008 "https://karismamodernkitchen.com/product-category/fabrications/stainless-steel/page/2/" "Mozilla/5.0 (Linux; Android 10; K) AppleWebKit/537.36 (KHTML, like Gecko) Chrome/138.0.0.0 Mobile Safari/537.36 (compatible; Google-Read-Aloud; +https://support.google.com/webmasters/answer/1061943)"
66.249.83.105 - - [05/Aug/2025:17:31:38 +0300] "GET /wp-content/plugins/wcboost-products-compare/assets/js/compare.min.js?ver=1.0.8 HTTP/1.1" 200 2498 "https://karismamodernkitchen.com/product-category/fabrications/stainless-steel/page/2/" "Mozilla/5.0 (Linux; Android 10; K) AppleWebKit/537.36 (KHTML, like Gecko) Chrome/138.0.0.0 Mobile Safari/537.36 (compatible; Google-Read-Aloud; +https://support.google.com/webmasters/answer/1061943)"
66.249.83.106 - - [05/Aug/2025:17:31:38 +0300] "GET /wp-content/fonts/ubuntu/4iCs6KVjbNBYlgoKfw72.woff2 HTTP/1.1" 200 34852 "https://karismamodernkitchen.com/product-category/fabrications/stainless-steel/page/2/" "Mozilla/5.0 (Linux; Android 10; K) AppleWebKit/537.36 (KHTML, like Gecko) Chrome/138.0.0.0 Mobile Safari/537.36 (compatible; Google-Read-Aloud; +https://support.google.com/webmasters/answer/1061943)"
66.249.83.105 - - [05/Aug/2025:17:31:38 +0300] "GET /wp-content/plugins/wcboost-products-compare/assets/js/compare-fragments.min.js?ver=1.0.8 HTTP/1.1" 200 1294 "https://karismamodernkitchen.com/product-category/fabrications/stainless-steel/page/2/" "Mozilla/5.0 (Linux; Android 10; K) AppleWebKit/537.36 (KHTML, like Gecko) Chrome/138.0.0.0 Mobile Safari/537.36 (compatible; Google-Read-Aloud; +https://support.google.com/webmasters/answer/1061943)"
66.249.83.105 - - [05/Aug/2025:17:31:38 +0300] "GET /wp-content/plugins/martfury-addons/assets/fonts/Linearicons.woff2 HTTP/1.1" 200 146536 "https://karismamodernkitchen.com/wp-content/plugins/martfury-addons/assets/css/linearicons.min.css?ver=1.0.0" "Mozilla/5.0 (Linux; Android 10; K) AppleWebKit/537.36 (KHTML, like Gecko) Chrome/138.0.0.0 Mobile Safari/537.36 (compatible; Google-Read-Aloud; +https://support.google.com/webmasters/answer/1061943)"
66.249.83.107 - - [05/Aug/2025:17:31:39 +0300] "GET /wp-content/plugins/wcboost-variation-swatches/assets/js/frontend.min.js?ver=1.1.2 HTTP/1.1" 200 1111 "https://karismamodernkitchen.com/product-category/fabrications/stainless-steel/page/2/" "Mozilla/5.0 (Linux; Android 10; K) AppleWebKit/537.36 (KHTML, like Gecko) Chrome/138.0.0.0 Mobile Safari/537.36 (compatible; Google-Read-Aloud; +https://support.google.com/webmasters/answer/1061943)"
66.249.83.106 - - [05/Aug/2025:17:31:39 +0300] "GET /wp-content/plugins/elementor/assets/css/widget-icon-box.min.css?ver=3.30.4 HTTP/1.1" 200 656 "https://karismamodernkitchen.com/product-category/fabrications/stainless-steel/page/2/" "Mozilla/5.0 (Linux; Android 10; K) AppleWebKit/537.36 (KHTML, like Gecko) Chrome/138.0.0.0 Mobile Safari/537.36 (compatible; Google-Read-Aloud; +https://support.google.com/webmasters/answer/1061943)"
66.249.83.106 - - [05/Aug/2025:17:31:39 +0300] "GET /wp-includes/css/dist/block-library/style.min.css?ver=6.8.2 HTTP/1.1" 200 14360 "https://karismamodernkitchen.com/product-category/fabrications/stainless-steel/page/2/" "Mozilla/5.0 (Linux; Android 10; K) AppleWebKit/537.36 (KHTML, like Gecko) Chrome/138.0.0.0 Mobile Safari/537.36 (compatible; Google-Read-Aloud; +https://support.google.com/webmasters/answer/1061943)"
66.249.83.107 - - [05/Aug/2025:17:31:39 +0300] "GET /wp-content/plugins/wcboost-wishlist/assets/js/wishlist.min.js?ver=1.2.1 HTTP/1.1" 200 2936 "https://karismamodernkitchen.com/product-category/fabrications/stainless-steel/page/2/" "Mozilla/5.0 (Linux; Android 10; K) AppleWebKit/537.36 (KHTML, like Gecko) Chrome/138.0.0.0 Mobile Safari/537.36 (compatible; Google-Read-Aloud; +https://support.google.com/webmasters/answer/1061943)"
