66.249.68.36 - - [05/Aug/2025:16:33:05 +0300] "GET /shopdetail/21772806/ HTTP/1.1" 200 18203 "-" "Mozilla/5.0 (compatible; Googlebot/2.1; +http://www.google.com/bot.html)"
66.249.68.36 - - [05/Aug/2025:16:33:06 +0300] "GET /shopdetail/2260206/ HTTP/1.1" 200 18616 "-" "Mozilla/5.0 (compatible; Googlebot/2.1; +http://www.google.com/bot.html)"
66.249.68.36 - - [05/Aug/2025:16:33:08 +0300] "GET /shopdetail/21698284/ HTTP/1.1" 200 17230 "-" "Mozilla/5.0 (compatible; Googlebot/2.1; +http://www.google.com/bot.html)"
66.249.68.36 - - [05/Aug/2025:16:33:09 +0300] "GET /shopdetail/13725151/ HTTP/1.1" 200 17748 "-" "Mozilla/5.0 (Linux; Android 6.0.1; Nexus 5X Build/MMB29P) AppleWebKit/537.36 (KHTML, like Gecko) Chrome/138.0.7204.183 Mobile Safari/537.36 (compatible; Googlebot/2.1; +http://www.google.com/bot.html)"
57.141.6.19 - - [05/Aug/2025:16:33:08 +0300] "GET /shopdetail/19301073/ HTTP/2" 404 131191 "-" "meta-externalagent/1.1 (+https://developers.facebook.com/docs/sharing/webmasters/crawler)"
66.249.68.36 - - [05/Aug/2025:16:33:13 +0300] "GET /shopdetail/4805162/ HTTP/1.1" 200 17820 "-" "Mozilla/5.0 (compatible; Googlebot/2.1; +http://www.google.com/bot.html)"
66.249.68.36 - - [05/Aug/2025:16:33:13 +0300] "GET /shopdetail/28127151/ HTTP/1.1" 200 19023 "-" "Mozilla/5.0 (compatible; Googlebot/2.1; +http://www.google.com/bot.html)"
66.249.68.36 - - [05/Aug/2025:16:33:14 +0300] "GET /shopdetail/22408240/ HTTP/1.1" 200 18072 "-" "Mozilla/5.0 (compatible; Googlebot/2.1; +http://www.google.com/bot.html)"
66.249.68.36 - - [05/Aug/2025:16:33:16 +0300] "GET /shopdetail/11267973/ HTTP/1.1" 200 18781 "-" "Mozilla/5.0 (compatible; Googlebot/2.1; +http://www.google.com/bot.html)"
66.249.68.36 - - [05/Aug/2025:16:33:18 +0300] "GET /shopdetail/4265662/ HTTP/1.1" 200 18047 "-" "Mozilla/5.0 (compatible; Googlebot/2.1; +http://www.google.com/bot.html)"
47.128.98.181 - - [05/Aug/2025:16:33:25 +0300] "GET /shop/?orderby=price-desc&product_brand=premier%2Ckarisma%2Cgeneric&rating_filter=5 HTTP/2" 403 0 "-" "Mozilla/5.0 (Linux; Android 5.0) AppleWebKit/537.36 (KHTML, like Gecko) Mobile Safari/537.36 (compatible; Bytespider; spider-feedback@bytedance.com)"
66.249.68.37 - - [05/Aug/2025:16:33:32 +0300] "GET /shopdetail/11321373/ HTTP/1.1" 200 18250 "-" "Mozilla/5.0 (compatible; Googlebot/2.1; +http://www.google.com/bot.html)"
66.249.68.36 - - [05/Aug/2025:16:33:45 +0300] "GET /shopdetail/25637073/ HTTP/1.1" 200 18303 "-" "Mozilla/5.0 (compatible; Googlebot/2.1; +http://www.google.com/bot.html)"
66.249.68.36 - - [05/Aug/2025:16:33:46 +0300] "GET /shopdetail/22253039/ HTTP/1.1" 200 18225 "-" "Mozilla/5.0 (compatible; Googlebot/2.1; +http://www.google.com/bot.html)"
66.249.68.36 - - [05/Aug/2025:16:33:47 +0300] "GET /shopdetail/9462173/ HTTP/1.1" 200 18262 "-" "Mozilla/5.0 (Linux; Android 6.0.1; Nexus 5X Build/MMB29P) AppleWebKit/537.36 (KHTML, like Gecko) Chrome/138.0.7204.183 Mobile Safari/537.36 (compatible; GoogleOther)"
66.249.68.36 - - [05/Aug/2025:16:33:52 +0300] "GET /shopdetail/6706195/ HTTP/1.1" 200 18903 "-" "Mozilla/5.0 (compatible; Googlebot/2.1; +http://www.google.com/bot.html)"
66.249.68.36 - - [05/Aug/2025:16:33:54 +0300] "GET /shopdetail/12839484/ HTTP/1.1" 200 18089 "-" "Mozilla/5.0 (Linux; Android 6.0.1; Nexus 5X Build/MMB29P) AppleWebKit/537.36 (KHTML, like Gecko) Chrome/138.0.7204.183 Mobile Safari/537.36 (compatible; GoogleOther)"
66.249.68.36 - - [05/Aug/2025:16:33:59 +0300] "GET /shopdetail/2158484/ HTTP/1.1" 200 17658 "-" "Mozilla/5.0 (compatible; Googlebot/2.1; +http://www.google.com/bot.html)"
66.249.68.38 - - [05/Aug/2025:16:34:00 +0300] "GET /shopdetail/22213073/ HTTP/1.1" 200 18323 "-" "Mozilla/5.0 (compatible; Googlebot/2.1; +http://www.google.com/bot.html)"
66.249.68.36 - - [05/Aug/2025:16:34:02 +0300] "GET /shopdetail/22157784/ HTTP/1.1" 200 18504 "-" "Mozilla/5.0 (compatible; Googlebot/2.1; +http://www.google.com/bot.html)"
66.249.68.36 - - [05/Aug/2025:16:34:06 +0300] "GET /shopdetail/21538406/ HTTP/1.1" 200 19295 "-" "Mozilla/5.0 (compatible; Googlebot/2.1; +http://www.google.com/bot.html)"
66.249.68.36 - - [05/Aug/2025:16:34:07 +0300] "GET /shopdetail/22015740/ HTTP/1.1" 200 18240 "-" "Mozilla/5.0 (compatible; Googlebot/2.1; +http://www.google.com/bot.html)"
57.141.6.21 - - [05/Aug/2025:16:34:03 +0300] "GET /shopdetail/4725639/ HTTP/2" 404 131187 "-" "meta-externalagent/1.1 (+https://developers.facebook.com/docs/sharing/webmasters/crawler)"
66.249.68.36 - - [05/Aug/2025:16:34:07 +0300] "GET /shopdetail/21496262/ HTTP/1.1" 200 17591 "-" "Mozilla/5.0 (compatible; Googlebot/2.1; +http://www.google.com/bot.html)"
66.249.68.36 - - [05/Aug/2025:16:34:09 +0300] "GET /shopdetail/2348417/ HTTP/1.1" 200 18273 "-" "Mozilla/5.0 (Linux; Android 6.0.1; Nexus 5X Build/MMB29P) AppleWebKit/537.36 (KHTML, like Gecko) Chrome/138.0.7204.183 Mobile Safari/537.36 (compatible; GoogleOther)"
66.249.68.36 - - [05/Aug/2025:16:34:09 +0300] "GET /shopdetail/21995762/ HTTP/1.1" 200 17987 "-" "Mozilla/5.0 (compatible; Googlebot/2.1; +http://www.google.com/bot.html)"
66.249.68.36 - - [05/Aug/2025:16:34:11 +0300] "GET /shopdetail/21410817/ HTTP/1.1" 200 18479 "-" "Mozilla/5.0 (compatible; Googlebot/2.1; +http://www.google.com/bot.html)"
66.249.68.36 - - [05/Aug/2025:16:34:12 +0300] "POST /get-message-notify HTTP/1.1" 200 17492 "https://karismamodernkitchen.com/shopdetail/23064939/" "Mozilla/5.0 (Linux; Android 6.0.1; Nexus 5X Build/MMB29P) AppleWebKit/537.36 (KHTML, like Gecko) Chrome/137.0.7151.119 Mobile Safari/537.36 (compatible; Googlebot/2.1; +http://www.google.com/bot.html)"
66.249.68.36 - - [05/Aug/2025:16:34:13 +0300] "GET /shopdetail/21990239/ HTTP/1.1" 200 17682 "-" "Mozilla/5.0 (compatible; Googlebot/2.1; +http://www.google.com/bot.html)"
66.249.68.36 - - [05/Aug/2025:16:34:14 +0300] "GET /shopdetail/21358628/ HTTP/1.1" 200 17682 "-" "Mozilla/5.0 (compatible; Googlebot/2.1; +http://www.google.com/bot.html)"
66.249.68.36 - - [05/Aug/2025:16:34:15 +0300] "GET /shopdetail/21970251/ HTTP/1.1" 200 18111 "-" "Mozilla/5.0 (compatible; Googlebot/2.1; +http://www.google.com/bot.html)"
66.249.68.37 - - [05/Aug/2025:16:34:16 +0300] "GET /shopdetail/28833040/ HTTP/1.1" 200 18377 "-" "Mozilla/5.0 (Linux; Android 6.0.1; Nexus 5X Build/MMB29P) AppleWebKit/537.36 (KHTML, like Gecko) Chrome/138.0.7204.183 Mobile Safari/537.36 (compatible; GoogleOther)"
66.249.68.37 - - [05/Aug/2025:16:34:17 +0300] "GET /shopdetail/21938006/ HTTP/1.1" 200 18139 "-" "Mozilla/5.0 (compatible; Googlebot/2.1; +http://www.google.com/bot.html)"
66.249.68.37 - - [05/Aug/2025:16:34:19 +0300] "GET /shopdetail/8723973/ HTTP/1.1" 200 18098 "-" "Mozilla/5.0 (compatible; Googlebot/2.1; +http://www.google.com/bot.html)"
66.249.68.37 - - [05/Aug/2025:16:34:21 +0300] "GET /shopdetail/21815940/ HTTP/1.1" 200 18039 "-" "Mozilla/5.0 (compatible; Googlebot/2.1; +http://www.google.com/bot.html)"
66.249.68.37 - - [05/Aug/2025:16:33:37 +0300] "GET /shopdetail/27543106/ HTTP/1.1" 200 17641 "-" "Mozilla/5.0 (compatible; Googlebot/2.1; +http://www.google.com/bot.html)"
66.249.68.37 - - [05/Aug/2025:16:33:38 +0300] "GET /shopdetail/4328573/ HTTP/1.1" 200 18974 "-" "Mozilla/5.0 (compatible; Googlebot/2.1; +http://www.google.com/bot.html)"
66.249.68.36 - - [05/Aug/2025:16:33:40 +0300] "GET /shopdetail/23064939/ HTTP/1.1" 200 18578 "-" "Mozilla/5.0 (Linux; Android 6.0.1; Nexus 5X Build/MMB29P) AppleWebKit/537.36 (KHTML, like Gecko) Chrome/138.0.7204.183 Mobile Safari/537.36 (compatible; GoogleOther)"
197.248.134.119 - - [05/Aug/2025:16:33:38 +0300] "POST /wp-admin/admin-ajax.php HTTP/2" 200 51 "https://karismamodernkitchen.com/wp-admin/admin.php?page=wp_file_manager" "Mozilla/5.0 (Windows NT 10.0; Win64; x64) AppleWebKit/537.36 (KHTML, like Gecko) Chrome/138.0.0.0 Safari/537.36"
66.249.68.37 - - [05/Aug/2025:16:33:43 +0300] "GET /shopdetail/2230673/ HTTP/1.1" 200 18778 "-" "Mozilla/5.0 (compatible; Googlebot/2.1; +http://www.google.com/bot.html)"
66.249.68.37 - - [05/Aug/2025:16:33:49 +0300] "GET /shopdetail/22237740/ HTTP/1.1" 200 17539 "-" "Mozilla/5.0 (compatible; Googlebot/2.1; +http://www.google.com/bot.html)"
66.249.68.37 - - [05/Aug/2025:16:33:57 +0300] "GET /shopdetail/22237706/ HTTP/1.1" 200 20158 "-" "Mozilla/5.0 (compatible; Googlebot/2.1; +http://www.google.com/bot.html)"
66.249.68.37 - - [05/Aug/2025:16:34:01 +0300] "GET /shopdetail/21574328/ HTTP/1.1" 200 18111 "-" "Mozilla/5.0 (compatible; Googlebot/2.1; +http://www.google.com/bot.html)"
66.249.68.37 - - [05/Aug/2025:16:34:03 +0300] "GET /shopdetail/21558384/ HTTP/1.1" 200 17575 "-" "Mozilla/5.0 (compatible; Googlebot/2.1; +http://www.google.com/bot.html)"
66.249.68.37 - - [05/Aug/2025:16:34:03 +0300] "GET /shopdetail/22137806/ HTTP/1.1" 200 17577 "-" "Mozilla/5.0 (compatible; Googlebot/2.1; +http://www.google.com/bot.html)"
66.249.68.37 - - [05/Aug/2025:16:34:21 +0300] "GET /shopdetail/9644773/ HTTP/1.1" 200 18644 "-" "Mozilla/5.0 (Linux; Android 6.0.1; Nexus 5X Build/MMB29P) AppleWebKit/537.36 (KHTML, like Gecko) Chrome/138.0.7204.183 Mobile Safari/537.36 (compatible; GoogleOther)"
66.249.68.36 - - [05/Aug/2025:16:34:29 +0300] "GET /shopdetail/11364540/ HTTP/1.1" 200 17311 "-" "Mozilla/5.0 (compatible; Googlebot/2.1; +http://www.google.com/bot.html)"
66.249.68.36 - - [05/Aug/2025:16:34:34 +0300] "GET /shopdetail/21457806/ HTTP/1.1" 200 18313 "-" "Mozilla/5.0 (compatible; Googlebot/2.1; +http://www.google.com/bot.html)"
66.249.68.38 - - [05/Aug/2025:16:34:42 +0300] "GET /shopdetail/13998117/ HTTP/1.1" 200 18089 "-" "Mozilla/5.0 (Linux; Android 6.0.1; Nexus 5X Build/MMB29P) AppleWebKit/537.36 (KHTML, like Gecko) Chrome/138.0.7204.183 Mobile Safari/537.36 (compatible; GoogleOther)"
66.249.68.37 - - [05/Aug/2025:16:34:46 +0300] "GET /shopdetail/21094806/ HTTP/1.1" 200 17739 "-" "Mozilla/5.0 (compatible; Googlebot/2.1; +http://www.google.com/bot.html)"
66.249.68.37 - - [05/Aug/2025:16:34:47 +0300] "GET /shopdetail/21251695/ HTTP/1.1" 200 17089 "-" "Mozilla/5.0 (compatible; Googlebot/2.1; +http://www.google.com/bot.html)"
66.249.68.36 - - [05/Aug/2025:16:34:54 +0300] "GET /shopdetail/25991762/ HTTP/1.1" 200 18806 "-" "Mozilla/5.0 (compatible; Googlebot/2.1; +http://www.google.com/bot.html)"
66.249.68.38 - - [05/Aug/2025:16:34:56 +0300] "GET /shopdetail/4878728/ HTTP/1.1" 200 18114 "-" "Mozilla/5.0 (compatible; Googlebot/2.1; +http://www.google.com/bot.html)"
66.249.68.36 - - [05/Aug/2025:16:34:57 +0300] "GET /shopdetail/20791106/ HTTP/1.1" 200 18357 "-" "Mozilla/5.0 (compatible; Googlebot/2.1; +http://www.google.com/bot.html)"
66.249.68.37 - - [05/Aug/2025:16:34:58 +0300] "GET /shopdetail/19585851/ HTTP/1.1" 200 18657 "-" "Mozilla/5.0 (Linux; Android 6.0.1; Nexus 5X Build/MMB29P) AppleWebKit/537.36 (KHTML, like Gecko) Chrome/138.0.7204.183 Mobile Safari/537.36 (compatible; GoogleOther)"
66.249.68.39 - - [05/Aug/2025:16:34:59 +0300] "GET /shopdetail/27572362/ HTTP/1.1" 200 19169 "-" "Mozilla/5.0 (compatible; Googlebot/2.1; +http://www.google.com/bot.html)"
190.92.208.94 - - [05/Aug/2025:16:34:20 +0300] "GET /shop/page/9/?orderby=rating&add-to-wishlist=3948 HTTP/2" 200 32785 "https://karismamodernkitchen.com/shop/page/9/?orderby=rating&add-to-wishlist=3948" "Mozilla/5.0 (Windows NT 10.0; Win64; x64) AppleWebKit/537.36 (KHTML, like Gecko) Chrome/110.0.0.0 Safari/537.36"
66.249.68.36 - - [05/Aug/2025:16:34:24 +0300] "GET /shopdetail/21278662/ HTTP/1.1" 200 18686 "-" "Mozilla/5.0 (compatible; Googlebot/2.1; +http://www.google.com/bot.html)"
66.249.68.37 - - [05/Aug/2025:16:34:25 +0300] "GET /shopdetail/4809339/ HTTP/1.1" 200 18088 "-" "Mozilla/5.0 (compatible; Googlebot/2.1; +http://www.google.com/bot.html)"
66.249.68.37 - - [05/Aug/2025:16:34:26 +0300] "GET /shopdetail/21156606/ HTTP/1.1" 200 18468 "-" "Mozilla/5.0 (compatible; Googlebot/2.1; +http://www.google.com/bot.html)"
66.249.68.37 - - [05/Aug/2025:16:34:27 +0300] "GET /shopdetail/12217262/ HTTP/1.1" 200 18242 "-" "Mozilla/5.0 (Linux; Android 6.0.1; Nexus 5X Build/MMB29P) AppleWebKit/537.36 (KHTML, like Gecko) Chrome/138.0.7204.183 Mobile Safari/537.36 (compatible; GoogleOther)"
66.249.68.37 - - [05/Aug/2025:16:34:28 +0300] "GET /shopdetail/21758184/ HTTP/1.1" 200 17342 "-" "Mozilla/5.0 (compatible; Googlebot/2.1; +http://www.google.com/bot.html)"
66.249.68.37 - - [05/Aug/2025:16:34:35 +0300] "GET /shopdetail/4865062/ HTTP/1.1" 200 19414 "-" "Mozilla/5.0 (compatible; Googlebot/2.1; +http://www.google.com/bot.html)"
66.249.68.37 - - [05/Aug/2025:16:34:36 +0300] "GET /shopdetail/21418528/ HTTP/1.1" 200 17966 "-" "Mozilla/5.0 (compatible; Googlebot/2.1; +http://www.google.com/bot.html)"
66.249.68.36 - - [05/Aug/2025:16:34:37 +0300] "GET /shopdetail/9343795/ HTTP/1.1" 200 18570 "-" "Mozilla/5.0 (Linux; Android 6.0.1; Nexus 5X Build/MMB29P) AppleWebKit/537.36 (KHTML, like Gecko) Chrome/138.0.7204.183 Mobile Safari/537.36 (compatible; GoogleOther)"
66.249.68.37 - - [05/Aug/2025:16:34:38 +0300] "POST /get-message-notify HTTP/1.1" 200 17492 "https://karismamodernkitchen.com/shopdetail/9644773/" "Mozilla/5.0 (Linux; Android 6.0.1; Nexus 5X Build/MMB29P) AppleWebKit/537.36 (KHTML, like Gecko) Chrome/137.0.7151.119 Mobile Safari/537.36 (compatible; Googlebot/2.1; +http://www.google.com/bot.html)"
66.249.68.37 - - [05/Aug/2025:16:34:41 +0300] "GET /shopdetail/4819740/ HTTP/1.1" 200 19070 "-" "Mozilla/5.0 (compatible; Googlebot/2.1; +http://www.google.com/bot.html)"
66.249.68.36 - - [05/Aug/2025:16:34:42 +0300] "GET /shopdetail/28229528/ HTTP/1.1" 200 19178 "-" "Mozilla/5.0 (compatible; Googlebot/2.1; +http://www.google.com/bot.html)"
66.249.68.36 - - [05/Aug/2025:16:34:45 +0300] "GET /shopdetail/21336428/ HTTP/1.1" 200 17994 "-" "Mozilla/5.0 (compatible; Googlebot/2.1; +http://www.google.com/bot.html)"
66.249.68.37 - - [05/Aug/2025:16:34:48 +0300] "GET /shopdetail/12741684/ HTTP/1.1" 200 18172 "-" "Mozilla/5.0 (Linux; Android 6.0.1; Nexus 5X Build/MMB29P) AppleWebKit/537.36 (KHTML, like Gecko) Chrome/138.0.7204.183 Mobile Safari/537.36 (compatible; GoogleOther)"
66.249.68.36 - - [05/Aug/2025:16:34:49 +0300] "GET /shopdetail/21053528/ HTTP/1.1" 200 18254 "-" "Mozilla/5.0 (compatible; Googlebot/2.1; +http://www.google.com/bot.html)"
66.249.68.38 - - [05/Aug/2025:16:34:50 +0300] "GET /shopdetail/21113462/ HTTP/1.1" 200 18324 "-" "Mozilla/5.0 (compatible; Googlebot/2.1; +http://www.google.com/bot.html)"
66.249.68.38 - - [05/Aug/2025:16:34:51 +0300] "GET /shopdetail/20989662/ HTTP/1.1" 200 17381 "-" "Mozilla/5.0 (compatible; Googlebot/2.1; +http://www.google.com/bot.html)"
66.249.68.38 - - [05/Aug/2025:16:34:53 +0300] "GET /shopdetail/16453395/ HTTP/1.1" 200 17680 "-" "Mozilla/5.0 (Linux; Android 6.0.1; Nexus 5X Build/MMB29P) AppleWebKit/537.36 (KHTML, like Gecko) Chrome/138.0.7204.183 Mobile Safari/537.36 (compatible; GoogleOther)"
66.249.68.37 - - [05/Aug/2025:16:35:01 +0300] "GET /shopdetail/11530928/ HTTP/1.1" 200 17864 "-" "Mozilla/5.0 (compatible; Googlebot/2.1; +http://www.google.com/bot.html)"
185.191.171.2 - - [05/Aug/2025:16:29:50 +0300] "GET /product-tag/heavy-duty-dough-mixer/ HTTP/1.1" 403 0 "-" "Mozilla/5.0 (compatible; SemrushBot/7~bl; +http://www.semrush.com/bot.html)"
57.141.6.19 - - [05/Aug/2025:16:30:05 +0300] "GET /shopdetail/28409895/ HTTP/2" 404 131191 "-" "meta-externalagent/1.1 (+https://developers.facebook.com/docs/sharing/webmasters/crawler)"
45.40.50.182 - - [05/Aug/2025:16:30:06 +0300] "GET /shop/page/7/?orderby=rating&add-to-wishlist=4363 HTTP/2" 200 32609 "https://karismamodernkitchen.com/shop/page/7/?orderby=rating&add-to-wishlist=4363" "Mozilla/5.0 (Macintosh; Intel Mac OS X 10_15_7) AppleWebKit/537.36 (KHTML, like Gecko) Chrome/123.0.0.0 Safari/537.36"
66.249.68.36 - - [05/Aug/2025:16:30:38 +0300] "GET /shopdetail/15336351/ HTTP/1.1" 200 18533 "-" "Mozilla/5.0 (Linux; Android 6.0.1; Nexus 5X Build/MMB29P) AppleWebKit/537.36 (KHTML, like Gecko) Chrome/138.0.7204.183 Mobile Safari/537.36 (compatible; GoogleOther)"
197.248.134.119 - - [05/Aug/2025:16:30:37 +0300] "POST /wp-admin/admin-ajax.php HTTP/2" 200 51 "https://karismamodernkitchen.com/wp-admin/admin.php?page=wp_file_manager" "Mozilla/5.0 (Windows NT 10.0; Win64; x64) AppleWebKit/537.36 (KHTML, like Gecko) Chrome/138.0.0.0 Safari/537.36"
66.249.68.36 - - [05/Aug/2025:16:30:53 +0300] "GET /shopdetail/10252206/ HTTP/1.1" 200 19434 "-" "Mozilla/5.0 (compatible; Googlebot/2.1; +http://www.google.com/bot.html)"
66.249.68.38 - - [05/Aug/2025:16:31:02 +0300] "GET /shopdetail/24892862/ HTTP/1.1" 200 18405 "-" "Mozilla/5.0 (compatible; Googlebot/2.1; +http://www.google.com/bot.html)"
66.249.68.38 - - [05/Aug/2025:16:31:04 +0300] "GET /shopdetail/29386162/ HTTP/1.1" 200 19197 "-" "Mozilla/5.0 (Linux; Android 6.0.1; Nexus 5X Build/MMB29P) AppleWebKit/537.36 (KHTML, like Gecko) Chrome/138.0.7204.183 Mobile Safari/537.36 (compatible; Googlebot/2.1; +http://www.google.com/bot.html)"
197.248.134.119 - - [05/Aug/2025:16:35:40 +0300] "POST /wp-admin/admin-ajax.php HTTP/2" 200 51 "https://karismamodernkitchen.com/wp-admin/admin.php?page=wp_file_manager" "Mozilla/5.0 (Windows NT 10.0; Win64; x64) AppleWebKit/537.36 (KHTML, like Gecko) Chrome/138.0.0.0 Safari/537.36"
66.249.68.36 - - [05/Aug/2025:16:35:48 +0300] "POST /get-message-notify HTTP/1.1" 200 17492 "https://karismamodernkitchen.com/shopdetail/12839484/" "Mozilla/5.0 (Linux; Android 6.0.1; Nexus 5X Build/MMB29P) AppleWebKit/537.36 (KHTML, like Gecko) Chrome/137.0.7151.119 Mobile Safari/537.36 (compatible; Googlebot/2.1; +http://www.google.com/bot.html)"
40.77.167.70 - - [05/Aug/2025:16:35:49 +0300] "GET /safe_search/config?return_url=%2Fproduct%2Fdetail%2F76597400 HTTP/2" 200 18908 "-" "Mozilla/5.0 AppleWebKit/537.36 (KHTML, like Gecko; compatible; bingbot/2.0; +http://www.bing.com/bingbot.htm) Chrome/116.0.1938.76 Safari/537.36"
66.249.68.36 - - [05/Aug/2025:16:35:51 +0300] "GET /shopdetail/30445106/ HTTP/1.1" 200 18521 "-" "Mozilla/5.0 (Linux; Android 6.0.1; Nexus 5X Build/MMB29P) AppleWebKit/537.36 (KHTML, like Gecko) Chrome/138.0.7204.183 Mobile Safari/537.36 (compatible; Googlebot/2.1; +http://www.google.com/bot.html)"
57.141.6.30 - - [05/Aug/2025:16:35:48 +0300] "GET /shopdetail/21516795/ HTTP/2" 404 131191 "-" "meta-externalagent/1.1 (+https://developers.facebook.com/docs/sharing/webmasters/crawler)"
66.249.68.38 - - [05/Aug/2025:16:36:05 +0300] "GET /shopdetail/6758517/ HTTP/1.1" 200 18509 "-" "Mozilla/5.0 (compatible; Googlebot/2.1; +http://www.google.com/bot.html)"
66.249.68.37 - - [05/Aug/2025:16:36:14 +0300] "GET /shopdetail/20733840/ HTTP/1.1" 200 18372 "-" "Mozilla/5.0 (compatible; Googlebot/2.1; +http://www.google.com/bot.html)"
45.40.50.170 - - [05/Aug/2025:16:36:28 +0300] "GET /shop/page/6/?orderby=price&add-to-wishlist=4210 HTTP/2" 200 32741 "https://karismamodernkitchen.com/shop/page/6/?orderby=price&add-to-wishlist=4210" "Mozilla/5.0 (Windows NT 10.0; Win64; x64) AppleWebKit/537.36 (KHTML, like Gecko) Chrome/101.0.4951.67 Safari/537.36"
57.141.6.30 - - [05/Aug/2025:16:36:32 +0300] "GET /shopdetail/3526839/ HTTP/2" 404 131187 "-" "meta-externalagent/1.1 (+https://developers.facebook.com/docs/sharing/webmasters/crawler)"
66.249.68.36 - - [05/Aug/2025:16:36:41 +0300] "GET /shopdetail/4380184/ HTTP/1.1" 200 18292 "-" "Mozilla/5.0 (compatible; Googlebot/2.1; +http://www.google.com/bot.html)"
197.248.134.119 - - [05/Aug/2025:16:36:41 +0300] "POST /wp-admin/admin-ajax.php HTTP/2" 200 51 "https://karismamodernkitchen.com/wp-admin/admin.php?page=wp_file_manager" "Mozilla/5.0 (Windows NT 10.0; Win64; x64) AppleWebKit/537.36 (KHTML, like Gecko) Chrome/138.0.0.0 Safari/537.36"
66.249.68.36 - - [05/Aug/2025:16:36:58 +0300] "GET /shopdetail/4325640/ HTTP/1.1" 200 17501 "-" "Mozilla/5.0 (compatible; Googlebot/2.1; +http://www.google.com/bot.html)"
66.249.68.36 - - [05/Aug/2025:16:37:02 +0300] "GET /shopdetail/4930984/ HTTP/1.1" 200 18050 "-" "Mozilla/5.0 (compatible; Googlebot/2.1; +http://www.google.com/bot.html)"
66.249.68.36 - - [05/Aug/2025:16:37:03 +0300] "GET /shopdetail/7877395/ HTTP/1.1" 200 17651 "-" "Mozilla/5.0 (compatible; Googlebot/2.1; +http://www.google.com/bot.html)"
66.249.68.36 - - [05/Aug/2025:16:37:05 +0300] "GET /shopdetail/8878017/ HTTP/1.1" 200 17951 "-" "Mozilla/5.0 (compatible; Googlebot/2.1; +http://www.google.com/bot.html)"
66.249.68.36 - - [05/Aug/2025:16:37:10 +0300] "GET /shopdetail/6303662/ HTTP/1.1" 200 17664 "-" "Mozilla/5.0 (compatible; Googlebot/2.1; +http://www.google.com/bot.html)"
66.249.68.36 - - [05/Aug/2025:16:37:11 +0300] "GET /shopdetail/24718673/ HTTP/1.1" 200 18192 "-" "Mozilla/5.0 (Linux; Android 6.0.1; Nexus 5X Build/MMB29P) AppleWebKit/537.36 (KHTML, like Gecko) Chrome/138.0.7204.183 Mobile Safari/537.36 (compatible; GoogleOther)"
66.249.68.36 - - [05/Aug/2025:16:37:14 +0300] "GET /shopdetail/4865106/ HTTP/1.1" 200 18090 "-" "Mozilla/5.0 (compatible; Googlebot/2.1; +http://www.google.com/bot.html)"
52.167.144.235 - - [05/Aug/2025:16:35:39 +0300] "GET /pcmypage?callback=product/detail/89203388 HTTP/2" 200 18191 "-" "Mozilla/5.0 AppleWebKit/537.36 (KHTML, like Gecko; compatible; bingbot/2.0; +http://www.bing.com/bingbot.htm) Chrome/116.0.1938.76 Safari/537.36"
52.167.144.235 - - [05/Aug/2025:16:35:41 +0300] "GET /product-tag/juakali-oven-tray-60-x40cm/?orderby=price HTTP/2" 200 18035 "-" "Mozilla/5.0 AppleWebKit/537.36 (KHTML, like Gecko; compatible; bingbot/2.0; +http://www.bing.com/bingbot.htm) Chrome/116.0.1938.76 Safari/537.36"
102.212.247.75 - - [05/Aug/2025:16:35:49 +0300] "POST /?wordfence_syncAttackData=1754400949.8318 HTTP/1.1" 200 0 "-" "WordPress/6.8.2; https://karismamodernkitchen.com"
66.249.68.36 - - [05/Aug/2025:16:35:58 +0300] "POST /get-message-notify HTTP/1.1" 200 17545 "https://karismamodernkitchen.com/shopdetail/19585851/" "Mozilla/5.0 (Linux; Android 6.0.1; Nexus 5X Build/MMB29P) AppleWebKit/537.36 (KHTML, like Gecko) Chrome/137.0.7151.119 Mobile Safari/537.36 (compatible; Googlebot/2.1; +http://www.google.com/bot.html)"
20.15.133.184 - - [05/Aug/2025:16:36:11 +0300] "GET /shopdetail/29405162/ HTTP/2" 200 18032 "-" "Mozilla/5.0 AppleWebKit/537.36 (KHTML, like Gecko; compatible; bingbot/2.0; +http://www.bing.com/bingbot.htm) Chrome/116.0.1938.76 Safari/537.36"
66.249.68.36 - - [05/Aug/2025:16:36:13 +0300] "GET /shopdetail/2050851/ HTTP/1.1" 200 17693 "-" "Mozilla/5.0 (compatible; Googlebot/2.1; +http://www.google.com/bot.html)"
66.249.68.36 - - [05/Aug/2025:16:36:18 +0300] "GET /shopdetail/20494084/ HTTP/1.1" 200 17064 "-" "Mozilla/5.0 (compatible; Googlebot/2.1; +http://www.google.com/bot.html)"
66.249.68.36 - - [05/Aug/2025:16:36:19 +0300] "GET /shopdetail/20671551/ HTTP/1.1" 200 17542 "-" "Mozilla/5.0 (compatible; Googlebot/2.1; +http://www.google.com/bot.html)"
66.249.68.36 - - [05/Aug/2025:16:36:20 +0300] "GET /shopdetail/11084828/ HTTP/1.1" 200 18958 "-" "Mozilla/5.0 (compatible; Googlebot/2.1; +http://www.google.com/bot.html)"
66.249.68.36 - - [05/Aug/2025:16:36:22 +0300] "GET /shopdetail/20337428/ HTTP/1.1" 200 18630 "-" "Mozilla/5.0 (compatible; Googlebot/2.1; +http://www.google.com/bot.html)"
66.249.68.36 - - [05/Aug/2025:16:36:25 +0300] "GET /shopdetail/20255640/ HTTP/1.1" 200 17561 "-" "Mozilla/5.0 (compatible; Googlebot/2.1; +http://www.google.com/bot.html)"
66.249.68.36 - - [05/Aug/2025:16:36:25 +0300] "GET /shopdetail/28247039/ HTTP/1.1" 200 18811 "-" "Mozilla/5.0 (compatible; Googlebot/2.1; +http://www.google.com/bot.html)"
172.213.21.152 - - [05/Aug/2025:16:36:24 +0300] "GET /shopdetail/9034562/ HTTP/2" 200 0 "-" "Mozilla/5.0 AppleWebKit/537.36 (KHTML, like Gecko); compatible; ChatGPT-User/1.0; +https://openai.com/bot"
172.213.21.152 - - [05/Aug/2025:16:36:24 +0300] "GET /shopdetail/9034562/ HTTP/2" 200 0 "-" "Mozilla/5.0 AppleWebKit/537.36 (KHTML, like Gecko); compatible; ChatGPT-User/1.0; +https://openai.com/bot"
66.249.68.36 - - [05/Aug/2025:16:36:32 +0300] "GET /shopdetail/4319284/ HTTP/1.1" 200 18083 "-" "Mozilla/5.0 (compatible; Googlebot/2.1; +http://www.google.com/bot.html)"
66.249.68.36 - - [05/Aug/2025:16:36:35 +0300] "GET /shopdetail/4919640/ HTTP/1.1" 200 17288 "-" "Mozilla/5.0 (compatible; Googlebot/2.1; +http://www.google.com/bot.html)"
47.128.110.151 - - [05/Aug/2025:16:37:06 +0300] "GET /product-brand/caterina/?orderby=price-desc&product_brand=generic&rating_filter=5 HTTP/2" 403 0 "-" "Mozilla/5.0 (Linux; Android 5.0) AppleWebKit/537.36 (KHTML, like Gecko) Mobile Safari/537.36 (compatible; Bytespider; spider-feedback@bytedance.com)"
66.249.68.37 - - [05/Aug/2025:16:37:43 +0300] "GET /shopdetail/11491584/ HTTP/1.1" 200 18289 "-" "Mozilla/5.0 (compatible; Googlebot/2.1; +http://www.google.com/bot.html)"
57.141.6.11 - - [05/Aug/2025:16:37:38 +0300] "GET /shopdetail/19438873/ HTTP/2" 404 131191 "-" "meta-externalagent/1.1 (+https://developers.facebook.com/docs/sharing/webmasters/crawler)"
66.249.68.37 - - [05/Aug/2025:16:38:07 +0300] "GET /shopdetail/26069217/ HTTP/1.1" 200 18147 "-" "Mozilla/5.0 (compatible; Googlebot/2.1; +http://www.google.com/bot.html)"
66.249.68.36 - - [05/Aug/2025:16:37:18 +0300] "GET /shopdetail/4440128/ HTTP/1.1" 200 17924 "-" "Mozilla/5.0 (compatible; Googlebot/2.1; +http://www.google.com/bot.html)"
66.249.68.36 - - [05/Aug/2025:16:37:19 +0300] "GET /shopdetail/7905051/ HTTP/1.1" 200 17698 "-" "Mozilla/5.0 (compatible; Googlebot/2.1; +http://www.google.com/bot.html)"
66.249.68.36 - - [05/Aug/2025:16:37:19 +0300] "GET /shopdetail/6109806/ HTTP/1.1" 200 18221 "-" "Mozilla/5.0 (compatible; Googlebot/2.1; +http://www.google.com/bot.html)"
66.249.68.36 - - [05/Aug/2025:16:37:20 +0300] "GET /shopdetail/11371084/ HTTP/1.1" 200 17543 "-" "Mozilla/5.0 (compatible; Googlebot/2.1; +http://www.google.com/bot.html)"
66.249.68.36 - - [05/Aug/2025:16:37:23 +0300] "GET /shopdetail/26633306/ HTTP/1.1" 200 18988 "-" "Mozilla/5.0 (compatible; Googlebot/2.1; +http://www.google.com/bot.html)"
66.249.68.36 - - [05/Aug/2025:16:37:24 +0300] "GET /shopdetail/4365562/ HTTP/1.1" 200 17819 "-" "Mozilla/5.0 (compatible; Googlebot/2.1; +http://www.google.com/bot.html)"
66.249.68.36 - - [05/Aug/2025:16:37:25 +0300] "GET /shopdetail/20148006/ HTTP/1.1" 200 17102 "-" "Mozilla/5.0 (Linux; Android 6.0.1; Nexus 5X Build/MMB29P) AppleWebKit/537.36 (KHTML, like Gecko) Chrome/138.0.7204.183 Mobile Safari/537.36 (compatible; GoogleOther)"
66.249.68.36 - - [05/Aug/2025:16:37:31 +0300] "GET /shopdetail/28311628/ HTTP/1.1" 200 17193 "-" "Mozilla/5.0 (compatible; Googlebot/2.1; +http://www.google.com/bot.html)"
66.249.68.36 - - [05/Aug/2025:16:37:32 +0300] "GET /shopdetail/7941984/ HTTP/1.1" 200 17698 "-" "Mozilla/5.0 (compatible; Googlebot/2.1; +http://www.google.com/bot.html)"
66.249.68.36 - - [05/Aug/2025:16:37:34 +0300] "GET /shopdetail/11541351/ HTTP/1.1" 200 18064 "-" "Mozilla/5.0 (compatible; Googlebot/2.1; +http://www.google.com/bot.html)"
66.249.68.37 - - [05/Aug/2025:16:37:37 +0300] "GET /shopdetail/4881273/ HTTP/1.1" 200 18308 "-" "Mozilla/5.0 (compatible; Googlebot/2.1; +http://www.google.com/bot.html)"
66.249.68.37 - - [05/Aug/2025:16:37:37 +0300] "GET /shopdetail/30289473/ HTTP/1.1" 200 18907 "-" "Mozilla/5.0 (Linux; Android 6.0.1; Nexus 5X Build/MMB29P) AppleWebKit/537.36 (KHTML, like Gecko) Chrome/138.0.7204.183 Mobile Safari/537.36 (compatible; GoogleOther)"
66.249.68.37 - - [05/Aug/2025:16:37:39 +0300] "GET /shopdetail/4945028/ HTTP/1.1" 200 18477 "-" "Mozilla/5.0 (compatible; Googlebot/2.1; +http://www.google.com/bot.html)"
197.248.134.119 - - [05/Aug/2025:16:37:41 +0300] "POST /wp-admin/admin-ajax.php HTTP/2" 200 51 "https://karismamodernkitchen.com/wp-admin/admin.php?page=wp_file_manager" "Mozilla/5.0 (Windows NT 10.0; Win64; x64) AppleWebKit/537.36 (KHTML, like Gecko) Chrome/138.0.0.0 Safari/537.36"
66.249.68.36 - - [05/Aug/2025:16:37:46 +0300] "GET /shopdetail/8893562/ HTTP/1.1" 200 18474 "-" "Mozilla/5.0 (compatible; Googlebot/2.1; +http://www.google.com/bot.html)"
66.249.68.36 - - [05/Aug/2025:16:37:52 +0300] "GET /shopdetail/17920351/ HTTP/1.1" 200 18007 "-" "Mozilla/5.0 (Linux; Android 6.0.1; Nexus 5X Build/MMB29P) AppleWebKit/537.36 (KHTML, like Gecko) Chrome/138.0.7204.183 Mobile Safari/537.36 (compatible; GoogleOther)"
66.249.68.38 - - [05/Aug/2025:16:38:01 +0300] "GET /shopdetail/26653328/ HTTP/1.1" 200 17597 "-" "Mozilla/5.0 (compatible; Googlebot/2.1; +http://www.google.com/bot.html)"
66.249.68.36 - - [05/Aug/2025:16:38:12 +0300] "GET /shopdetail/27789962/ HTTP/1.1" 200 18363 "-" "Mozilla/5.0 (compatible; Googlebot/2.1; +http://www.google.com/bot.html)"
66.249.68.36 - - [05/Aug/2025:16:38:13 +0300] "GET /shopdetail/8923973/ HTTP/1.1" 200 17746 "-" "Mozilla/5.0 (compatible; Googlebot/2.1; +http://www.google.com/bot.html)"
57.141.6.19 - - [05/Aug/2025:16:38:10 +0300] "GET /shopdetail/28709595/ HTTP/2" 404 131191 "-" "meta-externalagent/1.1 (+https://developers.facebook.com/docs/sharing/webmasters/crawler)"
66.249.68.37 - - [05/Aug/2025:16:38:49 +0300] "GET /shopdetail/26775939/ HTTP/1.1" 200 19097 "-" "Mozilla/5.0 (compatible; Googlebot/2.1; +http://www.google.com/bot.html)"
66.249.68.37 - - [05/Aug/2025:16:38:07 +0300] "POST /get-message-notify HTTP/1.1" 200 17492 "https://karismamodernkitchen.com/shopdetail/17920351/" "Mozilla/5.0 (Linux; Android 6.0.1; Nexus 5X Build/MMB29P) AppleWebKit/537.36 (KHTML, like Gecko) Chrome/137.0.7151.119 Mobile Safari/537.36 (compatible; Googlebot/2.1; +http://www.google.com/bot.html)"
66.249.68.36 - - [05/Aug/2025:16:38:20 +0300] "GET /shopdetail/11451006/ HTTP/1.1" 200 18671 "-" "Mozilla/5.0 (compatible; Googlebot/2.1; +http://www.google.com/bot.html)"
66.249.68.36 - - [05/Aug/2025:16:38:23 +0300] "GET /shopdetail/4365606/ HTTP/1.1" 200 17260 "-" "Mozilla/5.0 (compatible; Googlebot/2.1; +http://www.google.com/bot.html)"
66.249.68.36 - - [05/Aug/2025:16:38:25 +0300] "GET /shopdetail/28400851/ HTTP/1.1" 200 17695 "-" "Mozilla/5.0 (compatible; Googlebot/2.1; +http://www.google.com/bot.html)"
66.249.68.36 - - [05/Aug/2025:16:38:27 +0300] "GET /shopdetail/20088251/ HTTP/1.1" 200 17116 "-" "Mozilla/5.0 (compatible; Googlebot/2.1; +http://www.google.com/bot.html)"
66.249.68.36 - - [05/Aug/2025:16:38:29 +0300] "POST /get-message-notify HTTP/1.1" 200 17492 "https://karismamodernkitchen.com/shopdetail/30289473/" "Mozilla/5.0 (Linux; Android 6.0.1; Nexus 5X Build/MMB29P) AppleWebKit/537.36 (KHTML, like Gecko) Chrome/137.0.7151.119 Mobile Safari/537.36 (compatible; Googlebot/2.1; +http://www.google.com/bot.html)"
66.249.68.36 - - [05/Aug/2025:16:38:30 +0300] "GET /shopdetail/4950962/ HTTP/1.1" 200 18773 "-" "Mozilla/5.0 (compatible; Googlebot/2.1; +http://www.google.com/bot.html)"
66.249.68.36 - - [05/Aug/2025:16:38:32 +0300] "GET /shopdetail/20017740/ HTTP/1.1" 200 18024 "-" "Mozilla/5.0 (compatible; Googlebot/2.1; +http://www.google.com/bot.html)"
66.249.68.36 - - [05/Aug/2025:16:38:34 +0300] "GET /shopdetail/20014562/ HTTP/1.1" 200 18015 "-" "Mozilla/5.0 (compatible; Googlebot/2.1; +http://www.google.com/bot.html)"
66.249.68.36 - - [05/Aug/2025:16:38:36 +0300] "GET /shopdetail/4491428/ HTTP/1.1" 200 17147 "-" "Mozilla/5.0 (compatible; Googlebot/2.1; +http://www.google.com/bot.html)"
45.40.50.150 - - [05/Aug/2025:16:38:33 +0300] "GET /shop/page/7/?orderby=rating&add-to-wishlist=4128 HTTP/2" 200 32575 "https://karismamodernkitchen.com/shop/page/7/?orderby=rating&add-to-wishlist=4128" "Mozilla/5.0 (Windows NT 10.0; Win64; x64) AppleWebKit/537.36 (KHTML, like Gecko) Chrome/101.0.4951.64 Safari/537.36 Edg/101.0.1210.47"
66.249.68.36 - - [05/Aug/2025:16:38:37 +0300] "GET /shopdetail/19584006/ HTTP/1.1" 200 17879 "-" "Mozilla/5.0 (compatible; Googlebot/2.1; +http://www.google.com/bot.html)"
66.249.68.36 - - [05/Aug/2025:16:38:39 +0300] "GET /shopdetail/25094884/ HTTP/1.1" 200 18092 "-" "Mozilla/5.0 (compatible; Googlebot/2.1; +http://www.google.com/bot.html)"
66.249.68.37 - - [05/Aug/2025:16:38:42 +0300] "GET /shopdetail/1922640/ HTTP/1.1" 200 18606 "-" "Mozilla/5.0 (compatible; Googlebot/2.1; +http://www.google.com/bot.html)"
66.249.68.37 - - [05/Aug/2025:16:38:43 +0300] "GET /shopdetail/25736973/ HTTP/1.1" 200 17574 "-" "Mozilla/5.0 (compatible; Googlebot/2.1; +http://www.google.com/bot.html)"
66.249.68.36 - - [05/Aug/2025:16:38:48 +0300] "GET /shopdetail/19176728/ HTTP/1.1" 200 18279 "-" "Mozilla/5.0 (compatible; Googlebot/2.1; +http://www.google.com/bot.html)"
66.249.68.36 - - [05/Aug/2025:16:38:48 +0300] "GET /shopdetail/19061073/ HTTP/1.1" 200 19085 "-" "Mozilla/5.0 (Linux; Android 6.0.1; Nexus 5X Build/MMB29P) AppleWebKit/537.36 (KHTML, like Gecko) Chrome/138.0.7204.183 Mobile Safari/537.36 (compatible; GoogleOther)"
66.249.68.38 - - [05/Aug/2025:16:39:01 +0300] "GET /shopdetail/18532128/ HTTP/1.1" 200 18048 "-" "Mozilla/5.0 (compatible; Googlebot/2.1; +http://www.google.com/bot.html)"
52.167.144.147 - - [05/Aug/2025:16:39:08 +0300] "GET /shopdetail/14692195/ HTTP/2" 200 18229 "-" "Mozilla/5.0 AppleWebKit/537.36 (KHTML, like Gecko; compatible; bingbot/2.0; +http://www.bing.com/bingbot.htm) Chrome/116.0.1938.76 Safari/537.36"
66.249.68.37 - - [05/Aug/2025:16:39:09 +0300] "GET /shopdetail/3594162/ HTTP/1.1" 200 17998 "-" "Mozilla/5.0 (Linux; Android 6.0.1; Nexus 5X Build/MMB29P) AppleWebKit/537.36 (KHTML, like Gecko) Chrome/138.0.7204.183 Mobile Safari/537.36 (compatible; GoogleOther)"
66.249.68.36 - - [05/Aug/2025:16:39:13 +0300] "GET /shopdetail/17100662/ HTTP/1.1" 200 17642 "-" "Mozilla/5.0 (compatible; Googlebot/2.1; +http://www.google.com/bot.html)"
66.249.68.36 - - [05/Aug/2025:16:39:16 +0300] "GET /shopdetail/4494751/ HTTP/1.1" 200 17637 "-" "Mozilla/5.0 (compatible; Googlebot/2.1; +http://www.google.com/bot.html)"
66.249.68.36 - - [05/Aug/2025:16:39:25 +0300] "GET /shopdetail/3586317/ HTTP/1.1" 200 19419 "-" "Mozilla/5.0 (Linux; Android 6.0.1; Nexus 5X Build/MMB29P) AppleWebKit/537.36 (KHTML, like Gecko) Chrome/138.0.7204.183 Mobile Safari/537.36 (compatible; GoogleOther)"
66.249.68.36 - - [05/Aug/2025:16:39:32 +0300] "GET /shopdetail/8004695/ HTTP/1.1" 200 18080 "-" "Mozilla/5.0 (compatible; Googlebot/2.1; +http://www.google.com/bot.html)"
114.119.136.86 - - [05/Aug/2025:16:39:45 +0300] "GET /shop/?product_brand=generic,caterina,sab-italy,premier&rating_filter=5 HTTP/1.1" 403 0 "https://karismamodernkitchen.com/shop/?product_brand=generic%2Ccaterina%2Csab-italy%2Cpremier&rating_filter=5" "Mozilla/5.0 (Linux; Android 7.0;) AppleWebKit/537.36 (KHTML, like Gecko) Mobile Safari/537.36 (compatible; PetalBot;+https://webmaster.petalsearch.com/site/petalbot)"
66.220.149.12 - - [05/Aug/2025:16:39:42 +0300] "GET /product-category/fabrications/stainless-steel/page/2/ HTTP/2" 200 0 "-" "facebookexternalhit/1.1 (+http://www.facebook.com/externalhit_uatext.php)"
66.249.68.36 - - [05/Aug/2025:16:39:59 +0300] "GET /shopdetail/16799106/ HTTP/1.1" 200 17858 "-" "Mozilla/5.0 (compatible; Googlebot/2.1; +http://www.google.com/bot.html)"
66.220.149.2 - - [05/Aug/2025:16:39:41 +0300] "GET /product-category/fabrications/stainless-steel/page/2/ HTTP/1.1" 200 38182 "-" "facebookexternalhit/1.1 (+http://www.facebook.com/externalhit_uatext.php)"
66.249.68.36 - - [05/Aug/2025:16:40:00 +0300] "GET /shopdetail/28414295/ HTTP/1.1" 200 17571 "-" "Mozilla/5.0 (compatible; Googlebot/2.1; +http://www.google.com/bot.html)"
197.248.134.119 - - [05/Aug/2025:16:39:43 +0300] "POST /wp-admin/admin-ajax.php HTTP/2" 200 51 "https://karismamodernkitchen.com/wp-admin/admin.php?page=wp_file_manager" "Mozilla/5.0 (Windows NT 10.0; Win64; x64) AppleWebKit/537.36 (KHTML, like Gecko) Chrome/138.0.0.0 Safari/537.36"
66.220.149.9 - - [05/Aug/2025:16:39:54 +0300] "GET /product-category/fabrications/stainless-steel/page/2/ HTTP/2" 200 0 "-" "facebookexternalhit/1.1 (+http://www.facebook.com/externalhit_uatext.php)"
66.249.68.36 - - [05/Aug/2025:16:40:04 +0300] "GET /shopdetail/1677573/ HTTP/1.1" 200 19410 "-" "Mozilla/5.0 (compatible; Googlebot/2.1; +http://www.google.com/bot.html)"
66.249.68.36 - - [05/Aug/2025:16:40:10 +0300] "GET /shopdetail/11824084/ HTTP/1.1" 200 18103 "-" "Mozilla/5.0 (compatible; Googlebot/2.1; +http://www.google.com/bot.html)"
66.249.68.36 - - [05/Aug/2025:16:40:15 +0300] "GET /shopdetail/11604306/ HTTP/1.1" 200 17224 "-" "Mozilla/5.0 (compatible; Googlebot/2.1; +http://www.google.com/bot.html)"
66.249.68.36 - - [05/Aug/2025:16:40:18 +0300] "GET /shopdetail/4979584/ HTTP/1.1" 200 17427 "-" "Mozilla/5.0 (compatible; Googlebot/2.1; +http://www.google.com/bot.html)"
66.249.68.36 - - [05/Aug/2025:16:40:20 +0300] "GET /shopdetail/2490417/ HTTP/1.1" 200 17614 "-" "Mozilla/5.0 (compatible; Googlebot/2.1; +http://www.google.com/bot.html)"
66.249.68.36 - - [05/Aug/2025:16:40:25 +0300] "GET /shopdetail/15208473/ HTTP/1.1" 200 17516 "-" "Mozilla/5.0 (compatible; Googlebot/2.1; +http://www.google.com/bot.html)"
66.249.68.36 - - [05/Aug/2025:16:40:26 +0300] "GET /shopdetail/6905995/ HTTP/1.1" 200 18809 "-" "Mozilla/5.0 (compatible; Googlebot/2.1; +http://www.google.com/bot.html)"
66.249.68.36 - - [05/Aug/2025:16:40:27 +0300] "GET /shopdetail/15120784/ HTTP/1.1" 200 18264 "-" "Mozilla/5.0 (compatible; Googlebot/2.1; +http://www.google.com/bot.html)"
66.249.68.38 - - [05/Aug/2025:16:35:07 +0300] "GET /shopdetail/20776984/ HTTP/1.1" 200 18058 "-" "Mozilla/5.0 (compatible; Googlebot/2.1; +http://www.google.com/bot.html)"
66.249.68.36 - - [05/Aug/2025:16:35:38 +0300] "GET /shopdetail/20697062/ HTTP/1.1" 200 18304 "-" "Mozilla/5.0 (compatible; Googlebot/2.1; +http://www.google.com/bot.html)"
66.249.68.39 - - [05/Aug/2025:16:35:00 +0300] "GET /shopdetail/2090617/ HTTP/1.1" 200 18292 "-" "Mozilla/5.0 (compatible; Googlebot/2.1; +http://www.google.com/bot.html)"
66.249.68.38 - - [05/Aug/2025:16:35:21 +0300] "GET /shopdetail/6481717/ HTTP/1.1" 200 19003 "-" "Mozilla/5.0 (Linux; Android 6.0.1; Nexus 5X Build/MMB29P) AppleWebKit/537.36 (KHTML, like Gecko) Chrome/138.0.7204.183 Mobile Safari/537.36 (compatible; GoogleOther)"
197.248.134.119 - - [05/Aug/2025:16:33:34 +0300] "GET /wp-admin/admin-ajax.php?action=mk_file_folder_manager&_wpnonce=161e86ab91&networkhref=&cmd=zipdl&targets%5B%5D=l1_d3AtY29udGVudA&reqid=1987a6ff93439b HTTP/2" 500 384 "https://karismamodernkitchen.com/wp-admin/admin.php?page=wp_file_manager" "Mozilla/5.0 (Windows NT 10.0; Win64; x64) AppleWebKit/537.36 (KHTML, like Gecko) Chrome/138.0.0.0 Safari/537.36"
66.249.68.37 - - [05/Aug/2025:16:38:50 +0300] "GET /shopdetail/19056840/ HTTP/1.1" 200 17749 "-" "Mozilla/5.0 (compatible; Googlebot/2.1; +http://www.google.com/bot.html)"
66.249.68.37 - - [05/Aug/2025:16:38:51 +0300] "GET /shopdetail/8943751/ HTTP/1.1" 200 17180 "-" "Mozilla/5.0 (compatible; Googlebot/2.1; +http://www.google.com/bot.html)"
66.249.68.36 - - [05/Aug/2025:16:38:54 +0300] "POST /get-message-notify HTTP/1.1" 200 17492 "https://karismamodernkitchen.com/shopdetail/19061073/" "Mozilla/5.0 (Linux; Android 6.0.1; Nexus 5X Build/MMB29P) AppleWebKit/537.36 (KHTML, like Gecko) Chrome/137.0.7151.119 Mobile Safari/537.36 (compatible; Googlebot/2.1; +http://www.google.com/bot.html)"
66.249.68.37 - - [05/Aug/2025:16:38:55 +0300] "GET /shopdetail/19018740/ HTTP/1.1" 200 17388 "-" "Mozilla/5.0 (compatible; Googlebot/2.1; +http://www.google.com/bot.html)"
66.249.68.36 - - [05/Aug/2025:16:38:56 +0300] "GET /shopdetail/11804106/ HTTP/1.1" 200 18142 "-" "Mozilla/5.0 (compatible; Googlebot/2.1; +http://www.google.com/bot.html)"
66.249.68.37 - - [05/Aug/2025:16:38:56 +0300] "GET /shopdetail/28466339/ HTTP/1.1" 200 18542 "-" "Mozilla/5.0 (Linux; Android 6.0.1; Nexus 5X Build/MMB29P) AppleWebKit/537.36 (KHTML, like Gecko) Chrome/138.0.7204.183 Mobile Safari/537.36 (compatible; GoogleOther)"
66.249.68.36 - - [05/Aug/2025:16:38:57 +0300] "GET /shopdetail/18998762/ HTTP/1.1" 200 17194 "-" "Mozilla/5.0 (compatible; Googlebot/2.1; +http://www.google.com/bot.html)"
66.249.68.36 - - [05/Aug/2025:16:38:57 +0300] "GET /shopdetail/18655928/ HTTP/1.1" 200 17874 "-" "Mozilla/5.0 (compatible; Googlebot/2.1; +http://www.google.com/bot.html)"
66.249.68.36 - - [05/Aug/2025:16:39:05 +0300] "GET /shopdetail/20251973/ HTTP/1.1" 200 18709 "-" "Mozilla/5.0 (compatible; Googlebot/2.1; +http://www.google.com/bot.html)"
40.77.167.64 - - [05/Aug/2025:16:39:12 +0300] "GET /product/edit/46459788 HTTP/2" 200 18431 "-" "Mozilla/5.0 AppleWebKit/537.36 (KHTML, like Gecko; compatible; bingbot/2.0; +http://www.bing.com/bingbot.htm) Chrome/116.0.1938.76 Safari/537.36"
57.141.6.23 - - [05/Aug/2025:16:39:11 +0300] "GET /shopdetail/18639673/ HTTP/2" 404 131191 "-" "meta-externalagent/1.1 (+https://developers.facebook.com/docs/sharing/webmasters/crawler)"
52.167.144.147 - - [05/Aug/2025:16:39:26 +0300] "GET /pcmypage?callback=product/review/54422196 HTTP/2" 200 17939 "-" "Mozilla/5.0 AppleWebKit/537.36 (KHTML, like Gecko; compatible; bingbot/2.0; +http://www.bing.com/bingbot.htm) Chrome/116.0.1938.76 Safari/537.36"
66.249.68.36 - - [05/Aug/2025:16:39:43 +0300] "GET /shopdetail/20199784/ HTTP/1.1" 200 18519 "-" "Mozilla/5.0 (compatible; Googlebot/2.1; +http://www.google.com/bot.html)"
66.249.68.36 - - [05/Aug/2025:16:39:46 +0300] "GET /shopdetail/16817462/ HTTP/1.1" 200 17825 "-" "Mozilla/5.0 (compatible; Googlebot/2.1; +http://www.google.com/bot.html)"
66.249.68.36 - - [05/Aug/2025:16:39:49 +0300] "GET /shopdetail/20090562/ HTTP/1.1" 200 18338 "-" "Mozilla/5.0 (compatible; Googlebot/2.1; +http://www.google.com/bot.html)"
66.249.68.36 - - [05/Aug/2025:16:39:52 +0300] "GET /shopdetail/4445484/ HTTP/1.1" 200 18303 "-" "Mozilla/5.0 (compatible; Googlebot/2.1; +http://www.google.com/bot.html)"
57.141.6.16 - - [05/Aug/2025:16:40:07 +0300] "GET /shopdetail/24134173/ HTTP/2" 404 131191 "-" "meta-externalagent/1.1 (+https://developers.facebook.com/docs/sharing/webmasters/crawler)"
66.249.68.36 - - [05/Aug/2025:16:40:28 +0300] "GET /shopdetail/14821617/ HTTP/1.1" 200 17284 "-" "Mozilla/5.0 (Linux; Android 6.0.1; Nexus 5X Build/MMB29P) AppleWebKit/537.36 (KHTML, like Gecko) Chrome/138.0.7204.183 Mobile Safari/537.36 (compatible; GoogleOther)"
66.249.68.36 - - [05/Aug/2025:16:40:36 +0300] "GET /shopdetail/19873517/ HTTP/1.1" 200 17765 "-" "Mozilla/5.0 (Linux; Android 6.0.1; Nexus 5X Build/MMB29P) AppleWebKit/537.36 (KHTML, like Gecko) Chrome/138.0.7204.183 Mobile Safari/537.36 (compatible; GoogleOther)"
66.249.68.36 - - [05/Aug/2025:16:41:05 +0300] "GET /shopdetail/25074862/ HTTP/1.1" 200 17754 "-" "Mozilla/5.0 (compatible; Googlebot/2.1; +http://www.google.com/bot.html)"
66.249.68.36 - - [05/Aug/2025:16:40:34 +0300] "GET /shopdetail/9143751/ HTTP/1.1" 200 18830 "-" "Mozilla/5.0 (compatible; Googlebot/2.1; +http://www.google.com/bot.html)"
162.128.175.132 - - [05/Aug/2025:16:40:40 +0300] "GET /shop/page/7/?orderby=price-desc&add-to-wishlist=4413 HTTP/2" 200 34977 "https://karismamodernkitchen.com/shop/page/7/?orderby=price-desc&add-to-wishlist=4413" "Mozilla/5.0 (Windows NT 10.0; Win64; x64) AppleWebKit/537.36 (KHTML, like Gecko) Chrome/116.0.0.0 Safari/537.36"
66.249.68.36 - - [05/Aug/2025:16:40:56 +0300] "POST /get-message-notify HTTP/1.1" 200 17492 "https://karismamodernkitchen.com/shopdetail/19873517/" "Mozilla/5.0 (Linux; Android 6.0.1; Nexus 5X Build/MMB29P) AppleWebKit/537.36 (KHTML, like Gecko) Chrome/137.0.7151.119 Mobile Safari/537.36 (compatible; Googlebot/2.1; +http://www.google.com/bot.html)"
66.249.68.36 - - [05/Aug/2025:16:41:11 +0300] "GET /shopdetail/1489795/ HTTP/1.1" 200 17298 "-" "Mozilla/5.0 (compatible; Googlebot/2.1; +http://www.google.com/bot.html)"
66.249.68.37 - - [05/Aug/2025:16:41:12 +0300] "GET /shopdetail/20019962/ HTTP/1.1" 200 17203 "-" "Mozilla/5.0 (compatible; Googlebot/2.1; +http://www.google.com/bot.html)"
66.249.68.36 - - [05/Aug/2025:16:41:13 +0300] "GET /shopdetail/1488484/ HTTP/1.1" 200 18183 "-" "Mozilla/5.0 (compatible; Googlebot/2.1; +http://www.google.com/bot.html)"
57.141.6.6 - - [05/Aug/2025:16:41:10 +0300] "GET /shopdetail/19181195/ HTTP/2" 404 131191 "-" "meta-externalagent/1.1 (+https://developers.facebook.com/docs/sharing/webmasters/crawler)"
66.249.68.36 - - [05/Aug/2025:16:41:15 +0300] "GET /shopdetail/21165684/ HTTP/1.1" 200 18282 "-" "Mozilla/5.0 (Linux; Android 6.0.1; Nexus 5X Build/MMB29P) AppleWebKit/537.36 (KHTML, like Gecko) Chrome/138.0.7204.183 Mobile Safari/537.36 (compatible; GoogleOther)"
66.249.68.36 - - [05/Aug/2025:16:41:17 +0300] "POST /get-message-notify HTTP/1.1" 200 17492 "https://karismamodernkitchen.com/shopdetail/14821617/" "Mozilla/5.0 (Linux; Android 6.0.1; Nexus 5X Build/MMB29P) AppleWebKit/537.36 (KHTML, like Gecko) Chrome/137.0.7151.119 Mobile Safari/537.36 (compatible; Googlebot/2.1; +http://www.google.com/bot.html)"
66.249.68.36 - - [05/Aug/2025:16:41:18 +0300] "GET /shopdetail/25114862/ HTTP/1.1" 200 18598 "-" "Mozilla/5.0 (compatible; Googlebot/2.1; +http://www.google.com/bot.html)"
66.249.68.36 - - [05/Aug/2025:16:41:20 +0300] "POST /get-message-notify HTTP/1.1" 200 17492 "https://karismamodernkitchen.com/shopdetail/28833040/" "Mozilla/5.0 (Linux; Android 6.0.1; Nexus 5X Build/MMB29P) AppleWebKit/537.36 (KHTML, like Gecko) Chrome/137.0.7151.119 Mobile Safari/537.36 (compatible; Googlebot/2.1; +http://www.google.com/bot.html)"
66.249.68.36 - - [05/Aug/2025:16:41:29 +0300] "GET /shopdetail/19990662/ HTTP/1.1" 200 17314 "-" "Mozilla/5.0 (compatible; Googlebot/2.1; +http://www.google.com/bot.html)"
66.249.68.36 - - [05/Aug/2025:16:41:30 +0300] "POST /get-message-notify HTTP/1.1" 200 17492 "https://karismamodernkitchen.com/shopdetail/21165684/" "Mozilla/5.0 (Linux; Android 6.0.1; Nexus 5X Build/MMB29P) AppleWebKit/537.36 (KHTML, like Gecko) Chrome/137.0.7151.119 Mobile Safari/537.36 (compatible; Googlebot/2.1; +http://www.google.com/bot.html)"
66.249.68.36 - - [05/Aug/2025:16:41:33 +0300] "GET /shopdetail/26076639/ HTTP/1.1" 200 18634 "-" "Mozilla/5.0 (compatible; Googlebot/2.1; +http://www.google.com/bot.html)"
66.249.68.36 - - [05/Aug/2025:16:41:34 +0300] "GET /shopdetail/1990917/ HTTP/1.1" 200 18083 "-" "Mozilla/5.0 (compatible; Googlebot/2.1; +http://www.google.com/bot.html)"
66.249.68.36 - - [05/Aug/2025:16:41:34 +0300] "GET /shopdetail/27827451/ HTTP/1.1" 200 18017 "-" "Mozilla/5.0 (compatible; Googlebot/2.1; +http://www.google.com/bot.html)"
66.249.68.36 - - [05/Aug/2025:16:41:39 +0300] "GET /shopdetail/1990717/ HTTP/1.1" 200 18207 "-" "Mozilla/5.0 (compatible; Googlebot/2.1; +http://www.google.com/bot.html)"
66.249.68.37 - - [05/Aug/2025:16:41:43 +0300] "POST /get-message-notify HTTP/1.1" 200 17492 "https://karismamodernkitchen.com/shopdetail/6481717/" "Mozilla/5.0 (Linux; Android 6.0.1; Nexus 5X Build/MMB29P) AppleWebKit/537.36 (KHTML, like Gecko) Chrome/137.0.7151.119 Mobile Safari/537.36 (compatible; Googlebot/2.1; +http://www.google.com/bot.html)"
197.248.134.119 - - [05/Aug/2025:16:41:44 +0300] "POST /wp-admin/admin-ajax.php HTTP/2" 200 51 "https://karismamodernkitchen.com/wp-admin/admin.php?page=wp_file_manager" "Mozilla/5.0 (Windows NT 10.0; Win64; x64) AppleWebKit/537.36 (KHTML, like Gecko) Chrome/138.0.0.0 Safari/537.36"
66.249.68.37 - - [05/Aug/2025:16:41:48 +0300] "GET /shopdetail/1970739/ HTTP/1.1" 200 17483 "-" "Mozilla/5.0 (compatible; Googlebot/2.1; +http://www.google.com/bot.html)"
66.249.68.37 - - [05/Aug/2025:16:41:56 +0300] "GET /shopdetail/28414495/ HTTP/1.1" 200 18780 "-" "Mozilla/5.0 (compatible; Googlebot/2.1; +http://www.google.com/bot.html)"
57.141.6.24 - - [05/Aug/2025:16:42:25 +0300] "GET /shopdetail/23936439/ HTTP/2" 404 131191 "-" "meta-externalagent/1.1 (+https://developers.facebook.com/docs/sharing/webmasters/crawler)"
66.249.68.36 - - [05/Aug/2025:16:42:46 +0300] "GET /shopdetail/8046095/ HTTP/1.1" 200 17838 "-" "Mozilla/5.0 (compatible; Googlebot/2.1; +http://www.google.com/bot.html)"
197.248.134.119 - - [05/Aug/2025:16:42:44 +0300] "POST /wp-admin/admin-ajax.php HTTP/2" 200 51 "https://karismamodernkitchen.com/wp-admin/admin.php?page=wp_file_manager" "Mozilla/5.0 (Windows NT 10.0; Win64; x64) AppleWebKit/537.36 (KHTML, like Gecko) Chrome/138.0.0.0 Safari/537.36"
66.249.68.37 - - [05/Aug/2025:16:43:06 +0300] "GET /shopdetail/4959606/ HTTP/1.1" 200 18116 "-" "Mozilla/5.0 (compatible; Googlebot/2.1; +http://www.google.com/bot.html)"
66.249.68.36 - - [05/Aug/2025:16:43:08 +0300] "GET /shopdetail/19496406/ HTTP/1.1" 200 18849 "-" "Mozilla/5.0 (compatible; Googlebot/2.1; +http://www.google.com/bot.html)"
66.249.68.36 - - [05/Aug/2025:16:43:14 +0300] "GET /shopdetail/26093840/ HTTP/1.1" 200 17133 "-" "Mozilla/5.0 (compatible; Googlebot/2.1; +http://www.google.com/bot.html)"
66.249.68.36 - - [05/Aug/2025:16:43:18 +0300] "GET /shopdetail/27832106/ HTTP/1.1" 200 17650 "-" "Mozilla/5.0 (compatible; Googlebot/2.1; +http://www.google.com/bot.html)"
66.249.68.36 - - [05/Aug/2025:16:43:19 +0300] "GET /shopdetail/11950506/ HTTP/1.1" 200 18281 "-" "Mozilla/5.0 (compatible; Googlebot/2.1; +http://www.google.com/bot.html)"
66.249.68.36 - - [05/Aug/2025:16:43:23 +0300] "GET /shopdetail/19200784/ HTTP/1.1" 200 17634 "-" "Mozilla/5.0 (compatible; Googlebot/2.1; +http://www.google.com/bot.html)"
57.141.6.21 - - [05/Aug/2025:16:43:22 +0300] "GET /shopdetail/26433939/ HTTP/2" 404 131191 "-" "meta-externalagent/1.1 (+https://developers.facebook.com/docs/sharing/webmasters/crawler)"
66.249.68.36 - - [05/Aug/2025:16:43:30 +0300] "GET /shopdetail/6153095/ HTTP/1.1" 200 18360 "-" "Mozilla/5.0 (compatible; Googlebot/2.1; +http://www.google.com/bot.html)"
197.248.134.119 - - [05/Aug/2025:16:44:45 +0300] "POST /wp-admin/admin-ajax.php HTTP/2" 200 51 "https://karismamodernkitchen.com/wp-admin/admin.php?page=wp_file_manager" "Mozilla/5.0 (Windows NT 10.0; Win64; x64) AppleWebKit/537.36 (KHTML, like Gecko) Chrome/138.0.0.0 Safari/537.36"
102.212.247.75 - - [05/Aug/2025:16:44:49 +0300] "POST /wp-admin/admin-ajax.php?action=as_async_request_queue_runner&nonce=7d2b0c744c HTTP/1.1" 200 0 "-" "WordPress/6.8.2; https://karismamodernkitchen.com"
31.13.103.9 - - [05/Aug/2025:16:45:07 +0300] "GET /favicon.ico HTTP/2" 404 796 "-" "facebookexternalhit/1.1 (+http://www.facebook.com/externalhit_uatext.php)"
31.13.103.113 - - [05/Aug/2025:16:45:07 +0300] "GET /favicon.ico HTTP/2" 404 796 "-" "facebookexternalhit/1.1 (+http://www.facebook.com/externalhit_uatext.php)"
