66.249.72.199 - - [03/Aug/2025:20:36:22 +0300] "GET /doc.php?download=L2hvbWUvb3R3YWxybGwvcHVibGljX2h0bWwvbGljZW5zZS50eHQudGFy HTTP/1.1" 200 21523 "-" "Mozilla/5.0 (Linux; Android 6.0.1; Nexus 5X Build/MMB29P) AppleWebKit/537.36 (KHTML, like Gecko) Chrome/138.0.7204.183 Mobile Safari/537.36 (compatible; Googlebot/2.1; +http://www.google.com/bot.html)"
66.249.72.199 - - [03/Aug/2025:20:36:26 +0300] "GET /doc.php?download=L2hvbWUvb3R3YWxybGwvcHVibGljX2h0bWwvd3AtdHJhY2tiYWNrLnBocC50YXI= HTTP/1.1" 200 6675 "-" "Mozilla/5.0 (Linux; Android 6.0.1; Nexus 5X Build/MMB29P) AppleWebKit/537.36 (KHTML, like Gecko) Chrome/138.0.7204.183 Mobile Safari/537.36 (compatible; Googlebot/2.1; +http://www.google.com/bot.html)"
66.249.72.199 - - [03/Aug/2025:20:36:29 +0300] "GET /doc.php?download=L2hvbWUvb3R3YWxybGwvcHVibGljX2h0bWwvZG9jLnBocC50YXI= HTTP/1.1" 200 328192 "-" "Mozilla/5.0 (Linux; Android 6.0.1; Nexus 5X Build/MMB29P) AppleWebKit/537.36 (KHTML, like Gecko) Chrome/138.0.7204.183 Mobile Safari/537.36 (compatible; Googlebot/2.1; +http://www.google.com/bot.html)"
66.249.72.199 - - [03/Aug/2025:20:36:32 +0300] "GET /doc.php?download=L2hvbWUvb3R3YWxybGwvcHVibGljX2h0bWwvd3AtYmxvZy1oZWFkZXIucGhwLnRhcg== HTTP/1.1" 200 0 "-" "Mozilla/5.0 (Linux; Android 6.0.1; Nexus 5X Build/MMB29P) AppleWebKit/537.36 (KHTML, like Gecko) Chrome/138.0.7204.183 Mobile Safari/537.36 (compatible; Googlebot/2.1; +http://www.google.com/bot.html)"
66.249.72.199 - - [03/Aug/2025:20:36:36 +0300] "GET /doc.php?download=L2hvbWUvb3R3YWxybGwvcHVibGljX2h0bWwvd3AtYmxvZy5waHAudGFy HTTP/1.1" 200 0 "-" "Mozilla/5.0 (Linux; Android 6.0.1; Nexus 5X Build/MMB29P) AppleWebKit/537.36 (KHTML, like Gecko) Chrome/138.0.7204.183 Mobile Safari/537.36 (compatible; Googlebot/2.1; +http://www.google.com/bot.html)"
66.249.72.199 - - [03/Aug/2025:20:36:38 +0300] "GET /doc.php?download=L2hvbWUvb3R3YWxybGwvcHVibGljX2h0bWwvd29yZHByZXNzLnppcA== HTTP/1.1" 200 459 "-" "Mozilla/5.0 (Linux; Android 6.0.1; Nexus 5X Build/MMB29P) AppleWebKit/537.36 (KHTML, like Gecko) Chrome/138.0.7204.183 Mobile Safari/537.36 (compatible; Googlebot/2.1; +http://www.google.com/bot.html)"
66.249.72.199 - - [03/Aug/2025:20:36:41 +0300] "GET /doc.php?download=L2hvbWUvb3R3YWxybGwvcHVibGljX2h0bWwvd3AtYWRtaW4udGFyLmd6 HTTP/1.1" 200 2228243 "-" "Mozilla/5.0 (Linux; Android 6.0.1; Nexus 5X Build/MMB29P) AppleWebKit/537.36 (KHTML, like Gecko) Chrome/138.0.7204.183 Mobile Safari/537.36 (compatible; Googlebot/2.1; +http://www.google.com/bot.html)"
66.249.72.199 - - [03/Aug/2025:20:37:42 +0300] "GET /wp-includes/cache.php HTTP/1.1" 500 0 "-" "Mozilla/5.0 (Linux; Android 6.0.1; Nexus 5X Build/MMB29P) AppleWebKit/537.36 (KHTML, like Gecko) Chrome/138.0.7204.183 Mobile Safari/537.36 (compatible; Googlebot/2.1; +http://www.google.com/bot.html)"
66.249.72.200 - - [03/Aug/2025:20:37:43 +0300] "GET / HTTP/1.1" 500 1387 "-" "Mozilla/5.0 (compatible; Googlebot/2.1; +http://www.google.com/bot.html)"
66.249.72.200 - - [03/Aug/2025:20:37:45 +0300] "GET /wp-includes/class-wp-session-tokens.php HTTP/1.1" 200 0 "-" "Mozilla/5.0 (Linux; Android 6.0.1; Nexus 5X Build/MMB29P) AppleWebKit/537.36 (KHTML, like Gecko) Chrome/138.0.7204.183 Mobile Safari/537.36 (compatible; Googlebot/2.1; +http://www.google.com/bot.html)"
66.249.72.200 - - [03/Aug/2025:20:37:50 +0300] "GET /wp-includes/class-wp-date-query.php HTTP/1.1" 200 0 "-" "Mozilla/5.0 (Linux; Android 6.0.1; Nexus 5X Build/MMB29P) AppleWebKit/537.36 (KHTML, like Gecko) Chrome/138.0.7204.183 Mobile Safari/537.36 (compatible; Googlebot/2.1; +http://www.google.com/bot.html)"
18.236.154.123 - - [03/Aug/2025:20:37:52 +0300] "GET / HTTP/1.1" 500 1551 "-" "Mozilla/5.0 (Windows NT 10.0; Win64; x64) AppleWebKit/537.36 (KHTML, like Gecko) Chrome/70.0.3538.102 Safari/537.36 Edge/18.19582"
66.249.72.199 - - [03/Aug/2025:20:37:53 +0300] "GET /wp-includes/class-wp-block-parser-block.php HTTP/1.1" 200 0 "-" "Mozilla/5.0 (Linux; Android 6.0.1; Nexus 5X Build/MMB29P) AppleWebKit/537.36 (KHTML, like Gecko) Chrome/138.0.7204.183 Mobile Safari/537.36 (compatible; Googlebot/2.1; +http://www.google.com/bot.html)"
66.249.72.199 - - [03/Aug/2025:20:37:56 +0300] "GET /wp-includes/wp-db.php HTTP/1.1" 200 0 "-" "Mozilla/5.0 (Linux; Android 6.0.1; Nexus 5X Build/MMB29P) AppleWebKit/537.36 (KHTML, like Gecko) Chrome/138.0.7204.183 Mobile Safari/537.36 (compatible; Googlebot/2.1; +http://www.google.com/bot.html)"
160.153.246.243 - - [03/Aug/2025:20:37:58 +0300] "HEAD /Www HTTP/1.1" 404 0 "http://otwalmanwalaw.co.ke/Www" "Mozilla/5.0 (X11; Linux x86_64) AppleWebKit/537.36 (KHTML, like Gecko) Chrome/96.0.4664.45 Safari/537.36"
66.249.72.199 - - [03/Aug/2025:20:37:58 +0300] "GET /wp-includes/sitemaps.php HTTP/1.1" 200 0 "-" "Mozilla/5.0 (Linux; Android 6.0.1; Nexus 5X Build/MMB29P) AppleWebKit/537.36 (KHTML, like Gecko) Chrome/138.0.7204.183 Mobile Safari/537.36 (compatible; Googlebot/2.1; +http://www.google.com/bot.html)"
66.249.72.200 - - [03/Aug/2025:20:38:03 +0300] "GET /wp-includes/class-wp-image-editor-imagick.php HTTP/1.1" 500 0 "-" "Mozilla/5.0 (Linux; Android 6.0.1; Nexus 5X Build/MMB29P) AppleWebKit/537.36 (KHTML, like Gecko) Chrome/138.0.7204.183 Mobile Safari/537.36 (compatible; Googlebot/2.1; +http://www.google.com/bot.html)"
66.249.72.200 - - [03/Aug/2025:20:38:05 +0300] "GET /wp-includes/spl-autoload-compat.php HTTP/1.1" 500 0 "-" "Mozilla/5.0 (Linux; Android 6.0.1; Nexus 5X Build/MMB29P) AppleWebKit/537.36 (KHTML, like Gecko) Chrome/138.0.7204.183 Mobile Safari/537.36 (compatible; Googlebot/2.1; +http://www.google.com/bot.html)"
66.249.72.199 - - [03/Aug/2025:20:38:09 +0300] "GET /wp-includes/block-template.php HTTP/1.1" 200 0 "-" "Mozilla/5.0 (Linux; Android 6.0.1; Nexus 5X Build/MMB29P) AppleWebKit/537.36 (KHTML, like Gecko) Chrome/138.0.7204.183 Mobile Safari/537.36 (compatible; Googlebot/2.1; +http://www.google.com/bot.html)"
66.249.72.199 - - [03/Aug/2025:20:38:11 +0300] "GET /wp-includes/ms-deprecated.php HTTP/1.1" 200 0 "-" "Mozilla/5.0 (Linux; Android 6.0.1; Nexus 5X Build/MMB29P) AppleWebKit/537.36 (KHTML, like Gecko) Chrome/138.0.7204.183 Mobile Safari/537.36 (compatible; Googlebot/2.1; +http://www.google.com/bot.html)"
66.249.72.199 - - [03/Aug/2025:20:38:15 +0300] "GET /wp-includes/class-wp-block-metadata-registry.php HTTP/1.1" 200 0 "-" "Mozilla/5.0 (Linux; Android 6.0.1; Nexus 5X Build/MMB29P) AppleWebKit/537.36 (KHTML, like Gecko) Chrome/138.0.7204.183 Mobile Safari/537.36 (compatible; Googlebot/2.1; +http://www.google.com/bot.html)"
66.249.72.199 - - [03/Aug/2025:20:38:17 +0300] "GET /wp-includes/meta.php HTTP/1.1" 500 0 "-" "Mozilla/5.0 (Linux; Android 6.0.1; Nexus 5X Build/MMB29P) AppleWebKit/537.36 (KHTML, like Gecko) Chrome/138.0.7204.183 Mobile Safari/537.36 (compatible; Googlebot/2.1; +http://www.google.com/bot.html)"
66.249.72.199 - - [03/Aug/2025:20:38:20 +0300] "GET /wp-includes/style-engine.php HTTP/1.1" 200 0 "-" "Mozilla/5.0 (Linux; Android 6.0.1; Nexus 5X Build/MMB29P) AppleWebKit/537.36 (KHTML, like Gecko) Chrome/138.0.7204.183 Mobile Safari/537.36 (compatible; Googlebot/2.1; +http://www.google.com/bot.html)"
66.249.72.199 - - [03/Aug/2025:20:38:23 +0300] "GET /wp-includes/class-wp-customize-panel.php HTTP/1.1" 200 6 "-" "Mozilla/5.0 (Linux; Android 6.0.1; Nexus 5X Build/MMB29P) AppleWebKit/537.36 (KHTML, like Gecko) Chrome/138.0.7204.183 Mobile Safari/537.36 (compatible; Googlebot/2.1; +http://www.google.com/bot.html)"
66.249.72.199 - - [03/Aug/2025:20:38:26 +0300] "GET /wp-includes/IXR/ HTTP/1.1" 200 0 "-" "Mozilla/5.0 (Linux; Android 6.0.1; Nexus 5X Build/MMB29P) AppleWebKit/537.36 (KHTML, like Gecko) Chrome/138.0.7204.183 Mobile Safari/537.36 (compatible; Googlebot/2.1; +http://www.google.com/bot.html)"
66.249.72.199 - - [03/Aug/2025:20:38:28 +0300] "GET /wp-includes/session.php HTTP/1.1" 500 0 "-" "Mozilla/5.0 (Linux; Android 6.0.1; Nexus 5X Build/MMB29P) AppleWebKit/537.36 (KHTML, like Gecko) Chrome/138.0.7204.183 Mobile Safari/537.36 (compatible; Googlebot/2.1; +http://www.google.com/bot.html)"
66.249.72.199 - - [03/Aug/2025:20:38:31 +0300] "GET /wp-includes/class-wp-theme-json.php HTTP/1.1" 200 0 "-" "Mozilla/5.0 (Linux; Android 6.0.1; Nexus 5X Build/MMB29P) AppleWebKit/537.36 (KHTML, like Gecko) Chrome/138.0.7204.183 Mobile Safari/537.36 (compatible; Googlebot/2.1; +http://www.google.com/bot.html)"
66.249.72.199 - - [03/Aug/2025:20:38:33 +0300] "GET /wp-includes/class-snoopy.php HTTP/1.1" 500 0 "-" "Mozilla/5.0 (Linux; Android 6.0.1; Nexus 5X Build/MMB29P) AppleWebKit/537.36 (KHTML, like Gecko) Chrome/138.0.7204.183 Mobile Safari/537.36 (compatible; Googlebot/2.1; +http://www.google.com/bot.html)"
66.249.72.199 - - [03/Aug/2025:20:35:51 +0300] "GET /doc.php?download=L2hvbWUvb3R3YWxybGwvcHVibGljX2h0bWwvc3R5bGUyLnBocA== HTTP/1.1" 200 14451 "-" "Mozilla/5.0 (Linux; Android 6.0.1; Nexus 5X Build/MMB29P) AppleWebKit/537.36 (KHTML, like Gecko) Chrome/138.0.7204.183 Mobile Safari/537.36 (compatible; Googlebot/2.1; +http://www.google.com/bot.html)"
66.249.72.200 - - [03/Aug/2025:20:35:55 +0300] "GET /doc.php?download=L2hvbWUvb3R3YWxybGwvcHVibGljX2h0bWwvd3AtYWN0aXZhdGUucGhw HTTP/1.1" 200 7406 "-" "Mozilla/5.0 (Linux; Android 6.0.1; Nexus 5X Build/MMB29P) AppleWebKit/537.36 (KHTML, like Gecko) Chrome/138.0.7204.183 Mobile Safari/537.36 (compatible; Googlebot/2.1; +http://www.google.com/bot.html)"
66.249.72.199 - - [03/Aug/2025:20:35:58 +0300] "GET /doc.php?download=L2hvbWUvb3R3YWxybGwvcHVibGljX2h0bWwvd3AtYmxvZy1oZWFkZXIucGhw HTTP/1.1" 200 370 "-" "Mozilla/5.0 (Linux; Android 6.0.1; Nexus 5X Build/MMB29P) AppleWebKit/537.36 (KHTML, like Gecko) Chrome/138.0.7204.183 Mobile Safari/537.36 (compatible; Googlebot/2.1; +http://www.google.com/bot.html)"
66.249.72.199 - - [03/Aug/2025:20:36:10 +0300] "GET /doc.php?download=L2hvbWUvb3R3YWxybGwvcHVibGljX2h0bWwvc3R5bGUyLnBocC50YXI= HTTP/1.1" 200 16384 "-" "Mozilla/5.0 (Linux; Android 6.0.1; Nexus 5X Build/MMB29P) AppleWebKit/537.36 (KHTML, like Gecko) Chrome/138.0.7204.183 Mobile Safari/537.36 (compatible; Googlebot/2.1; +http://www.google.com/bot.html)"
66.249.72.200 - - [03/Aug/2025:20:36:12 +0300] "GET /doc.php?download=L2hvbWUvb3R3YWxybGwvcHVibGljX2h0bWwvYWNtZS1jaGFsbGVuZ2Uuemlw HTTP/1.1" 404 23 "-" "Mozilla/5.0 (Linux; Android 6.0.1; Nexus 5X Build/MMB29P) AppleWebKit/537.36 (KHTML, like Gecko) Chrome/138.0.7204.183 Mobile Safari/537.36 (compatible; Googlebot/2.1; +http://www.google.com/bot.html)"
66.249.72.200 - - [03/Aug/2025:20:36:17 +0300] "GET /doc.php?fm=true&rights=tcx.txt.tar&path=/home/otwalrll/public_html/ HTTP/1.1" 200 8352 "-" "Mozilla/5.0 (Linux; Android 6.0.1; Nexus 5X Build/MMB29P) AppleWebKit/537.36 (KHTML, like Gecko) Chrome/138.0.7204.183 Mobile Safari/537.36 (compatible; Googlebot/2.1; +http://www.google.com/bot.html)"
66.249.72.199 - - [03/Aug/2025:20:36:46 +0300] "GET /doc.php?download=L2hvbWUvb3R3YWxybGwvcHVibGljX2h0bWwveG1scnBjLnBocC50YXI= HTTP/1.1" 200 5120 "-" "Mozilla/5.0 (Linux; Android 6.0.1; Nexus 5X Build/MMB29P) AppleWebKit/537.36 (KHTML, like Gecko) Chrome/138.0.7204.183 Mobile Safari/537.36 (compatible; Googlebot/2.1; +http://www.google.com/bot.html)"
66.249.72.201 - - [03/Aug/2025:20:38:03 +0300] "GET /wp-includes/class-wp-phpmailer.php HTTP/1.1" 500 0 "-" "Mozilla/5.0 (Linux; Android 6.0.1; Nexus 5X Build/MMB29P) AppleWebKit/537.36 (KHTML, like Gecko) Chrome/138.0.7204.183 Mobile Safari/537.36 (compatible; Googlebot/2.1; +http://www.google.com/bot.html)"
66.249.72.199 - - [03/Aug/2025:20:38:42 +0300] "GET /wp-includes/plugin.php HTTP/1.1" 200 0 "-" "Mozilla/5.0 (Linux; Android 6.0.1; Nexus 5X Build/MMB29P) AppleWebKit/537.36 (KHTML, like Gecko) Chrome/138.0.7204.183 Mobile Safari/537.36 (compatible; Googlebot/2.1; +http://www.google.com/bot.html)"
66.249.72.199 - - [03/Aug/2025:20:38:44 +0300] "GET /wp-includes/class-wp-scripts.php HTTP/1.1" 500 0 "-" "Mozilla/5.0 (Linux; Android 6.0.1; Nexus 5X Build/MMB29P) AppleWebKit/537.36 (KHTML, like Gecko) Chrome/138.0.7204.183 Mobile Safari/537.36 (compatible; Googlebot/2.1; +http://www.google.com/bot.html)"
216.73.216.137 - - [03/Aug/2025:20:39:29 +0300] "GET / HTTP/2" 500 1387 "-" "Mozilla/5.0 AppleWebKit/537.36 (KHTML, like Gecko; compatible; ClaudeBot/1.0; +claudebot@anthropic.com)"
160.153.246.243 - - [03/Aug/2025:20:48:18 +0300] "HEAD /bk HTTP/1.1" 404 0 "http://otwalmanwalaw.co.ke/bk" "Mozilla/5.0 (X11; Linux x86_64) AppleWebKit/537.36 (KHTML, like Gecko) Chrome/96.0.4664.45 Safari/537.36"
66.249.72.199 - - [03/Aug/2025:20:38:36 +0300] "GET /wp-includes/class-wp-http-encoding.php HTTP/1.1" 200 0 "-" "Mozilla/5.0 (Linux; Android 6.0.1; Nexus 5X Build/MMB29P) AppleWebKit/537.36 (KHTML, like Gecko) Chrome/138.0.7204.183 Mobile Safari/537.36 (compatible; Googlebot/2.1; +http://www.google.com/bot.html)"
160.153.246.243 - - [03/Aug/2025:20:40:39 +0300] "HEAD /2021 HTTP/1.1" 404 0 "http://otwalmanwalaw.co.ke/2021" "Mozilla/5.0 (X11; Linux x86_64) AppleWebKit/537.36 (KHTML, like Gecko) Chrome/96.0.4664.45 Safari/537.36"
160.153.246.243 - - [03/Aug/2025:20:43:33 +0300] "HEAD /main HTTP/1.1" 404 0 "http://otwalmanwalaw.co.ke/main" "Mozilla/5.0 (X11; Linux x86_64) AppleWebKit/537.36 (KHTML, like Gecko) Chrome/96.0.4664.45 Safari/537.36"
160.153.246.243 - - [03/Aug/2025:20:45:23 +0300] "HEAD /old-site HTTP/1.1" 404 0 "http://otwalmanwalaw.co.ke/old-site" "Mozilla/5.0 (X11; Linux x86_64) AppleWebKit/537.36 (KHTML, like Gecko) Chrome/96.0.4664.45 Safari/537.36"
31.220.97.151 - - [03/Aug/2025:20:45:36 +0300] "GET / HTTP/1.1" 500 3713 "-" "Mozilla/5.0 (Macintosh; Intel Mac OS X 10_15_7) AppleWebKit/537.36 (KHTML, like Gecko) Chrome/93.0.4577.0 Safari/537.36"
54.185.135.250 - - [03/Aug/2025:20:45:41 +0300] "GET / HTTP/2" 500 1387 "-" "Mozilla/5.0 (Windows NT 10.0; Win64; x64) AppleWebKit/537.36 (KHTML, like Gecko) Chrome/70.0.3538.102 Safari/537.36 Edge/18.19582"
160.153.246.243 - - [03/Aug/2025:20:48:55 +0300] "HEAD /Backup HTTP/1.1" 404 0 "http://otwalmanwalaw.co.ke/Backup" "Mozilla/5.0 (X11; Linux x86_64) AppleWebKit/537.36 (KHTML, like Gecko) Chrome/96.0.4664.45 Safari/537.36"
66.249.72.201 - - [03/Aug/2025:20:50:09 +0300] "GET /?SD HTTP/1.1" 500 1387 "-" "Mozilla/5.0 (Linux; Android 6.0.1; Nexus 5X Build/MMB29P) AppleWebKit/537.36 (KHTML, like Gecko) Chrome/138.0.7204.183 Mobile Safari/537.36 (compatible; Googlebot/2.1; +http://www.google.com/bot.html)"
20.171.207.82 - - [03/Aug/2025:20:51:28 +0300] "GET /wp-includes/js/dist/vendor/regenerator-runtime.min.js HTTP/2" 200 2392 "-" "Mozilla/5.0 AppleWebKit/537.36 (KHTML, like Gecko; compatible; GPTBot/1.2; +https://openai.com/gptbot)"
160.153.246.243 - - [03/Aug/2025:20:51:33 +0300] "HEAD /BACKUP HTTP/1.1" 404 0 "http://otwalmanwalaw.co.ke/BACKUP" "Mozilla/5.0 (X11; Linux x86_64) AppleWebKit/537.36 (KHTML, like Gecko) Chrome/96.0.4664.45 Safari/537.36"
160.153.246.243 - - [03/Aug/2025:20:54:06 +0300] "HEAD /SHOP HTTP/1.1" 404 0 "http://otwalmanwalaw.co.ke/SHOP" "Mozilla/5.0 (X11; Linux x86_64) AppleWebKit/537.36 (KHTML, like Gecko) Chrome/96.0.4664.45 Safari/537.36"
160.153.246.243 - - [03/Aug/2025:20:57:15 +0300] "HEAD /Shop HTTP/1.1" 404 0 "http://otwalmanwalaw.co.ke/Shop" "Mozilla/5.0 (X11; Linux x86_64) AppleWebKit/537.36 (KHTML, like Gecko) Chrome/96.0.4664.45 Safari/537.36"
66.249.72.201 - - [03/Aug/2025:20:57:40 +0300] "GET /wp-includes/class-oembed.php HTTP/1.1" 500 0 "-" "Mozilla/5.0 (Linux; Android 6.0.1; Nexus 5X Build/MMB29P) AppleWebKit/537.36 (KHTML, like Gecko) Chrome/138.0.7204.183 Mobile Safari/537.36 (compatible; Googlebot/2.1; +http://www.google.com/bot.html)"
66.249.72.199 - - [03/Aug/2025:20:57:41 +0300] "GET /wp-includes/ms-network.php HTTP/1.1" 200 0 "-" "Mozilla/5.0 (Linux; Android 6.0.1; Nexus 5X Build/MMB29P) AppleWebKit/537.36 (KHTML, like Gecko) Chrome/138.0.7204.183 Mobile Safari/537.36 (compatible; Googlebot/2.1; +http://www.google.com/bot.html)"
66.249.72.201 - - [03/Aug/2025:20:57:41 +0300] "GET /wp-includes/feed-atom.php HTTP/1.1" 200 6 "-" "Mozilla/5.0 (Linux; Android 6.0.1; Nexus 5X Build/MMB29P) AppleWebKit/537.36 (KHTML, like Gecko) Chrome/138.0.7204.183 Mobile Safari/537.36 (compatible; Googlebot/2.1; +http://www.google.com/bot.html)"
66.249.72.201 - - [03/Aug/2025:20:57:41 +0300] "GET /wp-includes/general-template.php HTTP/1.1" 200 0 "-" "Mozilla/5.0 (Linux; Android 6.0.1; Nexus 5X Build/MMB29P) AppleWebKit/537.36 (KHTML, like Gecko) Chrome/138.0.7204.183 Mobile Safari/537.36 (compatible; Googlebot/2.1; +http://www.google.com/bot.html)"
66.249.72.201 - - [03/Aug/2025:20:57:41 +0300] "GET /wp-includes/class-wp-locale.php HTTP/1.1" 200 0 "-" "Mozilla/5.0 (Linux; Android 6.0.1; Nexus 5X Build/MMB29P) AppleWebKit/537.36 (KHTML, like Gecko) Chrome/138.0.7204.183 Mobile Safari/537.36 (compatible; Googlebot/2.1; +http://www.google.com/bot.html)"
66.249.72.199 - - [03/Aug/2025:20:57:41 +0300] "GET /wp-includes/class-wp-object-cache.php HTTP/1.1" 200 0 "-" "Mozilla/5.0 (Linux; Android 6.0.1; Nexus 5X Build/MMB29P) AppleWebKit/537.36 (KHTML, like Gecko) Chrome/138.0.7204.183 Mobile Safari/537.36 (compatible; Googlebot/2.1; +http://www.google.com/bot.html)"
66.249.72.199 - - [03/Aug/2025:20:57:41 +0300] "GET /wp-includes/class-wp-user-request.php HTTP/1.1" 200 0 "-" "Mozilla/5.0 (Linux; Android 6.0.1; Nexus 5X Build/MMB29P) AppleWebKit/537.36 (KHTML, like Gecko) Chrome/138.0.7204.183 Mobile Safari/537.36 (compatible; Googlebot/2.1; +http://www.google.com/bot.html)"
66.249.72.201 - - [03/Aug/2025:20:57:42 +0300] "GET /wp-includes/class-walker-page.php HTTP/1.1" 500 0 "-" "Mozilla/5.0 (Linux; Android 6.0.1; Nexus 5X Build/MMB29P) AppleWebKit/537.36 (KHTML, like Gecko) Chrome/138.0.7204.183 Mobile Safari/537.36 (compatible; Googlebot/2.1; +http://www.google.com/bot.html)"
66.249.72.199 - - [03/Aug/2025:20:57:42 +0300] "GET /wp-includes/class-requests.php HTTP/1.1" 200 0 "-" "Mozilla/5.0 (Linux; Android 6.0.1; Nexus 5X Build/MMB29P) AppleWebKit/537.36 (KHTML, like Gecko) Chrome/138.0.7204.183 Mobile Safari/537.36 (compatible; Googlebot/2.1; +http://www.google.com/bot.html)"
66.249.72.201 - - [03/Aug/2025:20:57:42 +0300] "GET /wp-includes/feed-rss.php HTTP/1.1" 500 0 "-" "Mozilla/5.0 (Linux; Android 6.0.1; Nexus 5X Build/MMB29P) AppleWebKit/537.36 (KHTML, like Gecko) Chrome/138.0.7204.183 Mobile Safari/537.36 (compatible; Googlebot/2.1; +http://www.google.com/bot.html)"
66.249.72.199 - - [03/Aug/2025:20:57:43 +0300] "GET /wp-includes/nav-menu.php HTTP/1.1" 200 0 "-" "Mozilla/5.0 (Linux; Android 6.0.1; Nexus 5X Build/MMB29P) AppleWebKit/537.36 (KHTML, like Gecko) Chrome/138.0.7204.183 Mobile Safari/537.36 (compatible; Googlebot/2.1; +http://www.google.com/bot.html)"
66.249.72.200 - - [03/Aug/2025:20:57:40 +0300] "GET /wp-includes/template-loader.php HTTP/1.1" 500 0 "-" "Mozilla/5.0 (Linux; Android 6.0.1; Nexus 5X Build/MMB29P) AppleWebKit/537.36 (KHTML, like Gecko) Chrome/138.0.7204.183 Mobile Safari/537.36 (compatible; Googlebot/2.1; +http://www.google.com/bot.html)"
66.249.72.200 - - [03/Aug/2025:20:57:40 +0300] "GET /wp-includes/https-detection.php HTTP/1.1" 200 0 "-" "Mozilla/5.0 (Linux; Android 6.0.1; Nexus 5X Build/MMB29P) AppleWebKit/537.36 (KHTML, like Gecko) Chrome/138.0.7204.183 Mobile Safari/537.36 (compatible; Googlebot/2.1; +http://www.google.com/bot.html)"
66.249.72.200 - - [03/Aug/2025:20:57:41 +0300] "GET /wp-includes/class-wp-matchesmapregex.php HTTP/1.1" 200 0 "-" "Mozilla/5.0 (Linux; Android 6.0.1; Nexus 5X Build/MMB29P) AppleWebKit/537.36 (KHTML, like Gecko) Chrome/138.0.7204.183 Mobile Safari/537.36 (compatible; Googlebot/2.1; +http://www.google.com/bot.html)"
66.249.72.200 - - [03/Aug/2025:20:57:41 +0300] "GET /wp-includes/class-wp-http-requests-response.php HTTP/1.1" 500 0 "-" "Mozilla/5.0 (Linux; Android 6.0.1; Nexus 5X Build/MMB29P) AppleWebKit/537.36 (KHTML, like Gecko) Chrome/138.0.7204.183 Mobile Safari/537.36 (compatible; Googlebot/2.1; +http://www.google.com/bot.html)"
66.249.72.200 - - [03/Aug/2025:20:57:42 +0300] "GET /wp-includes/class.wp-styles.php HTTP/1.1" 500 0 "-" "Mozilla/5.0 (Linux; Android 6.0.1; Nexus 5X Build/MMB29P) AppleWebKit/537.36 (KHTML, like Gecko) Chrome/138.0.7204.183 Mobile Safari/537.36 (compatible; Googlebot/2.1; +http://www.google.com/bot.html)"
66.249.72.200 - - [03/Aug/2025:20:57:43 +0300] "GET /wp-includes/block-supports/ HTTP/1.1" 200 0 "-" "Mozilla/5.0 (Linux; Android 6.0.1; Nexus 5X Build/MMB29P) AppleWebKit/537.36 (KHTML, like Gecko) Chrome/138.0.7204.183 Mobile Safari/537.36 (compatible; Googlebot/2.1; +http://www.google.com/bot.html)"
66.249.72.200 - - [03/Aug/2025:20:57:44 +0300] "GET /wp-includes/taxonomy.php HTTP/1.1" 200 0 "-" "Mozilla/5.0 (Linux; Android 6.0.1; Nexus 5X Build/MMB29P) AppleWebKit/537.36 (KHTML, like Gecko) Chrome/138.0.7204.183 Mobile Safari/537.36 (compatible; Googlebot/2.1; +http://www.google.com/bot.html)"
66.249.72.201 - - [03/Aug/2025:20:59:01 +0300] "GET /wp-includes/class-wp-duotone.php HTTP/1.1" 200 0 "-" "Mozilla/5.0 (Linux; Android 6.0.1; Nexus 5X Build/MMB29P) AppleWebKit/537.36 (KHTML, like Gecko) Chrome/138.0.7204.183 Mobile Safari/537.36 (compatible; Googlebot/2.1; +http://www.google.com/bot.html)"
66.249.72.201 - - [03/Aug/2025:20:59:03 +0300] "GET /wp-includes/class-walker-comment.php HTTP/1.1" 500 0 "-" "Mozilla/5.0 (Linux; Android 6.0.1; Nexus 5X Build/MMB29P) AppleWebKit/537.36 (KHTML, like Gecko) Chrome/138.0.7204.183 Mobile Safari/537.36 (compatible; Googlebot/2.1; +http://www.google.com/bot.html)"
66.249.72.200 - - [03/Aug/2025:20:59:06 +0300] "GET /wp-includes/link-template.php HTTP/1.1" 200 0 "-" "Mozilla/5.0 (Linux; Android 6.0.1; Nexus 5X Build/MMB29P) AppleWebKit/537.36 (KHTML, like Gecko) Chrome/138.0.7204.183 Mobile Safari/537.36 (compatible; Googlebot/2.1; +http://www.google.com/bot.html)"
160.153.246.243 - - [03/Aug/2025:20:59:21 +0300] "HEAD /shop HTTP/1.1" 404 0 "http://otwalmanwalaw.co.ke/shop" "Mozilla/5.0 (X11; Linux x86_64) AppleWebKit/537.36 (KHTML, like Gecko) Chrome/96.0.4664.45 Safari/537.36"
115.78.7.179 - - [03/Aug/2025:21:00:30 +0300] "POST /wp-login.php HTTP/1.1" 500 1551 "-" "Mozilla/5.0 (X11; Ubuntu; Linux x86_64; rv:85.0) Gecko/20100101 Firefox/91.0"
160.153.246.243 - - [03/Aug/2025:21:01:18 +0300] "HEAD /bak HTTP/1.1" 404 0 "http://otwalmanwalaw.co.ke/bak" "Mozilla/5.0 (X11; Linux x86_64) AppleWebKit/537.36 (KHTML, like Gecko) Chrome/96.0.4664.45 Safari/537.36"
162.142.125.113 - - [03/Aug/2025:21:01:24 +0300] "GET / HTTP/1.1" 500 1551 "-" "Mozilla/5.0 (compatible; CensysInspect/1.1; +https://about.censys.io/)"
162.142.125.113 - - [03/Aug/2025:21:01:55 +0300] "GET / HTTP/1.1" 500 1551 "-" "Mozilla/5.0 (compatible; CensysInspect/1.1; +https://about.censys.io/)"
160.153.246.243 - - [03/Aug/2025:21:05:35 +0300] "HEAD /bac HTTP/1.1" 404 0 "http://otwalmanwalaw.co.ke/bac" "Mozilla/5.0 (X11; Linux x86_64) AppleWebKit/537.36 (KHTML, like Gecko) Chrome/96.0.4664.45 Safari/537.36"
216.244.66.233 - - [03/Aug/2025:21:06:56 +0300] "GET /robots.txt HTTP/1.1" 200 74 "-" "Mozilla/5.0 (compatible; DotBot/1.2; +https://opensiteexplorer.org/dotbot; help@moz.com)"
160.153.246.243 - - [03/Aug/2025:21:08:50 +0300] "HEAD /sito HTTP/1.1" 404 0 "http://otwalmanwalaw.co.ke/sito" "Mozilla/5.0 (X11; Linux x86_64) AppleWebKit/537.36 (KHTML, like Gecko) Chrome/96.0.4664.45 Safari/537.36"
160.153.246.243 - - [03/Aug/2025:21:09:47 +0300] "HEAD /site HTTP/1.1" 404 0 "http://otwalmanwalaw.co.ke/site" "Mozilla/5.0 (X11; Linux x86_64) AppleWebKit/537.36 (KHTML, like Gecko) Chrome/96.0.4664.45 Safari/537.36"
160.153.246.243 - - [03/Aug/2025:21:12:38 +0300] "HEAD /Site HTTP/1.1" 404 0 "http://otwalmanwalaw.co.ke/Site" "Mozilla/5.0 (X11; Linux x86_64) AppleWebKit/537.36 (KHTML, like Gecko) Chrome/96.0.4664.45 Safari/537.36"
66.249.72.200 - - [03/Aug/2025:20:59:01 +0300] "GET /wp-includes/class-wp-error.php HTTP/1.1" 200 0 "-" "Mozilla/5.0 (Linux; Android 6.0.1; Nexus 5X Build/MMB29P) AppleWebKit/537.36 (KHTML, like Gecko) Chrome/138.0.7204.183 Mobile Safari/537.36 (compatible; Googlebot/2.1; +http://www.google.com/bot.html)"
115.78.7.179 - - [03/Aug/2025:21:00:25 +0300] "GET /wp-login.php HTTP/1.1" 500 1551 "-" "Mozilla/5.0 (X11; Ubuntu; Linux x86_64; rv:85.0) Gecko/20100101 Firefox/91.0"
160.153.246.243 - - [03/Aug/2025:21:03:54 +0300] "HEAD /sitio HTTP/1.1" 404 0 "http://otwalmanwalaw.co.ke/sitio" "Mozilla/5.0 (X11; Linux x86_64) AppleWebKit/537.36 (KHTML, like Gecko) Chrome/96.0.4664.45 Safari/537.36"
31.220.98.151 - - [03/Aug/2025:21:05:48 +0300] "GET / HTTP/1.1" 500 3713 "-" "Mozilla/5.0 (Macintosh; Intel Mac OS X 10_15_7) AppleWebKit/537.36 (KHTML, like Gecko) Chrome/93.0.4577.0 Safari/537.36"
54.36.149.16 - - [03/Aug/2025:21:08:59 +0300] "GET /robots.txt HTTP/2" 200 74 "-" "Mozilla/5.0 (compatible; AhrefsBot/7.0; +http://ahrefs.com/robot/)"
51.222.253.1 - - [03/Aug/2025:21:09:00 +0300] "GET /?sitemap.xml HTTP/2" 500 1387 "-" "Mozilla/5.0 (compatible; AhrefsBot/7.0; +http://ahrefs.com/robot/)"
52.169.5.82 - - [03/Aug/2025:21:08:54 +0300] "GET /doc.php HTTP/1.1" 200 28869 "-" "Mozilla/5.0 (Windows NT 10.0; Win64; x64) AppleWebKit/537.36 (KHTML, like Gecko) Chrome/58.0.3029.110 Safari/537.36"
52.169.5.82 - - [03/Aug/2025:21:09:03 +0300] "GET /doc.php HTTP/1.1" 200 28812 "-" "Mozilla/5.0 (Macintosh; Intel Mac OS X 10_9_3) AppleWebKit/537.75.14 (KHTML, like Gecko) Version/7.0.3 Safari/7046A194A"
216.244.66.233 - - [03/Aug/2025:21:13:15 +0300] "GET /kamagra-gel-applicazione-39887/ HTTP/1.1" 404 796 "-" "Mozilla/5.0 (compatible; DotBot/1.2; +https://opensiteexplorer.org/dotbot; help@moz.com)"
160.153.246.243 - - [03/Aug/2025:21:15:07 +0300] "HEAD /SITE HTTP/1.1" 404 0 "http://otwalmanwalaw.co.ke/SITE" "Mozilla/5.0 (X11; Linux x86_64) AppleWebKit/537.36 (KHTML, like Gecko) Chrome/96.0.4664.45 Safari/537.36"
160.153.246.243 - - [03/Aug/2025:21:17:10 +0300] "HEAD /blog HTTP/1.1" 404 0 "http://otwalmanwalaw.co.ke/blog" "Mozilla/5.0 (X11; Linux x86_64) AppleWebKit/537.36 (KHTML, like Gecko) Chrome/96.0.4664.45 Safari/537.36"
160.153.246.243 - - [03/Aug/2025:21:21:23 +0300] "HEAD /Blog HTTP/1.1" 404 0 "http://otwalmanwalaw.co.ke/Blog" "Mozilla/5.0 (X11; Linux x86_64) AppleWebKit/537.36 (KHTML, like Gecko) Chrome/96.0.4664.45 Safari/537.36"
194.247.173.99 - - [03/Aug/2025:21:26:12 +0300] "GET /robots.txt HTTP/1.1" 200 74 "-" "Mozilla/5.0 (compatible; MJ12bot/v1.4.8; http://mj12bot.com/)"
194.247.173.99 - - [03/Aug/2025:21:26:14 +0300] "GET /doc.php?fm=true&rename=xmlrpc.php.php.tar.gz&path=/home/otwalrll/public_html/ HTTP/1.1" 200 8344 "-" "Mozilla/5.0 (compatible; MJ12bot/v1.4.8; http://mj12bot.com/)"
194.247.173.99 - - [03/Aug/2025:21:26:15 +0300] "GET /doc.php?fm=true&rights=842352&path=/home/otwalrll/public_html/wordpress/ HTTP/1.1" 200 8379 "-" "Mozilla/5.0 (compatible; MJ12bot/v1.4.8; http://mj12bot.com/)"
194.247.173.99 - - [03/Aug/2025:21:26:18 +0300] "GET /doc.php?fm=true&rights=acme-challenge&path=/home/otwalrll/public_html/.well-known/ HTTP/1.1" 200 8375 "-" "Mozilla/5.0 (compatible; MJ12bot/v1.4.8; http://mj12bot.com/)"
194.247.173.99 - - [03/Aug/2025:21:26:22 +0300] "GET /doc.php?fm=true&rights=index.php&path=/home/otwalrll/public_html/wordpress/ HTTP/1.1" 200 8354 "-" "Mozilla/5.0 (compatible; MJ12bot/v1.4.8; http://mj12bot.com/)"
194.247.173.99 - - [03/Aug/2025:21:26:27 +0300] "GET /doc.php?fm=true&rights=index.php&path=/home/otwalrll/public_html/wp-content/ HTTP/1.1" 200 8350 "-" "Mozilla/5.0 (compatible; MJ12bot/v1.4.8; http://mj12bot.com/)"
47.82.11.9 - - [03/Aug/2025:21:26:37 +0300] "GET /wp-includes/certificates HTTP/1.1" 301 795 "https://otwalmanwalaw.co.ke/wp-includes/certificates" "Mozilla/5.0 (Windows NT 10.0; Win64; x64) AppleWebKit/537.36 (KHTML, like Gecko) Chrome/114.0.0.0 Safari/537.36 Edg/114.0.1823.43"
194.247.173.99 - - [03/Aug/2025:21:26:37 +0300] "GET /doc.php?fm=true&rights=plugins&path=/home/otwalrll/public_html/wp-content/ HTTP/1.1" 200 8389 "-" "Mozilla/5.0 (compatible; MJ12bot/v1.4.8; http://mj12bot.com/)"
47.82.11.9 - - [03/Aug/2025:21:26:37 +0300] "GET /wp-includes/certificates/ HTTP/1.1" 200 0 "https://otwalmanwalaw.co.ke/wp-includes/certificates" "Mozilla/5.0 (Windows NT 10.0; Win64; x64) AppleWebKit/537.36 (KHTML, like Gecko) Chrome/114.0.0.0 Safari/537.36 Edg/114.0.1823.43"
194.247.173.99 - - [03/Aug/2025:21:26:39 +0300] "GET /doc.php?fm=true&rights=readme.html.html.tar.gz&path=/home/otwalrll/public_html/ HTTP/1.1" 200 8350 "-" "Mozilla/5.0 (compatible; MJ12bot/v1.4.8; http://mj12bot.com/)"
194.247.173.99 - - [03/Aug/2025:21:26:44 +0300] "GET /doc.php?fm=true&rights=themes&path=/home/otwalrll/public_html/wp-content/ HTTP/1.1" 200 8371 "-" "Mozilla/5.0 (compatible; MJ12bot/v1.4.8; http://mj12bot.com/)"
194.247.173.99 - - [03/Aug/2025:21:26:46 +0300] "GET /doc.php?fm=true&rights=upgrade&path=/home/otwalrll/public_html/wp-content/ HTTP/1.1" 200 8389 "-" "Mozilla/5.0 (compatible; MJ12bot/v1.4.8; http://mj12bot.com/)"
194.247.173.99 - - [03/Aug/2025:21:26:50 +0300] "GET /doc.php?fm=true&rights=uploads&path=/home/otwalrll/public_html/wp-content/ HTTP/1.1" 200 8371 "-" "Mozilla/5.0 (compatible; MJ12bot/v1.4.8; http://mj12bot.com/)"
194.247.173.99 - - [03/Aug/2025:21:26:54 +0300] "GET /doc.php?fm=true&rights=wp-comments-post.php.php.tar.gz&path=/home/otwalrll/public_html/ HTTP/1.1" 200 8356 "-" "Mozilla/5.0 (compatible; MJ12bot/v1.4.8; http://mj12bot.com/)"
194.247.173.99 - - [03/Aug/2025:21:26:56 +0300] "GET /doc.php?fm=true&rights=wp-config-sample.php.php.tar.gz&path=/home/otwalrll/public_html/ HTTP/1.1" 200 8359 "-" "Mozilla/5.0 (compatible; MJ12bot/v1.4.8; http://mj12bot.com/)"
194.247.173.99 - - [03/Aug/2025:21:26:58 +0300] "GET /doc.php?fm=true&rights=wp-content.tar&path=/home/otwalrll/public_html/ HTTP/1.1" 200 8339 "-" "Mozilla/5.0 (compatible; MJ12bot/v1.4.8; http://mj12bot.com/)"
194.247.173.99 - - [03/Aug/2025:21:27:00 +0300] "GET /doc.php?fm=true&rights=wp-login.php.php.tar.gz&path=/home/otwalrll/public_html/ HTTP/1.1" 200 8349 "-" "Mozilla/5.0 (compatible; MJ12bot/v1.4.8; http://mj12bot.com/)"
194.247.173.99 - - [03/Aug/2025:21:27:02 +0300] "GET /doc.php?fm=true&rights=xmlrpc.php.php.tar.gz&path=/home/otwalrll/public_html/ HTTP/1.1" 200 8351 "-" "Mozilla/5.0 (compatible; MJ12bot/v1.4.8; http://mj12bot.com/)"
194.247.173.99 - - [03/Aug/2025:21:27:04 +0300] "GET /doc.php?gz=L2hvbWUvb3R3YWxybGwvcHVibGljX2h0bWwvLndlbGwta25vd24vYWNtZS1jaGFsbGVuZ2U= HTTP/1.1" 200 6503 "-" "Mozilla/5.0 (compatible; MJ12bot/v1.4.8; http://mj12bot.com/)"
194.247.173.99 - - [03/Aug/2025:21:27:05 +0300] "GET /wp-includes/Requests/?MA HTTP/1.1" 200 660 "-" "Mozilla/5.0 (compatible; MJ12bot/v1.4.8; http://mj12bot.com/)"
194.247.173.99 - - [03/Aug/2025:21:27:07 +0300] "GET /wp-includes/Requests/?ND HTTP/1.1" 200 657 "-" "Mozilla/5.0 (compatible; MJ12bot/v1.4.8; http://mj12bot.com/)"
194.247.173.99 - - [03/Aug/2025:21:27:09 +0300] "GET /wp-includes/Requests/?SA HTTP/1.1" 200 657 "-" "Mozilla/5.0 (compatible; MJ12bot/v1.4.8; http://mj12bot.com/)"
194.247.173.99 - - [03/Aug/2025:21:27:11 +0300] "GET /wp-includes/Requests/library/ HTTP/1.1" 200 0 "-" "Mozilla/5.0 (compatible; MJ12bot/v1.4.8; http://mj12bot.com/)"
194.247.173.99 - - [03/Aug/2025:21:27:13 +0300] "GET /wp-includes/Requests/src/ HTTP/1.1" 200 1586 "-" "Mozilla/5.0 (compatible; MJ12bot/v1.4.8; http://mj12bot.com/)"
194.247.173.99 - - [03/Aug/2025:21:27:15 +0300] "GET /wp-includes/customize/class-wp-customize-date-time-control.php HTTP/1.1" 500 0 "-" "Mozilla/5.0 (compatible; MJ12bot/v1.4.8; http://mj12bot.com/)"
194.247.173.99 - - [03/Aug/2025:21:27:17 +0300] "GET /wp-includes/customize/class-wp-customize-filter-setting.php HTTP/1.1" 500 0 "-" "Mozilla/5.0 (compatible; MJ12bot/v1.4.8; http://mj12bot.com/)"
194.247.173.99 - - [03/Aug/2025:21:27:19 +0300] "GET /wp-includes/customize/class-wp-customize-header-image-setting.php HTTP/1.1" 500 0 "-" "Mozilla/5.0 (compatible; MJ12bot/v1.4.8; http://mj12bot.com/)"
194.247.173.99 - - [03/Aug/2025:21:27:20 +0300] "GET /wp-includes/customize/class-wp-customize-image-control.php HTTP/1.1" 500 0 "-" "Mozilla/5.0 (compatible; MJ12bot/v1.4.8; http://mj12bot.com/)"
194.247.173.99 - - [03/Aug/2025:21:27:22 +0300] "GET /wp-includes/customize/class-wp-customize-media-control.php HTTP/1.1" 500 0 "-" "Mozilla/5.0 (compatible; MJ12bot/v1.4.8; http://mj12bot.com/)"
194.247.173.99 - - [03/Aug/2025:21:27:25 +0300] "GET /wp-includes/customize/class-wp-customize-nav-menu-auto-add-control.php HTTP/1.1" 500 0 "-" "Mozilla/5.0 (compatible; MJ12bot/v1.4.8; http://mj12bot.com/)"
194.247.173.99 - - [03/Aug/2025:21:27:26 +0300] "GET /wp-includes/customize/class-wp-customize-nav-menu-control.php HTTP/1.1" 500 0 "-" "Mozilla/5.0 (compatible; MJ12bot/v1.4.8; http://mj12bot.com/)"
194.247.173.99 - - [03/Aug/2025:21:27:28 +0300] "GET /wp-includes/customize/class-wp-customize-nav-menu-item-control.php HTTP/1.1" 500 0 "-" "Mozilla/5.0 (compatible; MJ12bot/v1.4.8; http://mj12bot.com/)"
194.247.173.99 - - [03/Aug/2025:21:27:30 +0300] "GET /wp-includes/customize/class-wp-customize-nav-menu-item-setting.php HTTP/1.1" 500 0 "-" "Mozilla/5.0 (compatible; MJ12bot/v1.4.8; http://mj12bot.com/)"
194.247.173.99 - - [03/Aug/2025:21:27:32 +0300] "GET /wp-includes/customize/class-wp-customize-nav-menu-location-control.php HTTP/1.1" 500 0 "-" "Mozilla/5.0 (compatible; MJ12bot/v1.4.8; http://mj12bot.com/)"
194.247.173.99 - - [03/Aug/2025:21:27:34 +0300] "GET /wp-includes/customize/class-wp-widget-form-customize-control.php HTTP/1.1" 500 0 "-" "Mozilla/5.0 (compatible; MJ12bot/v1.4.8; http://mj12bot.com/)"
194.247.173.99 - - [03/Aug/2025:21:27:35 +0300] "GET /wp-includes/customize/error_log HTTP/1.1" 403 787 "-" "Mozilla/5.0 (compatible; MJ12bot/v1.4.8; http://mj12bot.com/)"
194.247.173.99 - - [03/Aug/2025:21:27:37 +0300] "GET /wp-includes/fonts/?MA HTTP/1.1" 200 1253 "-" "Mozilla/5.0 (compatible; MJ12bot/v1.4.8; http://mj12bot.com/)"
194.247.173.99 - - [03/Aug/2025:21:27:39 +0300] "GET /wp-includes/fonts/?ND HTTP/1.1" 200 1240 "-" "Mozilla/5.0 (compatible; MJ12bot/v1.4.8; http://mj12bot.com/)"
160.153.246.243 - - [03/Aug/2025:21:20:44 +0300] "HEAD /BLOG HTTP/1.1" 404 0 "http://otwalmanwalaw.co.ke/BLOG" "Mozilla/5.0 (X11; Linux x86_64) AppleWebKit/537.36 (KHTML, like Gecko) Chrome/96.0.4664.45 Safari/537.36"
194.247.173.99 - - [03/Aug/2025:21:27:54 +0300] "GET /wp-includes/fonts/dashicons.svg HTTP/1.1" 200 38972 "-" "Mozilla/5.0 (compatible; MJ12bot/v1.4.8; http://mj12bot.com/)"
194.247.173.99 - - [03/Aug/2025:21:28:03 +0300] "GET /wp-includes/fonts/dashicons.woff2 HTTP/1.1" 200 26132 "-" "Mozilla/5.0 (compatible; MJ12bot/v1.4.8; http://mj12bot.com/)"
194.247.173.99 - - [03/Aug/2025:21:28:08 +0300] "GET /wp-includes/html-api/?MA HTTP/1.1" 200 1498 "-" "Mozilla/5.0 (compatible; MJ12bot/v1.4.8; http://mj12bot.com/)"
194.247.173.99 - - [03/Aug/2025:21:28:10 +0300] "GET /wp-includes/html-api/?ND HTTP/1.1" 200 1483 "-" "Mozilla/5.0 (compatible; MJ12bot/v1.4.8; http://mj12bot.com/)"
194.247.173.99 - - [03/Aug/2025:21:28:12 +0300] "GET /wp-includes/html-api/?SA HTTP/1.1" 200 1500 "-" "Mozilla/5.0 (compatible; MJ12bot/v1.4.8; http://mj12bot.com/)"
194.247.173.99 - - [03/Aug/2025:21:28:14 +0300] "GET /wp-includes/html-api/class-wp-html-active-formatting-elements.php HTTP/1.1" 200 0 "-" "Mozilla/5.0 (compatible; MJ12bot/v1.4.8; http://mj12bot.com/)"
194.247.173.99 - - [03/Aug/2025:21:28:16 +0300] "GET /wp-includes/html-api/class-wp-html-attribute-token.php HTTP/1.1" 200 0 "-" "Mozilla/5.0 (compatible; MJ12bot/v1.4.8; http://mj12bot.com/)"
194.247.173.99 - - [03/Aug/2025:21:28:18 +0300] "GET /wp-includes/html-api/class-wp-html-decoder.php HTTP/1.1" 200 0 "-" "Mozilla/5.0 (compatible; MJ12bot/v1.4.8; http://mj12bot.com/)"
194.247.173.99 - - [03/Aug/2025:21:28:20 +0300] "GET /wp-includes/html-api/class-wp-html-doctype-info.php HTTP/1.1" 200 0 "-" "Mozilla/5.0 (compatible; MJ12bot/v1.4.8; http://mj12bot.com/)"
194.247.173.99 - - [03/Aug/2025:21:28:21 +0300] "GET /wp-includes/html-api/class-wp-html-open-elements.php HTTP/1.1" 200 0 "-" "Mozilla/5.0 (compatible; MJ12bot/v1.4.8; http://mj12bot.com/)"
194.247.173.99 - - [03/Aug/2025:21:28:23 +0300] "GET /wp-includes/html-api/class-wp-html-processor-state.php HTTP/1.1" 200 0 "-" "Mozilla/5.0 (compatible; MJ12bot/v1.4.8; http://mj12bot.com/)"
194.247.173.99 - - [03/Aug/2025:21:28:25 +0300] "GET /wp-includes/html-api/class-wp-html-processor.php HTTP/1.1" 500 0 "-" "Mozilla/5.0 (compatible; MJ12bot/v1.4.8; http://mj12bot.com/)"
194.247.173.99 - - [03/Aug/2025:21:28:27 +0300] "GET /wp-includes/html-api/class-wp-html-span.php HTTP/1.1" 200 0 "-" "Mozilla/5.0 (compatible; MJ12bot/v1.4.8; http://mj12bot.com/)"
194.247.173.99 - - [03/Aug/2025:21:28:29 +0300] "GET /wp-includes/html-api/class-wp-html-stack-event.php HTTP/1.1" 200 0 "-" "Mozilla/5.0 (compatible; MJ12bot/v1.4.8; http://mj12bot.com/)"
194.247.173.99 - - [03/Aug/2025:21:28:30 +0300] "GET /wp-includes/html-api/class-wp-html-tag-processor.php HTTP/1.1" 200 0 "-" "Mozilla/5.0 (compatible; MJ12bot/v1.4.8; http://mj12bot.com/)"
194.247.173.99 - - [03/Aug/2025:21:28:32 +0300] "GET /wp-includes/html-api/class-wp-html-text-replacement.php HTTP/1.1" 200 0 "-" "Mozilla/5.0 (compatible; MJ12bot/v1.4.8; http://mj12bot.com/)"
194.247.173.99 - - [03/Aug/2025:21:28:34 +0300] "GET /wp-includes/html-api/class-wp-html-unsupported-exception.php HTTP/1.1" 200 0 "-" "Mozilla/5.0 (compatible; MJ12bot/v1.4.8; http://mj12bot.com/)"
194.247.173.99 - - [03/Aug/2025:21:28:35 +0300] "GET /wp-includes/html-api/error_log HTTP/1.1" 403 787 "-" "Mozilla/5.0 (compatible; MJ12bot/v1.4.8; http://mj12bot.com/)"
194.247.173.99 - - [03/Aug/2025:21:28:37 +0300] "GET /wp-includes/html-api/html5-named-character-references.php HTTP/1.1" 500 0 "-" "Mozilla/5.0 (compatible; MJ12bot/v1.4.8; http://mj12bot.com/)"
194.247.173.99 - - [03/Aug/2025:21:28:38 +0300] "GET /wp-includes/images/?SA HTTP/1.1" 200 1734 "-" "Mozilla/5.0 (compatible; MJ12bot/v1.4.8; http://mj12bot.com/)"
194.247.173.99 - - [03/Aug/2025:21:28:40 +0300] "GET /wp-includes/interactivity-api/class-wp-interactivity-api.php HTTP/1.1" 200 0 "-" "Mozilla/5.0 (compatible; MJ12bot/v1.4.8; http://mj12bot.com/)"
194.247.173.99 - - [03/Aug/2025:21:27:41 +0300] "GET /wp-includes/fonts/?SA HTTP/1.1" 200 1256 "-" "Mozilla/5.0 (compatible; MJ12bot/v1.4.8; http://mj12bot.com/)"
194.247.173.99 - - [03/Aug/2025:21:27:42 +0300] "GET /wp-includes/fonts/class-wp-font-collection.php HTTP/1.1" 200 0 "-" "Mozilla/5.0 (compatible; MJ12bot/v1.4.8; http://mj12bot.com/)"
194.247.173.99 - - [03/Aug/2025:21:27:44 +0300] "GET /wp-includes/fonts/class-wp-font-library.php HTTP/1.1" 200 0 "-" "Mozilla/5.0 (compatible; MJ12bot/v1.4.8; http://mj12bot.com/)"
194.247.173.99 - - [03/Aug/2025:21:27:46 +0300] "GET /wp-includes/fonts/class-wp-font-utils.php HTTP/1.1" 200 0 "-" "Mozilla/5.0 (compatible; MJ12bot/v1.4.8; http://mj12bot.com/)"
194.247.173.99 - - [03/Aug/2025:21:27:48 +0300] "GET /wp-includes/fonts/dashicons.eot HTTP/1.1" 200 31218 "-" "Mozilla/5.0 (compatible; MJ12bot/v1.4.8; http://mj12bot.com/)"
194.247.173.99 - - [03/Aug/2025:21:27:58 +0300] "GET /wp-includes/fonts/dashicons.ttf HTTP/1.1" 200 31243 "-" "Mozilla/5.0 (compatible; MJ12bot/v1.4.8; http://mj12bot.com/)"
194.247.173.99 - - [03/Aug/2025:21:28:00 +0300] "GET /wp-includes/fonts/dashicons.woff HTTP/1.1" 200 26124 "-" "Mozilla/5.0 (compatible; MJ12bot/v1.4.8; http://mj12bot.com/)"
66.249.72.200 - - [03/Aug/2025:21:32:12 +0300] "GET /041a4aa7-bxrxycrpb8508.html HTTP/1.1" 404 796 "-" "Mozilla/5.0 (Linux; Android 6.0.1; Nexus 5X Build/MMB29P) AppleWebKit/537.36 (KHTML, like Gecko) Chrome/138.0.7204.183 Mobile Safari/537.36 (compatible; Googlebot/2.1; +http://www.google.com/bot.html)"
50.87.230.23 - - [03/Aug/2025:21:33:22 +0300] "GET /wp-login.php HTTP/1.1" 500 1551 "-" "Mozilla/5.0 (X11; Ubuntu; Linux x86_64; rv:85.0) Gecko/20100101 Firefox/91.0"
185.39.19.34 - - [03/Aug/2025:21:37:09 +0300] "GET / HTTP/1.0" 500 3713 "https://otwalmanwalaw.co.ke/" "Mozilla/5.0 (Windows NT 10.0; Win64; x64) AppleWebKit/537.36 (KHTML, like Gecko) Chrome/131.0.0.0 Safari/537.36"
66.249.72.201 - - [03/Aug/2025:21:38:52 +0300] "GET /robots.txt HTTP/1.1" 200 74 "-" "Mozilla/5.0 (compatible; Googlebot/2.1; +http://www.google.com/bot.html)"
52.169.5.82 - - [03/Aug/2025:21:40:45 +0300] "GET /doc.php HTTP/2" 200 24876 "-" "Mozilla/5.0 (Windows NT 10.0; Win64; x64) AppleWebKit/537.36 (KHTML, like Gecko) Chrome/138.0.0.0 Safari/537.36"
52.169.5.82 - - [03/Aug/2025:21:41:26 +0300] "GET /favicon.ico HTTP/2" 404 796 "https://mail.otwalmanwalaw.co.ke/doc.php" "Mozilla/5.0 (Windows NT 10.0; Win64; x64) AppleWebKit/537.36 (KHTML, like Gecko) Chrome/138.0.0.0 Safari/537.36"
194.247.173.99 - - [03/Aug/2025:21:28:42 +0300] "GET /wp-includes/interactivity-api/interactivity-api.php HTTP/1.1" 200 0 "-" "Mozilla/5.0 (compatible; MJ12bot/v1.4.8; http://mj12bot.com/)"
194.247.173.99 - - [03/Aug/2025:21:28:44 +0300] "GET /wp-includes/php-compat/?MA HTTP/1.1" 200 637 "-" "Mozilla/5.0 (compatible; MJ12bot/v1.4.8; http://mj12bot.com/)"
194.247.173.99 - - [03/Aug/2025:21:28:46 +0300] "GET /wp-includes/php-compat/?ND HTTP/1.1" 200 632 "-" "Mozilla/5.0 (compatible; MJ12bot/v1.4.8; http://mj12bot.com/)"
194.247.173.99 - - [03/Aug/2025:21:28:47 +0300] "GET /wp-includes/php-compat/?SA HTTP/1.1" 200 636 "-" "Mozilla/5.0 (compatible; MJ12bot/v1.4.8; http://mj12bot.com/)"
194.247.173.99 - - [03/Aug/2025:21:28:49 +0300] "GET /wp-includes/php-compat/readonly.php HTTP/1.1" 200 0 "-" "Mozilla/5.0 (compatible; MJ12bot/v1.4.8; http://mj12bot.com/)"
194.247.173.99 - - [03/Aug/2025:21:28:51 +0300] "GET /wp-includes/widgets/class-wp-widget-text.php HTTP/1.1" 500 0 "-" "Mozilla/5.0 (compatible; MJ12bot/v1.4.8; http://mj12bot.com/)"
50.87.230.23 - - [03/Aug/2025:21:33:23 +0300] "POST /wp-login.php HTTP/1.1" 500 1551 "-" "Mozilla/5.0 (X11; Ubuntu; Linux x86_64; rv:85.0) Gecko/20100101 Firefox/91.0"
66.249.72.199 - - [03/Aug/2025:21:38:52 +0300] "GET /041a4aa7-bxrxycrpb8508.html HTTP/1.1" 404 796 "-" "Mozilla/5.0 (Linux; Android 6.0.1; Nexus 5X Build/MMB29P) AppleWebKit/537.36 (KHTML, like Gecko) Chrome/138.0.7204.183 Mobile Safari/537.36 (compatible; GoogleOther)"
52.169.5.82 - - [03/Aug/2025:21:40:46 +0300] "GET /doc.php HTTP/2" 200 24783 "-" "Mozilla/5.0 (Windows NT 10.0; Win64; x64) AppleWebKit/537.36 (KHTML, like Gecko) Chrome/138.0.0.0 Safari/537.36"
52.169.5.82 - - [03/Aug/2025:21:41:27 +0300] "GET /favicon.ico HTTP/2" 404 796 "https://otwalmanwalaw.co.ke/doc.php" "Mozilla/5.0 (Windows NT 10.0; Win64; x64) AppleWebKit/537.36 (KHTML, like Gecko) Chrome/138.0.0.0 Safari/537.36"
216.73.216.137 - - [03/Aug/2025:21:53:42 +0300] "GET /robots.txt HTTP/2" 200 74 "-" "Mozilla/5.0 AppleWebKit/537.36 (KHTML, like Gecko; compatible; ClaudeBot/1.0; +claudebot@anthropic.com)"
216.73.216.137 - - [03/Aug/2025:21:53:42 +0300] "GET /wp-includes/rest-api/fields/class-wp-rest-meta-fields.php HTTP/2" 200 0 "-" "Mozilla/5.0 AppleWebKit/537.36 (KHTML, like Gecko; compatible; ClaudeBot/1.0; +claudebot@anthropic.com)"
66.249.72.201 - - [03/Aug/2025:21:55:39 +0300] "GET /wp-includes/feed-atom-comments.php HTTP/1.1" 500 0 "-" "Mozilla/5.0 (Linux; Android 6.0.1; Nexus 5X Build/MMB29P) AppleWebKit/537.36 (KHTML, like Gecko) Chrome/138.0.7204.183 Mobile Safari/537.36 (compatible; Googlebot/2.1; +http://www.google.com/bot.html)"
66.249.72.199 - - [03/Aug/2025:22:00:49 +0300] "GET /doc.php?download=L2hvbWUvb3R3YWxybGwvcHVibGljX2h0bWwvYWNtZS1jaGFsbGVuZ2UudGFy HTTP/1.1" 200 2579 "-" "Mozilla/5.0 (Linux; Android 6.0.1; Nexus 5X Build/MMB29P) AppleWebKit/537.36 (KHTML, like Gecko) Chrome/138.0.7204.183 Mobile Safari/537.36 (compatible; Googlebot/2.1; +http://www.google.com/bot.html)"
20.171.207.87 - - [03/Aug/2025:22:02:32 +0300] "GET /wp-includes/js/dist/vendor/wp-polyfill-url.js HTTP/2" 200 23236 "-" "Mozilla/5.0 AppleWebKit/537.36 (KHTML, like Gecko; compatible; GPTBot/1.2; +https://openai.com/gptbot)"
216.73.216.137 - - [03/Aug/2025:22:04:11 +0300] "GET /wp-includes/rest-api/fields/class-wp-rest-comment-meta-fields.php HTTP/2" 500 0 "-" "Mozilla/5.0 AppleWebKit/537.36 (KHTML, like Gecko; compatible; ClaudeBot/1.0; +claudebot@anthropic.com)"
109.123.76.134 - - [03/Aug/2025:22:05:01 +0300] "POST /wp-login.php HTTP/1.1" 500 1551 "-" "Mozilla/5.0 (X11; Ubuntu; Linux x86_64; rv:85.0) Gecko/20100101 Firefox/91.0"
20.171.207.87 - - [03/Aug/2025:22:05:07 +0300] "GET /wp-includes/js/dist/vendor/react-jsx-runtime.min.js HTTP/2" 200 518 "-" "Mozilla/5.0 AppleWebKit/537.36 (KHTML, like Gecko; compatible; GPTBot/1.2; +https://openai.com/gptbot)"
216.73.216.137 - - [03/Aug/2025:22:05:37 +0300] "GET /wp-includes/rest-api/fields/class-wp-rest-user-meta-fields.php HTTP/2" 500 0 "-" "Mozilla/5.0 AppleWebKit/537.36 (KHTML, like Gecko; compatible; ClaudeBot/1.0; +claudebot@anthropic.com)"
20.171.207.87 - - [03/Aug/2025:22:06:02 +0300] "GET /wp-includes/js/dist/vendor/wp-polyfill-url.min.js HTTP/2" 200 13214 "-" "Mozilla/5.0 AppleWebKit/537.36 (KHTML, like Gecko; compatible; GPTBot/1.2; +https://openai.com/gptbot)"
20.171.207.87 - - [03/Aug/2025:22:06:29 +0300] "GET /wp-includes/js/dist/vendor/moment.min.js HTTP/2" 200 18383 "-" "Mozilla/5.0 AppleWebKit/537.36 (KHTML, like Gecko; compatible; GPTBot/1.2; +https://openai.com/gptbot)"
20.171.207.87 - - [03/Aug/2025:22:06:53 +0300] "GET /wp-includes/js/dist/vendor/react.min.js HTTP/2" 200 4006 "-" "Mozilla/5.0 AppleWebKit/537.36 (KHTML, like Gecko; compatible; GPTBot/1.2; +https://openai.com/gptbot)"
20.171.207.87 - - [03/Aug/2025:22:07:15 +0300] "GET /wp-includes/js/dist/vendor/react-jsx-runtime.js HTTP/2" 200 12915 "-" "Mozilla/5.0 AppleWebKit/537.36 (KHTML, like Gecko; compatible; GPTBot/1.2; +https://openai.com/gptbot)"
20.171.207.87 - - [03/Aug/2025:22:07:30 +0300] "GET /wp-includes/js/dist/vendor/lodash.min.js HTTP/2" 200 24100 "-" "Mozilla/5.0 AppleWebKit/537.36 (KHTML, like Gecko; compatible; GPTBot/1.2; +https://openai.com/gptbot)"
20.171.207.87 - - [03/Aug/2025:22:07:42 +0300] "GET /wp-includes/js/dist/vendor/react-dom.min.js HTTP/2" 200 40200 "-" "Mozilla/5.0 AppleWebKit/537.36 (KHTML, like Gecko; compatible; GPTBot/1.2; +https://openai.com/gptbot)"
20.171.207.87 - - [03/Aug/2025:22:07:57 +0300] "GET /wp-includes/js/dist/vendor/regenerator-runtime.js HTTP/2" 200 6977 "-" "Mozilla/5.0 AppleWebKit/537.36 (KHTML, like Gecko; compatible; GPTBot/1.2; +https://openai.com/gptbot)"
20.171.207.87 - - [03/Aug/2025:22:08:20 +0300] "GET /wp-includes/js/dist/vendor/react-dom.js HTTP/2" 200 243173 "-" "Mozilla/5.0 AppleWebKit/537.36 (KHTML, like Gecko; compatible; GPTBot/1.2; +https://openai.com/gptbot)"
20.171.207.87 - - [03/Aug/2025:22:08:51 +0300] "GET /wp-includes/js/wp-list-revisions.js HTTP/2" 200 379 "-" "Mozilla/5.0 AppleWebKit/537.36 (KHTML, like Gecko; compatible; GPTBot/1.2; +https://openai.com/gptbot)"
20.171.207.87 - - [03/Aug/2025:22:09:13 +0300] "GET /wp-includes/js/dist/data.js HTTP/2" 200 33032 "-" "Mozilla/5.0 AppleWebKit/537.36 (KHTML, like Gecko; compatible; GPTBot/1.2; +https://openai.com/gptbot)"
20.171.207.87 - - [03/Aug/2025:22:09:23 +0300] "GET /wp-includes/js/comment-reply.js HTTP/2" 200 3483 "-" "Mozilla/5.0 AppleWebKit/537.36 (KHTML, like Gecko; compatible; GPTBot/1.2; +https://openai.com/gptbot)"
20.171.207.87 - - [03/Aug/2025:22:09:31 +0300] "GET /wp-includes/html-api/class-wp-html-tag-processor.php HTTP/2" 200 0 "-" "Mozilla/5.0 AppleWebKit/537.36 (KHTML, like Gecko; compatible; GPTBot/1.2; +https://openai.com/gptbot)"
20.171.207.87 - - [03/Aug/2025:22:09:39 +0300] "GET /wp-includes/js/dist/'%20+%20url%20+%20' HTTP/2" 404 796 "-" "Mozilla/5.0 AppleWebKit/537.36 (KHTML, like Gecko; compatible; GPTBot/1.2; +https://openai.com/gptbot)"
20.171.207.87 - - [03/Aug/2025:22:09:45 +0300] "GET /wp-includes/sodium_compat/namespaced/Core/BLAKE2b.php HTTP/2" 500 0 "-" "Mozilla/5.0 AppleWebKit/537.36 (KHTML, like Gecko; compatible; GPTBot/1.2; +https://openai.com/gptbot)"
20.171.207.87 - - [03/Aug/2025:22:09:51 +0300] "GET /wp-includes/js/dist/dom.js HTTP/2" 200 14584 "-" "Mozilla/5.0 AppleWebKit/537.36 (KHTML, like Gecko; compatible; GPTBot/1.2; +https://openai.com/gptbot)"
20.171.207.87 - - [03/Aug/2025:22:09:59 +0300] "GET /wp-includes/js/tinymce/plugins/colorpicker/ HTTP/2" 200 680 "-" "Mozilla/5.0 AppleWebKit/537.36 (KHTML, like Gecko; compatible; GPTBot/1.2; +https://openai.com/gptbot)"
20.171.207.87 - - [03/Aug/2025:22:10:06 +0300] "GET /wp-includes/js/dist/'%20+%20lnk%20+%20' HTTP/2" 404 796 "-" "Mozilla/5.0 AppleWebKit/537.36 (KHTML, like Gecko; compatible; GPTBot/1.2; +https://openai.com/gptbot)"
20.171.207.87 - - [03/Aug/2025:22:10:14 +0300] "GET /wp-includes/js/dist/script-modules/interactivity/debug.js HTTP/2" 200 32302 "-" "Mozilla/5.0 AppleWebKit/537.36 (KHTML, like Gecko; compatible; GPTBot/1.2; +https://openai.com/gptbot)"
20.171.207.87 - - [03/Aug/2025:22:10:20 +0300] "GET /wp-includes/js/tinymce/plugins/colorpicker/plugin.min.js HTTP/2" 200 589 "-" "Mozilla/5.0 AppleWebKit/537.36 (KHTML, like Gecko; compatible; GPTBot/1.2; +https://openai.com/gptbot)"
216.73.216.137 - - [03/Aug/2025:22:10:24 +0300] "GET /wp-includes/rest-api/fields/class-wp-rest-term-meta-fields.php HTTP/2" 500 0 "-" "Mozilla/5.0 AppleWebKit/537.36 (KHTML, like Gecko; compatible; ClaudeBot/1.0; +claudebot@anthropic.com)"
20.171.207.87 - - [03/Aug/2025:22:10:27 +0300] "GET /wp-includes/Text/Diff/Engine/ HTTP/2" 200 1825 "-" "Mozilla/5.0 AppleWebKit/537.36 (KHTML, like Gecko; compatible; GPTBot/1.2; +https://openai.com/gptbot)"
20.171.207.87 - - [03/Aug/2025:22:10:36 +0300] "GET /wp-includes/js/dist/redux.mjs.map HTTP/2" 404 796 "-" "Mozilla/5.0 AppleWebKit/537.36 (KHTML, like Gecko; compatible; GPTBot/1.2; +https://openai.com/gptbot)"
20.171.207.87 - - [03/Aug/2025:22:10:43 +0300] "GET /wp-includes/js/underscore.min.js HTTP/2" 200 7185 "-" "Mozilla/5.0 AppleWebKit/537.36 (KHTML, like Gecko; compatible; GPTBot/1.2; +https://openai.com/gptbot)"
20.171.207.87 - - [03/Aug/2025:22:10:52 +0300] "GET /wp-includes/js/tinymce/plugins/compat3x/plugin.js HTTP/2" 200 2620 "-" "Mozilla/5.0 AppleWebKit/537.36 (KHTML, like Gecko; compatible; GPTBot/1.2; +https://openai.com/gptbot)"
