216.73.216.137 - - [04/Aug/2025:07:37:39 +0300] "GET /wp-includes/Text/Diff/Engine/?filesrc=%2Fhome%2Fotwalrll%2Faccess-logs%2Fsilvercommercialkitchen.com.otwalmanwalaw.co.ke-ssl_log&path=%2Fhome%2Fotwalrll%2Faccess-logs HTTP/2" 200 377228 "-" "Mozilla/5.0 AppleWebKit/537.36 (KHTML, like Gecko; compatible; ClaudeBot/1.0; +claudebot@anthropic.com)"
216.73.216.137 - - [04/Aug/2025:07:37:40 +0300] "GET /wp-includes/Text/Diff/Engine/?path=%2Fhome%2Fotwalrll%2Fmail%2F.Drafts HTTP/2" 200 1799 "-" "Mozilla/5.0 AppleWebKit/537.36 (KHTML, like Gecko; compatible; ClaudeBot/1.0; +claudebot@anthropic.com)"
216.73.216.137 - - [04/Aug/2025:07:37:40 +0300] "GET /wp-includes/Text/Diff/Engine/?filesrc=%2Fhome%2Fotwalrll%2Fsatojafurnitures.com%2Flicense.txt&path=%2Fhome%2Fotwalrll%2Fsatojafurnitures.com HTTP/2" 200 8681 "-" "Mozilla/5.0 AppleWebKit/537.36 (KHTML, like Gecko; compatible; ClaudeBot/1.0; +claudebot@anthropic.com)"
216.73.216.137 - - [04/Aug/2025:07:37:40 +0300] "GET /wp-includes/Text/Diff/Engine/?filesrc=%2Fhome%2Fotwalrll%2Fwww%2Ftcx.txt.tar&path=%2Fhome%2Fotwalrll%2Fwww HTTP/2" 200 1331 "-" "Mozilla/5.0 AppleWebKit/537.36 (KHTML, like Gecko; compatible; ClaudeBot/1.0; +claudebot@anthropic.com)"
216.73.216.137 - - [04/Aug/2025:07:37:40 +0300] "GET /wp-includes/Text/Diff/Engine/?path=%2Fhome%2Fotwalrll%2Fmail%2F.Trash HTTP/2" 200 1794 "-" "Mozilla/5.0 AppleWebKit/537.36 (KHTML, like Gecko; compatible; ClaudeBot/1.0; +claudebot@anthropic.com)"
216.73.216.137 - - [04/Aug/2025:07:37:40 +0300] "GET /wp-includes/Text/Diff/Engine/?filesrc=%2Fhome%2Fotwalrll%2F.trash%2F.maintenance&path=%2Fhome%2Fotwalrll%2F.trash HTTP/2" 200 1359 "-" "Mozilla/5.0 AppleWebKit/537.36 (KHTML, like Gecko; compatible; ClaudeBot/1.0; +claudebot@anthropic.com)"
216.73.216.137 - - [04/Aug/2025:07:37:40 +0300] "GET /wp-includes/Text/Diff/Engine/?filesrc=%2Fhome%2Fotwalrll%2F.razor%2Fserver.c303.cloudmark.com.conf&path=%2Fhome%2Fotwalrll%2F.razor HTTP/2" 200 1652 "-" "Mozilla/5.0 AppleWebKit/537.36 (KHTML, like Gecko; compatible; ClaudeBot/1.0; +claudebot@anthropic.com)"
216.73.216.137 - - [04/Aug/2025:07:37:40 +0300] "GET /wp-includes/Text/Diff/Engine/?filesrc=%2Fhome%2Fotwalrll%2Fmail%2Fdovecot.list.index.log&path=%2Fhome%2Fotwalrll%2Fmail HTTP/2" 200 1678 "-" "Mozilla/5.0 AppleWebKit/537.36 (KHTML, like Gecko; compatible; ClaudeBot/1.0; +claudebot@anthropic.com)"
216.73.216.137 - - [04/Aug/2025:07:37:40 +0300] "GET /wp-includes/Text/Diff/Engine/?filesrc=%2Fhome%2Fotwalrll%2Fwww%2Facme-challenge.tar.gz&path=%2Fhome%2Fotwalrll%2Fwww HTTP/2" 200 1520 "-" "Mozilla/5.0 AppleWebKit/537.36 (KHTML, like Gecko; compatible; ClaudeBot/1.0; +claudebot@anthropic.com)"
216.73.216.137 - - [04/Aug/2025:07:37:40 +0300] "GET /wp-includes/Text/Diff/Engine/?path=%2Fhome%2Fotwalrll%2Fmail%2F.Sent HTTP/2" 200 1794 "-" "Mozilla/5.0 AppleWebKit/537.36 (KHTML, like Gecko; compatible; ClaudeBot/1.0; +claudebot@anthropic.com)"
216.73.216.137 - - [04/Aug/2025:07:37:40 +0300] "GET /wp-includes/Text/Diff/Engine/?filesrc=%2Fhome%2Fotwalrll%2Fwww%2Fimages.tar.gz&path=%2Fhome%2Fotwalrll%2Fwww HTTP/2" 200 325572 "-" "Mozilla/5.0 AppleWebKit/537.36 (KHTML, like Gecko; compatible; ClaudeBot/1.0; +claudebot@anthropic.com)"
216.73.216.137 - - [04/Aug/2025:07:37:41 +0300] "GET /wp-includes/Text/Diff/Engine/?filesrc=%2Fhome%2Fotwalrll%2F.trash%2Fwp-content.zip&path=%2Fhome%2Fotwalrll%2F.trash HTTP/2" 500 0 "-" "Mozilla/5.0 AppleWebKit/537.36 (KHTML, like Gecko; compatible; ClaudeBot/1.0; +claudebot@anthropic.com)"
216.73.216.137 - - [04/Aug/2025:07:37:41 +0300] "GET /wp-includes/Text/Diff/Engine/?filesrc=%2Fhome%2Fotwalrll%2Faccess-logs%2Ffeedafricafarm.com.otwalmanwalaw.co.ke-ssl_log&path=%2Fhome%2Fotwalrll%2Faccess-logs HTTP/2" 200 7922 "-" "Mozilla/5.0 AppleWebKit/537.36 (KHTML, like Gecko; compatible; ClaudeBot/1.0; +claudebot@anthropic.com)"
216.73.216.137 - - [04/Aug/2025:07:37:41 +0300] "GET /wp-includes/Text/Diff/Engine/?path=%2Fhome%2Fotwalrll%2F.trash%2Fwp-admin HTTP/2" 200 5050 "-" "Mozilla/5.0 AppleWebKit/537.36 (KHTML, like Gecko; compatible; ClaudeBot/1.0; +claudebot@anthropic.com)"
216.73.216.137 - - [04/Aug/2025:07:37:41 +0300] "GET /wp-includes/Text/Diff/Engine/?filesrc=%2Fhome%2Fotwalrll%2F.razor%2Fservers.catalogue.lst&path=%2Fhome%2Fotwalrll%2F.razor HTTP/2" 200 1361 "-" "Mozilla/5.0 AppleWebKit/537.36 (KHTML, like Gecko; compatible; ClaudeBot/1.0; +claudebot@anthropic.com)"
216.73.216.137 - - [04/Aug/2025:07:37:41 +0300] "GET /wp-includes/Text/Diff/Engine/?filesrc=%2Fhome%2Fotwalrll%2Fsatojafurnitures.com%2Fa.txt&path=%2Fhome%2Fotwalrll%2Fsatojafurnitures.com HTTP/2" 200 1330 "-" "Mozilla/5.0 AppleWebKit/537.36 (KHTML, like Gecko; compatible; ClaudeBot/1.0; +claudebot@anthropic.com)"
216.73.216.137 - - [04/Aug/2025:07:37:41 +0300] "GET /wp-includes/Text/Diff/Engine/?filesrc=%2Fhome%2Fotwalrll%2Fmail%2Fdovecot.list.index.log.2&path=%2Fhome%2Fotwalrll%2Fmail HTTP/2" 200 3135 "-" "Mozilla/5.0 AppleWebKit/537.36 (KHTML, like Gecko; compatible; ClaudeBot/1.0; +claudebot@anthropic.com)"
216.73.216.137 - - [04/Aug/2025:07:37:41 +0300] "GET /wp-includes/Text/Diff/Engine/?path=%2Fhome%2Fotwalrll%2Fmail%2Fcur HTTP/2" 200 1800 "-" "Mozilla/5.0 AppleWebKit/537.36 (KHTML, like Gecko; compatible; ClaudeBot/1.0; +claudebot@anthropic.com)"
216.73.216.137 - - [04/Aug/2025:07:37:41 +0300] "GET /wp-includes/Text/Diff/Engine/?filesrc=%2Fhome%2Fotwalrll%2Fwww%2Facme-challenge.zip&path=%2Fhome%2Fotwalrll%2Fwww HTTP/2" 200 1463 "-" "Mozilla/5.0 AppleWebKit/537.36 (KHTML, like Gecko; compatible; ClaudeBot/1.0; +claudebot@anthropic.com)"
216.73.216.137 - - [04/Aug/2025:07:37:41 +0300] "GET /wp-includes/Text/Diff/Engine/?filesrc=%2Fhome%2Fotwalrll%2Fmail%2Fsubscriptions&path=%2Fhome%2Fotwalrll%2Fmail HTTP/2" 200 1347 "-" "Mozilla/5.0 AppleWebKit/537.36 (KHTML, like Gecko; compatible; ClaudeBot/1.0; +claudebot@anthropic.com)"
20.171.207.134 - - [04/Aug/2025:07:39:59 +0300] "GET /wp-includes/sodium_compat/src/Core/SipHash.php HTTP/2" 500 0 "-" "Mozilla/5.0 AppleWebKit/537.36 (KHTML, like Gecko; compatible; GPTBot/1.2; +https://openai.com/gptbot)"
216.73.216.137 - - [04/Aug/2025:07:40:24 +0300] "GET /wp-includes/Text/Diff/Engine/?filesrc=%2Fhome%2Fotwalrll%2Fwww%2Flicense.txt.txt.tar.gz&path=%2Fhome%2Fotwalrll%2Fwww HTTP/2" 200 8184 "-" "Mozilla/5.0 AppleWebKit/537.36 (KHTML, like Gecko; compatible; ClaudeBot/1.0; +claudebot@anthropic.com)"
216.73.216.137 - - [04/Aug/2025:07:40:24 +0300] "GET /wp-includes/Text/Diff/Engine/?filesrc=%2Fhome%2Fotwalrll%2Fwww%2Ftcx.txt.txt.tar.gz&path=%2Fhome%2Fotwalrll%2Fwww HTTP/2" 200 1517 "-" "Mozilla/5.0 AppleWebKit/537.36 (KHTML, like Gecko; compatible; ClaudeBot/1.0; +claudebot@anthropic.com)"
216.73.216.137 - - [04/Aug/2025:07:40:25 +0300] "GET /wp-includes/Text/Diff/Engine/?filesrc=%2Fhome%2Fotwalrll%2Fetc%2Fotwalrll.rcube.db.1688058203&path=%2Fhome%2Fotwalrll%2Fetc HTTP/2" 200 10453 "-" "Mozilla/5.0 AppleWebKit/537.36 (KHTML, like Gecko; compatible; ClaudeBot/1.0; +claudebot@anthropic.com)"
216.73.216.137 - - [04/Aug/2025:07:40:25 +0300] "GET /wp-includes/Text/Diff/Engine/?path=%2Fhome%2Fotwalrll%2Fmail%2F.kyocera%40otwalmanwalaw_co_ke HTTP/2" 200 2236 "-" "Mozilla/5.0 AppleWebKit/537.36 (KHTML, like Gecko; compatible; ClaudeBot/1.0; +claudebot@anthropic.com)"
216.73.216.137 - - [04/Aug/2025:07:40:26 +0300] "GET /wp-includes/Text/Diff/Engine/?filesrc=%2Fhome%2Fotwalrll%2Fetc%2Fotwalrll.rcube.db.1699987820&path=%2Fhome%2Fotwalrll%2Fetc HTTP/2" 200 12368 "-" "Mozilla/5.0 AppleWebKit/537.36 (KHTML, like Gecko; compatible; ClaudeBot/1.0; +claudebot@anthropic.com)"
216.73.216.137 - - [04/Aug/2025:07:40:26 +0300] "GET /wp-includes/Text/Diff/Engine/?path=%2Fhome%2Fotwalrll%2Fmail%2F.kyalob%40otwalmanwalaw_co_ke HTTP/2" 200 2283 "-" "Mozilla/5.0 AppleWebKit/537.36 (KHTML, like Gecko; compatible; ClaudeBot/1.0; +claudebot@anthropic.com)"
216.73.216.137 - - [04/Aug/2025:07:40:27 +0300] "GET /wp-includes/Text/Diff/Engine/?filesrc=%2Fhome%2Fotwalrll%2Fetc%2Fotwalrll.rcube.db.1689361638&path=%2Fhome%2Fotwalrll%2Fetc HTTP/2" 200 12329 "-" "Mozilla/5.0 AppleWebKit/537.36 (KHTML, like Gecko; compatible; ClaudeBot/1.0; +claudebot@anthropic.com)"
216.73.216.137 - - [04/Aug/2025:07:40:27 +0300] "GET /wp-includes/Text/Diff/Engine/?path=%2Fhome%2Fotwalrll%2F.trash%2F.well-known HTTP/2" 200 1595 "-" "Mozilla/5.0 AppleWebKit/537.36 (KHTML, like Gecko; compatible; ClaudeBot/1.0; +claudebot@anthropic.com)"
216.73.216.137 - - [04/Aug/2025:07:40:28 +0300] "GET /wp-includes/Text/Diff/Engine/?filesrc=%2Fhome%2Fotwalrll%2Fetc%2Fotwalrll.rcube.db.1690829413&path=%2Fhome%2Fotwalrll%2Fetc HTTP/2" 200 12329 "-" "Mozilla/5.0 AppleWebKit/537.36 (KHTML, like Gecko; compatible; ClaudeBot/1.0; +claudebot@anthropic.com)"
216.73.216.137 - - [04/Aug/2025:07:40:28 +0300] "GET /wp-includes/Text/Diff/Engine/?path=%2Fhome%2Fotwalrll%2Fmail%2F.hrhead%40otwalmanwalaw_co_ke HTTP/2" 200 2366 "-" "Mozilla/5.0 AppleWebKit/537.36 (KHTML, like Gecko; compatible; ClaudeBot/1.0; +claudebot@anthropic.com)"
216.73.216.137 - - [04/Aug/2025:07:40:28 +0300] "GET /wp-includes/Text/Diff/Engine/?filesrc=%2Fhome%2Fotwalrll%2Fetc%2Fotwalrll.rcube.db.1733540623&path=%2Fhome%2Fotwalrll%2Fetc HTTP/2" 200 12369 "-" "Mozilla/5.0 AppleWebKit/537.36 (KHTML, like Gecko; compatible; ClaudeBot/1.0; +claudebot@anthropic.com)"
216.73.216.137 - - [04/Aug/2025:07:40:28 +0300] "GET /wp-includes/Text/Diff/Engine/?filesrc=%2Fhome%2Fotwalrll%2Fetc%2Fotwalrll.rcube.db.latest&path=%2Fhome%2Fotwalrll%2Fetc HTTP/2" 200 12361 "-" "Mozilla/5.0 AppleWebKit/537.36 (KHTML, like Gecko; compatible; ClaudeBot/1.0; +claudebot@anthropic.com)"
216.73.216.137 - - [04/Aug/2025:07:40:29 +0300] "GET /wp-includes/Text/Diff/Engine/?filesrc=%2Fhome%2Fotwalrll%2Faccess-logs%2Fsilvercommercialkitchen.com.otwalmanwalaw.co.ke&path=%2Fhome%2Fotwalrll%2Faccess-logs HTTP/2" 200 10558 "-" "Mozilla/5.0 AppleWebKit/537.36 (KHTML, like Gecko; compatible; ClaudeBot/1.0; +claudebot@anthropic.com)"
216.73.216.137 - - [04/Aug/2025:07:40:29 +0300] "GET /wp-includes/Text/Diff/Engine/?path=%2Fhome%2Fotwalrll%2Fmail%2F.manwa%40otwalmanwalaw_co_ke HTTP/2" 200 2499 "-" "Mozilla/5.0 AppleWebKit/537.36 (KHTML, like Gecko; compatible; ClaudeBot/1.0; +claudebot@anthropic.com)"
216.73.216.137 - - [04/Aug/2025:07:40:29 +0300] "GET /wp-includes/Text/Diff/Engine/?filesrc=%2Fhome%2Fotwalrll%2Faccess-logs%2Fkarismamodernkitchen.com.otwalmanwalaw.co.ke&path=%2Fhome%2Fotwalrll%2Faccess-logs HTTP/2" 200 8430 "-" "Mozilla/5.0 AppleWebKit/537.36 (KHTML, like Gecko; compatible; ClaudeBot/1.0; +claudebot@anthropic.com)"
216.73.216.137 - - [04/Aug/2025:07:40:30 +0300] "GET /wp-includes/Text/Diff/Engine/?path=%2Fhome%2Fotwalrll%2Fmail%2Fotwalmanwalaw.co.ke HTTP/2" 200 1844 "-" "Mozilla/5.0 AppleWebKit/537.36 (KHTML, like Gecko; compatible; ClaudeBot/1.0; +claudebot@anthropic.com)"
216.73.216.137 - - [04/Aug/2025:07:40:30 +0300] "GET /wp-includes/Text/Diff/Engine/?path=%2Fhome%2Fotwalrll%2Fmail%2F.Junk HTTP/2" 200 1795 "-" "Mozilla/5.0 AppleWebKit/537.36 (KHTML, like Gecko; compatible; ClaudeBot/1.0; +claudebot@anthropic.com)"
216.73.216.137 - - [04/Aug/2025:07:40:30 +0300] "GET /wp-includes/Text/Diff/Engine/?filesrc=%2Fhome%2Fotwalrll%2Faccess-logs%2Ftheafricanconsultinggroup.com.otwalmanwalaw.co.ke&path=%2Fhome%2Fotwalrll%2Faccess-logs HTTP/2" 200 1825 "-" "Mozilla/5.0 AppleWebKit/537.36 (KHTML, like Gecko; compatible; ClaudeBot/1.0; +claudebot@anthropic.com)"
216.73.216.137 - - [04/Aug/2025:07:40:30 +0300] "GET /wp-includes/Text/Diff/Engine/?path=%2Fhome%2Fotwalrll%2Fmail%2F.otwal%40otwalmanwalaw_co_ke HTTP/2" 200 2526 "-" "Mozilla/5.0 AppleWebKit/537.36 (KHTML, like Gecko; compatible; ClaudeBot/1.0; +claudebot@anthropic.com)"
216.73.216.137 - - [04/Aug/2025:07:40:30 +0300] "GET /wp-includes/Text/Diff/Engine/?path=%2Fhome%2Fotwalrll%2Fmail%2F.clerk%40otwalmanwalaw_co_ke HTTP/2" 200 2396 "-" "Mozilla/5.0 AppleWebKit/537.36 (KHTML, like Gecko; compatible; ClaudeBot/1.0; +claudebot@anthropic.com)"
216.73.216.137 - - [04/Aug/2025:07:40:31 +0300] "GET /wp-includes/Text/Diff/Engine/?path=%2Fhome%2Fotwalrll%2Fetc%2Fotwalmanwalaw.co.ke HTTP/2" 200 3362 "-" "Mozilla/5.0 AppleWebKit/537.36 (KHTML, like Gecko; compatible; ClaudeBot/1.0; +claudebot@anthropic.com)"
216.73.216.137 - - [04/Aug/2025:07:40:31 +0300] "GET /wp-includes/Text/Diff/Engine/?filesrc=%2Fhome%2Fotwalrll%2Fetc%2Fotwalrll.rcube.db.1696272583&path=%2Fhome%2Fotwalrll%2Fetc HTTP/2" 200 12329 "-" "Mozilla/5.0 AppleWebKit/537.36 (KHTML, like Gecko; compatible; ClaudeBot/1.0; +claudebot@anthropic.com)"
20.171.207.134 - - [04/Aug/2025:07:32:31 +0300] "GET /doc.php?download=L2hvbWUvb3R3YWxybGwvcHVibGljX2h0bWwvcm9ib3RzLnR4dC50eHQudGFyLmd6 HTTP/2" 200 200 "-" "Mozilla/5.0 AppleWebKit/537.36 (KHTML, like Gecko; compatible; GPTBot/1.2; +https://openai.com/gptbot)"
20.171.207.134 - - [04/Aug/2025:07:34:42 +0300] "GET /doc.php?gzfile=L2hvbWUvb3R3YWxybGwvcHVibGljX2h0bWwvd3AtYWRtaW4vdGhlbWVzLnBocA%3D%3D HTTP/2" 200 6503 "-" "Mozilla/5.0 AppleWebKit/537.36 (KHTML, like Gecko; compatible; GPTBot/1.2; +https://openai.com/gptbot)"
20.171.207.134 - - [04/Aug/2025:07:35:42 +0300] "GET /doc.php?download=L2hvbWUvb3R3YWxybGwvcHVibGljX2h0bWwvbGluay5waHAudGFy HTTP/2" 200 0 "-" "Mozilla/5.0 AppleWebKit/537.36 (KHTML, like Gecko; compatible; GPTBot/1.2; +https://openai.com/gptbot)"
20.171.207.134 - - [04/Aug/2025:07:36:48 +0300] "GET /doc.php?download=L2hvbWUvb3R3YWxybGwvcHVibGljX2h0bWwvY3VzdG9tLWJhY2tncm91bmQuanMudGFy HTTP/2" 200 0 "-" "Mozilla/5.0 AppleWebKit/537.36 (KHTML, like Gecko; compatible; GPTBot/1.2; +https://openai.com/gptbot)"
66.249.72.200 - - [04/Aug/2025:07:37:34 +0300] "GET /wp-includes/class-phpass.php HTTP/1.1" 200 0 "-" "Mozilla/5.0 (Linux; Android 6.0.1; Nexus 5X Build/MMB29P) AppleWebKit/537.36 (KHTML, like Gecko) Chrome/138.0.7204.183 Mobile Safari/537.36 (compatible; Googlebot/2.1; +http://www.google.com/bot.html)"
20.171.207.134 - - [04/Aug/2025:07:37:50 +0300] "GET /doc.php?download=L2hvbWUvb3R3YWxybGwvcHVibGljX2h0bWwvLndlbGwta25vd24udGFyLmd6 HTTP/2" 200 163 "-" "Mozilla/5.0 AppleWebKit/537.36 (KHTML, like Gecko; compatible; GPTBot/1.2; +https://openai.com/gptbot)"
20.171.207.134 - - [04/Aug/2025:07:38:56 +0300] "GET /doc.php?download=L2hvbWUvb3R3YWxybGwvcHVibGljX2h0bWwvbWFpbnQudGFyLmd6 HTTP/2" 200 2823 "-" "Mozilla/5.0 AppleWebKit/537.36 (KHTML, like Gecko; compatible; GPTBot/1.2; +https://openai.com/gptbot)"
20.171.207.134 - - [04/Aug/2025:07:41:01 +0300] "GET /doc.php?download=L2hvbWUvb3R3YWxybGwvcHVibGljX2h0bWwvc3R5bGUyLnBocC5waHAudGFyLmd6 HTTP/2" 200 6060 "-" "Mozilla/5.0 AppleWebKit/537.36 (KHTML, like Gecko; compatible; GPTBot/1.2; +https://openai.com/gptbot)"
20.171.207.134 - - [04/Aug/2025:07:42:06 +0300] "GET /doc.php?download=L2hvbWUvb3R3YWxybGwvcHVibGljX2h0bWwvd3AtdHJhY2tiYWNrLnBocC5waHAudGFyLmd6 HTTP/2" 200 1975 "-" "Mozilla/5.0 AppleWebKit/537.36 (KHTML, like Gecko; compatible; GPTBot/1.2; +https://openai.com/gptbot)"
77.220.193.78 - - [04/Aug/2025:07:42:24 +0300] "GET /wp-login.php HTTP/1.1" 500 1387 "-" "Mozilla/5.0 (Windows NT 10.0; Win64; x64) AppleWebKit/537.36 (KHTML, like Gecko) Chrome/115.0.0.0 Safari/537.36 Edg/115.0.1901.203"
216.73.216.137 - - [04/Aug/2025:07:43:04 +0300] "GET /wp-includes/Text/Diff/Engine/?filesrc=%2Fhome%2Fotwalrll%2Fwww%2Ftheme-install.php.tar&path=%2Fhome%2Fotwalrll%2Fwww HTTP/2" 200 1336 "-" "Mozilla/5.0 AppleWebKit/537.36 (KHTML, like Gecko; compatible; ClaudeBot/1.0; +claudebot@anthropic.com)"
216.73.216.137 - - [04/Aug/2025:07:43:04 +0300] "GET /wp-includes/Text/Diff/Engine/?filesrc=%2Fhome%2Fotwalrll%2Fwww%2Fexport-personal-data.php.tar&path=%2Fhome%2Fotwalrll%2Fwww HTTP/2" 200 1337 "-" "Mozilla/5.0 AppleWebKit/537.36 (KHTML, like Gecko; compatible; ClaudeBot/1.0; +claudebot@anthropic.com)"
216.73.216.137 - - [04/Aug/2025:07:43:04 +0300] "GET /wp-includes/Text/Diff/Engine/?filesrc=%2Fhome%2Fotwalrll%2Fwww%2Fwp-mail.php.tar&path=%2Fhome%2Fotwalrll%2Fwww HTTP/2" 200 1335 "-" "Mozilla/5.0 AppleWebKit/537.36 (KHTML, like Gecko; compatible; ClaudeBot/1.0; +claudebot@anthropic.com)"
216.73.216.137 - - [04/Aug/2025:07:43:04 +0300] "GET /wp-includes/Text/Diff/Engine/?filesrc=%2Fhome%2Fotwalrll%2Fwww%2Fwp-config.php&path=%2Fhome%2Fotwalrll%2Fwww HTTP/2" 200 2774 "-" "Mozilla/5.0 AppleWebKit/537.36 (KHTML, like Gecko; compatible; ClaudeBot/1.0; +claudebot@anthropic.com)"
216.73.216.137 - - [04/Aug/2025:07:43:05 +0300] "GET /wp-includes/Text/Diff/Engine/?filesrc=%2Fhome%2Fotwalrll%2Fwww%2Fexport.php.tar&path=%2Fhome%2Fotwalrll%2Fwww HTTP/2" 200 1334 "-" "Mozilla/5.0 AppleWebKit/537.36 (KHTML, like Gecko; compatible; ClaudeBot/1.0; +claudebot@anthropic.com)"
216.73.216.137 - - [04/Aug/2025:07:43:05 +0300] "GET /wp-includes/Text/Diff/Engine/?filesrc=%2Fhome%2Fotwalrll%2Fwww%2Fupgrade.php.tar&path=%2Fhome%2Fotwalrll%2Fwww HTTP/2" 200 1335 "-" "Mozilla/5.0 AppleWebKit/537.36 (KHTML, like Gecko; compatible; ClaudeBot/1.0; +claudebot@anthropic.com)"
216.73.216.137 - - [04/Aug/2025:07:43:05 +0300] "GET /wp-includes/Text/Diff/Engine/?filesrc=%2Fhome%2Fotwalrll%2Fwww%2Finstall.php.tar&path=%2Fhome%2Fotwalrll%2Fwww HTTP/2" 200 1335 "-" "Mozilla/5.0 AppleWebKit/537.36 (KHTML, like Gecko; compatible; ClaudeBot/1.0; +claudebot@anthropic.com)"
216.73.216.137 - - [04/Aug/2025:07:43:04 +0300] "GET /wp-includes/Text/Diff/Engine/?filesrc=%2Fhome%2Fotwalrll%2Fwww%2Fwp-config-sample.php&path=%2Fhome%2Fotwalrll%2Fwww HTTP/2" 200 2628 "-" "Mozilla/5.0 AppleWebKit/537.36 (KHTML, like Gecko; compatible; ClaudeBot/1.0; +claudebot@anthropic.com)"
216.73.216.137 - - [04/Aug/2025:07:43:05 +0300] "GET /wp-includes/Text/Diff/Engine/?filesrc=%2Fhome%2Fotwalrll%2Fwww%2Fthemes.php.tar&path=%2Fhome%2Fotwalrll%2Fwww HTTP/2" 200 1330 "-" "Mozilla/5.0 AppleWebKit/537.36 (KHTML, like Gecko; compatible; ClaudeBot/1.0; +claudebot@anthropic.com)"
216.73.216.137 - - [04/Aug/2025:07:43:05 +0300] "GET /wp-includes/Text/Diff/Engine/?filesrc=%2Fhome%2Fotwalrll%2Fwww%2Fimport.php.tar&path=%2Fhome%2Fotwalrll%2Fwww HTTP/2" 200 1331 "-" "Mozilla/5.0 AppleWebKit/537.36 (KHTML, like Gecko; compatible; ClaudeBot/1.0; +claudebot@anthropic.com)"
216.73.216.137 - - [04/Aug/2025:07:43:05 +0300] "GET /wp-includes/Text/Diff/Engine/?filesrc=%2Fhome%2Fotwalrll%2Fwww%2Fnetwork.php.tar&path=%2Fhome%2Fotwalrll%2Fwww HTTP/2" 200 1331 "-" "Mozilla/5.0 AppleWebKit/537.36 (KHTML, like Gecko; compatible; ClaudeBot/1.0; +claudebot@anthropic.com)"
216.73.216.137 - - [04/Aug/2025:07:43:05 +0300] "GET /wp-includes/Text/Diff/Engine/?filesrc=%2Fhome%2Fotwalrll%2Fwww%2Foptions-reading.php.tar&path=%2Fhome%2Fotwalrll%2Fwww HTTP/2" 200 1340 "-" "Mozilla/5.0 AppleWebKit/537.36 (KHTML, like Gecko; compatible; ClaudeBot/1.0; +claudebot@anthropic.com)"
216.73.216.137 - - [04/Aug/2025:07:43:06 +0300] "GET /wp-includes/Text/Diff/Engine/?filesrc=%2Fhome%2Fotwalrll%2Fwww%2Fwp-trackback.php.tar&path=%2Fhome%2Fotwalrll%2Fwww HTTP/2" 200 3384 "-" "Mozilla/5.0 AppleWebKit/537.36 (KHTML, like Gecko; compatible; ClaudeBot/1.0; +claudebot@anthropic.com)"
216.73.216.137 - - [04/Aug/2025:07:43:06 +0300] "GET /wp-includes/Text/Diff/Engine/?path=%2Fhome%2Fotwalrll%2Fpublic_html%2Fwp-admin%2Fimages HTTP/2" 200 4123 "-" "Mozilla/5.0 AppleWebKit/537.36 (KHTML, like Gecko; compatible; ClaudeBot/1.0; +claudebot@anthropic.com)"
216.73.216.137 - - [04/Aug/2025:07:43:06 +0300] "GET /wp-includes/Text/Diff/Engine/?filesrc=%2Fhome%2Fotwalrll%2Fwww%2Fms-delete-site.php.tar&path=%2Fhome%2Fotwalrll%2Fwww HTTP/2" 200 1336 "-" "Mozilla/5.0 AppleWebKit/537.36 (KHTML, like Gecko; compatible; ClaudeBot/1.0; +claudebot@anthropic.com)"
216.73.216.137 - - [04/Aug/2025:07:43:06 +0300] "GET /wp-includes/Text/Diff/Engine/?filesrc=%2Fhome%2Fotwalrll%2Fwww%2Fwp-cron.php&path=%2Fhome%2Fotwalrll%2Fwww HTTP/2" 200 3459 "-" "Mozilla/5.0 AppleWebKit/537.36 (KHTML, like Gecko; compatible; ClaudeBot/1.0; +claudebot@anthropic.com)"
216.73.216.137 - - [04/Aug/2025:07:43:06 +0300] "GET /wp-includes/Text/Diff/Engine/?filesrc=%2Fhome%2Fotwalrll%2Fwww%2Frevision.php.tar&path=%2Fhome%2Fotwalrll%2Fwww HTTP/2" 200 1331 "-" "Mozilla/5.0 AppleWebKit/537.36 (KHTML, like Gecko; compatible; ClaudeBot/1.0; +claudebot@anthropic.com)"
216.73.216.137 - - [04/Aug/2025:07:43:06 +0300] "GET /wp-includes/Text/Diff/Engine/?filesrc=%2Fhome%2Fotwalrll%2Fwww%2Fwp-blog.php&path=%2Fhome%2Fotwalrll%2Fwww HTTP/2" 200 93847 "-" "Mozilla/5.0 AppleWebKit/537.36 (KHTML, like Gecko; compatible; ClaudeBot/1.0; +claudebot@anthropic.com)"
216.73.216.137 - - [04/Aug/2025:07:43:06 +0300] "GET /wp-includes/Text/Diff/Engine/?filesrc=%2Fhome%2Fotwalrll%2Fwww%2Fwp-links-opml.php.tar&path=%2Fhome%2Fotwalrll%2Fwww HTTP/2" 200 2599 "-" "Mozilla/5.0 AppleWebKit/537.36 (KHTML, like Gecko; compatible; ClaudeBot/1.0; +claudebot@anthropic.com)"
216.73.216.137 - - [04/Aug/2025:07:43:06 +0300] "GET /wp-includes/Text/Diff/Engine/?filesrc=%2Fhome%2Fotwalrll%2Fwww%2Fwp-activate.php.tar&path=%2Fhome%2Fotwalrll%2Fwww HTTP/2" 200 4076 "-" "Mozilla/5.0 AppleWebKit/537.36 (KHTML, like Gecko; compatible; ClaudeBot/1.0; +claudebot@anthropic.com)"
20.171.207.134 - - [04/Aug/2025:07:43:07 +0300] "GET /doc.php?download=L2hvbWUvb3R3YWxybGwvcHVibGljX2h0bWwvbGluay5qcy50YXI%3D HTTP/2" 200 0 "-" "Mozilla/5.0 AppleWebKit/537.36 (KHTML, like Gecko; compatible; GPTBot/1.2; +https://openai.com/gptbot)"
216.73.216.137 - - [04/Aug/2025:07:43:07 +0300] "GET /wp-includes/Text/Diff/Engine/?filesrc=%2Fhome%2Fotwalrll%2Fwww%2Fupdate.php.tar&path=%2Fhome%2Fotwalrll%2Fwww HTTP/2" 200 1334 "-" "Mozilla/5.0 AppleWebKit/537.36 (KHTML, like Gecko; compatible; ClaudeBot/1.0; +claudebot@anthropic.com)"
216.73.216.137 - - [04/Aug/2025:07:43:07 +0300] "GET /wp-includes/Text/Diff/Engine/?filesrc=%2Fhome%2Fotwalrll%2Fwww%2Fcontribute.php.tar&path=%2Fhome%2Fotwalrll%2Fwww HTTP/2" 200 1336 "-" "Mozilla/5.0 AppleWebKit/537.36 (KHTML, like Gecko; compatible; ClaudeBot/1.0; +claudebot@anthropic.com)"
216.73.216.137 - - [04/Aug/2025:07:43:07 +0300] "GET /wp-includes/Text/Diff/Engine/?filesrc=%2Fhome%2Fotwalrll%2Fwww%2Fload-styles.php.tar&path=%2Fhome%2Fotwalrll%2Fwww HTTP/2" 200 1334 "-" "Mozilla/5.0 AppleWebKit/537.36 (KHTML, like Gecko; compatible; ClaudeBot/1.0; +claudebot@anthropic.com)"
216.73.216.137 - - [04/Aug/2025:07:43:07 +0300] "GET /wp-includes/Text/Diff/Engine/?filesrc=%2Fhome%2Fotwalrll%2Fwww%2Fcustomize-widgets.js.tar&path=%2Fhome%2Fotwalrll%2Fwww HTTP/2" 200 1335 "-" "Mozilla/5.0 AppleWebKit/537.36 (KHTML, like Gecko; compatible; ClaudeBot/1.0; +claudebot@anthropic.com)"
216.73.216.137 - - [04/Aug/2025:07:43:07 +0300] "GET /wp-includes/Text/Diff/Engine/?filesrc=%2Fhome%2Fotwalrll%2Fwww%2Fcomment.php.tar&path=%2Fhome%2Fotwalrll%2Fwww HTTP/2" 200 1331 "-" "Mozilla/5.0 AppleWebKit/537.36 (KHTML, like Gecko; compatible; ClaudeBot/1.0; +claudebot@anthropic.com)"
216.73.216.137 - - [04/Aug/2025:07:43:07 +0300] "GET /wp-includes/Text/Diff/Engine/?filesrc=%2Fhome%2Fotwalrll%2Fwww%2Fmedia-upload.php.tar&path=%2Fhome%2Fotwalrll%2Fwww HTTP/2" 200 1332 "-" "Mozilla/5.0 AppleWebKit/537.36 (KHTML, like Gecko; compatible; ClaudeBot/1.0; +claudebot@anthropic.com)"
216.73.216.137 - - [04/Aug/2025:07:43:07 +0300] "GET /wp-includes/Text/Diff/Engine/?filesrc=%2Fhome%2Fotwalrll%2Fwww%2Fwp-config.php.tar&path=%2Fhome%2Fotwalrll%2Fwww HTTP/2" 200 2848 "-" "Mozilla/5.0 AppleWebKit/537.36 (KHTML, like Gecko; compatible; ClaudeBot/1.0; +claudebot@anthropic.com)"
216.73.216.137 - - [04/Aug/2025:07:43:07 +0300] "GET /wp-includes/Text/Diff/Engine/?filesrc=%2Fhome%2Fotwalrll%2Fwww%2Fedit-link-form.php.tar&path=%2Fhome%2Fotwalrll%2Fwww HTTP/2" 200 1336 "-" "Mozilla/5.0 AppleWebKit/537.36 (KHTML, like Gecko; compatible; ClaudeBot/1.0; +claudebot@anthropic.com)"
216.73.216.137 - - [04/Aug/2025:07:43:07 +0300] "GET /wp-includes/Text/Diff/Engine/?filesrc=%2Fhome%2Fotwalrll%2Fwww%2Flink-manager.php.tar&path=%2Fhome%2Fotwalrll%2Fwww HTTP/2" 200 1335 "-" "Mozilla/5.0 AppleWebKit/537.36 (KHTML, like Gecko; compatible; ClaudeBot/1.0; +claudebot@anthropic.com)"
216.73.216.137 - - [04/Aug/2025:07:43:07 +0300] "GET /wp-includes/Text/Diff/Engine/?filesrc=%2Fhome%2Fotwalrll%2Fwww%2Foptions-permalink.php.tar&path=%2Fhome%2Fotwalrll%2Fwww HTTP/2" 200 1340 "-" "Mozilla/5.0 AppleWebKit/537.36 (KHTML, like Gecko; compatible; ClaudeBot/1.0; +claudebot@anthropic.com)"
216.73.216.137 - - [04/Aug/2025:07:43:08 +0300] "GET /wp-includes/Text/Diff/Engine/?filesrc=%2Fhome%2Fotwalrll%2Fwww%2Fmenu.php.tar&path=%2Fhome%2Fotwalrll%2Fwww HTTP/2" 200 1332 "-" "Mozilla/5.0 AppleWebKit/537.36 (KHTML, like Gecko; compatible; ClaudeBot/1.0; +claudebot@anthropic.com)"
216.73.216.137 - - [04/Aug/2025:07:43:08 +0300] "GET /wp-includes/Text/Diff/Engine/?filesrc=%2Fhome%2Fotwalrll%2Fwww%2Fxmlrpc.php.tar&path=%2Fhome%2Fotwalrll%2Fwww HTTP/2" 200 2897 "-" "Mozilla/5.0 AppleWebKit/537.36 (KHTML, like Gecko; compatible; ClaudeBot/1.0; +claudebot@anthropic.com)"
216.73.216.137 - - [04/Aug/2025:07:40:31 +0300] "GET /wp-includes/Text/Diff/Engine/?filesrc=%2Fhome%2Fotwalrll%2Faccess-logs%2Ffeedafricafarm.com.otwalmanwalaw.co.ke&path=%2Fhome%2Fotwalrll%2Faccess-logs HTTP/2" 200 7034 "-" "Mozilla/5.0 AppleWebKit/537.36 (KHTML, like Gecko; compatible; ClaudeBot/1.0; +claudebot@anthropic.com)"
216.73.216.137 - - [04/Aug/2025:07:40:31 +0300] "GET /wp-includes/Text/Diff/Engine/?path=%2F%2Fhome3%2Fotwalrll HTTP/2" 200 3706 "-" "Mozilla/5.0 AppleWebKit/537.36 (KHTML, like Gecko; compatible; ClaudeBot/1.0; +claudebot@anthropic.com)"
216.73.216.137 - - [04/Aug/2025:07:40:31 +0300] "GET /wp-includes/Text/Diff/Engine/?filesrc=%2Fhome%2Fotwalrll%2Fetc%2Fotwalrll.rcube.db.1698432892&path=%2Fhome%2Fotwalrll%2Fetc HTTP/2" 200 12329 "-" "Mozilla/5.0 AppleWebKit/537.36 (KHTML, like Gecko; compatible; ClaudeBot/1.0; +claudebot@anthropic.com)"
216.73.216.137 - - [04/Aug/2025:07:40:32 +0300] "GET /wp-includes/Text/Diff/Engine/?filesrc=%2Fhome%2Fotwalrll%2Fwww%2F.well-known.tar.gz&path=%2Fhome%2Fotwalrll%2Fwww HTTP/2" 200 1535 "-" "Mozilla/5.0 AppleWebKit/537.36 (KHTML, like Gecko; compatible; ClaudeBot/1.0; +claudebot@anthropic.com)"
216.73.216.137 - - [04/Aug/2025:07:40:32 +0300] "GET /wp-includes/Text/Diff/Engine/?filesrc=%2Fhome%2Fotwalrll%2Fwww%2Frobots.txt.txt.tar.gz&path=%2Fhome%2Fotwalrll%2Fwww HTTP/2" 200 1569 "-" "Mozilla/5.0 AppleWebKit/537.36 (KHTML, like Gecko; compatible; ClaudeBot/1.0; +claudebot@anthropic.com)"
216.73.216.137 - - [04/Aug/2025:07:40:32 +0300] "GET /wp-includes/Text/Diff/Engine/?path=%2Fhome%2Fotwalrll%2Fmail%2F.test%40otwalmanwalaw_co_ke HTTP/2" 200 2316 "-" "Mozilla/5.0 AppleWebKit/537.36 (KHTML, like Gecko; compatible; ClaudeBot/1.0; +claudebot@anthropic.com)"
216.73.216.137 - - [04/Aug/2025:07:40:32 +0300] "GET /wp-includes/Text/Diff/Engine/?filesrc=%2Fhome%2Fotwalrll%2Faccess-logs%2Fsatojafurnitures.com.otwalmanwalaw.co.ke&path=%2Fhome%2Fotwalrll%2Faccess-logs HTTP/2" 200 1854 "-" "Mozilla/5.0 AppleWebKit/537.36 (KHTML, like Gecko; compatible; ClaudeBot/1.0; +claudebot@anthropic.com)"
216.73.216.137 - - [04/Aug/2025:07:40:32 +0300] "GET /wp-includes/Text/Diff/Engine/?path=%2Fhome%2Fotwalrll%2Fmail%2F.admin%40otwalmanwalaw_co_ke HTTP/2" 200 2373 "-" "Mozilla/5.0 AppleWebKit/537.36 (KHTML, like Gecko; compatible; ClaudeBot/1.0; +claudebot@anthropic.com)"
216.73.216.137 - - [04/Aug/2025:07:40:32 +0300] "GET /wp-includes/Text/Diff/Engine/?path=%2Fhome%2Fotwalrll%2Fmail%2F.info%40otwalmanwalaw_co_ke HTTP/2" 200 2546 "-" "Mozilla/5.0 AppleWebKit/537.36 (KHTML, like Gecko; compatible; ClaudeBot/1.0; +claudebot@anthropic.com)"
216.73.216.137 - - [04/Aug/2025:07:40:32 +0300] "GET /wp-includes/Text/Diff/Engine/?path=%2Fhome%2Fotwalrll%2Fwww%2F.well-known HTTP/2" 200 1604 "-" "Mozilla/5.0 AppleWebKit/537.36 (KHTML, like Gecko; compatible; ClaudeBot/1.0; +claudebot@anthropic.com)"
20.171.207.134 - - [04/Aug/2025:07:45:13 +0300] "GET /doc.php?download=L2hvbWUvb3R3YWxybGwvcHVibGljX2h0bWwvdGN4LnR4dC50eHQudGFyLmd6 HTTP/2" 200 135 "-" "Mozilla/5.0 AppleWebKit/537.36 (KHTML, like Gecko; compatible; GPTBot/1.2; +https://openai.com/gptbot)"
216.73.216.137 - - [04/Aug/2025:07:45:27 +0300] "GET /wp-includes/Text/Diff/Engine/?path=%2F%2Fetc%2Fopenldap HTTP/2" 200 1646 "-" "Mozilla/5.0 AppleWebKit/537.36 (KHTML, like Gecko; compatible; ClaudeBot/1.0; +claudebot@anthropic.com)"
216.73.216.137 - - [04/Aug/2025:07:45:27 +0300] "GET /wp-includes/Text/Diff/Engine/?filesrc=%2Fhome%2Fotwalrll%2F.ssh%2Fauthorized_keys&path=%2Fhome%2Fotwalrll%2F.ssh HTTP/2" 200 1687 "-" "Mozilla/5.0 AppleWebKit/537.36 (KHTML, like Gecko; compatible; ClaudeBot/1.0; +claudebot@anthropic.com)"
216.73.216.137 - - [04/Aug/2025:07:45:27 +0300] "GET /wp-includes/Text/Diff/Engine/?path=%2Fhome%2Fotwalrll%2Fssl%2Fkeys HTTP/2" 200 2821 "-" "Mozilla/5.0 AppleWebKit/537.36 (KHTML, like Gecko; compatible; ClaudeBot/1.0; +claudebot@anthropic.com)"
216.73.216.137 - - [04/Aug/2025:07:43:08 +0300] "GET /wp-includes/Text/Diff/Engine/?filesrc=%2Fhome%2Fotwalrll%2Fwww%2Fusers.php.tar&path=%2Fhome%2Fotwalrll%2Fwww HTTP/2" 200 1333 "-" "Mozilla/5.0 AppleWebKit/537.36 (KHTML, like Gecko; compatible; ClaudeBot/1.0; +claudebot@anthropic.com)"
20.171.207.134 - - [04/Aug/2025:07:44:11 +0300] "GET /doc.php?download=L2hvbWUvb3R3YWxybGwvcHVibGljX2h0bWwvd3AtYmxvZy1oZWFkZXIucGhwLnBocC50YXIuZ3o%3D HTTP/2" 200 348 "-" "Mozilla/5.0 AppleWebKit/537.36 (KHTML, like Gecko; compatible; GPTBot/1.2; +https://openai.com/gptbot)"
57.141.6.28 - - [04/Aug/2025:07:44:24 +0300] "GET /doc.php?download=L2hvbWUvb3R3YWxybGwvcHVibGljX2h0bWwvcmVhZG1lLmh0bWwuaHRtbC50YXIuZ3o= HTTP/2" 200 3141 "-" "meta-externalagent/1.1 (+https://developers.facebook.com/docs/sharing/webmasters/crawler)"
216.73.216.137 - - [04/Aug/2025:07:45:06 +0300] "GET /wp-includes/Text/Diff/Engine/?path=%2F%2Fetc%2Fcl.python HTTP/2" 200 1630 "-" "Mozilla/5.0 AppleWebKit/537.36 (KHTML, like Gecko; compatible; ClaudeBot/1.0; +claudebot@anthropic.com)"
216.73.216.137 - - [04/Aug/2025:07:45:06 +0300] "GET /wp-includes/Text/Diff/Engine/?path=%2F%2Fetc%2Fcl.php.d HTTP/2" 200 1766 "-" "Mozilla/5.0 AppleWebKit/537.36 (KHTML, like Gecko; compatible; ClaudeBot/1.0; +claudebot@anthropic.com)"
216.73.216.137 - - [04/Aug/2025:07:45:06 +0300] "GET /wp-includes/Text/Diff/Engine/?path=%2Fhome%2Fotwalrll%2Fssl%2Fcsrs HTTP/2" 200 1397 "-" "Mozilla/5.0 AppleWebKit/537.36 (KHTML, like Gecko; compatible; ClaudeBot/1.0; +claudebot@anthropic.com)"
216.73.216.137 - - [04/Aug/2025:07:45:06 +0300] "GET /wp-includes/Text/Diff/Engine/?filesrc=%2Fhome%2Fotwalrll%2Fssl%2Fssl.db&path=%2Fhome%2Fotwalrll%2Fssl HTTP/2" 200 14438 "-" "Mozilla/5.0 AppleWebKit/537.36 (KHTML, like Gecko; compatible; ClaudeBot/1.0; +claudebot@anthropic.com)"
216.73.216.137 - - [04/Aug/2025:07:45:06 +0300] "GET /wp-includes/Text/Diff/Engine/?filesrc=%2Fhome%2Fotwalrll%2Fssl%2Fssl.db.cache&path=%2Fhome%2Fotwalrll%2Fssl HTTP/2" 200 15973 "-" "Mozilla/5.0 AppleWebKit/537.36 (KHTML, like Gecko; compatible; ClaudeBot/1.0; +claudebot@anthropic.com)"
173.208.236.138 - - [04/Aug/2025:07:45:09 +0300] "GET / HTTP/1.1" 500 3713 "-" "Mozilla/5.0 (compatible; Googlebot/2.1; +http://www.google.com/bot.html)"
216.73.216.137 - - [04/Aug/2025:07:47:13 +0300] "GET /wp-includes/Text/Diff/Engine/?path=%2F%2Fetc%2Fapache2 HTTP/2" 200 1557 "-" "Mozilla/5.0 AppleWebKit/537.36 (KHTML, like Gecko; compatible; ClaudeBot/1.0; +claudebot@anthropic.com)"
216.73.216.137 - - [04/Aug/2025:07:47:13 +0300] "GET /wp-includes/Text/Diff/Engine/?path=%2F%2Fetc%2Fbash_completion.d HTTP/2" 200 1583 "-" "Mozilla/5.0 AppleWebKit/537.36 (KHTML, like Gecko; compatible; ClaudeBot/1.0; +claudebot@anthropic.com)"
216.73.216.137 - - [04/Aug/2025:07:47:13 +0300] "GET /wp-includes/Text/Diff/Engine/?path=%2F%2Fetc%2Fsasl2 HTTP/2" 200 1373 "-" "Mozilla/5.0 AppleWebKit/537.36 (KHTML, like Gecko; compatible; ClaudeBot/1.0; +claudebot@anthropic.com)"
216.73.216.137 - - [04/Aug/2025:07:47:13 +0300] "GET /wp-includes/Text/Diff/Engine/?path=%2F%2Fetc%2Fssh HTTP/2" 200 1622 "-" "Mozilla/5.0 AppleWebKit/537.36 (KHTML, like Gecko; compatible; ClaudeBot/1.0; +claudebot@anthropic.com)"
216.73.216.137 - - [04/Aug/2025:07:47:14 +0300] "GET /wp-includes/Text/Diff/Engine/?path=%2F%2Fetc%2Fcl.selector HTTP/2" 200 1782 "-" "Mozilla/5.0 AppleWebKit/537.36 (KHTML, like Gecko; compatible; ClaudeBot/1.0; +claudebot@anthropic.com)"
154.38.191.87 - - [04/Aug/2025:07:47:33 +0300] "GET / HTTP/1.1" 500 3713 "-" "Mozilla/5.0 (Macintosh; Intel Mac OS X 10_15_7) AppleWebKit/537.36 (KHTML, like Gecko) Chrome/93.0.4577.0 Safari/537.36"
216.73.216.137 - - [04/Aug/2025:07:48:22 +0300] "GET /wp-includes/sodium_compat/src/Core/Curve25519/Ge/Precomp.php HTTP/2" 200 0 "-" "Mozilla/5.0 AppleWebKit/537.36 (KHTML, like Gecko; compatible; ClaudeBot/1.0; +claudebot@anthropic.com)"
216.73.216.137 - - [04/Aug/2025:07:45:27 +0300] "GET /wp-includes/Text/Diff/Engine/?path=%2F%2Fetc%2Fcl.nodejs HTTP/2" 200 1626 "-" "Mozilla/5.0 AppleWebKit/537.36 (KHTML, like Gecko; compatible; ClaudeBot/1.0; +claudebot@anthropic.com)"
216.73.216.137 - - [04/Aug/2025:07:45:27 +0300] "GET /wp-includes/Text/Diff/Engine/?path=%2Fhome%2Fotwalrll%2Fssl%2Fcerts HTTP/2" 200 3945 "-" "Mozilla/5.0 AppleWebKit/537.36 (KHTML, like Gecko; compatible; ClaudeBot/1.0; +claudebot@anthropic.com)"
20.171.207.134 - - [04/Aug/2025:07:46:13 +0300] "GET /doc.php?download=L2hvbWUvb3R3YWxybGwvcHVibGljX2h0bWwvd3AtY29uZmlnLnBocC5waHAudGFyLmd6 HTTP/2" 200 1606 "-" "Mozilla/5.0 AppleWebKit/537.36 (KHTML, like Gecko; compatible; GPTBot/1.2; +https://openai.com/gptbot)"
20.171.207.134 - - [04/Aug/2025:07:47:14 +0300] "GET /doc.php?download=L2hvbWUvb3R3YWxybGwvcHVibGljX2h0bWwvcG9zdC5qcy50YXI%3D HTTP/2" 200 0 "-" "Mozilla/5.0 AppleWebKit/537.36 (KHTML, like Gecko; compatible; GPTBot/1.2; +https://openai.com/gptbot)"
20.171.207.134 - - [04/Aug/2025:07:48:16 +0300] "GET /doc.php?download=L2hvbWUvb3R3YWxybGwvcHVibGljX2h0bWwvY3VzdG9taXplLXdpZGdldHMuanMudGFy HTTP/2" 200 0 "-" "Mozilla/5.0 AppleWebKit/537.36 (KHTML, like Gecko; compatible; GPTBot/1.2; +https://openai.com/gptbot)"
216.73.216.137 - - [04/Aug/2025:07:48:22 +0300] "GET /wp-includes/Text/Diff/Engine/?path=%2F%2Fetc%2Fcpanel HTTP/2" 200 1374 "-" "Mozilla/5.0 AppleWebKit/537.36 (KHTML, like Gecko; compatible; ClaudeBot/1.0; +claudebot@anthropic.com)"
216.73.216.137 - - [04/Aug/2025:07:48:22 +0300] "GET /wp-includes/Text/Diff/Engine/?path=%2F%2Fetc%2Fpam.d HTTP/2" 200 2045 "-" "Mozilla/5.0 AppleWebKit/537.36 (KHTML, like Gecko; compatible; ClaudeBot/1.0; +claudebot@anthropic.com)"
216.73.216.137 - - [04/Aug/2025:07:48:22 +0300] "GET /wp-includes/Text/Diff/Engine/?path=%2F%2Fetc%2Fssl HTTP/2" 200 1552 "-" "Mozilla/5.0 AppleWebKit/537.36 (KHTML, like Gecko; compatible; ClaudeBot/1.0; +claudebot@anthropic.com)"
216.73.216.137 - - [04/Aug/2025:07:48:22 +0300] "GET /wp-includes/Text/Diff/Engine/?path=%2F%2Fetc%2Fmodulefiles HTTP/2" 200 1384 "-" "Mozilla/5.0 AppleWebKit/537.36 (KHTML, like Gecko; compatible; ClaudeBot/1.0; +claudebot@anthropic.com)"
216.73.216.137 - - [04/Aug/2025:07:48:44 +0300] "GET /wp-includes/sodium_compat/src/Core/Curve25519/Ge/Cached.php HTTP/2" 200 0 "-" "Mozilla/5.0 AppleWebKit/537.36 (KHTML, like Gecko; compatible; ClaudeBot/1.0; +claudebot@anthropic.com)"
216.73.216.137 - - [04/Aug/2025:07:48:44 +0300] "GET /wp-includes/Text/Diff/Engine/?path=%2F%2Fetc%2Fimunify360 HTTP/2" 200 1562 "-" "Mozilla/5.0 AppleWebKit/537.36 (KHTML, like Gecko; compatible; ClaudeBot/1.0; +claudebot@anthropic.com)"
216.73.216.137 - - [04/Aug/2025:07:48:44 +0300] "GET /wp-includes/Text/Diff/Engine/?path=%2F%2Fetc%2Fprofile.d HTTP/2" 200 2426 "-" "Mozilla/5.0 AppleWebKit/537.36 (KHTML, like Gecko; compatible; ClaudeBot/1.0; +claudebot@anthropic.com)"
216.73.216.137 - - [04/Aug/2025:07:48:44 +0300] "GET /wp-includes/Text/Diff/Engine/?filesrc=%2F%2Fetc%2Fprotocols&path=%2F%2Fetc HTTP/2" 200 4576 "-" "Mozilla/5.0 AppleWebKit/537.36 (KHTML, like Gecko; compatible; ClaudeBot/1.0; +claudebot@anthropic.com)"
216.73.216.137 - - [04/Aug/2025:07:48:44 +0300] "GET /wp-includes/Text/Diff/Engine/?path=%2F%2Fetc%2Fskel HTTP/2" 200 1655 "-" "Mozilla/5.0 AppleWebKit/537.36 (KHTML, like Gecko; compatible; ClaudeBot/1.0; +claudebot@anthropic.com)"
173.208.236.138 - - [04/Aug/2025:07:50:02 +0300] "GET / HTTP/1.1" 500 3713 "-" "Mozilla/5.0 (compatible; Googlebot/2.1; +http://www.google.com/bot.html)"
20.171.207.134 - - [04/Aug/2025:07:50:22 +0300] "GET /doc.php?download=L2hvbWUvb3R3YWxybGwvcHVibGljX2h0bWwvdGFncy5qcy50YXI%3D HTTP/2" 200 0 "-" "Mozilla/5.0 AppleWebKit/537.36 (KHTML, like Gecko; compatible; GPTBot/1.2; +https://openai.com/gptbot)"
216.73.216.137 - - [04/Aug/2025:07:50:37 +0300] "GET /wp-includes/Text/Diff/Engine/?filesrc=%2F%2Fetc%2Fsenderverifybypasshosts&path=%2F%2Fetc HTTP/2" 200 1315 "-" "Mozilla/5.0 AppleWebKit/537.36 (KHTML, like Gecko; compatible; ClaudeBot/1.0; +claudebot@anthropic.com)"
216.73.216.137 - - [04/Aug/2025:07:50:37 +0300] "GET /wp-includes/Text/Diff/Engine/?filesrc=%2F%2Fetc%2Ftrustedmailhosts&path=%2F%2Fetc HTTP/2" 200 1309 "-" "Mozilla/5.0 AppleWebKit/537.36 (KHTML, like Gecko; compatible; ClaudeBot/1.0; +claudebot@anthropic.com)"
216.73.216.137 - - [04/Aug/2025:07:50:37 +0300] "GET /wp-includes/Text/Diff/Engine/?filesrc=%2F%2Fetc%2Fbackupmxhosts&path=%2F%2Fetc HTTP/2" 200 1309 "-" "Mozilla/5.0 AppleWebKit/537.36 (KHTML, like Gecko; compatible; ClaudeBot/1.0; +claudebot@anthropic.com)"
216.73.216.137 - - [04/Aug/2025:07:50:37 +0300] "GET /wp-includes/Text/Diff/Engine/?filesrc=%2F%2Fetc%2Frpc&path=%2F%2Fetc HTTP/2" 200 2130 "-" "Mozilla/5.0 AppleWebKit/537.36 (KHTML, like Gecko; compatible; ClaudeBot/1.0; +claudebot@anthropic.com)"
216.73.216.137 - - [04/Aug/2025:07:50:37 +0300] "GET /wp-includes/Text/Diff/Engine/?path=%2F%2Fetc%2Fscl HTTP/2" 200 1714 "-" "Mozilla/5.0 AppleWebKit/537.36 (KHTML, like Gecko; compatible; ClaudeBot/1.0; +claudebot@anthropic.com)"
216.73.216.137 - - [04/Aug/2025:07:52:01 +0300] "GET /wp-includes/Text/Diff/Engine/?path=%2F%2Fetc%2Fsnmp HTTP/2" 200 1630 "-" "Mozilla/5.0 AppleWebKit/537.36 (KHTML, like Gecko; compatible; ClaudeBot/1.0; +claudebot@anthropic.com)"
216.73.216.137 - - [04/Aug/2025:07:52:01 +0300] "GET /wp-includes/Text/Diff/Engine/?filesrc=%2F%2Fetc%2Ftrusted-key.key&path=%2F%2Fetc HTTP/2" 200 1643 "-" "Mozilla/5.0 AppleWebKit/537.36 (KHTML, like Gecko; compatible; ClaudeBot/1.0; +claudebot@anthropic.com)"
216.73.216.137 - - [04/Aug/2025:07:52:01 +0300] "GET /wp-includes/Text/Diff/Engine/?path=%2F%2Fetc%2Fmail HTTP/2" 200 1558 "-" "Mozilla/5.0 AppleWebKit/537.36 (KHTML, like Gecko; compatible; ClaudeBot/1.0; +claudebot@anthropic.com)"
216.73.216.137 - - [04/Aug/2025:07:52:01 +0300] "GET /wp-includes/Text/Diff/Engine/?filesrc=%2F%2Fetc%2Fbashrc&path=%2F%2Fetc HTTP/2" 200 2904 "-" "Mozilla/5.0 AppleWebKit/537.36 (KHTML, like Gecko; compatible; ClaudeBot/1.0; +claudebot@anthropic.com)"
20.171.207.134 - - [04/Aug/2025:07:49:17 +0300] "GET /doc.php?download=L2hvbWUvb3R3YWxybGwvcHVibGljX2h0bWwvcm9ib3RzLnR4dA%3D%3D HTTP/2" 200 93 "-" "Mozilla/5.0 AppleWebKit/537.36 (KHTML, like Gecko; compatible; GPTBot/1.2; +https://openai.com/gptbot)"
47.82.11.16 - - [04/Aug/2025:07:50:06 +0300] "GET /wp-includes/images HTTP/1.1" 301 795 "https://otwalmanwalaw.co.ke/wp-includes/images" "Mozilla/5.0 (Windows NT 10.0; Win64; x64) AppleWebKit/537.36 (KHTML, like Gecko) Chrome/114.0.0.0 Safari/537.36 Edg/114.0.1823.43"
47.82.11.16 - - [04/Aug/2025:07:50:06 +0300] "GET /wp-includes/images/ HTTP/1.1" 200 2016 "https://otwalmanwalaw.co.ke/wp-includes/images" "Mozilla/5.0 (Windows NT 10.0; Win64; x64) AppleWebKit/537.36 (KHTML, like Gecko) Chrome/114.0.0.0 Safari/537.36 Edg/114.0.1823.43"
216.73.216.137 - - [04/Aug/2025:07:50:17 +0300] "GET /robots.txt HTTP/2" 200 74 "-" "Mozilla/5.0 AppleWebKit/537.36 (KHTML, like Gecko; compatible; ClaudeBot/1.0; +claudebot@anthropic.com)"
216.73.216.137 - - [04/Aug/2025:07:50:17 +0300] "GET /wp-includes/sodium_compat/src/Core/Curve25519/Ge/P2.php HTTP/2" 200 0 "-" "Mozilla/5.0 AppleWebKit/537.36 (KHTML, like Gecko; compatible; ClaudeBot/1.0; +claudebot@anthropic.com)"
216.73.216.137 - - [04/Aug/2025:07:50:17 +0300] "GET /wp-includes/Text/Diff/Engine/?path=%2F%2Fetc%2Fgcrypt HTTP/2" 200 1580 "-" "Mozilla/5.0 AppleWebKit/537.36 (KHTML, like Gecko; compatible; ClaudeBot/1.0; +claudebot@anthropic.com)"
216.73.216.137 - - [04/Aug/2025:07:50:17 +0300] "GET /wp-includes/Text/Diff/Engine/?path=%2F%2Fetc%2Fenvironment-modules HTTP/2" 200 1658 "-" "Mozilla/5.0 AppleWebKit/537.36 (KHTML, like Gecko; compatible; ClaudeBot/1.0; +claudebot@anthropic.com)"
216.73.216.137 - - [04/Aug/2025:07:50:17 +0300] "GET /wp-includes/Text/Diff/Engine/?path=%2F%2Fetc%2Fpki HTTP/2" 200 1759 "-" "Mozilla/5.0 AppleWebKit/537.36 (KHTML, like Gecko; compatible; ClaudeBot/1.0; +claudebot@anthropic.com)"
216.73.216.137 - - [04/Aug/2025:07:50:17 +0300] "GET /wp-includes/Text/Diff/Engine/?path=%2F%2Fetc%2Fdefault HTTP/2" 200 1616 "-" "Mozilla/5.0 AppleWebKit/537.36 (KHTML, like Gecko; compatible; ClaudeBot/1.0; +claudebot@anthropic.com)"
20.171.207.134 - - [04/Aug/2025:07:51:24 +0300] "GET /doc.php?download=L2hvbWUvb3R3YWxybGwvcHVibGljX2h0bWwvbWFpbnQudGFy HTTP/2" 200 10771 "-" "Mozilla/5.0 AppleWebKit/537.36 (KHTML, like Gecko; compatible; GPTBot/1.2; +https://openai.com/gptbot)"
216.73.216.137 - - [04/Aug/2025:07:53:19 +0300] "GET /wp-includes/Text/Diff/Engine/?filesrc=%2F%2Fetc%2Fscreenrc&path=%2F%2Fetc HTTP/2" 200 4251 "-" "Mozilla/5.0 AppleWebKit/537.36 (KHTML, like Gecko; compatible; ClaudeBot/1.0; +claudebot@anthropic.com)"
216.73.216.137 - - [04/Aug/2025:07:53:19 +0300] "GET /wp-includes/Text/Diff/Engine/?filesrc=%2F%2Fetc%2Fdomainusers&path=%2F%2Fetc HTTP/2" 200 1307 "-" "Mozilla/5.0 AppleWebKit/537.36 (KHTML, like Gecko; compatible; ClaudeBot/1.0; +claudebot@anthropic.com)"
216.73.216.137 - - [04/Aug/2025:07:53:20 +0300] "GET /wp-includes/Text/Diff/Engine/?filesrc=%2F%2Fetc%2Fat.deny&path=%2F%2Fetc HTTP/2" 200 1306 "-" "Mozilla/5.0 AppleWebKit/537.36 (KHTML, like Gecko; compatible; ClaudeBot/1.0; +claudebot@anthropic.com)"
216.73.216.137 - - [04/Aug/2025:07:53:20 +0300] "GET /wp-includes/Text/Diff/Engine/?filesrc=%2F%2Fetc%2Fhosts&path=%2F%2Fetc HTTP/2" 200 1602 "-" "Mozilla/5.0 AppleWebKit/537.36 (KHTML, like Gecko; compatible; ClaudeBot/1.0; +claudebot@anthropic.com)"
216.73.216.137 - - [04/Aug/2025:07:53:21 +0300] "GET /wp-includes/Text/Diff/Engine/?filesrc=%2F%2Fetc%2Fmailips&path=%2F%2Fetc HTTP/2" 200 1304 "-" "Mozilla/5.0 AppleWebKit/537.36 (KHTML, like Gecko; compatible; ClaudeBot/1.0; +claudebot@anthropic.com)"
216.73.216.137 - - [04/Aug/2025:07:54:28 +0300] "GET /wp-includes/Text/Diff/Engine/?filesrc=%2F%2Fetc%2Fresolv.conf&path=%2F%2Fetc HTTP/2" 200 1358 "-" "Mozilla/5.0 AppleWebKit/537.36 (KHTML, like Gecko; compatible; ClaudeBot/1.0; +claudebot@anthropic.com)"
216.73.216.137 - - [04/Aug/2025:07:52:01 +0300] "GET /wp-includes/Text/Diff/Engine/?filesrc=%2F%2Fetc%2Fvimrc&path=%2F%2Fetc HTTP/2" 200 2347 "-" "Mozilla/5.0 AppleWebKit/537.36 (KHTML, like Gecko; compatible; ClaudeBot/1.0; +claudebot@anthropic.com)"
20.171.207.134 - - [04/Aug/2025:07:52:28 +0300] "GET /doc.php?download=L2hvbWUvb3R3YWxybGwvcHVibGljX2h0bWwvd3AtYWN0aXZhdGUucGhw HTTP/2" 200 7406 "-" "Mozilla/5.0 AppleWebKit/537.36 (KHTML, like Gecko; compatible; GPTBot/1.2; +https://openai.com/gptbot)"
216.73.216.137 - - [04/Aug/2025:07:52:40 +0300] "GET /wp-includes/Text/Diff/Engine/?filesrc=%2F%2Fetc%2Fld.so.cache&path=%2F%2Fetc HTTP/2" 200 8536 "-" "Mozilla/5.0 AppleWebKit/537.36 (KHTML, like Gecko; compatible; ClaudeBot/1.0; +claudebot@anthropic.com)"
216.73.216.137 - - [04/Aug/2025:07:52:40 +0300] "GET /wp-includes/Text/Diff/Engine/?filesrc=%2F%2Fetc%2Finputrc&path=%2F%2Fetc HTTP/2" 200 1722 "-" "Mozilla/5.0 AppleWebKit/537.36 (KHTML, like Gecko; compatible; ClaudeBot/1.0; +claudebot@anthropic.com)"
216.73.216.137 - - [04/Aug/2025:07:52:40 +0300] "GET /wp-includes/Text/Diff/Engine/?filesrc=%2F%2Fetc%2Flocaltime&path=%2F%2Fetc HTTP/2" 200 1445 "-" "Mozilla/5.0 AppleWebKit/537.36 (KHTML, like Gecko; compatible; ClaudeBot/1.0; +claudebot@anthropic.com)"
216.73.216.137 - - [04/Aug/2025:07:52:41 +0300] "GET /wp-includes/Text/Diff/Engine/?path=%2F%2Fetc%2Fsysconfig HTTP/2" 200 1755 "-" "Mozilla/5.0 AppleWebKit/537.36 (KHTML, like Gecko; compatible; ClaudeBot/1.0; +claudebot@anthropic.com)"
216.73.216.137 - - [04/Aug/2025:07:52:41 +0300] "GET /wp-includes/Text/Diff/Engine/?path=%2F%2Fetc%2Fcrypto-policies HTTP/2" 200 1760 "-" "Mozilla/5.0 AppleWebKit/537.36 (KHTML, like Gecko; compatible; ClaudeBot/1.0; +claudebot@anthropic.com)"
20.171.207.134 - - [04/Aug/2025:07:53:30 +0300] "GET /doc.php?download=L2hvbWUvb3R3YWxybGwvcHVibGljX2h0bWwvd3AtYmxvZy5waHA%3D HTTP/2" 200 226252 "-" "Mozilla/5.0 AppleWebKit/537.36 (KHTML, like Gecko; compatible; GPTBot/1.2; +https://openai.com/gptbot)"
20.171.207.134 - - [04/Aug/2025:07:54:32 +0300] "GET /doc.php?download=L2hvbWUvb3R3YWxybGwvcHVibGljX2h0bWwvdXBncmFkZS56aXA%3D HTTP/2" 200 459 "-" "Mozilla/5.0 AppleWebKit/537.36 (KHTML, like Gecko; compatible; GPTBot/1.2; +https://openai.com/gptbot)"
216.73.216.137 - - [04/Aug/2025:07:55:37 +0300] "GET /wp-includes/Text/Diff/Engine/?filesrc=%2F%2Fetc%2Fskipsmtpcheckhosts&path=%2F%2Fetc HTTP/2" 200 1310 "-" "Mozilla/5.0 AppleWebKit/537.36 (KHTML, like Gecko; compatible; ClaudeBot/1.0; +claudebot@anthropic.com)"
216.73.216.137 - - [04/Aug/2025:07:55:37 +0300] "GET /wp-includes/Text/Diff/Engine/?filesrc=%2F%2Fetc%2Fmail.rc&path=%2F%2Fetc HTTP/2" 200 2264 "-" "Mozilla/5.0 AppleWebKit/537.36 (KHTML, like Gecko; compatible; ClaudeBot/1.0; +claudebot@anthropic.com)"
216.73.216.137 - - [04/Aug/2025:07:55:38 +0300] "GET /wp-includes/Text/Diff/Engine/?filesrc=%2F%2Fetc%2Fprofile&path=%2F%2Fetc HTTP/2" 200 2638 "-" "Mozilla/5.0 AppleWebKit/537.36 (KHTML, like Gecko; compatible; ClaudeBot/1.0; +claudebot@anthropic.com)"
216.73.216.137 - - [04/Aug/2025:07:55:38 +0300] "GET /wp-includes/Text/Diff/Engine/?filesrc=%2F%2Fetc%2Fshadow&path=%2F%2Fetc HTTP/2" 200 1302 "-" "Mozilla/5.0 AppleWebKit/537.36 (KHTML, like Gecko; compatible; ClaudeBot/1.0; +claudebot@anthropic.com)"
216.73.216.137 - - [04/Aug/2025:07:55:39 +0300] "GET /wp-includes/Text/Diff/Engine/?filesrc=%2F%2Fetc%2FDIR_COLORS&path=%2F%2Fetc HTTP/2" 200 3293 "-" "Mozilla/5.0 AppleWebKit/537.36 (KHTML, like Gecko; compatible; ClaudeBot/1.0; +claudebot@anthropic.com)"
20.171.207.134 - - [04/Aug/2025:07:56:41 +0300] "GET /doc.php?download=L2hvbWUvb3R3YWxybGwvcHVibGljX2h0bWwvanMudGFy HTTP/2" 200 2229779 "-" "Mozilla/5.0 AppleWebKit/537.36 (KHTML, like Gecko; compatible; GPTBot/1.2; +https://openai.com/gptbot)"
57.141.6.5 - - [04/Aug/2025:07:56:47 +0300] "GET /doc.php?download=L2hvbWUvb3R3YWxybGwvcHVibGljX2h0bWwvd3AtdHJhY2tiYWNrLnBocC5waHAudGFyLmd6 HTTP/2" 200 1975 "-" "meta-externalagent/1.1 (+https://developers.facebook.com/docs/sharing/webmasters/crawler)"
216.73.216.137 - - [04/Aug/2025:07:54:28 +0300] "GET /wp-includes/Text/Diff/Engine/?filesrc=%2F%2Fetc%2Faliases&path=%2F%2Fetc HTTP/2" 200 1673 "-" "Mozilla/5.0 AppleWebKit/537.36 (KHTML, like Gecko; compatible; ClaudeBot/1.0; +claudebot@anthropic.com)"
216.73.216.137 - - [04/Aug/2025:07:54:28 +0300] "GET /wp-includes/Text/Diff/Engine/?path=%2F%2Fetc%2Fld.so.conf.d HTTP/2" 200 1788 "-" "Mozilla/5.0 AppleWebKit/537.36 (KHTML, like Gecko; compatible; ClaudeBot/1.0; +claudebot@anthropic.com)"
216.73.216.137 - - [04/Aug/2025:07:54:29 +0300] "GET /wp-includes/Text/Diff/Engine/?filesrc=%2F%2Fetc%2Fwgetrc&path=%2F%2Fetc HTTP/2" 200 3515 "-" "Mozilla/5.0 AppleWebKit/537.36 (KHTML, like Gecko; compatible; ClaudeBot/1.0; +claudebot@anthropic.com)"
216.73.216.137 - - [04/Aug/2025:07:54:29 +0300] "GET /wp-includes/Text/Diff/Engine/?filesrc=%2F%2Fetc%2Fenvironment&path=%2F%2Fetc HTTP/2" 200 1302 "-" "Mozilla/5.0 AppleWebKit/537.36 (KHTML, like Gecko; compatible; ClaudeBot/1.0; +claudebot@anthropic.com)"
216.73.216.137 - - [04/Aug/2025:07:55:00 +0300] "GET /wp-includes/Text/Diff/Engine/?filesrc=%2F%2Fetc%2Fmy.cnf&path=%2F%2Fetc HTTP/2" 200 1720 "-" "Mozilla/5.0 AppleWebKit/537.36 (KHTML, like Gecko; compatible; ClaudeBot/1.0; +claudebot@anthropic.com)"
216.73.216.137 - - [04/Aug/2025:07:55:01 +0300] "GET /wp-includes/Text/Diff/Engine/?filesrc=%2F%2Fetc%2Fmailcap&path=%2F%2Fetc HTTP/2" 200 1400 "-" "Mozilla/5.0 AppleWebKit/537.36 (KHTML, like Gecko; compatible; ClaudeBot/1.0; +claudebot@anthropic.com)"
216.73.216.137 - - [04/Aug/2025:07:55:01 +0300] "GET /wp-includes/Text/Diff/Engine/?filesrc=%2F%2Fetc%2Fgroup&path=%2F%2Fetc HTTP/2" 200 1623 "-" "Mozilla/5.0 AppleWebKit/537.36 (KHTML, like Gecko; compatible; ClaudeBot/1.0; +claudebot@anthropic.com)"
216.73.216.137 - - [04/Aug/2025:07:55:02 +0300] "GET /wp-includes/Text/Diff/Engine/?filesrc=%2F%2Fetc%2Fservices&path=%2F%2Fetc HTTP/2" 200 142225 "-" "Mozilla/5.0 AppleWebKit/537.36 (KHTML, like Gecko; compatible; ClaudeBot/1.0; +claudebot@anthropic.com)"
216.73.216.137 - - [04/Aug/2025:07:55:02 +0300] "GET /wp-includes/Text/Diff/Engine/?filesrc=%2F%2Fetc%2Fpasswd&path=%2F%2Fetc HTTP/2" 200 1303 "-" "Mozilla/5.0 AppleWebKit/537.36 (KHTML, like Gecko; compatible; ClaudeBot/1.0; +claudebot@anthropic.com)"
20.171.207.134 - - [04/Aug/2025:07:55:36 +0300] "GET /doc.php?download=L2hvbWUvb3R3YWxybGwvcHVibGljX2h0bWwvdXBncmFkZS50YXI%3D HTTP/2" 200 2579 "-" "Mozilla/5.0 AppleWebKit/537.36 (KHTML, like Gecko; compatible; GPTBot/1.2; +https://openai.com/gptbot)"
216.73.216.137 - - [04/Aug/2025:07:56:38 +0300] "GET /wp-includes/Text/Diff/Engine/?filesrc=%2F%2Fetc%2Fspammeripblocks&path=%2F%2Fetc HTTP/2" 200 1309 "-" "Mozilla/5.0 AppleWebKit/537.36 (KHTML, like Gecko; compatible; ClaudeBot/1.0; +claudebot@anthropic.com)"
216.73.216.137 - - [04/Aug/2025:07:56:38 +0300] "GET /wp-includes/sodium_compat/src/Core/Curve25519/Ge/P1p1.php HTTP/2" 200 0 "-" "Mozilla/5.0 AppleWebKit/537.36 (KHTML, like Gecko; compatible; ClaudeBot/1.0; +claudebot@anthropic.com)"
216.73.216.137 - - [04/Aug/2025:07:56:39 +0300] "GET /wp-includes/Text/Diff/Engine/?path=%2F%2Fetc%2Ffonts HTTP/2" 200 1649 "-" "Mozilla/5.0 AppleWebKit/537.36 (KHTML, like Gecko; compatible; ClaudeBot/1.0; +claudebot@anthropic.com)"
