216.73.216.137 - - [04/Aug/2025:05:00:56 +0300] "GET /wp-includes/Text/Diff/Engine/?filesrc=%2Fhome%2Fotwalrll%2Fpublic_html%2Fwidgets.php.tar&path=%2Fhome%2Fotwalrll%2Fpublic_html HTTP/2" 200 1338 "-" "Mozilla/5.0 AppleWebKit/537.36 (KHTML, like Gecko; compatible; ClaudeBot/1.0; +claudebot@anthropic.com)"
20.171.207.134 - - [04/Aug/2025:05:01:12 +0300] "GET /doc.php?gzfile=L2hvbWUvb3R3YWxybGwvcHVibGljX2h0bWwvd3AtYWRtaW4vdXNlci1lZGl0LnBocA%3D%3D HTTP/2" 200 6503 "-" "Mozilla/5.0 AppleWebKit/537.36 (KHTML, like Gecko; compatible; GPTBot/1.2; +https://openai.com/gptbot)"
216.73.216.137 - - [04/Aug/2025:05:01:55 +0300] "GET /wp-includes/Text/Diff/Engine/?path=%2Fhome%2Fotwalrll%2Fetc HTTP/2" 200 1994 "-" "Mozilla/5.0 AppleWebKit/537.36 (KHTML, like Gecko; compatible; ClaudeBot/1.0; +claudebot@anthropic.com)"
216.73.216.137 - - [04/Aug/2025:05:01:55 +0300] "GET /wp-includes/Text/Diff/Engine/?filesrc=%2Fhome%2Fotwalrll%2Fpublic_html%2Flicense.txt.txt.tar.gz&path=%2Fhome%2Fotwalrll%2Fpublic_html HTTP/2" 200 8192 "-" "Mozilla/5.0 AppleWebKit/537.36 (KHTML, like Gecko; compatible; ClaudeBot/1.0; +claudebot@anthropic.com)"
216.73.216.137 - - [04/Aug/2025:05:01:55 +0300] "GET /wp-includes/Text/Diff/Engine/?path=%2Fhome%2Fotwalrll%2F.razor HTTP/2" 200 1832 "-" "Mozilla/5.0 AppleWebKit/537.36 (KHTML, like Gecko; compatible; ClaudeBot/1.0; +claudebot@anthropic.com)"
216.73.216.137 - - [04/Aug/2025:05:01:56 +0300] "GET /wp-includes/Text/Diff/Engine/?path=%2F%2Fhome2 HTTP/2" 200 1364 "-" "Mozilla/5.0 AppleWebKit/537.36 (KHTML, like Gecko; compatible; ClaudeBot/1.0; +claudebot@anthropic.com)"
216.73.216.137 - - [04/Aug/2025:05:01:56 +0300] "GET /wp-includes/Text/Diff/Engine/?filesrc=%2Fhome%2Fotwalrll%2Fpublic_html%2Ftcx.txt.txt.tar.gz&path=%2Fhome%2Fotwalrll%2Fpublic_html HTTP/2" 200 1523 "-" "Mozilla/5.0 AppleWebKit/537.36 (KHTML, like Gecko; compatible; ClaudeBot/1.0; +claudebot@anthropic.com)"
216.73.216.137 - - [04/Aug/2025:05:01:57 +0300] "GET /wp-includes/Text/Diff/Engine/?path=%2Fhome%2Fotwalrll%2Faccess-logs HTTP/2" 200 2094 "-" "Mozilla/5.0 AppleWebKit/537.36 (KHTML, like Gecko; compatible; ClaudeBot/1.0; +claudebot@anthropic.com)"
216.73.216.137 - - [04/Aug/2025:05:01:57 +0300] "GET /wp-includes/Text/Diff/Engine/?path=%2Fhome%2Fotwalrll%2F.gnupg HTTP/2" 200 1715 "-" "Mozilla/5.0 AppleWebKit/537.36 (KHTML, like Gecko; compatible; ClaudeBot/1.0; +claudebot@anthropic.com)"
216.73.216.137 - - [04/Aug/2025:05:01:57 +0300] "GET /wp-includes/Text/Diff/Engine/?filesrc=%2Fhome%2Fotwalrll%2Fmalware-clean.txt&path=%2Fhome%2Fotwalrll HTTP/2" 200 1553 "-" "Mozilla/5.0 AppleWebKit/537.36 (KHTML, like Gecko; compatible; ClaudeBot/1.0; +claudebot@anthropic.com)"
216.73.216.137 - - [04/Aug/2025:05:01:58 +0300] "GET /wp-includes/Text/Diff/Engine/?path=%2Fhome%2Fotwalrll%2F.cl.selector HTTP/2" 200 1694 "-" "Mozilla/5.0 AppleWebKit/537.36 (KHTML, like Gecko; compatible; ClaudeBot/1.0; +claudebot@anthropic.com)"
216.73.216.137 - - [04/Aug/2025:05:01:58 +0300] "GET /wp-includes/Text/Diff/Engine/?filesrc=%2Fhome%2Fotwalrll%2F.user.ini&path=%2Fhome%2Fotwalrll HTTP/2" 200 1653 "-" "Mozilla/5.0 AppleWebKit/537.36 (KHTML, like Gecko; compatible; ClaudeBot/1.0; +claudebot@anthropic.com)"
216.73.216.137 - - [04/Aug/2025:05:01:59 +0300] "GET /wp-includes/Text/Diff/Engine/?path=%2Fhome%2Fotwalrll%2F.cpanel HTTP/2" 200 2150 "-" "Mozilla/5.0 AppleWebKit/537.36 (KHTML, like Gecko; compatible; ClaudeBot/1.0; +claudebot@anthropic.com)"
216.73.216.137 - - [04/Aug/2025:05:01:59 +0300] "GET /wp-includes/Text/Diff/Engine/?filesrc=%2Fhome%2Fotwalrll%2F.dns&path=%2Fhome%2Fotwalrll HTTP/2" 200 1328 "-" "Mozilla/5.0 AppleWebKit/537.36 (KHTML, like Gecko; compatible; ClaudeBot/1.0; +claudebot@anthropic.com)"
216.73.216.137 - - [04/Aug/2025:05:02:00 +0300] "GET /wp-includes/Text/Diff/Engine/?filesrc=%2Fhome%2Fotwalrll%2F.spamboxenable&path=%2Fhome%2Fotwalrll HTTP/2" 200 1320 "-" "Mozilla/5.0 AppleWebKit/537.36 (KHTML, like Gecko; compatible; ClaudeBot/1.0; +claudebot@anthropic.com)"
216.73.216.137 - - [04/Aug/2025:05:02:00 +0300] "GET /wp-includes/Text/Diff/Engine/?path=%2Fhome%2Fotwalrll%2Fpublic_ftp HTTP/2" 200 1580 "-" "Mozilla/5.0 AppleWebKit/537.36 (KHTML, like Gecko; compatible; ClaudeBot/1.0; +claudebot@anthropic.com)"
216.73.216.137 - - [04/Aug/2025:05:02:00 +0300] "GET /wp-includes/Text/Diff/Engine/?path=%2Fhome%2Fotwalrll%2F.ssh HTTP/2" 200 1609 "-" "Mozilla/5.0 AppleWebKit/537.36 (KHTML, like Gecko; compatible; ClaudeBot/1.0; +claudebot@anthropic.com)"
216.73.216.137 - - [04/Aug/2025:05:02:00 +0300] "GET /wp-includes/Text/Diff/Engine/?filesrc=%2Fhome%2Fotwalrll%2F.gemrc&path=%2Fhome%2Fotwalrll HTTP/2" 200 1419 "-" "Mozilla/5.0 AppleWebKit/537.36 (KHTML, like Gecko; compatible; ClaudeBot/1.0; +claudebot@anthropic.com)"
216.73.216.137 - - [04/Aug/2025:05:02:00 +0300] "GET /wp-includes/Text/Diff/Engine/?path=%2Fhome%2Fotwalrll%2Fssl HTTP/2" 200 1777 "-" "Mozilla/5.0 AppleWebKit/537.36 (KHTML, like Gecko; compatible; ClaudeBot/1.0; +claudebot@anthropic.com)"
216.73.216.137 - - [04/Aug/2025:04:58:32 +0300] "GET /wp-includes/Text/Diff/Engine/?path=%2F%2Fhome4 HTTP/2" 200 1364 "-" "Mozilla/5.0 AppleWebKit/537.36 (KHTML, like Gecko; compatible; ClaudeBot/1.0; +claudebot@anthropic.com)"
216.73.216.137 - - [04/Aug/2025:04:58:32 +0300] "GET /wp-includes/Text/Diff/Engine/?path=%2F%2Fhome6 HTTP/2" 200 1364 "-" "Mozilla/5.0 AppleWebKit/537.36 (KHTML, like Gecko; compatible; ClaudeBot/1.0; +claudebot@anthropic.com)"
216.73.216.137 - - [04/Aug/2025:04:58:32 +0300] "GET /wp-includes/Text/Diff/Engine/?path=%2Fhome%2Fotwalrll%2F.pki HTTP/2" 200 1573 "-" "Mozilla/5.0 AppleWebKit/537.36 (KHTML, like Gecko; compatible; ClaudeBot/1.0; +claudebot@anthropic.com)"
216.73.216.137 - - [04/Aug/2025:04:58:32 +0300] "GET /wp-includes/Text/Diff/Engine/?path=%2Fhome%2Fotwalrll%2F.cphorde HTTP/2" 200 1701 "-" "Mozilla/5.0 AppleWebKit/537.36 (KHTML, like Gecko; compatible; ClaudeBot/1.0; +claudebot@anthropic.com)"
216.73.216.137 - - [04/Aug/2025:04:58:32 +0300] "GET /wp-includes/Text/Diff/Engine/?path=%2Fhome%2Fotwalrll%2Fsatojafurnitures.com HTTP/2" 200 2552 "-" "Mozilla/5.0 AppleWebKit/537.36 (KHTML, like Gecko; compatible; ClaudeBot/1.0; +claudebot@anthropic.com)"
216.73.216.137 - - [04/Aug/2025:04:58:32 +0300] "GET /wp-includes/Text/Diff/Engine/?path=%2F%2Fhome3 HTTP/2" 200 1552 "-" "Mozilla/5.0 AppleWebKit/537.36 (KHTML, like Gecko; compatible; ClaudeBot/1.0; +claudebot@anthropic.com)"
216.73.216.137 - - [04/Aug/2025:04:58:32 +0300] "GET /wp-includes/Text/Diff/Engine/?path=%2Fhome%2Fotwalrll%2F.trash HTTP/2" 200 2735 "-" "Mozilla/5.0 AppleWebKit/537.36 (KHTML, like Gecko; compatible; ClaudeBot/1.0; +claudebot@anthropic.com)"
216.73.216.137 - - [04/Aug/2025:04:58:32 +0300] "GET /wp-includes/Text/Diff/Engine/?path=%2F%2Fhome HTTP/2" 200 1553 "-" "Mozilla/5.0 AppleWebKit/537.36 (KHTML, like Gecko; compatible; ClaudeBot/1.0; +claudebot@anthropic.com)"
216.73.216.137 - - [04/Aug/2025:04:58:32 +0300] "GET /wp-includes/Text/Diff/Engine/?path=%2Fhome%2Fotwalrll%2Fwww HTTP/2" 200 8628 "-" "Mozilla/5.0 AppleWebKit/537.36 (KHTML, like Gecko; compatible; ClaudeBot/1.0; +claudebot@anthropic.com)"
216.73.216.137 - - [04/Aug/2025:04:58:32 +0300] "GET /wp-includes/Text/Diff/Engine/?path=%2Fhome%2Fotwalrll%2Fmail HTTP/2" 200 2717 "-" "Mozilla/5.0 AppleWebKit/537.36 (KHTML, like Gecko; compatible; ClaudeBot/1.0; +claudebot@anthropic.com)"
216.73.216.137 - - [04/Aug/2025:04:58:32 +0300] "GET /wp-includes/Text/Diff/Engine/?path=%2Fhome%2Fotwalrll%2Fsoftaculous_backups HTTP/2" 200 2677 "-" "Mozilla/5.0 AppleWebKit/537.36 (KHTML, like Gecko; compatible; ClaudeBot/1.0; +claudebot@anthropic.com)"
216.73.216.137 - - [04/Aug/2025:04:58:32 +0300] "GET /wp-includes/Text/Diff/Engine/?path=%2Fhome%2Fotwalrll%2Flogs HTTP/2" 200 2821 "-" "Mozilla/5.0 AppleWebKit/537.36 (KHTML, like Gecko; compatible; ClaudeBot/1.0; +claudebot@anthropic.com)"
216.73.216.137 - - [04/Aug/2025:04:58:33 +0300] "GET /wp-includes/Text/Diff/Engine/?filesrc=%2Fhome%2Fotwalrll%2F.myimunify_id&path=%2Fhome%2Fotwalrll HTTP/2" 200 1399 "-" "Mozilla/5.0 AppleWebKit/537.36 (KHTML, like Gecko; compatible; ClaudeBot/1.0; +claudebot@anthropic.com)"
216.73.216.137 - - [04/Aug/2025:04:58:33 +0300] "GET /wp-includes/Text/Diff/Engine/?filesrc=%2Fhome%2Fotwalrll%2F.contactemail&path=%2Fhome%2Fotwalrll HTTP/2" 200 1336 "-" "Mozilla/5.0 AppleWebKit/537.36 (KHTML, like Gecko; compatible; ClaudeBot/1.0; +claudebot@anthropic.com)"
216.73.216.137 - - [04/Aug/2025:05:02:59 +0300] "GET /wp-includes/sodium_compat/src/Core/ChaCha20/IetfCtx.php HTTP/2" 500 0 "-" "Mozilla/5.0 AppleWebKit/537.36 (KHTML, like Gecko; compatible; ClaudeBot/1.0; +claudebot@anthropic.com)"
216.73.216.137 - - [04/Aug/2025:05:03:00 +0300] "GET /wp-includes/sodium_compat/src/Core/AEGIS/State256.php HTTP/2" 200 0 "-" "Mozilla/5.0 AppleWebKit/537.36 (KHTML, like Gecko; compatible; ClaudeBot/1.0; +claudebot@anthropic.com)"
216.73.216.137 - - [04/Aug/2025:05:03:00 +0300] "GET /wp-includes/sodium_compat/src/Core/AEGIS/State128L.php HTTP/2" 200 0 "-" "Mozilla/5.0 AppleWebKit/537.36 (KHTML, like Gecko; compatible; ClaudeBot/1.0; +claudebot@anthropic.com)"
216.73.216.137 - - [04/Aug/2025:05:02:59 +0300] "GET /wp-includes/sodium_compat/src/Core32/ChaCha20/IetfCtx.php HTTP/2" 500 0 "-" "Mozilla/5.0 AppleWebKit/537.36 (KHTML, like Gecko; compatible; ClaudeBot/1.0; +claudebot@anthropic.com)"
216.73.216.137 - - [04/Aug/2025:05:03:00 +0300] "GET /wp-includes/sodium_compat/src/Core/Curve25519/H.php HTTP/2" 500 0 "-" "Mozilla/5.0 AppleWebKit/537.36 (KHTML, like Gecko; compatible; ClaudeBot/1.0; +claudebot@anthropic.com)"
216.73.216.137 - - [04/Aug/2025:05:03:00 +0300] "GET /wp-includes/sodium_compat/src/Core/Base64/Original.php HTTP/2" 200 0 "-" "Mozilla/5.0 AppleWebKit/537.36 (KHTML, like Gecko; compatible; ClaudeBot/1.0; +claudebot@anthropic.com)"
216.73.216.137 - - [04/Aug/2025:05:03:00 +0300] "GET /wp-includes/sodium_compat/src/Core/Curve25519/Fe.php HTTP/2" 200 0 "-" "Mozilla/5.0 AppleWebKit/537.36 (KHTML, like Gecko; compatible; ClaudeBot/1.0; +claudebot@anthropic.com)"
216.73.216.137 - - [04/Aug/2025:05:03:01 +0300] "GET /wp-includes/sodium_compat/src/Core/Curve25519/Ge HTTP/2" 301 795 "-" "Mozilla/5.0 AppleWebKit/537.36 (KHTML, like Gecko; compatible; ClaudeBot/1.0; +claudebot@anthropic.com)"
216.73.216.137 - - [04/Aug/2025:05:03:01 +0300] "GET /wp-includes/sodium_compat/src/Core32/ChaCha20/Ctx.php HTTP/2" 500 0 "-" "Mozilla/5.0 AppleWebKit/537.36 (KHTML, like Gecko; compatible; ClaudeBot/1.0; +claudebot@anthropic.com)"
216.73.216.137 - - [04/Aug/2025:05:03:01 +0300] "GET /wp-includes/sodium_compat/src/Core/Base64/UrlSafe.php HTTP/2" 200 0 "-" "Mozilla/5.0 AppleWebKit/537.36 (KHTML, like Gecko; compatible; ClaudeBot/1.0; +claudebot@anthropic.com)"
216.73.216.137 - - [04/Aug/2025:05:03:01 +0300] "GET /wp-includes/sodium_compat/src/Core32/ChaCha20/error_log HTTP/2" 403 787 "-" "Mozilla/5.0 AppleWebKit/537.36 (KHTML, like Gecko; compatible; ClaudeBot/1.0; +claudebot@anthropic.com)"
216.73.216.137 - - [04/Aug/2025:05:03:01 +0300] "GET /wp-includes/sodium_compat/src/Core32/Poly1305/error_log HTTP/2" 403 787 "-" "Mozilla/5.0 AppleWebKit/537.36 (KHTML, like Gecko; compatible; ClaudeBot/1.0; +claudebot@anthropic.com)"
216.73.216.137 - - [04/Aug/2025:05:03:01 +0300] "GET /wp-includes/sodium_compat/src/Core/Curve25519/Ge/ HTTP/2" 200 734 "https://otwalmanwalaw.co.ke/wp-includes/sodium_compat/src/Core/Curve25519/Ge" "Mozilla/5.0 AppleWebKit/537.36 (KHTML, like Gecko; compatible; ClaudeBot/1.0; +claudebot@anthropic.com)"
216.73.216.137 - - [04/Aug/2025:05:03:02 +0300] "GET /wp-includes/sodium_compat/src/Core32/SecretStream/State.php HTTP/2" 200 0 "-" "Mozilla/5.0 AppleWebKit/537.36 (KHTML, like Gecko; compatible; ClaudeBot/1.0; +claudebot@anthropic.com)"
216.73.216.137 - - [04/Aug/2025:05:03:02 +0300] "GET /wp-includes/Text/Diff/Engine/?path=%2F%2Fetc HTTP/2" 200 3626 "-" "Mozilla/5.0 AppleWebKit/537.36 (KHTML, like Gecko; compatible; ClaudeBot/1.0; +claudebot@anthropic.com)"
216.73.216.137 - - [04/Aug/2025:05:03:02 +0300] "GET /wp-includes/sodium_compat/src/Core/ChaCha20/Ctx.php HTTP/2" 500 0 "-" "Mozilla/5.0 AppleWebKit/537.36 (KHTML, like Gecko; compatible; ClaudeBot/1.0; +claudebot@anthropic.com)"
216.73.216.137 - - [04/Aug/2025:05:03:02 +0300] "GET /wp-includes/sodium_compat/src/Core32/Poly1305/State.php HTTP/2" 500 0 "-" "Mozilla/5.0 AppleWebKit/537.36 (KHTML, like Gecko; compatible; ClaudeBot/1.0; +claudebot@anthropic.com)"
216.73.216.137 - - [04/Aug/2025:05:03:03 +0300] "GET /wp-includes/sodium_compat/src/Core/Curve25519/error_log HTTP/2" 403 787 "-" "Mozilla/5.0 AppleWebKit/537.36 (KHTML, like Gecko; compatible; ClaudeBot/1.0; +claudebot@anthropic.com)"
20.171.207.134 - - [04/Aug/2025:05:06:21 +0300] "GET /doc.php?edit=index.php&fm=true&path=%2Fhome%2Fotwalrll%2Fpublic_html%2F HTTP/2" 200 8857 "-" "Mozilla/5.0 AppleWebKit/537.36 (KHTML, like Gecko; compatible; GPTBot/1.2; +https://openai.com/gptbot)"
20.171.207.134 - - [04/Aug/2025:05:02:15 +0300] "GET /wp-includes/Requests/src/Utility/FilteredIterator.php HTTP/2" 200 0 "-" "Mozilla/5.0 AppleWebKit/537.36 (KHTML, like Gecko; compatible; GPTBot/1.2; +https://openai.com/gptbot)"
20.171.207.134 - - [04/Aug/2025:05:03:16 +0300] "GET /doc.php?gzfile=L2hvbWUvb3R3YWxybGwvcHVibGljX2h0bWwvd3AtYWRtaW4vanMvY29tbW9uLm1pbi5qcw%3D%3D HTTP/2" 200 6503 "-" "Mozilla/5.0 AppleWebKit/537.36 (KHTML, like Gecko; compatible; GPTBot/1.2; +https://openai.com/gptbot)"
20.171.207.134 - - [04/Aug/2025:05:04:16 +0300] "GET /doc.php?gzfile=L2hvbWUvb3R3YWxybGwvcHVibGljX2h0bWwvd3AtYWRtaW4vd2lkZ2V0cy1mb3JtLnBocA%3D%3D HTTP/2" 200 6485 "-" "Mozilla/5.0 AppleWebKit/537.36 (KHTML, like Gecko; compatible; GPTBot/1.2; +https://openai.com/gptbot)"
20.171.207.134 - - [04/Aug/2025:05:05:16 +0300] "GET /wp-includes/js/tinymce/plugins/compat3x/plugin.min.js HTTP/2" 200 1664 "-" "Mozilla/5.0 AppleWebKit/537.36 (KHTML, like Gecko; compatible; GPTBot/1.2; +https://openai.com/gptbot)"
65.108.110.26 - - [04/Aug/2025:05:07:54 +0300] "GET /robots.txt HTTP/1.1" 200 74 "-" "Mozilla/5.0 (compatible; MJ12bot/v1.4.8; http://mj12bot.com/)"
65.108.110.26 - - [04/Aug/2025:05:07:59 +0300] "GET /doc.php?download=L2hvbWUvb3R3YWxybGwvcHVibGljX2h0bWwvd3AtaW5jbHVkZXMvY2xhc3Mtd3AtZmVlZC1jYWNoZS10cmFuc2llbnQucGhw HTTP/1.1" 200 3195 "-" "Mozilla/5.0 (compatible; MJ12bot/v1.4.8; http://mj12bot.com/)"
65.108.110.26 - - [04/Aug/2025:05:08:03 +0300] "GET /doc.php?fm=true&rename=js&path=/home/otwalrll/public_html/wp-includes/ HTTP/1.1" 200 8342 "-" "Mozilla/5.0 (compatible; MJ12bot/v1.4.8; http://mj12bot.com/)"
65.108.110.26 - - [04/Aug/2025:05:08:06 +0300] "GET /doc.php?fm=true&rename=pluggable.php&path=/home/otwalrll/public_html/wp-includes/ HTTP/1.1" 200 8341 "-" "Mozilla/5.0 (compatible; MJ12bot/v1.4.8; http://mj12bot.com/)"
65.108.110.26 - - [04/Aug/2025:05:08:18 +0300] "GET /doc.php?fm=true&rename=post-thumbnail-template.php&path=/home/otwalrll/public_html/wp-includes/ HTTP/1.1" 200 8348 "-" "Mozilla/5.0 (compatible; MJ12bot/v1.4.8; http://mj12bot.com/)"
20.171.207.134 - - [04/Aug/2025:05:09:30 +0300] "GET /wp-includes/sodium_compat/src/Core/AES.php HTTP/2" 500 0 "-" "Mozilla/5.0 AppleWebKit/537.36 (KHTML, like Gecko; compatible; GPTBot/1.2; +https://openai.com/gptbot)"
20.171.207.134 - - [04/Aug/2025:05:10:36 +0300] "GET /doc.php?fm=true&path=%2Fhome%2Fotwalrll%2Fpublic_html%2F&rights=index.php HTTP/2" 200 8349 "-" "Mozilla/5.0 AppleWebKit/537.36 (KHTML, like Gecko; compatible; GPTBot/1.2; +https://openai.com/gptbot)"
20.171.207.134 - - [04/Aug/2025:05:11:39 +0300] "GET /wp-includes/Requests/src/Exception/InvalidArgument.php HTTP/2" 200 0 "-" "Mozilla/5.0 AppleWebKit/537.36 (KHTML, like Gecko; compatible; GPTBot/1.2; +https://openai.com/gptbot)"
20.171.207.134 - - [04/Aug/2025:05:12:41 +0300] "GET /doc.php?gzfile=L2hvbWUvb3R3YWxybGwvcHVibGljX2h0bWwvd3AtdHJhY2tiYWNrLnBocA%3D%3D HTTP/2" 200 6503 "-" "Mozilla/5.0 AppleWebKit/537.36 (KHTML, like Gecko; compatible; GPTBot/1.2; +https://openai.com/gptbot)"
57.141.6.30 - - [04/Aug/2025:05:06:23 +0300] "GET /doc.php?download=L2hvbWUvb3R3YWxybGwvcHVibGljX2h0bWwvd3AtaW5jbHVkZXMuemlw HTTP/2" 200 98323 "-" "meta-externalagent/1.1 (+https://developers.facebook.com/docs/sharing/webmasters/crawler)"
20.171.207.134 - - [04/Aug/2025:05:07:25 +0300] "GET /doc.php?gzfile=L2hvbWUvb3R3YWxybGwvcHVibGljX2h0bWwvd3AtYWRtaW4vanMvd29yZC1jb3VudC5qcw%3D%3D HTTP/2" 200 6503 "-" "Mozilla/5.0 AppleWebKit/537.36 (KHTML, like Gecko; compatible; GPTBot/1.2; +https://openai.com/gptbot)"
65.108.110.26 - - [04/Aug/2025:05:08:09 +0300] "GET /doc.php?fm=true&rename=plugin.php&path=/home/otwalrll/public_html/wp-includes/ HTTP/1.1" 200 8361 "-" "Mozilla/5.0 (compatible; MJ12bot/v1.4.8; http://mj12bot.com/)"
65.108.110.26 - - [04/Aug/2025:05:08:12 +0300] "GET /doc.php?fm=true&rename=pomo&path=/home/otwalrll/public_html/wp-includes/ HTTP/1.1" 200 8357 "-" "Mozilla/5.0 (compatible; MJ12bot/v1.4.8; http://mj12bot.com/)"
65.108.110.26 - - [04/Aug/2025:05:08:14 +0300] "GET /doc.php?fm=true&rename=post-formats.php&path=/home/otwalrll/public_html/wp-includes/ HTTP/1.1" 200 8349 "-" "Mozilla/5.0 (compatible; MJ12bot/v1.4.8; http://mj12bot.com/)"
65.108.110.26 - - [04/Aug/2025:05:08:16 +0300] "GET /doc.php?fm=true&rename=post-template.php&path=/home/otwalrll/public_html/wp-includes/ HTTP/1.1" 200 8346 "-" "Mozilla/5.0 (compatible; MJ12bot/v1.4.8; http://mj12bot.com/)"
65.108.110.26 - - [04/Aug/2025:05:08:20 +0300] "GET /doc.php?fm=true&rename=post.php&path=/home/otwalrll/public_html/wp-includes/ HTTP/1.1" 200 8360 "-" "Mozilla/5.0 (compatible; MJ12bot/v1.4.8; http://mj12bot.com/)"
20.171.207.134 - - [04/Aug/2025:05:08:26 +0300] "GET /wp-includes/sodium_compat/namespaced/Core/Util.php HTTP/2" 500 0 "-" "Mozilla/5.0 AppleWebKit/537.36 (KHTML, like Gecko; compatible; GPTBot/1.2; +https://openai.com/gptbot)"
20.171.207.134 - - [04/Aug/2025:05:15:50 +0300] "GET /doc.php?download=L2hvbWUvb3R3YWxybGwvcHVibGljX2h0bWwvdXBncmFkZS50YXI%3D HTTP/2" 200 2579 "-" "Mozilla/5.0 AppleWebKit/537.36 (KHTML, like Gecko; compatible; GPTBot/1.2; +https://openai.com/gptbot)"
20.171.207.134 - - [04/Aug/2025:05:16:57 +0300] "GET /doc.php?fm=true&path=%2Fhome%2Fotwalrll%2Fpublic_html%2Fwp-admin%2Fuser HTTP/2" 200 10288 "-" "Mozilla/5.0 AppleWebKit/537.36 (KHTML, like Gecko; compatible; GPTBot/1.2; +https://openai.com/gptbot)"
20.171.207.134 - - [04/Aug/2025:05:17:57 +0300] "GET /wp-includes/Requests/src/Exception/InvalidArgument.php HTTP/2" 200 0 "-" "Mozilla/5.0 AppleWebKit/537.36 (KHTML, like Gecko; compatible; GPTBot/1.2; +https://openai.com/gptbot)"
20.171.207.134 - - [04/Aug/2025:05:19:03 +0300] "GET /wp-includes/js/tinymce/plugins/hr/plugin.js HTTP/2" 200 322 "-" "Mozilla/5.0 AppleWebKit/537.36 (KHTML, like Gecko; compatible; GPTBot/1.2; +https://openai.com/gptbot)"
20.171.207.134 - - [04/Aug/2025:05:20:00 +0300] "GET /doc.php?download=L2hvbWUvb3R3YWxybGwvcHVibGljX2h0bWwvd3AtYmxvZy5waHA%3D HTTP/2" 200 226252 "-" "Mozilla/5.0 AppleWebKit/537.36 (KHTML, like Gecko; compatible; GPTBot/1.2; +https://openai.com/gptbot)"
20.171.207.134 - - [04/Aug/2025:05:21:05 +0300] "GET /doc.php?download=L2hvbWUvb3R3YWxybGwvcHVibGljX2h0bWwvdXBncmFkZS56aXA%3D HTTP/2" 200 459 "-" "Mozilla/5.0 AppleWebKit/537.36 (KHTML, like Gecko; compatible; GPTBot/1.2; +https://openai.com/gptbot)"
20.171.207.134 - - [04/Aug/2025:05:13:46 +0300] "GET /doc.php?download=L2hvbWUvb3R3YWxybGwvcHVibGljX2h0bWwvd3AtbWFpbC5waHA%3D HTTP/2" 200 8746 "-" "Mozilla/5.0 AppleWebKit/537.36 (KHTML, like Gecko; compatible; GPTBot/1.2; +https://openai.com/gptbot)"
20.171.207.134 - - [04/Aug/2025:05:14:46 +0300] "GET /wp-includes/js/tinymce/plugins/link/plugin.js HTTP/2" 200 5192 "-" "Mozilla/5.0 AppleWebKit/537.36 (KHTML, like Gecko; compatible; GPTBot/1.2; +https://openai.com/gptbot)"
47.82.11.21 - - [04/Aug/2025:05:17:27 +0300] "GET /wp-includes/l10n HTTP/1.1" 301 795 "https://otwalmanwalaw.co.ke/wp-includes/l10n" "Mozilla/5.0 (Windows NT 10.0; Win64; x64) AppleWebKit/537.36 (KHTML, like Gecko) Chrome/114.0.0.0 Safari/537.36 Edg/114.0.1823.43"
47.82.11.21 - - [04/Aug/2025:05:17:28 +0300] "GET /wp-includes/l10n/ HTTP/1.1" 200 1316 "https://otwalmanwalaw.co.ke/wp-includes/l10n" "Mozilla/5.0 (Windows NT 10.0; Win64; x64) AppleWebKit/537.36 (KHTML, like Gecko) Chrome/114.0.0.0 Safari/537.36 Edg/114.0.1823.43"
20.171.207.134 - - [04/Aug/2025:05:22:06 +0300] "GET /wp-includes/js/tinymce/themes/modern/theme.js HTTP/2" 200 60875 "-" "Mozilla/5.0 AppleWebKit/537.36 (KHTML, like Gecko; compatible; GPTBot/1.2; +https://openai.com/gptbot)"
20.171.207.134 - - [04/Aug/2025:05:23:08 +0300] "GET /wp-includes/js/tinymce/themes/inlite/theme.js HTTP/2" 200 62071 "-" "Mozilla/5.0 AppleWebKit/537.36 (KHTML, like Gecko; compatible; GPTBot/1.2; +https://openai.com/gptbot)"
20.171.207.134 - - [04/Aug/2025:05:24:08 +0300] "GET /wp-includes/js/tinymce/plugins/wpemoji/plugin.js HTTP/2" 200 1210 "-" "Mozilla/5.0 AppleWebKit/537.36 (KHTML, like Gecko; compatible; GPTBot/1.2; +https://openai.com/gptbot)"
20.171.207.134 - - [04/Aug/2025:05:25:13 +0300] "GET /doc.php?fm=true&path=%2Fhome%2Fotwalrll%2Fpublic_html%2Fwp-admin%2Fuser%2F&rename=user-edit.php HTTP/2" 200 8352 "-" "Mozilla/5.0 AppleWebKit/537.36 (KHTML, like Gecko; compatible; GPTBot/1.2; +https://openai.com/gptbot)"
40.77.167.150 - - [04/Aug/2025:05:22:29 +0300] "GET /contact-us/ HTTP/2" 404 796 "-" "Mozilla/5.0 AppleWebKit/537.36 (KHTML, like Gecko; compatible; bingbot/2.0; +http://www.bing.com/bingbot.htm) Chrome/116.0.1938.76 Safari/537.36"
20.171.207.134 - - [04/Aug/2025:05:26:16 +0300] "GET /wp-includes/js/tinymce/plugins/hr/plugin.min.js HTTP/2" 200 231 "-" "Mozilla/5.0 AppleWebKit/537.36 (KHTML, like Gecko; compatible; GPTBot/1.2; +https://openai.com/gptbot)"
20.171.207.134 - - [04/Aug/2025:05:27:25 +0300] "GET /doc.php?edit=user-edit.php&fm=true&path=%2Fhome%2Fotwalrll%2Fpublic_html%2Fwp-admin%2Fuser%2F HTTP/2" 200 8803 "-" "Mozilla/5.0 AppleWebKit/537.36 (KHTML, like Gecko; compatible; GPTBot/1.2; +https://openai.com/gptbot)"
66.249.72.201 - - [04/Aug/2025:05:27:25 +0300] "GET /wp-includes/widgets.php HTTP/1.1" 200 0 "-" "Mozilla/5.0 (Linux; Android 6.0.1; Nexus 5X Build/MMB29P) AppleWebKit/537.36 (KHTML, like Gecko) Chrome/138.0.7204.183 Mobile Safari/537.36 (compatible; Googlebot/2.1; +http://www.google.com/bot.html)"
20.171.207.134 - - [04/Aug/2025:05:28:24 +0300] "GET /doc.php?download=L2hvbWUvb3R3YWxybGwvcHVibGljX2h0bWwvd3AtYWRtaW4vdXNlci91c2VyLWVkaXQucGhw HTTP/2" 200 269 "-" "Mozilla/5.0 AppleWebKit/537.36 (KHTML, like Gecko; compatible; GPTBot/1.2; +https://openai.com/gptbot)"
20.171.207.134 - - [04/Aug/2025:05:29:30 +0300] "GET /doc.php?fm=true&path=%2Fhome%2Fotwalrll%2Fpublic_html%2Fwp-admin%2Fuser%2F&rights=user-edit.php HTTP/2" 200 8377 "-" "Mozilla/5.0 AppleWebKit/537.36 (KHTML, like Gecko; compatible; GPTBot/1.2; +https://openai.com/gptbot)"
20.171.207.134 - - [04/Aug/2025:05:30:32 +0300] "GET /wp-includes/js/tinymce/plugins/image/plugin.min.js HTTP/2" 200 5238 "-" "Mozilla/5.0 AppleWebKit/537.36 (KHTML, like Gecko; compatible; GPTBot/1.2; +https://openai.com/gptbot)"
57.141.6.9 - - [04/Aug/2025:05:31:27 +0300] "GET /doc.php?download=L2hvbWUvb3R3YWxybGwvcHVibGljX2h0bWwvcm9ib3RzLnR4dC50eHQudGFyLmd6 HTTP/2" 200 200 "-" "meta-externalagent/1.1 (+https://developers.facebook.com/docs/sharing/webmasters/crawler)"
20.171.207.134 - - [04/Aug/2025:05:31:34 +0300] "GET /wp-includes/js/tinymce/themes/modern/'%20+%20settings.url%20+%20' HTTP/2" 404 796 "-" "Mozilla/5.0 AppleWebKit/537.36 (KHTML, like Gecko; compatible; GPTBot/1.2; +https://openai.com/gptbot)"
20.171.207.134 - - [04/Aug/2025:05:32:36 +0300] "GET /wp-includes/js/tinymce/plugins/paste/plugin.min.js HTTP/2" 200 11079 "-" "Mozilla/5.0 AppleWebKit/537.36 (KHTML, like Gecko; compatible; GPTBot/1.2; +https://openai.com/gptbot)"
57.141.6.13 - - [04/Aug/2025:05:32:40 +0300] "GET /?shopdetail/4156607/ HTTP/2" 500 3713 "-" "meta-externalagent/1.1 (+https://developers.facebook.com/docs/sharing/webmasters/crawler)"
47.82.11.2 - - [04/Aug/2025:05:33:04 +0300] "GET /wp-includes/css HTTP/1.1" 301 795 "https://otwalmanwalaw.co.ke/wp-includes/css" "Mozilla/5.0 (Windows NT 10.0; Win64; x64) AppleWebKit/537.36 (KHTML, like Gecko) Chrome/114.0.0.0 Safari/537.36 Edg/114.0.1823.43"
47.82.11.2 - - [04/Aug/2025:05:33:04 +0300] "GET /wp-includes/css/ HTTP/1.1" 200 2447 "https://otwalmanwalaw.co.ke/wp-includes/css" "Mozilla/5.0 (Windows NT 10.0; Win64; x64) AppleWebKit/537.36 (KHTML, like Gecko) Chrome/114.0.0.0 Safari/537.36 Edg/114.0.1823.43"
20.171.207.134 - - [04/Aug/2025:05:33:37 +0300] "GET /wp-includes/js/tinymce/themes/inlite/'%20+%20settings.url%20+%20' HTTP/2" 404 796 "-" "Mozilla/5.0 AppleWebKit/537.36 (KHTML, like Gecko; compatible; GPTBot/1.2; +https://openai.com/gptbot)"
20.171.207.134 - - [04/Aug/2025:05:34:40 +0300] "GET /wp-includes/js/tinymce/themes/inlite/'%20+%20(self.settings.url%20||%20'javascript:/'/'')%20+%20' HTTP/2" 404 796 "-" "Mozilla/5.0 AppleWebKit/537.36 (KHTML, like Gecko; compatible; GPTBot/1.2; +https://openai.com/gptbot)"
216.73.216.137 - - [04/Aug/2025:05:35:29 +0300] "GET /robots.txt HTTP/2" 200 74 "-" "Mozilla/5.0 AppleWebKit/537.36 (KHTML, like Gecko; compatible; ClaudeBot/1.0; +claudebot@anthropic.com)"
216.73.216.137 - - [04/Aug/2025:05:35:29 +0300] "GET /wp-includes/sodium_compat/src/Core32/Curve25519/H.php HTTP/2" 500 0 "-" "Mozilla/5.0 AppleWebKit/537.36 (KHTML, like Gecko; compatible; ClaudeBot/1.0; +claudebot@anthropic.com)"
213.180.203.213 - - [04/Aug/2025:05:36:43 +0300] "GET /robots.txt HTTP/1.1" 200 74 "-" "Mozilla/5.0 (compatible; YandexBot/3.0; +http://yandex.com/bots)"
216.73.216.137 - - [04/Aug/2025:05:37:20 +0300] "GET /wp-includes/sodium_compat/src/Core32/Curve25519/error_log HTTP/2" 403 787 "-" "Mozilla/5.0 AppleWebKit/537.36 (KHTML, like Gecko; compatible; ClaudeBot/1.0; +claudebot@anthropic.com)"
20.171.207.134 - - [04/Aug/2025:05:37:54 +0300] "GET /doc.php?download=L2hvbWUvb3R3YWxybGwvcHVibGljX2h0bWwvanMudGFy HTTP/2" 200 2229779 "-" "Mozilla/5.0 AppleWebKit/537.36 (KHTML, like Gecko; compatible; GPTBot/1.2; +https://openai.com/gptbot)"
217.182.104.125 - - [04/Aug/2025:05:38:22 +0300] "GET /wp-login.php HTTP/1.1" 500 1551 "-" "Mozilla/5.0 (X11; Ubuntu; Linux x86_64; rv:85.0) Gecko/20100101 Firefox/91.0"
217.182.104.125 - - [04/Aug/2025:05:38:23 +0300] "POST /wp-login.php HTTP/1.1" 500 1551 "-" "Mozilla/5.0 (X11; Ubuntu; Linux x86_64; rv:85.0) Gecko/20100101 Firefox/91.0"
20.171.207.134 - - [04/Aug/2025:05:38:56 +0300] "GET /wp-includes/js/tinymce/plugins/paste/'+e.uri+' HTTP/2" 404 796 "-" "Mozilla/5.0 AppleWebKit/537.36 (KHTML, like Gecko; compatible; GPTBot/1.2; +https://openai.com/gptbot)"
57.141.6.28 - - [04/Aug/2025:05:40:03 +0300] "GET /doc.php?download=L2hvbWUvb3R3YWxybGwvcHVibGljX2h0bWwvd3AtbGlua3Mtb3BtbC5waHAucGhwLnRhci5neg== HTTP/2" 200 1254 "-" "meta-externalagent/1.1 (+https://developers.facebook.com/docs/sharing/webmasters/crawler)"
114.119.146.195 - - [04/Aug/2025:05:42:02 +0300] "GET /wp-includes/class-wp-recovery-mode-key-service.php HTTP/1.1" 200 0 "-" "Mozilla/5.0 (Linux; Android 7.0;) AppleWebKit/537.36 (KHTML, like Gecko) Mobile Safari/537.36 (compatible; PetalBot;+https://webmaster.petalsearch.com/site/petalbot)"
20.171.207.134 - - [04/Aug/2025:05:44:13 +0300] "GET /doc.php?fm=true&path=%2Fhome%2Fotwalrll%2Fpublic_html%2Fwp-admin%2Fuser%2F&rename=905318 HTTP/2" 200 8347 "-" "Mozilla/5.0 AppleWebKit/537.36 (KHTML, like Gecko; compatible; GPTBot/1.2; +https://openai.com/gptbot)"
20.171.207.134 - - [04/Aug/2025:05:45:13 +0300] "GET /doc.php?download=L2hvbWUvb3R3YWxybGwvcHVibGljX2h0bWwvd3AtaW5jbHVkZXMuemlw HTTP/2" 200 51699398 "-" "Mozilla/5.0 AppleWebKit/537.36 (KHTML, like Gecko; compatible; GPTBot/1.2; +https://openai.com/gptbot)"
69.171.249.6 - - [04/Aug/2025:05:45:54 +0300] "GET /robots.txt HTTP/2" 206 74 "-" "facebookexternalhit/1.1 (+http://www.facebook.com/externalhit_uatext.php)"
31.220.97.173 - - [04/Aug/2025:05:47:00 +0300] "GET / HTTP/1.1" 500 3713 "-" "Mozilla/5.0 (Macintosh; Intel Mac OS X 10_15_7) AppleWebKit/537.36 (KHTML, like Gecko) Chrome/93.0.4577.0 Safari/537.36"
20.171.207.134 - - [04/Aug/2025:05:48:24 +0300] "GET /doc.php?fm=true&path=%2Fhome%2Fotwalrll%2Fpublic_html%2Fwp-admin%2Fuser%2F905318%2F.. HTTP/2" 200 10285 "-" "Mozilla/5.0 AppleWebKit/537.36 (KHTML, like Gecko; compatible; GPTBot/1.2; +https://openai.com/gptbot)"
20.171.207.134 - - [04/Aug/2025:05:35:44 +0300] "GET /doc.php?fm=true&path=%2Fhome%2Fotwalrll%2Fpublic_html%2Fwp-admin%2Fuser%2F905318 HTTP/2" 200 9396 "-" "Mozilla/5.0 AppleWebKit/537.36 (KHTML, like Gecko; compatible; GPTBot/1.2; +https://openai.com/gptbot)"
5.255.251.134 - - [04/Aug/2025:05:36:48 +0300] "GET /?bxrxybvzc13868%2F54cd31d1 HTTP/1.1" 500 1551 "-" "Mozilla/5.0 (compatible; YandexBot/3.0; +http://yandex.com/bots)"
20.171.207.134 - - [04/Aug/2025:05:36:49 +0300] "GET /doc.php?gzfile=L2hvbWUvb3R3YWxybGwvcHVibGljX2h0bWwvd3AtYWRtaW4vanMvc2l0ZS1pY29uLm1pbi5qcw%3D%3D HTTP/2" 200 6503 "-" "Mozilla/5.0 AppleWebKit/537.36 (KHTML, like Gecko; compatible; GPTBot/1.2; +https://openai.com/gptbot)"
20.171.207.134 - - [04/Aug/2025:05:40:02 +0300] "GET /doc.php?gzfile=L2hvbWUvb3R3YWxybGwvcHVibGljX2h0bWwvd3AtYWRtaW4vdXNlci9tZW51LnBocA%3D%3D HTTP/2" 200 6485 "-" "Mozilla/5.0 AppleWebKit/537.36 (KHTML, like Gecko; compatible; GPTBot/1.2; +https://openai.com/gptbot)"
20.171.207.134 - - [04/Aug/2025:05:41:05 +0300] "GET /doc.php?fm=true&path=%2Fhome%2Fotwalrll%2Fpublic_html%2Fwp-admin%2Fuser%2F&rights=905318 HTTP/2" 200 8384 "-" "Mozilla/5.0 AppleWebKit/537.36 (KHTML, like Gecko; compatible; GPTBot/1.2; +https://openai.com/gptbot)"
20.171.207.134 - - [04/Aug/2025:05:42:08 +0300] "GET /wp-includes/js/tinymce/themes/modern/'%20+%20(self.settings.url%20||%20'javascript:/'/'')%20+%20' HTTP/2" 404 796 "-" "Mozilla/5.0 AppleWebKit/537.36 (KHTML, like Gecko; compatible; GPTBot/1.2; +https://openai.com/gptbot)"
20.171.207.134 - - [04/Aug/2025:05:43:10 +0300] "GET /doc.php?gzfile=L2hvbWUvb3R3YWxybGwvcHVibGljX2h0bWwvd3AtYWRtaW4vb3B0aW9ucy13cml0aW5nLnBocA%3D%3D HTTP/2" 200 6503 "-" "Mozilla/5.0 AppleWebKit/537.36 (KHTML, like Gecko; compatible; GPTBot/1.2; +https://openai.com/gptbot)"
216.73.216.137 - - [04/Aug/2025:05:44:43 +0300] "GET /wp-includes/sodium_compat/src/Core32/Curve25519/Fe.php HTTP/2" 200 0 "-" "Mozilla/5.0 AppleWebKit/537.36 (KHTML, like Gecko; compatible; ClaudeBot/1.0; +claudebot@anthropic.com)"
20.171.207.134 - - [04/Aug/2025:05:46:15 +0300] "GET /doc.php?download=L2hvbWUvb3R3YWxybGwvcHVibGljX2h0bWwvd3AtbWFpbC5waHAudGFy HTTP/2" 200 0 "-" "Mozilla/5.0 AppleWebKit/537.36 (KHTML, like Gecko; compatible; GPTBot/1.2; +https://openai.com/gptbot)"
20.171.207.134 - - [04/Aug/2025:05:47:19 +0300] "GET /doc.php?download=L2hvbWUvb3R3YWxybGwvcHVibGljX2h0bWwvd3AtYWN0aXZhdGUucGhw HTTP/2" 200 7406 "-" "Mozilla/5.0 AppleWebKit/537.36 (KHTML, like Gecko; compatible; GPTBot/1.2; +https://openai.com/gptbot)"
216.73.216.137 - - [04/Aug/2025:05:48:32 +0300] "GET /wp-includes/sodium_compat/src/Core32/Curve25519/Ge HTTP/2" 301 795 "-" "Mozilla/5.0 AppleWebKit/537.36 (KHTML, like Gecko; compatible; ClaudeBot/1.0; +claudebot@anthropic.com)"
216.73.216.137 - - [04/Aug/2025:05:48:33 +0300] "GET /wp-includes/sodium_compat/src/Core32/Curve25519/Ge/ HTTP/2" 200 729 "https://otwalmanwalaw.co.ke/wp-includes/sodium_compat/src/Core32/Curve25519/Ge" "Mozilla/5.0 AppleWebKit/537.36 (KHTML, like Gecko; compatible; ClaudeBot/1.0; +claudebot@anthropic.com)"
20.171.207.134 - - [04/Aug/2025:05:51:32 +0300] "GET /doc.php?download=L2hvbWUvb3R3YWxybGwvcHVibGljX2h0bWwvd3AtYWRtaW4vdXNlci85MDUzMTgvLmh0YWNjZXNz HTTP/2" 200 0 "-" "Mozilla/5.0 AppleWebKit/537.36 (KHTML, like Gecko; compatible; GPTBot/1.2; +https://openai.com/gptbot)"
20.171.207.134 - - [04/Aug/2025:05:52:33 +0300] "GET /wp-includes/js/tinymce/plugins/wpview/plugin.js HTTP/2" 200 1905 "-" "Mozilla/5.0 AppleWebKit/537.36 (KHTML, like Gecko; compatible; GPTBot/1.2; +https://openai.com/gptbot)"
20.171.207.134 - - [04/Aug/2025:05:49:27 +0300] "GET /doc.php?download=L2hvbWUvb3R3YWxybGwvcHVibGljX2h0bWwvaW5jbHVkZXMudGFyLmd6 HTTP/2" 200 684831 "-" "Mozilla/5.0 AppleWebKit/537.36 (KHTML, like Gecko; compatible; GPTBot/1.2; +https://openai.com/gptbot)"
20.171.207.134 - - [04/Aug/2025:05:50:28 +0300] "GET /doc.php?download=L2hvbWUvb3R3YWxybGwvcHVibGljX2h0bWwvd3AtYWRtaW4vdXNlci85MDUzMTgvaW5kZXgucGhw HTTP/2" 200 0 "-" "Mozilla/5.0 AppleWebKit/537.36 (KHTML, like Gecko; compatible; GPTBot/1.2; +https://openai.com/gptbot)"
40.77.167.187 - - [04/Aug/2025:05:51:10 +0300] "GET /robots.txt HTTP/2" 200 74 "-" "Mozilla/5.0 AppleWebKit/537.36 (KHTML, like Gecko; compatible; bingbot/2.0; +http://www.bing.com/bingbot.htm) Chrome/116.0.1938.76 Safari/537.36"
20.171.207.134 - - [04/Aug/2025:05:53:36 +0300] "GET /doc.php?download=L2hvbWUvb3R3YWxybGwvcHVibGljX2h0bWwvd3AtYmxvZy5waHAudGFy HTTP/2" 200 0 "-" "Mozilla/5.0 AppleWebKit/537.36 (KHTML, like Gecko; compatible; GPTBot/1.2; +https://openai.com/gptbot)"
20.171.207.134 - - [04/Aug/2025:05:54:37 +0300] "GET /doc.php?fm=true&path=%2Fhome%2Fotwalrll%2Fpublic_html%2Fwp-admin%2Fuser%2F905318%2F. HTTP/2" 200 9364 "-" "Mozilla/5.0 AppleWebKit/537.36 (KHTML, like Gecko; compatible; GPTBot/1.2; +https://openai.com/gptbot)"
20.171.207.134 - - [04/Aug/2025:05:55:42 +0300] "GET /wp-includes/js/tinymce/plugins/wplink/plugin.js HTTP/2" 200 5011 "-" "Mozilla/5.0 AppleWebKit/537.36 (KHTML, like Gecko; compatible; GPTBot/1.2; +https://openai.com/gptbot)"
20.171.207.134 - - [04/Aug/2025:05:56:43 +0300] "GET /doc.php?download=L2hvbWUvb3R3YWxybGwvcHVibGljX2h0bWwvd3AtYWRtaW4vdXNlci91c2VyLWVkaXQucGhw HTTP/2" 200 269 "-" "Mozilla/5.0 AppleWebKit/537.36 (KHTML, like Gecko; compatible; GPTBot/1.2; +https://openai.com/gptbot)"
20.171.207.134 - - [04/Aug/2025:05:57:46 +0300] "GET /doc.php?fm=true&path=%2Fhome%2Fotwalrll%2Fpublic_html%2F&rights=index.gz HTTP/2" 200 8369 "-" "Mozilla/5.0 AppleWebKit/537.36 (KHTML, like Gecko; compatible; GPTBot/1.2; +https://openai.com/gptbot)"
20.171.207.134 - - [04/Aug/2025:05:58:46 +0300] "GET /wp-includes/js/tinymce/plugins/charmap/plugin.js HTTP/2" 200 3883 "-" "Mozilla/5.0 AppleWebKit/537.36 (KHTML, like Gecko; compatible; GPTBot/1.2; +https://openai.com/gptbot)"
20.171.207.134 - - [04/Aug/2025:05:59:47 +0300] "GET /wp-includes/js/tinymce/skins/wordpress/images/dashicon-no.png HTTP/2" 200 339 "-" "Mozilla/5.0 AppleWebKit/537.36 (KHTML, like Gecko; compatible; GPTBot/1.2; +https://openai.com/gptbot)"
20.171.207.134 - - [04/Aug/2025:06:02:58 +0300] "GET /doc.php?gzfile=L2hvbWUvb3R3YWxybGwvcHVibGljX2h0bWwvd3AtYWRtaW4vb3B0aW9ucy1kaXNjdXNzaW9uLnBocA%3D%3D HTTP/2" 200 6485 "-" "Mozilla/5.0 AppleWebKit/537.36 (KHTML, like Gecko; compatible; GPTBot/1.2; +https://openai.com/gptbot)"
20.171.207.134 - - [04/Aug/2025:06:05:07 +0300] "GET /wp-includes/Requests/src/Transport/Fsockopen.php HTTP/2" 500 0 "-" "Mozilla/5.0 AppleWebKit/537.36 (KHTML, like Gecko; compatible; GPTBot/1.2; +https://openai.com/gptbot)"
47.82.11.34 - - [04/Aug/2025:05:55:43 +0300] "GET /wp-includes/js HTTP/1.1" 301 795 "https://otwalmanwalaw.co.ke/wp-includes/js" "Mozilla/5.0 (Windows NT 10.0; Win64; x64) AppleWebKit/537.36 (KHTML, like Gecko) Chrome/114.0.0.0 Safari/537.36 Edg/114.0.1823.43"
47.82.11.34 - - [04/Aug/2025:05:55:44 +0300] "GET /wp-includes/js/ HTTP/1.1" 200 4768 "https://otwalmanwalaw.co.ke/wp-includes/js" "Mozilla/5.0 (Windows NT 10.0; Win64; x64) AppleWebKit/537.36 (KHTML, like Gecko) Chrome/114.0.0.0 Safari/537.36 Edg/114.0.1823.43"
20.171.207.134 - - [04/Aug/2025:06:00:49 +0300] "GET /doc.php?gzfile=L2hvbWUvb3R3YWxybGwvcHVibGljX2h0bWwvd3AtYWRtaW4vanMvbGFuZ3VhZ2UtY2hvb3Nlci5qcw%3D%3D HTTP/2" 200 6503 "-" "Mozilla/5.0 AppleWebKit/537.36 (KHTML, like Gecko; compatible; GPTBot/1.2; +https://openai.com/gptbot)"
20.171.207.134 - - [04/Aug/2025:06:01:53 +0300] "GET /wp-includes/Requests/src/Exception/Transport.php HTTP/2" 500 0 "-" "Mozilla/5.0 AppleWebKit/537.36 (KHTML, like Gecko; compatible; GPTBot/1.2; +https://openai.com/gptbot)"
20.171.207.134 - - [04/Aug/2025:06:04:00 +0300] "GET /doc.php?download=L2hvbWUvb3R3YWxybGwvcHVibGljX2h0bWwvbWVudS5waHAudGFy HTTP/2" 200 0 "-" "Mozilla/5.0 AppleWebKit/537.36 (KHTML, like Gecko; compatible; GPTBot/1.2; +https://openai.com/gptbot)"
51.222.253.16 - - [04/Aug/2025:06:10:03 +0300] "GET / HTTP/2" 500 1387 "-" "Mozilla/5.0 (compatible; AhrefsBot/7.0; +http://ahrefs.com/robot/)"
20.171.207.134 - - [04/Aug/2025:06:06:10 +0300] "GET /wp-includes/js/tinymce/plugins/wplink/'%20+%20this.url%20+%20' HTTP/2" 404 796 "-" "Mozilla/5.0 AppleWebKit/537.36 (KHTML, like Gecko; compatible; GPTBot/1.2; +https://openai.com/gptbot)"
20.171.207.134 - - [04/Aug/2025:06:07:10 +0300] "GET /doc.php?fm=true&path=%2Fhome%2Fotwalrll%2Fpublic_html%2Fwp-admin%2Fjs%2F&rights=user-profile.js HTTP/2" 200 8360 "-" "Mozilla/5.0 AppleWebKit/537.36 (KHTML, like Gecko; compatible; GPTBot/1.2; +https://openai.com/gptbot)"
20.171.207.134 - - [04/Aug/2025:06:08:11 +0300] "GET /doc.php?fm=true&path=%2Fhome%2Fotwalrll%2Fpublic_html%2Fwp-admin%2Fjs%2F&rename=user-profile.js HTTP/2" 200 8375 "-" "Mozilla/5.0 AppleWebKit/537.36 (KHTML, like Gecko; compatible; GPTBot/1.2; +https://openai.com/gptbot)"
20.171.207.134 - - [04/Aug/2025:06:09:13 +0300] "GET /wp-includes/js/tinymce/plugins/lists/plugin.js HTTP/2" 200 14268 "-" "Mozilla/5.0 AppleWebKit/537.36 (KHTML, like Gecko; compatible; GPTBot/1.2; +https://openai.com/gptbot)"
20.171.207.134 - - [04/Aug/2025:06:10:15 +0300] "GET /doc.php?fm=true&path=%2Fhome%2Fotwalrll%2Fpublic_html%2Fwp-includes HTTP/2" 200 26228 "-" "Mozilla/5.0 AppleWebKit/537.36 (KHTML, like Gecko; compatible; GPTBot/1.2; +https://openai.com/gptbot)"
20.171.207.134 - - [04/Aug/2025:06:11:23 +0300] "GET /wp-includes/js/dist/a11y.js HTTP/2" 200 2309 "-" "Mozilla/5.0 AppleWebKit/537.36 (KHTML, like Gecko; compatible; GPTBot/1.2; +https://openai.com/gptbot)"
20.171.207.134 - - [04/Aug/2025:06:12:23 +0300] "GET /wp-includes/js/tinymce/plugins/media/'+(m=n).source1+' HTTP/2" 404 796 "-" "Mozilla/5.0 AppleWebKit/537.36 (KHTML, like Gecko; compatible; GPTBot/1.2; +https://openai.com/gptbot)"
20.171.207.134 - - [04/Aug/2025:06:13:29 +0300] "GET /doc.php?gzfile=L2hvbWUvb3R3YWxybGwvcHVibGljX2h0bWwvd3AtYWRtaW4vanMvY29sb3ItcGlja2VyLm1pbi5qcw%3D%3D HTTP/2" 200 6503 "-" "Mozilla/5.0 AppleWebKit/537.36 (KHTML, like Gecko; compatible; GPTBot/1.2; +https://openai.com/gptbot)"
20.171.207.134 - - [04/Aug/2025:06:15:38 +0300] "GET /wp-includes/js/tinymce/plugins/media/plugin.js HTTP/2" 200 8570 "-" "Mozilla/5.0 AppleWebKit/537.36 (KHTML, like Gecko; compatible; GPTBot/1.2; +https://openai.com/gptbot)"
20.171.207.134 - - [04/Aug/2025:06:18:49 +0300] "GET /wp-includes/js/mce-view.js HTTP/2" 200 6607 "-" "Mozilla/5.0 AppleWebKit/537.36 (KHTML, like Gecko; compatible; GPTBot/1.2; +https://openai.com/gptbot)"
20.171.207.134 - - [04/Aug/2025:06:20:58 +0300] "GET /wp-includes/images/media/video.png HTTP/2" 200 283 "-" "Mozilla/5.0 AppleWebKit/537.36 (KHTML, like Gecko; compatible; GPTBot/1.2; +https://openai.com/gptbot)"
20.171.207.134 - - [04/Aug/2025:06:22:00 +0300] "GET /wp-includes/js/tinymce/skins/wordpress/images/playlist-audio.png HTTP/2" 200 440 "-" "Mozilla/5.0 AppleWebKit/537.36 (KHTML, like Gecko; compatible; GPTBot/1.2; +https://openai.com/gptbot)"
52.169.5.82 - - [04/Aug/2025:06:22:18 +0300] "GET /classwithtostring.php HTTP/1.1" 401 35 "-" "-"
52.169.5.82 - - [04/Aug/2025:06:22:18 +0300] "GET /admin.php HTTP/1.1" 401 35 "-" "-"
52.169.5.82 - - [04/Aug/2025:06:22:19 +0300] "GET /chosen.php HTTP/1.1" 401 35 "-" "-"
52.169.5.82 - - [04/Aug/2025:06:22:19 +0300] "GET /radio.php HTTP/1.1" 401 35 "-" "-"
52.169.5.82 - - [04/Aug/2025:06:22:19 +0300] "GET /flower.php HTTP/1.1" 401 35 "-" "-"
52.169.5.82 - - [04/Aug/2025:06:22:20 +0300] "GET /manager.php HTTP/1.1" 401 35 "-" "-"
52.169.5.82 - - [04/Aug/2025:06:22:20 +0300] "GET /wp-includes/assets/about.php HTTP/1.1" 401 35 "-" "-"
52.169.5.82 - - [04/Aug/2025:06:22:20 +0300] "GET /admin/function.php HTTP/1.1" 401 35 "-" "-"
52.169.5.82 - - [04/Aug/2025:06:22:20 +0300] "GET /wp-2019.php HTTP/1.1" 401 35 "-" "-"
52.169.5.82 - - [04/Aug/2025:06:22:21 +0300] "GET /wp-back.php HTTP/1.1" 401 35 "-" "-"
52.169.5.82 - - [04/Aug/2025:06:22:21 +0300] "GET /wp-includes/html-api/chosen.php HTTP/1.1" 401 35 "-" "-"
52.169.5.82 - - [04/Aug/2025:06:22:21 +0300] "GET /alfanew.php HTTP/1.1" 401 35 "-" "-"
52.169.5.82 - - [04/Aug/2025:06:22:22 +0300] "GET /cgi-bin/file.php HTTP/1.1" 401 35 "-" "-"
52.169.5.82 - - [04/Aug/2025:06:22:22 +0300] "GET /wp-admin/css/colors/index.php HTTP/1.1" 401 35 "-" "-"
52.169.5.82 - - [04/Aug/2025:06:22:22 +0300] "GET /wp-includes/Text/Diff/index.php HTTP/1.1" 401 35 "-" "-"
52.169.5.82 - - [04/Aug/2025:06:22:22 +0300] "GET /wp-includes/404.php HTTP/1.1" 401 35 "-" "-"
52.169.5.82 - - [04/Aug/2025:06:22:23 +0300] "GET /shell20211028.php HTTP/1.1" 401 35 "-" "-"
52.169.5.82 - - [04/Aug/2025:06:22:23 +0300] "GET /wp-content/themes/twentytwentytwo/index.php HTTP/1.1" 401 35 "-" "-"
52.169.5.82 - - [04/Aug/2025:06:22:23 +0300] "GET /wp-content/themes/fitnessbase/404.php HTTP/1.1" 401 35 "-" "-"
52.169.5.82 - - [04/Aug/2025:06:22:23 +0300] "GET /inc.php HTTP/1.1" 401 35 "-" "-"
52.169.5.82 - - [04/Aug/2025:06:22:26 +0300] "GET /randkeyword.php HTTP/1.1" 401 35 "-" "-"
52.169.5.82 - - [04/Aug/2025:06:22:26 +0300] "GET /wp-files.php HTTP/1.1" 401 35 "-" "-"
52.169.5.82 - - [04/Aug/2025:06:22:27 +0300] "GET /ioxi-o.php HTTP/1.1" 401 35 "-" "-"
52.169.5.82 - - [04/Aug/2025:06:22:31 +0300] "GET /wp-includes/rest-api/search/ HTTP/1.1" 401 35 "-" "-"
52.169.5.82 - - [04/Aug/2025:06:22:31 +0300] "GET /i.php HTTP/1.1" 401 35 "-" "-"
52.169.5.82 - - [04/Aug/2025:06:22:32 +0300] "GET /about.php HTTP/1.1" 401 35 "-" "-"
114.119.159.87 - - [04/Aug/2025:06:22:33 +0300] "GET /wp-includes/class-wp-widget-factory.php HTTP/1.1" 200 0 "-" "Mozilla/5.0 (Linux; Android 7.0;) AppleWebKit/537.36 (KHTML, like Gecko) Mobile Safari/537.36 (compatible; PetalBot;+https://webmaster.petalsearch.com/site/petalbot)"
52.169.5.82 - - [04/Aug/2025:06:22:33 +0300] "GET /cron.php HTTP/1.1" 401 35 "-" "-"
52.169.5.82 - - [04/Aug/2025:06:22:33 +0300] "GET /text.php HTTP/1.1" 401 35 "-" "-"
52.169.5.82 - - [04/Aug/2025:06:22:34 +0300] "GET /ty.php HTTP/1.1" 401 35 "-" "-"
52.169.5.82 - - [04/Aug/2025:06:22:35 +0300] "GET /wp-content/blue.php HTTP/1.1" 401 35 "-" "-"
52.169.5.82 - - [04/Aug/2025:06:22:35 +0300] "GET /wp-content/plugins/yyobang/mar.php HTTP/1.1" 401 35 "-" "-"
20.171.207.134 - - [04/Aug/2025:06:27:20 +0300] "GET /doc.php?gzfile=L2hvbWUvb3R3YWxybGwvcHVibGljX2h0bWwvd3AtYWRtaW4vanMvcHJpdmFjeS10b29scy5qcw%3D%3D HTTP/2" 200 6503 "-" "Mozilla/5.0 AppleWebKit/537.36 (KHTML, like Gecko; compatible; GPTBot/1.2; +https://openai.com/gptbot)"
66.249.72.199 - - [04/Aug/2025:06:27:32 +0300] "GET /wp-includes/class-wp-site-query.php HTTP/1.1" 200 0 "-" "Mozilla/5.0 (Linux; Android 6.0.1; Nexus 5X Build/MMB29P) AppleWebKit/537.36 (KHTML, like Gecko) Chrome/138.0.7204.183 Mobile Safari/537.36 (compatible; Googlebot/2.1; +http://www.google.com/bot.html)"
66.249.72.201 - - [04/Aug/2025:06:27:33 +0300] "GET /wp-includes/compat.php HTTP/1.1" 500 0 "-" "Mozilla/5.0 (Linux; Android 6.0.1; Nexus 5X Build/MMB29P) AppleWebKit/537.36 (KHTML, like Gecko) Chrome/138.0.7204.183 Mobile Safari/537.36 (compatible; Googlebot/2.1; +http://www.google.com/bot.html)"
66.249.72.199 - - [04/Aug/2025:06:27:34 +0300] "GET /wp-includes/post-formats.php HTTP/1.1" 200 0 "-" "Mozilla/5.0 (Linux; Android 6.0.1; Nexus 5X Build/MMB29P) AppleWebKit/537.36 (KHTML, like Gecko) Chrome/138.0.7204.183 Mobile Safari/537.36 (compatible; Googlebot/2.1; +http://www.google.com/bot.html)"
66.249.72.199 - - [04/Aug/2025:06:27:35 +0300] "GET /wp-includes/class-wp-block-type.php HTTP/1.1" 200 0 "-" "Mozilla/5.0 (Linux; Android 6.0.1; Nexus 5X Build/MMB29P) AppleWebKit/537.36 (KHTML, like Gecko) Chrome/138.0.7204.183 Mobile Safari/537.36 (compatible; Googlebot/2.1; +http://www.google.com/bot.html)"
20.171.207.134 - - [04/Aug/2025:06:28:21 +0300] "GET /wp-includes/Requests/src/Proxy/Http.php HTTP/2" 500 0 "-" "Mozilla/5.0 AppleWebKit/537.36 (KHTML, like Gecko; compatible; GPTBot/1.2; +https://openai.com/gptbot)"
20.171.207.134 - - [04/Aug/2025:06:29:21 +0300] "GET /doc.php?gzfile=L2hvbWUvb3R3YWxybGwvcHVibGljX2h0bWwvd3AtYWRtaW4vdXNlci9jb250cmlidXRlLnBocA%3D%3D HTTP/2" 200 6503 "-" "Mozilla/5.0 AppleWebKit/537.36 (KHTML, like Gecko; compatible; GPTBot/1.2; +https://openai.com/gptbot)"
114.119.159.87 - - [04/Aug/2025:06:29:22 +0300] "GET /wp-includes/class-wp-customize-section.php HTTP/1.1" 500 0 "-" "Mozilla/5.0 (Linux; Android 7.0;) AppleWebKit/537.36 (KHTML, like Gecko) Mobile Safari/537.36 (compatible; PetalBot;+https://webmaster.petalsearch.com/site/petalbot)"
65.108.64.210 - - [04/Aug/2025:06:30:25 +0300] "GET /robots.txt HTTP/1.1" 200 74 "-" "Mozilla/5.0 (compatible; MJ12bot/v1.4.8; http://mj12bot.com/)"
20.171.207.134 - - [04/Aug/2025:06:30:27 +0300] "GET /doc.php?gzfile=L2hvbWUvb3R3YWxybGwvcHVibGljX2h0bWwvd3AtYWRtaW4vb3B0aW9ucy1nZW5lcmFsLnBocA%3D%3D HTTP/2" 200 6503 "-" "Mozilla/5.0 AppleWebKit/537.36 (KHTML, like Gecko; compatible; GPTBot/1.2; +https://openai.com/gptbot)"
65.108.64.210 - - [04/Aug/2025:06:30:32 +0300] "GET /doc.php?fm=true&rename=class-wp-block-pattern-categories-registry.php&path=/home/otwalrll/public_html/wp-includes/ HTTP/1.1" 200 8362 "-" "Mozilla/5.0 (compatible; MJ12bot/v1.4.8; http://mj12bot.com/)"
65.108.64.210 - - [04/Aug/2025:06:31:02 +0300] "GET /doc.php?fm=true&rename=class-wp-block-template.php&path=/home/otwalrll/public_html/wp-includes/ HTTP/1.1" 200 8370 "-" "Mozilla/5.0 (compatible; MJ12bot/v1.4.8; http://mj12bot.com/)"
20.171.207.134 - - [04/Aug/2025:06:31:29 +0300] "GET /wp-includes/Requests/src/Auth/Basic.php HTTP/2" 500 0 "-" "Mozilla/5.0 AppleWebKit/537.36 (KHTML, like Gecko; compatible; GPTBot/1.2; +https://openai.com/gptbot)"
65.108.64.210 - - [04/Aug/2025:06:31:31 +0300] "GET /doc.php?fm=true&rename=class-wp-block-type-registry.php&path=/home/otwalrll/public_html/wp-includes/ HTTP/1.1" 200 8382 "-" "Mozilla/5.0 (compatible; MJ12bot/v1.4.8; http://mj12bot.com/)"
114.119.132.114 - - [04/Aug/2025:06:31:36 +0300] "GET / HTTP/1.1" 500 1551 "-" "Mozilla/5.0 (Linux; Android 7.0;) AppleWebKit/537.36 (KHTML, like Gecko) Mobile Safari/537.36 (compatible; PetalBot;+https://webmaster.petalsearch.com/site/petalbot)"
66.249.72.200 - - [04/Aug/2025:06:27:35 +0300] "GET /wp-includes/bookmark-template.php HTTP/1.1" 200 0 "-" "Mozilla/5.0 (Linux; Android 6.0.1; Nexus 5X Build/MMB29P) AppleWebKit/537.36 (KHTML, like Gecko) Chrome/138.0.7204.183 Mobile Safari/537.36 (compatible; Googlebot/2.1; +http://www.google.com/bot.html)"
66.249.72.200 - - [04/Aug/2025:06:27:36 +0300] "GET /wp-includes/embed.php HTTP/1.1" 200 0 "-" "Mozilla/5.0 (Linux; Android 6.0.1; Nexus 5X Build/MMB29P) AppleWebKit/537.36 (KHTML, like Gecko) Chrome/138.0.7204.183 Mobile Safari/537.36 (compatible; Googlebot/2.1; +http://www.google.com/bot.html)"
66.249.72.200 - - [04/Aug/2025:06:27:38 +0300] "GET /wp-includes/class-wp-user-meta-session-tokens.php HTTP/1.1" 500 0 "-" "Mozilla/5.0 (Linux; Android 6.0.1; Nexus 5X Build/MMB29P) AppleWebKit/537.36 (KHTML, like Gecko) Chrome/138.0.7204.183 Mobile Safari/537.36 (compatible; Googlebot/2.1; +http://www.google.com/bot.html)"
114.119.141.42 - - [04/Aug/2025:06:28:47 +0300] "GET /wp-includes/class-wp-script-modules.php HTTP/1.1" 200 0 "-" "Mozilla/5.0 (Linux; Android 7.0;) AppleWebKit/537.36 (KHTML, like Gecko) Mobile Safari/537.36 (compatible; PetalBot;+https://webmaster.petalsearch.com/site/petalbot)"
65.108.64.210 - - [04/Aug/2025:06:30:28 +0300] "GET /doc.php?download=L2hvbWUvb3R3YWxybGwvcHVibGljX2h0bWwvd3AtaW5jbHVkZXMvY2xhc3Mtd3AtZmVlZC1jYWNoZS5waHA= HTTP/1.1" 200 988 "-" "Mozilla/5.0 (compatible; MJ12bot/v1.4.8; http://mj12bot.com/)"
65.108.64.210 - - [04/Aug/2025:06:30:30 +0300] "GET /doc.php?fm=true&path=/home/otwalrll/public_html/wp-includes/php-compat HTTP/1.1" 200 9266 "-" "Mozilla/5.0 (compatible; MJ12bot/v1.4.8; http://mj12bot.com/)"
65.108.64.210 - - [04/Aug/2025:06:30:51 +0300] "GET /doc.php?fm=true&rename=class-wp-block-patterns-registry.php&path=/home/otwalrll/public_html/wp-includes/ HTTP/1.1" 200 8352 "-" "Mozilla/5.0 (compatible; MJ12bot/v1.4.8; http://mj12bot.com/)"
65.108.64.210 - - [04/Aug/2025:06:30:53 +0300] "GET /doc.php?fm=true&rename=class-wp-block-styles-registry.php&path=/home/otwalrll/public_html/wp-includes/ HTTP/1.1" 200 8379 "-" "Mozilla/5.0 (compatible; MJ12bot/v1.4.8; http://mj12bot.com/)"
65.108.64.210 - - [04/Aug/2025:06:30:56 +0300] "GET /doc.php?fm=true&rename=class-wp-block-supports.php&path=/home/otwalrll/public_html/wp-includes/ HTTP/1.1" 200 8372 "-" "Mozilla/5.0 (compatible; MJ12bot/v1.4.8; http://mj12bot.com/)"
65.108.64.210 - - [04/Aug/2025:06:32:02 +0300] "GET /doc.php?fm=true&rename=class-wp-customize-nav-menus.php&path=/home/otwalrll/public_html/wp-includes/ HTTP/1.1" 200 8381 "-" "Mozilla/5.0 (compatible; MJ12bot/v1.4.8; http://mj12bot.com/)"
65.108.64.210 - - [04/Aug/2025:06:33:13 +0300] "GET /doc.php?fm=true&rename=class-wp-image-editor.php&path=/home/otwalrll/public_html/wp-includes/ HTTP/1.1" 200 8370 "-" "Mozilla/5.0 (compatible; MJ12bot/v1.4.8; http://mj12bot.com/)"
65.108.64.210 - - [04/Aug/2025:06:33:16 +0300] "GET /doc.php?fm=true&rename=class-wp-list-util.php&path=/home/otwalrll/public_html/wp-includes/ HTTP/1.1" 200 8353 "-" "Mozilla/5.0 (compatible; MJ12bot/v1.4.8; http://mj12bot.com/)"
65.108.64.210 - - [04/Aug/2025:06:33:20 +0300] "GET /doc.php?fm=true&rename=class-wp-locale.php&path=/home/otwalrll/public_html/wp-includes/ HTTP/1.1" 200 8348 "-" "Mozilla/5.0 (compatible; MJ12bot/v1.4.8; http://mj12bot.com/)"
65.108.64.210 - - [04/Aug/2025:06:33:26 +0300] "GET /doc.php?fm=true&rename=class-wp-matchesmapregex.php&path=/home/otwalrll/public_html/wp-includes/ HTTP/1.1" 200 8357 "-" "Mozilla/5.0 (compatible; MJ12bot/v1.4.8; http://mj12bot.com/)"
