103.154.49.106 - - [04/Aug/2025:03:47:26 +0300] "GET /favicon.ico HTTP/2" 404 796 "https://otwalmanwalaw.co.ke/wp-includes/Text/Diff/Engine/" "Mozilla/5.0 (Windows NT 10.0; Win64; x64) AppleWebKit/537.36 (KHTML, like Gecko) Chrome/138.0.0.0 Safari/537.36 Edg/138.0.0.0"
20.171.207.134 - - [04/Aug/2025:03:48:15 +0300] "GET /doc.php?download=L2hvbWUvb3R3YWxybGwvcHVibGljX2h0bWwvd3AtYWRtaW4vZXJyb3JfbG9n HTTP/2" 200 18438 "-" "Mozilla/5.0 AppleWebKit/537.36 (KHTML, like Gecko; compatible; GPTBot/1.2; +https://openai.com/gptbot)"
20.171.207.134 - - [04/Aug/2025:03:49:17 +0300] "GET /doc.php?download=L2hvbWUvb3R3YWxybGwvcHVibGljX2h0bWwvd3AtYWRtaW4vY3NzL3dwLWFkbWluLm1pbi5jc3M%3D HTTP/2" 200 509 "-" "Mozilla/5.0 AppleWebKit/537.36 (KHTML, like Gecko; compatible; GPTBot/1.2; +https://openai.com/gptbot)"
20.171.207.134 - - [04/Aug/2025:03:51:24 +0300] "GET /doc.php?download=L2hvbWUvb3R3YWxybGwvcHVibGljX2h0bWwvd3AtYWRtaW4vd2lkZ2V0cy1mb3JtLWJsb2Nrcy5waHA%3D HTTP/2" 200 5105 "-" "Mozilla/5.0 AppleWebKit/537.36 (KHTML, like Gecko; compatible; GPTBot/1.2; +https://openai.com/gptbot)"
20.171.207.134 - - [04/Aug/2025:03:52:45 +0300] "GET /doc.php?download=L2hvbWUvb3R3YWxybGwvcHVibGljX2h0bWwvd3AtYWRtaW4vanMvY3VzdG9taXplLXdpZGdldHMubWluLmpz HTTP/2" 200 28084 "-" "Mozilla/5.0 AppleWebKit/537.36 (KHTML, like Gecko; compatible; GPTBot/1.2; +https://openai.com/gptbot)"
20.171.207.134 - - [04/Aug/2025:03:53:26 +0300] "GET /doc.php?download=L2hvbWUvb3R3YWxybGwvcHVibGljX2h0bWwvd3AtYWRtaW4vanMvdGFncy1zdWdnZXN0Lmpz HTTP/2" 200 5790 "-" "Mozilla/5.0 AppleWebKit/537.36 (KHTML, like Gecko; compatible; GPTBot/1.2; +https://openai.com/gptbot)"
66.249.72.199 - - [04/Aug/2025:03:45:41 +0300] "GET /product-category/axes-picks/ HTTP/1.1" 404 796 "-" "Mozilla/5.0 (Linux; Android 6.0.1; Nexus 5X Build/MMB29P) AppleWebKit/537.36 (KHTML, like Gecko) Chrome/138.0.7204.183 Mobile Safari/537.36 (compatible; Googlebot/2.1; +http://www.google.com/bot.html)"
51.222.253.4 - - [04/Aug/2025:03:46:04 +0300] "GET /wp-trackback.php HTTP/2" 500 1387 "-" "Mozilla/5.0 (compatible; AhrefsBot/7.0; +http://ahrefs.com/robot/)"
62.146.226.43 - - [04/Aug/2025:03:46:52 +0300] "GET / HTTP/1.1" 500 3713 "-" "Mozilla/5.0 (Macintosh; Intel Mac OS X 10_15_7) AppleWebKit/537.36 (KHTML, like Gecko) Chrome/93.0.4577.0 Safari/537.36"
103.154.49.106 - - [04/Aug/2025:03:47:16 +0300] "GET /wp-includes/Text/Diff/Engine/ HTTP/2" 200 1857 "-" "Mozilla/5.0 (Windows NT 10.0; Win64; x64) AppleWebKit/537.36 (KHTML, like Gecko) Chrome/138.0.0.0 Safari/537.36 Edg/138.0.0.0"
103.154.49.106 - - [04/Aug/2025:03:47:26 +0300] "GET /favicon.ico HTTP/2" 404 796 "https://mail.otwalmanwalaw.co.ke/wp-includes/Text/Diff/Engine/" "Mozilla/5.0 (Windows NT 10.0; Win64; x64) AppleWebKit/537.36 (KHTML, like Gecko) Chrome/138.0.0.0 Safari/537.36 Edg/138.0.0.0"
20.171.207.134 - - [04/Aug/2025:03:50:19 +0300] "GET /doc.php?download=L2hvbWUvb3R3YWxybGwvcHVibGljX2h0bWwvd3AtYWRtaW4vanMvcGFzc3dvcmQtc3RyZW5ndGgtbWV0ZXIubWluLmpz HTTP/2" 200 1142 "-" "Mozilla/5.0 AppleWebKit/537.36 (KHTML, like Gecko; compatible; GPTBot/1.2; +https://openai.com/gptbot)"
20.171.207.134 - - [04/Aug/2025:03:54:33 +0300] "GET /doc.php?download=L2hvbWUvb3R3YWxybGwvcHVibGljX2h0bWwvd3AtYWRtaW4vbXMtc2l0ZXMucGhw HTTP/2" 200 234 "-" "Mozilla/5.0 AppleWebKit/537.36 (KHTML, like Gecko; compatible; GPTBot/1.2; +https://openai.com/gptbot)"
37.187.73.123 - - [04/Aug/2025:03:57:15 +0300] "GET /robots.txt HTTP/1.1" 200 74 "-" "Mozilla/5.0 (compatible; MJ12bot/v1.4.8; http://mj12bot.com/)"
37.187.73.123 - - [04/Aug/2025:03:57:17 +0300] "GET /wp-includes/js/customize-preview.min.js HTTP/1.1" 200 2867 "-" "Mozilla/5.0 (compatible; MJ12bot/v1.4.8; http://mj12bot.com/)"
37.187.73.123 - - [04/Aug/2025:03:57:21 +0300] "GET /wp-includes/js/customize-selective-refresh.min.js HTTP/1.1" 200 3480 "-" "Mozilla/5.0 (compatible; MJ12bot/v1.4.8; http://mj12bot.com/)"
37.187.73.123 - - [04/Aug/2025:03:57:56 +0300] "GET /wp-includes/js/hoverIntent.min.js HTTP/1.1" 200 668 "-" "Mozilla/5.0 (compatible; MJ12bot/v1.4.8; http://mj12bot.com/)"
37.187.73.123 - - [04/Aug/2025:03:57:58 +0300] "GET /wp-includes/js/hoverintent-js.min.js HTTP/1.1" 200 665 "-" "Mozilla/5.0 (compatible; MJ12bot/v1.4.8; http://mj12bot.com/)"
37.187.73.123 - - [04/Aug/2025:03:57:59 +0300] "GET /wp-includes/js/imagesloaded.min.js HTTP/1.1" 200 1687 "-" "Mozilla/5.0 (compatible; MJ12bot/v1.4.8; http://mj12bot.com/)"
37.187.73.123 - - [04/Aug/2025:03:58:01 +0300] "GET /wp-includes/js/json2.js HTTP/1.1" 200 5292 "-" "Mozilla/5.0 (compatible; MJ12bot/v1.4.8; http://mj12bot.com/)"
37.187.73.123 - - [04/Aug/2025:03:58:03 +0300] "GET /wp-includes/js/json2.min.js HTTP/1.1" 200 1289 "-" "Mozilla/5.0 (compatible; MJ12bot/v1.4.8; http://mj12bot.com/)"
37.187.73.123 - - [04/Aug/2025:03:58:05 +0300] "GET /wp-includes/js/masonry.min.js HTTP/1.1" 200 7117 "-" "Mozilla/5.0 (compatible; MJ12bot/v1.4.8; http://mj12bot.com/)"
37.187.73.123 - - [04/Aug/2025:03:58:07 +0300] "GET /wp-includes/js/mce-view.min.js HTTP/1.1" 200 3437 "-" "Mozilla/5.0 (compatible; MJ12bot/v1.4.8; http://mj12bot.com/)"
37.187.73.123 - - [04/Aug/2025:03:58:09 +0300] "GET /wp-includes/js/media-audiovideo.js HTTP/1.1" 200 5192 "-" "Mozilla/5.0 (compatible; MJ12bot/v1.4.8; http://mj12bot.com/)"
37.187.73.123 - - [04/Aug/2025:03:58:11 +0300] "GET /wp-includes/js/media-audiovideo.min.js HTTP/1.1" 200 3153 "-" "Mozilla/5.0 (compatible; MJ12bot/v1.4.8; http://mj12bot.com/)"
37.187.73.123 - - [04/Aug/2025:03:58:17 +0300] "GET /wp-includes/js/media-grid.js HTTP/1.1" 200 6546 "-" "Mozilla/5.0 (compatible; MJ12bot/v1.4.8; http://mj12bot.com/)"
37.187.73.123 - - [04/Aug/2025:03:58:21 +0300] "GET /wp-includes/js/media-grid.min.js HTTP/1.1" 200 3665 "-" "Mozilla/5.0 (compatible; MJ12bot/v1.4.8; http://mj12bot.com/)"
20.171.207.134 - - [04/Aug/2025:03:59:49 +0300] "GET /doc.php?download=L2hvbWUvb3R3YWxybGwvcHVibGljX2h0bWwvd3AtYWRtaW4vanMveGZuLmpz HTTP/2" 200 759 "-" "Mozilla/5.0 AppleWebKit/537.36 (KHTML, like Gecko; compatible; GPTBot/1.2; +https://openai.com/gptbot)"
37.187.73.123 - - [04/Aug/2025:04:03:21 +0300] "GET /robots.txt HTTP/1.1" 200 74 "-" "Mozilla/5.0 (compatible; MJ12bot/v1.4.8; http://mj12bot.com/)"
37.187.73.123 - - [04/Aug/2025:04:03:23 +0300] "GET /wp-includes/js/customize-preview.min.js HTTP/1.1" 200 2867 "-" "Mozilla/5.0 (compatible; MJ12bot/v1.4.8; http://mj12bot.com/)"
37.187.73.123 - - [04/Aug/2025:04:03:25 +0300] "GET /wp-includes/js/customize-selective-refresh.js HTTP/1.1" 200 8600 "-" "Mozilla/5.0 (compatible; MJ12bot/v1.4.8; http://mj12bot.com/)"
37.187.73.123 - - [04/Aug/2025:04:03:30 +0300] "GET /wp-includes/js/customize-views.js HTTP/1.1" 200 1310 "-" "Mozilla/5.0 (compatible; MJ12bot/v1.4.8; http://mj12bot.com/)"
37.187.73.123 - - [04/Aug/2025:04:03:39 +0300] "GET /wp-includes/js/heartbeat.min.js HTTP/1.1" 200 1947 "-" "Mozilla/5.0 (compatible; MJ12bot/v1.4.8; http://mj12bot.com/)"
37.187.73.123 - - [04/Aug/2025:04:03:56 +0300] "GET /wp-includes/js/hoverIntent.min.js HTTP/1.1" 200 668 "-" "Mozilla/5.0 (compatible; MJ12bot/v1.4.8; http://mj12bot.com/)"
37.187.73.123 - - [04/Aug/2025:04:04:00 +0300] "GET /wp-includes/js/hoverintent-js.min.js HTTP/1.1" 200 665 "-" "Mozilla/5.0 (compatible; MJ12bot/v1.4.8; http://mj12bot.com/)"
37.187.73.123 - - [04/Aug/2025:04:04:02 +0300] "GET /wp-includes/js/imagesloaded.min.js HTTP/1.1" 200 1687 "-" "Mozilla/5.0 (compatible; MJ12bot/v1.4.8; http://mj12bot.com/)"
20.171.207.134 - - [04/Aug/2025:03:56:37 +0300] "GET /doc.php?download=L2hvbWUvb3R3YWxybGwvcHVibGljX2h0bWwvd3AtdHJhY2tiYWNrLnBocC5waHAudGFyLmd6 HTTP/2" 200 1975 "-" "Mozilla/5.0 AppleWebKit/537.36 (KHTML, like Gecko; compatible; GPTBot/1.2; +https://openai.com/gptbot)"
37.187.73.123 - - [04/Aug/2025:03:57:19 +0300] "GET /wp-includes/js/customize-selective-refresh.js HTTP/1.1" 200 8600 "-" "Mozilla/5.0 (compatible; MJ12bot/v1.4.8; http://mj12bot.com/)"
37.187.73.123 - - [04/Aug/2025:03:57:24 +0300] "GET /wp-includes/js/customize-views.js HTTP/1.1" 200 1310 "-" "Mozilla/5.0 (compatible; MJ12bot/v1.4.8; http://mj12bot.com/)"
37.187.73.123 - - [04/Aug/2025:03:57:26 +0300] "GET /wp-includes/js/customize-views.min.js HTTP/1.1" 200 783 "-" "Mozilla/5.0 (compatible; MJ12bot/v1.4.8; http://mj12bot.com/)"
37.187.73.123 - - [04/Aug/2025:03:57:28 +0300] "GET /wp-includes/js/heartbeat.js HTTP/1.1" 200 6293 "-" "Mozilla/5.0 (compatible; MJ12bot/v1.4.8; http://mj12bot.com/)"
37.187.73.123 - - [04/Aug/2025:03:57:33 +0300] "GET /wp-includes/js/heartbeat.min.js HTTP/1.1" 200 1947 "-" "Mozilla/5.0 (compatible; MJ12bot/v1.4.8; http://mj12bot.com/)"
37.187.73.123 - - [04/Aug/2025:03:57:39 +0300] "GET /wp-includes/js/hoverIntent.js HTTP/1.1" 200 2268 "-" "Mozilla/5.0 (compatible; MJ12bot/v1.4.8; http://mj12bot.com/)"
37.187.73.123 - - [04/Aug/2025:03:58:13 +0300] "GET /wp-includes/js/media-editor.js HTTP/1.1" 200 7286 "-" "Mozilla/5.0 (compatible; MJ12bot/v1.4.8; http://mj12bot.com/)"
37.187.73.123 - - [04/Aug/2025:03:58:15 +0300] "GET /wp-includes/js/media-editor.min.js HTTP/1.1" 200 3457 "-" "Mozilla/5.0 (compatible; MJ12bot/v1.4.8; http://mj12bot.com/)"
37.187.73.123 - - [04/Aug/2025:03:58:23 +0300] "GET /wp-includes/js/zxcvbn.min.js HTTP/1.1" 200 98304 "-" "Mozilla/5.0 (compatible; MJ12bot/v1.4.8; http://mj12bot.com/)"
66.249.72.199 - - [04/Aug/2025:03:58:23 +0300] "GET /wp-includes/block-patterns/?NA HTTP/1.1" 200 1151 "-" "Mozilla/5.0 (Linux; Android 6.0.1; Nexus 5X Build/MMB29P) AppleWebKit/537.36 (KHTML, like Gecko) Chrome/138.0.7204.183 Mobile Safari/537.36 (compatible; Googlebot/2.1; +http://www.google.com/bot.html)"
20.171.207.134 - - [04/Aug/2025:04:01:56 +0300] "GET /doc.php?fm=true&path=%2Fhome%2Fotwalrll%2Fpublic_html%2Fwp-admin%2Fjs%2F&rights=user-suggest.js HTTP/2" 200 8376 "-" "Mozilla/5.0 AppleWebKit/537.36 (KHTML, like Gecko; compatible; GPTBot/1.2; +https://openai.com/gptbot)"
37.187.73.123 - - [04/Aug/2025:04:03:28 +0300] "GET /wp-includes/js/customize-selective-refresh.min.js HTTP/1.1" 200 3480 "-" "Mozilla/5.0 (compatible; MJ12bot/v1.4.8; http://mj12bot.com/)"
37.187.73.123 - - [04/Aug/2025:04:03:32 +0300] "GET /wp-includes/js/customize-views.min.js HTTP/1.1" 200 783 "-" "Mozilla/5.0 (compatible; MJ12bot/v1.4.8; http://mj12bot.com/)"
37.187.73.123 - - [04/Aug/2025:04:03:33 +0300] "GET /wp-includes/js/heartbeat.js HTTP/1.1" 200 6293 "-" "Mozilla/5.0 (compatible; MJ12bot/v1.4.8; http://mj12bot.com/)"
37.187.73.123 - - [04/Aug/2025:04:03:42 +0300] "GET /wp-includes/js/hoverIntent.js HTTP/1.1" 200 2268 "-" "Mozilla/5.0 (compatible; MJ12bot/v1.4.8; http://mj12bot.com/)"
37.187.73.123 - - [04/Aug/2025:04:04:04 +0300] "GET /wp-includes/js/json2.js HTTP/1.1" 200 5292 "-" "Mozilla/5.0 (compatible; MJ12bot/v1.4.8; http://mj12bot.com/)"
37.187.73.123 - - [04/Aug/2025:04:04:06 +0300] "GET /wp-includes/js/json2.min.js HTTP/1.1" 200 1289 "-" "Mozilla/5.0 (compatible; MJ12bot/v1.4.8; http://mj12bot.com/)"
37.187.73.123 - - [04/Aug/2025:04:04:08 +0300] "GET /wp-includes/js/masonry.min.js HTTP/1.1" 200 7117 "-" "Mozilla/5.0 (compatible; MJ12bot/v1.4.8; http://mj12bot.com/)"
37.187.73.123 - - [04/Aug/2025:04:04:10 +0300] "GET /wp-includes/js/mce-view.min.js HTTP/1.1" 200 3437 "-" "Mozilla/5.0 (compatible; MJ12bot/v1.4.8; http://mj12bot.com/)"
37.187.73.123 - - [04/Aug/2025:04:04:11 +0300] "GET /wp-includes/js/media-audiovideo.js HTTP/1.1" 200 5192 "-" "Mozilla/5.0 (compatible; MJ12bot/v1.4.8; http://mj12bot.com/)"
20.171.207.134 - - [04/Aug/2025:04:04:03 +0300] "GET /doc.php?edit=user-suggest.js&fm=true&path=%2Fhome%2Fotwalrll%2Fpublic_html%2Fwp-admin%2Fjs%2F HTTP/2" 200 9635 "-" "Mozilla/5.0 AppleWebKit/537.36 (KHTML, like Gecko; compatible; GPTBot/1.2; +https://openai.com/gptbot)"
37.187.73.123 - - [04/Aug/2025:04:04:22 +0300] "GET /wp-includes/js/media-grid.js HTTP/1.1" 200 6546 "-" "Mozilla/5.0 (compatible; MJ12bot/v1.4.8; http://mj12bot.com/)"
37.187.73.123 - - [04/Aug/2025:04:04:24 +0300] "GET /wp-includes/js/media-grid.min.js HTTP/1.1" 200 3665 "-" "Mozilla/5.0 (compatible; MJ12bot/v1.4.8; http://mj12bot.com/)"
37.187.73.123 - - [04/Aug/2025:04:04:26 +0300] "GET /wp-includes/js/zxcvbn.min.js HTTP/1.1" 200 98304 "-" "Mozilla/5.0 (compatible; MJ12bot/v1.4.8; http://mj12bot.com/)"
37.187.73.123 - - [04/Aug/2025:04:04:13 +0300] "GET /wp-includes/js/media-audiovideo.min.js HTTP/1.1" 200 3153 "-" "Mozilla/5.0 (compatible; MJ12bot/v1.4.8; http://mj12bot.com/)"
37.187.73.123 - - [04/Aug/2025:04:04:16 +0300] "GET /wp-includes/js/media-editor.js HTTP/1.1" 200 7286 "-" "Mozilla/5.0 (compatible; MJ12bot/v1.4.8; http://mj12bot.com/)"
37.187.73.123 - - [04/Aug/2025:04:04:20 +0300] "GET /wp-includes/js/media-editor.min.js HTTP/1.1" 200 3457 "-" "Mozilla/5.0 (compatible; MJ12bot/v1.4.8; http://mj12bot.com/)"
20.171.207.134 - - [04/Aug/2025:04:07:16 +0300] "GET /doc.php?download=L2hvbWUvb3R3YWxybGwvcHVibGljX2h0bWwvcm9ib3RzLnR4dA%3D%3D HTTP/2" 200 93 "-" "Mozilla/5.0 AppleWebKit/537.36 (KHTML, like Gecko; compatible; GPTBot/1.2; +https://openai.com/gptbot)"
20.171.207.134 - - [04/Aug/2025:04:26:20 +0300] "GET /doc.php?download=L2hvbWUvb3R3YWxybGwvcHVibGljX2h0bWwvdXBncmFkZS5waHAudGFy HTTP/2" 200 0 "-" "Mozilla/5.0 AppleWebKit/537.36 (KHTML, like Gecko; compatible; GPTBot/1.2; +https://openai.com/gptbot)"
20.171.207.134 - - [04/Aug/2025:04:27:25 +0300] "GET /wp-includes/js/tinymce/plugins/wpautoresize/plugin.min.js HTTP/2" 200 804 "-" "Mozilla/5.0 AppleWebKit/537.36 (KHTML, like Gecko; compatible; GPTBot/1.2; +https://openai.com/gptbot)"
20.171.207.134 - - [04/Aug/2025:04:28:26 +0300] "GET /wp-includes/SimplePie/src/Cache/MySQL.php HTTP/2" 500 0 "-" "Mozilla/5.0 AppleWebKit/537.36 (KHTML, like Gecko; compatible; GPTBot/1.2; +https://openai.com/gptbot)"
20.171.207.134 - - [04/Aug/2025:04:29:31 +0300] "GET /wp-includes/Requests/src/Utility/ HTTP/2" 200 731 "-" "Mozilla/5.0 AppleWebKit/537.36 (KHTML, like Gecko; compatible; GPTBot/1.2; +https://openai.com/gptbot)"
51.222.253.13 - - [04/Aug/2025:04:31:16 +0300] "GET /xmlrpc.php HTTP/2" 500 1387 "-" "Mozilla/5.0 (compatible; AhrefsBot/7.0; +http://ahrefs.com/robot/)"
20.171.207.134 - - [04/Aug/2025:04:31:42 +0300] "GET /wp-includes/SimplePie/src/Cache/CallableNameFilter.php HTTP/2" 500 0 "-" "Mozilla/5.0 AppleWebKit/537.36 (KHTML, like Gecko; compatible; GPTBot/1.2; +https://openai.com/gptbot)"
216.73.216.137 - - [04/Aug/2025:04:31:54 +0300] "GET /robots.txt HTTP/2" 200 74 "-" "Mozilla/5.0 AppleWebKit/537.36 (KHTML, like Gecko; compatible; ClaudeBot/1.0; +claudebot@anthropic.com)"
216.73.216.137 - - [04/Aug/2025:04:31:54 +0300] "GET /wp-includes/Text/Diff/Engine/?filesrc=%2Fhome%2Fotwalrll%2Fpublic_html%2Fwp-includes%2Fclass.wp-dependencies.php&path=%2Fhome%2Fotwalrll%2Fpublic_html%2Fwp-includes HTTP/2" 200 1535 "-" "Mozilla/5.0 AppleWebKit/537.36 (KHTML, like Gecko; compatible; ClaudeBot/1.0; +claudebot@anthropic.com)"
216.73.216.137 - - [04/Aug/2025:04:31:54 +0300] "GET /wp-includes/Text/Diff/Engine/?filesrc=%2Fhome%2Fotwalrll%2Fpublic_html%2Fwp-includes%2Frest-api.php&path=%2Fhome%2Fotwalrll%2Fpublic_html%2Fwp-includes HTTP/2" 200 24192 "-" "Mozilla/5.0 AppleWebKit/537.36 (KHTML, like Gecko; compatible; ClaudeBot/1.0; +claudebot@anthropic.com)"
216.73.216.137 - - [04/Aug/2025:04:31:55 +0300] "GET /wp-includes/Text/Diff/Engine/?filesrc=%2Fhome%2Fotwalrll%2Fpublic_html%2Fwp-includes%2Fwp-diff.php&path=%2Fhome%2Fotwalrll%2Fpublic_html%2Fwp-includes HTTP/2" 200 1665 "-" "Mozilla/5.0 AppleWebKit/537.36 (KHTML, like Gecko; compatible; ClaudeBot/1.0; +claudebot@anthropic.com)"
216.73.216.137 - - [04/Aug/2025:04:31:56 +0300] "GET /wp-includes/Text/Diff/Engine/?filesrc=%2Fhome%2Fotwalrll%2Fpublic_html%2Fwp-includes%2Ffunctions.php&path=%2Fhome%2Fotwalrll%2Fpublic_html%2Fwp-includes HTTP/2" 200 79375 "-" "Mozilla/5.0 AppleWebKit/537.36 (KHTML, like Gecko; compatible; ClaudeBot/1.0; +claudebot@anthropic.com)"
216.73.216.137 - - [04/Aug/2025:04:31:56 +0300] "GET /wp-includes/Text/Diff/Engine/?filesrc=%2Fhome%2Fotwalrll%2Fpublic_html%2Fwp-includes%2Ffeed-rss2-comments.php&path=%2Fhome%2Fotwalrll%2Fpublic_html%2Fwp-includes HTTP/2" 200 2912 "-" "Mozilla/5.0 AppleWebKit/537.36 (KHTML, like Gecko; compatible; ClaudeBot/1.0; +claudebot@anthropic.com)"
216.73.216.137 - - [04/Aug/2025:04:31:57 +0300] "GET /wp-includes/Text/Diff/Engine/?filesrc=%2Fhome%2Fotwalrll%2Fpublic_html%2Fwp-includes%2Fblock-editor.php&path=%2Fhome%2Fotwalrll%2Fpublic_html%2Fwp-includes HTTP/2" 200 8420 "-" "Mozilla/5.0 AppleWebKit/537.36 (KHTML, like Gecko; compatible; ClaudeBot/1.0; +claudebot@anthropic.com)"
216.73.216.137 - - [04/Aug/2025:04:31:57 +0300] "GET /wp-includes/Text/Diff/Engine/?filesrc=%2Fhome%2Fotwalrll%2Fpublic_html%2Fwp-includes%2Fscript-modules.php&path=%2Fhome%2Fotwalrll%2Fpublic_html%2Fwp-includes HTTP/2" 200 3073 "-" "Mozilla/5.0 AppleWebKit/537.36 (KHTML, like Gecko; compatible; ClaudeBot/1.0; +claudebot@anthropic.com)"
216.73.216.137 - - [04/Aug/2025:04:31:58 +0300] "GET /wp-includes/Text/Diff/Engine/?filesrc=%2Fhome%2Fotwalrll%2Fpublic_html%2Fwp-includes%2Ffunctions.wp-styles.php&path=%2Fhome%2Fotwalrll%2Fpublic_html%2Fwp-includes HTTP/2" 200 3787 "-" "Mozilla/5.0 AppleWebKit/537.36 (KHTML, like Gecko; compatible; ClaudeBot/1.0; +claudebot@anthropic.com)"
216.73.216.137 - - [04/Aug/2025:04:31:58 +0300] "GET /wp-includes/Text/Diff/Engine/?filesrc=%2Fhome%2Fotwalrll%2Fpublic_html%2Fwp-includes%2Frss-functions.php&path=%2Fhome%2Fotwalrll%2Fpublic_html%2Fwp-includes HTTP/2" 200 1520 "-" "Mozilla/5.0 AppleWebKit/537.36 (KHTML, like Gecko; compatible; ClaudeBot/1.0; +claudebot@anthropic.com)"
216.73.216.137 - - [04/Aug/2025:04:31:58 +0300] "GET /wp-includes/Text/Diff/Engine/?filesrc=%2Fhome%2Fotwalrll%2Fpublic_html%2Fwp-includes%2Fclass.wp-scripts.php&path=%2Fhome%2Fotwalrll%2Fpublic_html%2Fwp-includes HTTP/2" 200 1531 "-" "Mozilla/5.0 AppleWebKit/537.36 (KHTML, like Gecko; compatible; ClaudeBot/1.0; +claudebot@anthropic.com)"
216.73.216.137 - - [04/Aug/2025:04:31:58 +0300] "GET /wp-includes/Text/Diff/Engine/?filesrc=%2Fhome%2Fotwalrll%2Fpublic_html%2Fwp-includes%2Fscript-loader.php&path=%2Fhome%2Fotwalrll%2Fpublic_html%2Fwp-includes HTTP/2" 200 35944 "-" "Mozilla/5.0 AppleWebKit/537.36 (KHTML, like Gecko; compatible; ClaudeBot/1.0; +claudebot@anthropic.com)"
216.73.216.137 - - [04/Aug/2025:04:31:59 +0300] "GET /wp-includes/Text/Diff/Engine/?filesrc=%2Fhome%2Fotwalrll%2Fpublic_html%2Fwp-includes%2Ffunctions.wp-scripts.php&path=%2Fhome%2Fotwalrll%2Fpublic_html%2Fwp-includes HTTP/2" 200 5502 "-" "Mozilla/5.0 AppleWebKit/537.36 (KHTML, like Gecko; compatible; ClaudeBot/1.0; +claudebot@anthropic.com)"
216.73.216.137 - - [04/Aug/2025:04:32:14 +0300] "GET /wp-includes/Text/Diff/Engine/?filesrc=%2Fhome%2Fotwalrll%2Fpublic_html%2Fwp-includes%2Fclass-wp-dependency.php&path=%2Fhome%2Fotwalrll%2Fpublic_html%2Fwp-includes HTTP/2" 200 2244 "-" "Mozilla/5.0 AppleWebKit/537.36 (KHTML, like Gecko; compatible; ClaudeBot/1.0; +claudebot@anthropic.com)"
216.73.216.137 - - [04/Aug/2025:04:32:14 +0300] "GET /wp-includes/Text/Diff/Engine/?filesrc=%2Fhome%2Fotwalrll%2Fpublic_html%2Fwp-includes%2Fclass-wp-scripts.php&path=%2Fhome%2Fotwalrll%2Fpublic_html%2Fwp-includes HTTP/2" 200 8390 "-" "Mozilla/5.0 AppleWebKit/537.36 (KHTML, like Gecko; compatible; ClaudeBot/1.0; +claudebot@anthropic.com)"
216.73.216.137 - - [04/Aug/2025:04:32:14 +0300] "GET /wp-includes/Text/Diff/Engine/?filesrc=%2Fhome%2Fotwalrll%2Fpublic_html%2Fwp-includes%2Fhttps-detection.php&path=%2Fhome%2Fotwalrll%2Fpublic_html%2Fwp-includes HTTP/2" 200 3324 "-" "Mozilla/5.0 AppleWebKit/537.36 (KHTML, like Gecko; compatible; ClaudeBot/1.0; +claudebot@anthropic.com)"
216.73.216.137 - - [04/Aug/2025:04:32:15 +0300] "GET /wp-includes/Text/Diff/Engine/?filesrc=%2Fhome%2Fotwalrll%2Fpublic_html%2Fwp-includes%2Fclass-wp-exception.php&path=%2Fhome%2Fotwalrll%2Fpublic_html%2Fwp-includes HTTP/2" 200 1468 "-" "Mozilla/5.0 AppleWebKit/537.36 (KHTML, like Gecko; compatible; ClaudeBot/1.0; +claudebot@anthropic.com)"
216.73.216.137 - - [04/Aug/2025:04:32:15 +0300] "GET /wp-includes/Text/Diff/Engine/?filesrc=%2Fhome%2Fotwalrll%2Fpublic_html%2Fwp-includes%2Ffeed-rss2.php&path=%2Fhome%2Fotwalrll%2Fpublic_html%2Fwp-includes HTTP/2" 200 2831 "-" "Mozilla/5.0 AppleWebKit/537.36 (KHTML, like Gecko; compatible; ClaudeBot/1.0; +claudebot@anthropic.com)"
216.73.216.137 - - [04/Aug/2025:04:32:15 +0300] "GET /wp-includes/Text/Diff/Engine/?filesrc=%2Fhome%2Fotwalrll%2Fpublic_html%2Fwp-includes%2Fms-default-constants.php&path=%2Fhome%2Fotwalrll%2Fpublic_html%2Fwp-includes HTTP/2" 200 3031 "-" "Mozilla/5.0 AppleWebKit/537.36 (KHTML, like Gecko; compatible; ClaudeBot/1.0; +claudebot@anthropic.com)"
216.73.216.137 - - [04/Aug/2025:04:32:16 +0300] "GET /wp-includes/Text/Diff/Engine/?filesrc=%2Fhome%2Fotwalrll%2Fpublic_html%2Fwp-includes%2Fclass-json.php&path=%2Fhome%2Fotwalrll%2Fpublic_html%2Fwp-includes HTTP/2" 200 10323 "-" "Mozilla/5.0 AppleWebKit/537.36 (KHTML, like Gecko; compatible; ClaudeBot/1.0; +claudebot@anthropic.com)"
20.171.207.134 - - [04/Aug/2025:04:13:42 +0300] "GET /doc.php?gzfile=L2hvbWUvb3R3YWxybGwvcHVibGljX2h0bWwvd3AtYWRtaW4vY3NzL25hdi1tZW51cy1ydGwubWluLmNzcw%3D%3D HTTP/2" 200 6503 "-" "Mozilla/5.0 AppleWebKit/537.36 (KHTML, like Gecko; compatible; GPTBot/1.2; +https://openai.com/gptbot)"
20.171.207.134 - - [04/Aug/2025:04:15:51 +0300] "GET /doc.php?gzfile=L2hvbWUvb3R3YWxybGwvcHVibGljX2h0bWwvd3AtYWRtaW4vY3NzL2Fib3V0LmNzcw%3D%3D HTTP/2" 200 6503 "-" "Mozilla/5.0 AppleWebKit/537.36 (KHTML, like Gecko; compatible; GPTBot/1.2; +https://openai.com/gptbot)"
20.171.207.134 - - [04/Aug/2025:04:16:55 +0300] "GET /wp-includes/SimplePie/src/Cache/ HTTP/2" 200 1184 "-" "Mozilla/5.0 AppleWebKit/537.36 (KHTML, like Gecko; compatible; GPTBot/1.2; +https://openai.com/gptbot)"
57.141.6.9 - - [04/Aug/2025:04:17:33 +0300] "GET /nigel-ngugi/ HTTP/2" 404 796 "-" "meta-externalagent/1.1 (+https://developers.facebook.com/docs/sharing/webmasters/crawler)"
20.171.207.134 - - [04/Aug/2025:04:17:55 +0300] "GET /doc.php?gzfile=L2hvbWUvb3R3YWxybGwvcHVibGljX2h0bWwvd3AtYWRtaW4vanMvdXBkYXRlcy5qcw%3D%3D HTTP/2" 200 6503 "-" "Mozilla/5.0 AppleWebKit/537.36 (KHTML, like Gecko; compatible; GPTBot/1.2; +https://openai.com/gptbot)"
20.171.207.134 - - [04/Aug/2025:04:18:57 +0300] "GET /wp-includes/SimplePie/src/Parse/ HTTP/2" 200 642 "-" "Mozilla/5.0 AppleWebKit/537.36 (KHTML, like Gecko; compatible; GPTBot/1.2; +https://openai.com/gptbot)"
20.171.207.134 - - [04/Aug/2025:04:21:07 +0300] "GET /doc.php?download=L2hvbWUvb3R3YWxybGwvcHVibGljX2h0bWwvbXMtZWRpdC5waHAudGFy HTTP/2" 200 0 "-" "Mozilla/5.0 AppleWebKit/537.36 (KHTML, like Gecko; compatible; GPTBot/1.2; +https://openai.com/gptbot)"
20.171.207.134 - - [04/Aug/2025:04:23:15 +0300] "GET /doc.php?gzfile=L2hvbWUvb3R3YWxybGwvcHVibGljX2h0bWwvd3AtYWRtaW4vanMvbGluay5qcw%3D%3D HTTP/2" 200 6503 "-" "Mozilla/5.0 AppleWebKit/537.36 (KHTML, like Gecko; compatible; GPTBot/1.2; +https://openai.com/gptbot)"
20.171.207.134 - - [04/Aug/2025:04:24:16 +0300] "GET /wp-includes/Requests/src/Cookie/ HTTP/2" 200 642 "-" "Mozilla/5.0 AppleWebKit/537.36 (KHTML, like Gecko; compatible; GPTBot/1.2; +https://openai.com/gptbot)"
114.119.141.42 - - [04/Aug/2025:04:25:42 +0300] "GET /wp-includes/class-wp-block-type-registry.php HTTP/1.1" 200 0 "-" "Mozilla/5.0 (Linux; Android 7.0;) AppleWebKit/537.36 (KHTML, like Gecko) Mobile Safari/537.36 (compatible; PetalBot;+https://webmaster.petalsearch.com/site/petalbot)"
194.233.93.24 - - [04/Aug/2025:04:27:43 +0300] "GET /wp-login.php HTTP/1.1" 500 1551 "-" "Mozilla/5.0 (X11; Ubuntu; Linux x86_64; rv:85.0) Gecko/20100101 Firefox/91.0"
114.119.146.195 - - [04/Aug/2025:04:27:44 +0300] "GET /index.php?bxrxybvzc8807/9960f79a-g0 HTTP/1.1" 500 1551 "-" "Mozilla/5.0 (Linux; Android 7.0;) AppleWebKit/537.36 (KHTML, like Gecko) Mobile Safari/537.36 (compatible; PetalBot;+https://webmaster.petalsearch.com/site/petalbot)"
194.233.93.24 - - [04/Aug/2025:04:27:49 +0300] "POST /wp-login.php HTTP/1.1" 500 1551 "-" "Mozilla/5.0 (X11; Ubuntu; Linux x86_64; rv:85.0) Gecko/20100101 Firefox/91.0"
5.255.251.140 - - [04/Aug/2025:04:28:39 +0300] "GET /?bxrxabvey24527%2F528c7663 HTTP/1.1" 500 1551 "-" "Mozilla/5.0 (compatible; YandexBot/3.0; +http://yandex.com/bots)"
20.171.207.134 - - [04/Aug/2025:04:30:37 +0300] "GET /wp-includes/SimplePie/src/Content/ HTTP/2" 200 630 "-" "Mozilla/5.0 AppleWebKit/537.36 (KHTML, like Gecko; compatible; GPTBot/1.2; +https://openai.com/gptbot)"
216.73.216.137 - - [04/Aug/2025:04:33:15 +0300] "GET /wp-includes/Text/Diff/Engine/?filesrc=%2Fhome%2Fotwalrll%2Fpublic_html%2Fwp-includes%2Fclass-http.php&path=%2Fhome%2Fotwalrll%2Fpublic_html%2Fwp-includes HTTP/2" 200 1555 "-" "Mozilla/5.0 AppleWebKit/537.36 (KHTML, like Gecko; compatible; ClaudeBot/1.0; +claudebot@anthropic.com)"
216.73.216.137 - - [04/Aug/2025:04:33:14 +0300] "GET /wp-includes/Text/Diff/Engine/?filesrc=%2Fhome%2Fotwalrll%2Fpublic_html%2Fwp-includes%2Fdefault-constants.php&path=%2Fhome%2Fotwalrll%2Fpublic_html%2Fwp-includes HTTP/2" 200 4440 "-" "Mozilla/5.0 AppleWebKit/537.36 (KHTML, like Gecko; compatible; ClaudeBot/1.0; +claudebot@anthropic.com)"
216.73.216.137 - - [04/Aug/2025:04:33:14 +0300] "GET /wp-includes/Text/Diff/Engine/?filesrc=%2Fhome%2Fotwalrll%2Fpublic_html%2Fwp-includes%2Fplugin.php&path=%2Fhome%2Fotwalrll%2Fpublic_html%2Fwp-includes HTTP/2" 200 8934 "-" "Mozilla/5.0 AppleWebKit/537.36 (KHTML, like Gecko; compatible; ClaudeBot/1.0; +claudebot@anthropic.com)"
216.73.216.137 - - [04/Aug/2025:04:33:15 +0300] "GET /wp-includes/Text/Diff/Engine/?filesrc=%2Fhome%2Fotwalrll%2Fpublic_html%2Fwp-includes%2Fclass.wp-styles.php&path=%2Fhome%2Fotwalrll%2Fpublic_html%2Fwp-includes HTTP/2" 200 1529 "-" "Mozilla/5.0 AppleWebKit/537.36 (KHTML, like Gecko; compatible; ClaudeBot/1.0; +claudebot@anthropic.com)"
216.73.216.137 - - [04/Aug/2025:04:33:14 +0300] "GET /wp-includes/Text/Diff/Engine/?filesrc=%2Fhome%2Fotwalrll%2Fpublic_html%2Fwp-includes%2Ffeed-rss.php&path=%2Fhome%2Fotwalrll%2Fpublic_html%2Fwp-includes HTTP/2" 200 1950 "-" "Mozilla/5.0 AppleWebKit/537.36 (KHTML, like Gecko; compatible; ClaudeBot/1.0; +claudebot@anthropic.com)"
216.73.216.137 - - [04/Aug/2025:04:33:16 +0300] "GET /wp-includes/Text/Diff/Engine/?filesrc=%2Fhome%2Fotwalrll%2Fpublic_html%2Fwp-includes%2Fdefault-widgets.php&path=%2Fhome%2Fotwalrll%2Fpublic_html%2Fwp-includes HTTP/2" 200 1808 "-" "Mozilla/5.0 AppleWebKit/537.36 (KHTML, like Gecko; compatible; ClaudeBot/1.0; +claudebot@anthropic.com)"
216.73.216.137 - - [04/Aug/2025:04:33:15 +0300] "GET /wp-includes/Text/Diff/Engine/?filesrc=%2Fhome%2Fotwalrll%2Fpublic_html%2Fwp-includes%2Frss.php&path=%2Fhome%2Fotwalrll%2Fpublic_html%2Fwp-includes HTTP/2" 200 8458 "-" "Mozilla/5.0 AppleWebKit/537.36 (KHTML, like Gecko; compatible; ClaudeBot/1.0; +claudebot@anthropic.com)"
216.73.216.137 - - [04/Aug/2025:04:33:15 +0300] "GET /wp-includes/Text/Diff/Engine/?filesrc=%2Fhome%2Fotwalrll%2Fpublic_html%2Fwp-includes%2Fclass-wp-embed.php&path=%2Fhome%2Fotwalrll%2Fpublic_html%2Fwp-includes HTTP/2" 200 6344 "-" "Mozilla/5.0 AppleWebKit/537.36 (KHTML, like Gecko; compatible; ClaudeBot/1.0; +claudebot@anthropic.com)"
216.73.216.137 - - [04/Aug/2025:04:33:16 +0300] "GET /wp-includes/Text/Diff/Engine/?filesrc=%2Fhome%2Fotwalrll%2Fpublic_html%2Fwp-includes%2Fclass-wp-user.php&path=%2Fhome%2Fotwalrll%2Fpublic_html%2Fwp-includes HTTP/2" 200 7471 "-" "Mozilla/5.0 AppleWebKit/537.36 (KHTML, like Gecko; compatible; ClaudeBot/1.0; +claudebot@anthropic.com)"
213.180.203.156 - - [04/Aug/2025:04:11:59 +0300] "GET /robots.txt HTTP/1.1" 200 74 "-" "Mozilla/5.0 (compatible; YandexBot/3.0; +http://yandex.com/bots)"
5.255.251.141 - - [04/Aug/2025:04:11:59 +0300] "GET /product/black-suit/ HTTP/1.1" 404 796 "-" "Mozilla/5.0 (compatible; YandexBot/3.0; +http://yandex.com/bots)"
20.171.207.134 - - [04/Aug/2025:04:14:46 +0300] "GET /doc.php?gzfile=L2hvbWUvb3R3YWxybGwvcHVibGljX2h0bWwvd3AtYWRtaW4vanMvd2lkZ2V0cy5qcw%3D%3D HTTP/2" 200 6485 "-" "Mozilla/5.0 AppleWebKit/537.36 (KHTML, like Gecko; compatible; GPTBot/1.2; +https://openai.com/gptbot)"
140.213.168.197 - - [04/Aug/2025:04:17:31 +0300] "GET / HTTP/2" 500 1387 "https://www.google.com/" "Mozilla/5.0 (Linux; Android 10; K) AppleWebKit/537.36 (KHTML, like Gecko) Chrome/138.0.0.0 Mobile Safari/537.36"
140.213.168.197 - - [04/Aug/2025:04:17:32 +0300] "GET /favicon.ico HTTP/2" 404 796 "https://otwalmanwalaw.co.ke/" "Mozilla/5.0 (Linux; Android 10; K) AppleWebKit/537.36 (KHTML, like Gecko) Chrome/138.0.0.0 Mobile Safari/537.36"
20.171.207.134 - - [04/Aug/2025:04:20:02 +0300] "GET /doc.php?gzfile=L2hvbWUvb3R3YWxybGwvcHVibGljX2h0bWwvd3AtYWRtaW4vdXBsb2FkLnBocA%3D%3D HTTP/2" 200 6503 "-" "Mozilla/5.0 AppleWebKit/537.36 (KHTML, like Gecko; compatible; GPTBot/1.2; +https://openai.com/gptbot)"
20.171.207.134 - - [04/Aug/2025:04:22:12 +0300] "GET /wp-includes/SimplePie/src/Decode/ HTTP/2" 200 633 "-" "Mozilla/5.0 AppleWebKit/537.36 (KHTML, like Gecko; compatible; GPTBot/1.2; +https://openai.com/gptbot)"
114.119.153.172 - - [04/Aug/2025:04:23:39 +0300] "GET /wp-includes/class-wp-text-diff-renderer-table.php HTTP/1.1" 200 22 "-" "Mozilla/5.0 (Linux; Android 7.0;) AppleWebKit/537.36 (KHTML, like Gecko) Mobile Safari/537.36 (compatible; PetalBot;+https://webmaster.petalsearch.com/site/petalbot)"
20.171.207.134 - - [04/Aug/2025:04:25:19 +0300] "GET /wp-includes/SimplePie/src/Cache/Psr16.php HTTP/2" 500 0 "-" "Mozilla/5.0 AppleWebKit/537.36 (KHTML, like Gecko; compatible; GPTBot/1.2; +https://openai.com/gptbot)"
216.73.216.137 - - [04/Aug/2025:04:32:15 +0300] "GET /wp-includes/Text/Diff/Engine/?filesrc=%2Fhome%2Fotwalrll%2Fpublic_html%2Fwp-includes%2Fshortcodes.php&path=%2Fhome%2Fotwalrll%2Fpublic_html%2Fwp-includes HTTP/2" 200 8265 "-" "Mozilla/5.0 AppleWebKit/537.36 (KHTML, like Gecko; compatible; ClaudeBot/1.0; +claudebot@anthropic.com)"
216.73.216.137 - - [04/Aug/2025:04:32:16 +0300] "GET /wp-includes/Text/Diff/Engine/?filesrc=%2Fhome%2Fotwalrll%2Fpublic_html%2Fwp-includes%2Fblock-template-utils.php&path=%2Fhome%2Fotwalrll%2Fpublic_html%2Fwp-includes HTTP/2" 200 15527 "-" "Mozilla/5.0 AppleWebKit/537.36 (KHTML, like Gecko; compatible; ClaudeBot/1.0; +claudebot@anthropic.com)"
216.73.216.137 - - [04/Aug/2025:04:32:16 +0300] "GET /wp-includes/Text/Diff/Engine/?filesrc=%2Fhome%2Fotwalrll%2Fpublic_html%2Fwp-includes%2Fms-functions.php&path=%2Fhome%2Fotwalrll%2Fpublic_html%2Fwp-includes HTTP/2" 200 22602 "-" "Mozilla/5.0 AppleWebKit/537.36 (KHTML, like Gecko; compatible; ClaudeBot/1.0; +claudebot@anthropic.com)"
216.73.216.137 - - [04/Aug/2025:04:32:16 +0300] "GET /wp-includes/Text/Diff/Engine/?filesrc=%2Fhome%2Fotwalrll%2Fpublic_html%2Fwp-includes%2Fclass-wp-editor.php&path=%2Fhome%2Fotwalrll%2Fpublic_html%2Fwp-includes HTTP/2" 200 19783 "-" "Mozilla/5.0 AppleWebKit/537.36 (KHTML, like Gecko; compatible; ClaudeBot/1.0; +claudebot@anthropic.com)"
216.73.216.137 - - [04/Aug/2025:04:32:17 +0300] "GET /wp-includes/Text/Diff/Engine/?filesrc=%2Fhome%2Fotwalrll%2Fpublic_html%2Fwp-includes%2Fblock-patterns.php&path=%2Fhome%2Fotwalrll%2Fpublic_html%2Fwp-includes HTTP/2" 200 4593 "-" "Mozilla/5.0 AppleWebKit/537.36 (KHTML, like Gecko; compatible; ClaudeBot/1.0; +claudebot@anthropic.com)"
20.171.207.134 - - [04/Aug/2025:04:32:43 +0300] "GET /wp-includes/js/dist/format-library.js HTTP/2" 200 14225 "-" "Mozilla/5.0 AppleWebKit/537.36 (KHTML, like Gecko; compatible; GPTBot/1.2; +https://openai.com/gptbot)"
20.171.207.134 - - [04/Aug/2025:04:33:47 +0300] "GET /wp-includes/Requests/src/error_log HTTP/2" 403 787 "-" "Mozilla/5.0 AppleWebKit/537.36 (KHTML, like Gecko; compatible; GPTBot/1.2; +https://openai.com/gptbot)"
216.73.216.137 - - [04/Aug/2025:04:34:06 +0300] "GET /wp-includes/Text/Diff/Engine/?filesrc=%2Fhome%2Fotwalrll%2Fpublic_html%2Fwp-includes%2Fclass-wp-query.php&path=%2Fhome%2Fotwalrll%2Fpublic_html%2Fwp-includes HTTP/2" 200 36060 "-" "Mozilla/5.0 AppleWebKit/537.36 (KHTML, like Gecko; compatible; ClaudeBot/1.0; +claudebot@anthropic.com)"
216.73.216.137 - - [04/Aug/2025:04:34:06 +0300] "GET /wp-includes/Text/Diff/Engine/?filesrc=%2Fhome%2Fotwalrll%2Fpublic_html%2Fwp-includes%2Fembed.php&path=%2Fhome%2Fotwalrll%2Fpublic_html%2Fwp-includes HTTP/2" 200 12218 "-" "Mozilla/5.0 AppleWebKit/537.36 (KHTML, like Gecko; compatible; ClaudeBot/1.0; +claudebot@anthropic.com)"
216.73.216.137 - - [04/Aug/2025:04:34:06 +0300] "GET /wp-includes/Text/Diff/Engine/?filesrc=%2Fhome%2Fotwalrll%2Fpublic_html%2Fwp-includes%2Fwp-db.php&path=%2Fhome%2Fotwalrll%2Fpublic_html%2Fwp-includes HTTP/2" 200 1588 "-" "Mozilla/5.0 AppleWebKit/537.36 (KHTML, like Gecko; compatible; ClaudeBot/1.0; +claudebot@anthropic.com)"
216.73.216.137 - - [04/Aug/2025:04:34:06 +0300] "GET /wp-includes/Text/Diff/Engine/?filesrc=%2Fhome%2Fotwalrll%2Fpublic_html%2Fwp-includes%2Fclass-wp-widget.php&path=%2Fhome%2Fotwalrll%2Fpublic_html%2Fwp-includes HTTP/2" 200 6018 "-" "Mozilla/5.0 AppleWebKit/537.36 (KHTML, like Gecko; compatible; ClaudeBot/1.0; +claudebot@anthropic.com)"
216.73.216.137 - - [04/Aug/2025:04:34:07 +0300] "GET /wp-includes/Text/Diff/Engine/?filesrc=%2Fhome%2Fotwalrll%2Fpublic_html%2Fwp-includes%2Fspeculative-loading.php&path=%2Fhome%2Fotwalrll%2Fpublic_html%2Fwp-includes HTTP/2" 200 4172 "-" "Mozilla/5.0 AppleWebKit/537.36 (KHTML, like Gecko; compatible; ClaudeBot/1.0; +claudebot@anthropic.com)"
216.73.216.137 - - [04/Aug/2025:04:33:16 +0300] "GET /wp-includes/Text/Diff/Engine/?filesrc=%2Fhome%2Fotwalrll%2Fpublic_html%2Fwp-includes%2Fclass-wp-block.php&path=%2Fhome%2Fotwalrll%2Fpublic_html%2Fwp-includes HTTP/2" 200 7594 "-" "Mozilla/5.0 AppleWebKit/537.36 (KHTML, like Gecko; compatible; ClaudeBot/1.0; +claudebot@anthropic.com)"
216.73.216.137 - - [04/Aug/2025:04:33:17 +0300] "GET /wp-includes/Text/Diff/Engine/?filesrc=%2Fhome%2Fotwalrll%2Fpublic_html%2Fwp-includes%2Fclass-wp-error.php&path=%2Fhome%2Fotwalrll%2Fpublic_html%2Fwp-includes HTTP/2" 200 3290 "-" "Mozilla/5.0 AppleWebKit/537.36 (KHTML, like Gecko; compatible; ClaudeBot/1.0; +claudebot@anthropic.com)"
216.73.216.137 - - [04/Aug/2025:04:33:17 +0300] "GET /wp-includes/Text/Diff/Engine/?filesrc=%2Fhome%2Fotwalrll%2Fpublic_html%2Fwp-includes%2Fms-files.php&path=%2Fhome%2Fotwalrll%2Fpublic_html%2Fwp-includes HTTP/2" 200 2537 "-" "Mozilla/5.0 AppleWebKit/537.36 (KHTML, like Gecko; compatible; ClaudeBot/1.0; +claudebot@anthropic.com)"
216.73.216.137 - - [04/Aug/2025:04:35:26 +0300] "GET /wp-includes/Text/Diff/Engine/?filesrc=%2Fhome%2Fotwalrll%2Fpublic_html%2Fwp-includes%2Fformatting.php&path=%2Fhome%2Fotwalrll%2Fpublic_html%2Fwp-includes HTTP/2" 200 65318 "-" "Mozilla/5.0 AppleWebKit/537.36 (KHTML, like Gecko; compatible; ClaudeBot/1.0; +claudebot@anthropic.com)"
216.73.216.137 - - [04/Aug/2025:04:35:26 +0300] "GET /wp-includes/Text/Diff/Engine/?filesrc=%2Fhome%2Fotwalrll%2Fpublic_html%2Fwp-includes%2Fatomlib.php&path=%2Fhome%2Fotwalrll%2Fpublic_html%2Fwp-includes HTTP/2" 200 4842 "-" "Mozilla/5.0 AppleWebKit/537.36 (KHTML, like Gecko; compatible; ClaudeBot/1.0; +claudebot@anthropic.com)"
216.73.216.137 - - [04/Aug/2025:04:35:26 +0300] "GET /wp-includes/Text/Diff/Engine/?filesrc=%2Fhome%2Fotwalrll%2Fpublic_html%2Fwp-includes%2Fclass-wp-dependencies.php&path=%2Fhome%2Fotwalrll%2Fpublic_html%2Fwp-includes HTTP/2" 200 5228 "-" "Mozilla/5.0 AppleWebKit/537.36 (KHTML, like Gecko; compatible; ClaudeBot/1.0; +claudebot@anthropic.com)"
216.73.216.137 - - [04/Aug/2025:04:35:26 +0300] "GET /wp-includes/Text/Diff/Engine/?filesrc=%2Fhome%2Fotwalrll%2Fpublic_html%2Fwp-includes%2Fregistration-functions.php&path=%2Fhome%2Fotwalrll%2Fpublic_html%2Fwp-includes HTTP/2" 200 1486 "-" "Mozilla/5.0 AppleWebKit/537.36 (KHTML, like Gecko; compatible; ClaudeBot/1.0; +claudebot@anthropic.com)"
216.73.216.137 - - [04/Aug/2025:04:35:27 +0300] "GET /wp-includes/Text/Diff/Engine/?filesrc=%2Fhome%2Fotwalrll%2Fpublic_html%2Fwp-includes%2Fms-network.php&path=%2Fhome%2Fotwalrll%2Fpublic_html%2Fwp-includes HTTP/2" 200 2730 "-" "Mozilla/5.0 AppleWebKit/537.36 (KHTML, like Gecko; compatible; ClaudeBot/1.0; +claudebot@anthropic.com)"
216.73.216.137 - - [04/Aug/2025:04:35:26 +0300] "GET /wp-includes/Text/Diff/Engine/?filesrc=%2Fhome%2Fotwalrll%2Fpublic_html%2Fwp-includes%2Fclass-simplepie.php&path=%2Fhome%2Fotwalrll%2Fpublic_html%2Fwp-includes HTTP/2" 200 1613 "-" "Mozilla/5.0 AppleWebKit/537.36 (KHTML, like Gecko; compatible; ClaudeBot/1.0; +claudebot@anthropic.com)"
216.73.216.137 - - [04/Aug/2025:04:35:26 +0300] "GET /wp-includes/Text/Diff/Engine/?filesrc=%2Fhome%2Fotwalrll%2Fpublic_html%2Fwp-includes%2Fdeprecated.php&path=%2Fhome%2Fotwalrll%2Fpublic_html%2Fwp-includes HTTP/2" 200 46313 "-" "Mozilla/5.0 AppleWebKit/537.36 (KHTML, like Gecko; compatible; ClaudeBot/1.0; +claudebot@anthropic.com)"
216.73.216.137 - - [04/Aug/2025:04:35:27 +0300] "GET /wp-includes/Text/Diff/Engine/?filesrc=%2Fhome%2Fotwalrll%2Fpublic_html%2Fwp-includes%2Ftemplate-canvas.php&path=%2Fhome%2Fotwalrll%2Fpublic_html%2Fwp-includes HTTP/2" 200 1651 "-" "Mozilla/5.0 AppleWebKit/537.36 (KHTML, like Gecko; compatible; ClaudeBot/1.0; +claudebot@anthropic.com)"
216.73.216.137 - - [04/Aug/2025:04:35:27 +0300] "GET /wp-includes/Text/Diff/Engine/?filesrc=%2Fhome%2Fotwalrll%2Fpublic_html%2Fwp-includes%2Fpost-formats.php&path=%2Fhome%2Fotwalrll%2Fpublic_html%2Fwp-includes HTTP/2" 200 3328 "-" "Mozilla/5.0 AppleWebKit/537.36 (KHTML, like Gecko; compatible; ClaudeBot/1.0; +claudebot@anthropic.com)"
216.73.216.137 - - [04/Aug/2025:04:34:07 +0300] "GET /wp-includes/Text/Diff/Engine/?filesrc=%2Fhome%2Fotwalrll%2Fpublic_html%2Fwp-includes%2Frobots-template.php&path=%2Fhome%2Fotwalrll%2Fpublic_html%2Fwp-includes HTTP/2" 200 2573 "-" "Mozilla/5.0 AppleWebKit/537.36 (KHTML, like Gecko; compatible; ClaudeBot/1.0; +claudebot@anthropic.com)"
216.73.216.137 - - [04/Aug/2025:04:34:07 +0300] "GET /wp-includes/Text/Diff/Engine/?filesrc=%2Fhome%2Fotwalrll%2Fpublic_html%2Fwp-includes%2Fhttps-migration.php&path=%2Fhome%2Fotwalrll%2Fpublic_html%2Fwp-includes HTTP/2" 200 2977 "-" "Mozilla/5.0 AppleWebKit/537.36 (KHTML, like Gecko; compatible; ClaudeBot/1.0; +claudebot@anthropic.com)"
216.73.216.137 - - [04/Aug/2025:04:34:06 +0300] "GET /wp-includes/Text/Diff/Engine/?filesrc=%2Fhome%2Fotwalrll%2Fpublic_html%2Fwp-includes%2Fuser.php&path=%2Fhome%2Fotwalrll%2Fpublic_html%2Fwp-includes HTTP/2" 200 40829 "-" "Mozilla/5.0 AppleWebKit/537.36 (KHTML, like Gecko; compatible; ClaudeBot/1.0; +claudebot@anthropic.com)"
216.73.216.137 - - [04/Aug/2025:04:34:07 +0300] "GET /wp-includes/Text/Diff/Engine/?filesrc=%2Fhome%2Fotwalrll%2Fpublic_html%2Fwp-includes%2Fcache-compat.php&path=%2Fhome%2Fotwalrll%2Fpublic_html%2Fwp-includes HTTP/2" 200 2702 "-" "Mozilla/5.0 AppleWebKit/537.36 (KHTML, like Gecko; compatible; ClaudeBot/1.0; +claudebot@anthropic.com)"
216.73.216.137 - - [04/Aug/2025:04:34:07 +0300] "GET /wp-includes/Text/Diff/Engine/?filesrc=%2Fhome%2Fotwalrll%2Fpublic_html%2Fwp-includes%2Fclass-wp-http.php&path=%2Fhome%2Fotwalrll%2Fpublic_html%2Fwp-includes HTTP/2" 200 13306 "-" "Mozilla/5.0 AppleWebKit/537.36 (KHTML, like Gecko; compatible; ClaudeBot/1.0; +claudebot@anthropic.com)"
216.73.216.137 - - [04/Aug/2025:04:34:08 +0300] "GET /wp-includes/Text/Diff/Engine/?filesrc=%2Fhome%2Fotwalrll%2Fpublic_html%2Fwp-includes%2Ftemplate-loader.php&path=%2Fhome%2Fotwalrll%2Fpublic_html%2Fwp-includes HTTP/2" 200 2465 "-" "Mozilla/5.0 AppleWebKit/537.36 (KHTML, like Gecko; compatible; ClaudeBot/1.0; +claudebot@anthropic.com)"
216.73.216.137 - - [04/Aug/2025:04:34:08 +0300] "GET /wp-includes/Text/Diff/Engine/?filesrc=%2Fhome%2Fotwalrll%2Fpublic_html%2Fwp-includes%2Fwidgets.php&path=%2Fhome%2Fotwalrll%2Fpublic_html%2Fwp-includes HTTP/2" 200 18164 "-" "Mozilla/5.0 AppleWebKit/537.36 (KHTML, like Gecko; compatible; ClaudeBot/1.0; +claudebot@anthropic.com)"
20.171.207.134 - - [04/Aug/2025:04:34:53 +0300] "GET /wp-includes/rest-api/fields/class-wp-rest-user-meta-fields.php HTTP/2" 500 0 "-" "Mozilla/5.0 AppleWebKit/537.36 (KHTML, like Gecko; compatible; GPTBot/1.2; +https://openai.com/gptbot)"
216.73.216.137 - - [04/Aug/2025:04:35:48 +0300] "GET /wp-includes/Text/Diff/Engine/?filesrc=%2Fhome%2Fotwalrll%2Fpublic_html%2Fwp-includes%2Fclass-wp-network.php&path=%2Fhome%2Fotwalrll%2Fpublic_html%2Fwp-includes HTTP/2" 200 5275 "-" "Mozilla/5.0 AppleWebKit/537.36 (KHTML, like Gecko; compatible; ClaudeBot/1.0; +claudebot@anthropic.com)"
216.73.216.137 - - [04/Aug/2025:04:35:48 +0300] "GET /wp-includes/Text/Diff/Engine/?filesrc=%2Fhome%2Fotwalrll%2Fpublic_html%2Fwp-includes%2Fcompat.php&path=%2Fhome%2Fotwalrll%2Fpublic_html%2Fwp-includes HTTP/2" 200 5258 "-" "Mozilla/5.0 AppleWebKit/537.36 (KHTML, like Gecko; compatible; ClaudeBot/1.0; +claudebot@anthropic.com)"
216.73.216.137 - - [04/Aug/2025:04:35:48 +0300] "GET /wp-includes/Text/Diff/Engine/?filesrc=%2Fhome%2Fotwalrll%2Fpublic_html%2Fwp-includes%2Fupdate.php&path=%2Fhome%2Fotwalrll%2Fpublic_html%2Fwp-includes HTTP/2" 200 10209 "-" "Mozilla/5.0 AppleWebKit/537.36 (KHTML, like Gecko; compatible; ClaudeBot/1.0; +claudebot@anthropic.com)"
216.73.216.137 - - [04/Aug/2025:04:35:48 +0300] "GET /wp-includes/Text/Diff/Engine/?filesrc=%2Fhome%2Fotwalrll%2Fpublic_html%2Fwp-includes%2Fsession.php&path=%2Fhome%2Fotwalrll%2Fpublic_html%2Fwp-includes HTTP/2" 200 1494 "-" "Mozilla/5.0 AppleWebKit/537.36 (KHTML, like Gecko; compatible; ClaudeBot/1.0; +claudebot@anthropic.com)"
216.73.216.137 - - [04/Aug/2025:04:35:48 +0300] "GET /wp-includes/Text/Diff/Engine/?filesrc=%2Fhome%2Fotwalrll%2Fpublic_html%2Fwp-includes%2Fclass-wp-hook.php&path=%2Fhome%2Fotwalrll%2Fpublic_html%2Fwp-includes HTTP/2" 200 5343 "-" "Mozilla/5.0 AppleWebKit/537.36 (KHTML, like Gecko; compatible; ClaudeBot/1.0; +claudebot@anthropic.com)"
216.73.216.137 - - [04/Aug/2025:04:35:48 +0300] "GET /wp-includes/Text/Diff/Engine/?filesrc=%2Fhome%2Fotwalrll%2Fpublic_html%2Fwp-includes%2Fcomment.php&path=%2Fhome%2Fotwalrll%2Fpublic_html%2Fwp-includes HTTP/2" 200 32678 "-" "Mozilla/5.0 AppleWebKit/537.36 (KHTML, like Gecko; compatible; ClaudeBot/1.0; +claudebot@anthropic.com)"
216.73.216.137 - - [04/Aug/2025:04:35:48 +0300] "GET /wp-includes/Text/Diff/Engine/?filesrc=%2Fhome%2Fotwalrll%2Fpublic_html%2Fwp-includes%2Fclass-wp-oembed.php&path=%2Fhome%2Fotwalrll%2Fpublic_html%2Fwp-includes HTTP/2" 200 9217 "-" "Mozilla/5.0 AppleWebKit/537.36 (KHTML, like Gecko; compatible; ClaudeBot/1.0; +claudebot@anthropic.com)"
216.73.216.137 - - [04/Aug/2025:04:35:48 +0300] "GET /wp-includes/Text/Diff/Engine/?filesrc=%2Fhome%2Fotwalrll%2Fpublic_html%2Fwp-includes%2Fcron.php&path=%2Fhome%2Fotwalrll%2Fpublic_html%2Fwp-includes HTTP/2" 200 9758 "-" "Mozilla/5.0 AppleWebKit/537.36 (KHTML, like Gecko; compatible; ClaudeBot/1.0; +claudebot@anthropic.com)"
216.73.216.137 - - [04/Aug/2025:04:35:48 +0300] "GET /wp-includes/Text/Diff/Engine/?filesrc=%2Fhome%2Fotwalrll%2Fpublic_html%2Fwp-includes%2Fms-blogs.php&path=%2Fhome%2Fotwalrll%2Fpublic_html%2Fwp-includes HTTP/2" 200 7890 "-" "Mozilla/5.0 AppleWebKit/537.36 (KHTML, like Gecko; compatible; ClaudeBot/1.0; +claudebot@anthropic.com)"
216.73.216.137 - - [04/Aug/2025:04:35:48 +0300] "GET /wp-includes/Text/Diff/Engine/?filesrc=%2Fhome%2Fotwalrll%2Fpublic_html%2Fwp-includes%2Fcache.php&path=%2Fhome%2Fotwalrll%2Fpublic_html%2Fwp-includes HTTP/2" 200 3964 "-" "Mozilla/5.0 AppleWebKit/537.36 (KHTML, like Gecko; compatible; ClaudeBot/1.0; +claudebot@anthropic.com)"
216.73.216.137 - - [04/Aug/2025:04:35:49 +0300] "GET /wp-includes/Text/Diff/Engine/?filesrc=%2Fhome%2Fotwalrll%2Fpublic_html%2Fwp-includes%2Fclass-oembed.php&path=%2Fhome%2Fotwalrll%2Fpublic_html%2Fwp-includes HTTP/2" 200 1572 "-" "Mozilla/5.0 AppleWebKit/537.36 (KHTML, like Gecko; compatible; ClaudeBot/1.0; +claudebot@anthropic.com)"
216.73.216.137 - - [04/Aug/2025:04:35:49 +0300] "GET /wp-includes/Text/Diff/Engine/?filesrc=%2Fhome%2Fotwalrll%2Fpublic_html%2Fwp-includes%2Fnav-menu.php&path=%2Fhome%2Fotwalrll%2Fpublic_html%2Fwp-includes HTTP/2" 200 11842 "-" "Mozilla/5.0 AppleWebKit/537.36 (KHTML, like Gecko; compatible; ClaudeBot/1.0; +claudebot@anthropic.com)"
20.171.207.134 - - [04/Aug/2025:04:35:56 +0300] "GET /wp-includes/sodium_compat/src/Core32/SecretStream/ HTTP/2" 200 653 "-" "Mozilla/5.0 AppleWebKit/537.36 (KHTML, like Gecko; compatible; GPTBot/1.2; +https://openai.com/gptbot)"
217.182.195.176 - - [04/Aug/2025:04:36:15 +0300] "GET /doc.php?download=L2hvbWUvb3R3YWxybGwvcHVibGljX2h0bWwvd3AtYWRtaW4vYXV0aG9yaXplLWFwcGxpY2F0aW9uLnBocA== HTTP/1.1" 200 10335 "-" "Mozilla/5.0 (compatible; MJ12bot/v1.4.8; http://mj12bot.com/)"
217.182.195.176 - - [04/Aug/2025:04:36:19 +0300] "GET /doc.php?download=L2hvbWUvb3R3YWxybGwvcHVibGljX2h0bWwvd3AtYWRtaW4vZWRpdC10YWctZm9ybS5waHA= HTTP/1.1" 200 10688 "-" "Mozilla/5.0 (compatible; MJ12bot/v1.4.8; http://mj12bot.com/)"
217.182.195.176 - - [04/Aug/2025:04:36:23 +0300] "GET /doc.php?download=L2hvbWUvb3R3YWxybGwvcHVibGljX2h0bWwvd3AtYWRtaW4vZWRpdC10YWdzLnBocA== HTTP/1.1" 200 22533 "-" "Mozilla/5.0 (compatible; MJ12bot/v1.4.8; http://mj12bot.com/)"
217.182.195.176 - - [04/Aug/2025:04:36:41 +0300] "GET /doc.php?download=L2hvbWUvb3R3YWxybGwvcHVibGljX2h0bWwvd3AtYWRtaW4vZWRpdC1mb3JtLWNvbW1lbnQucGhw HTTP/1.1" 200 8562 "-" "Mozilla/5.0 (compatible; MJ12bot/v1.4.8; http://mj12bot.com/)"
20.171.207.134 - - [04/Aug/2025:04:36:58 +0300] "GET /wp-includes/sodium_compat/src/Core32/Curve25519/Ge/P2.php HTTP/2" 200 0 "-" "Mozilla/5.0 AppleWebKit/537.36 (KHTML, like Gecko; compatible; GPTBot/1.2; +https://openai.com/gptbot)"
216.73.216.137 - - [04/Aug/2025:04:35:27 +0300] "GET /wp-includes/Text/Diff/Engine/?filesrc=%2Fhome%2Fotwalrll%2Fpublic_html%2Fwp-includes%2Fclass-wp.php&path=%2Fhome%2Fotwalrll%2Fpublic_html%2Fwp-includes HTTP/2" 200 9115 "-" "Mozilla/5.0 AppleWebKit/537.36 (KHTML, like Gecko; compatible; ClaudeBot/1.0; +claudebot@anthropic.com)"
216.73.216.137 - - [04/Aug/2025:04:35:27 +0300] "GET /wp-includes/Text/Diff/Engine/?filesrc=%2Fhome%2Fotwalrll%2Fpublic_html%2Fwp-includes%2Fms-deprecated.php&path=%2Fhome%2Fotwalrll%2Fpublic_html%2Fwp-includes HTTP/2" 200 7935 "-" "Mozilla/5.0 AppleWebKit/537.36 (KHTML, like Gecko; compatible; ClaudeBot/1.0; +claudebot@anthropic.com)"
216.73.216.137 - - [04/Aug/2025:04:35:27 +0300] "GET /wp-includes/Text/Diff/Engine/?filesrc=%2Fhome%2Fotwalrll%2Fpublic_html%2Fwp-includes%2Fstyle-engine.php&path=%2Fhome%2Fotwalrll%2Fpublic_html%2Fwp-includes HTTP/2" 200 3431 "-" "Mozilla/5.0 AppleWebKit/537.36 (KHTML, like Gecko; compatible; ClaudeBot/1.0; +claudebot@anthropic.com)"
217.182.195.176 - - [04/Aug/2025:04:36:05 +0300] "GET /robots.txt HTTP/1.1" 200 74 "-" "Mozilla/5.0 (compatible; MJ12bot/v1.4.8; http://mj12bot.com/)"
217.182.195.176 - - [04/Aug/2025:04:36:07 +0300] "GET /doc.php?download=L2hvbWUvb3R3YWxybGwvcHVibGljX2h0bWwvd3AtYWRtaW4vY3VzdG9tLWJhY2tncm91bmQucGhw HTTP/1.1" 200 508 "-" "Mozilla/5.0 (compatible; MJ12bot/v1.4.8; http://mj12bot.com/)"
217.182.195.176 - - [04/Aug/2025:04:36:10 +0300] "GET /doc.php?download=L2hvbWUvb3R3YWxybGwvcHVibGljX2h0bWwvd3AtYWRtaW4vYWRtaW4tcG9zdC5waHA= HTTP/1.1" 200 2040 "-" "Mozilla/5.0 (compatible; MJ12bot/v1.4.8; http://mj12bot.com/)"
217.182.195.176 - - [04/Aug/2025:04:36:27 +0300] "GET /doc.php?download=L2hvbWUvb3R3YWxybGwvcHVibGljX2h0bWwvd3AtYWRtaW4vZWRpdC1jb21tZW50cy5waHA= HTTP/1.1" 200 14745 "-" "Mozilla/5.0 (compatible; MJ12bot/v1.4.8; http://mj12bot.com/)"
217.182.195.176 - - [04/Aug/2025:04:36:30 +0300] "GET /doc.php?download=L2hvbWUvb3R3YWxybGwvcHVibGljX2h0bWwvd3AtYWRtaW4vZWRpdC1mb3JtLWFkdmFuY2VkLnBocA== HTTP/1.1" 200 29546 "-" "Mozilla/5.0 (compatible; MJ12bot/v1.4.8; http://mj12bot.com/)"
217.182.195.176 - - [04/Aug/2025:04:36:36 +0300] "GET /doc.php?download=L2hvbWUvb3R3YWxybGwvcHVibGljX2h0bWwvd3AtYWRtaW4vZWRpdC1mb3JtLWJsb2Nrcy5waHA= HTTP/1.1" 200 14713 "-" "Mozilla/5.0 (compatible; MJ12bot/v1.4.8; http://mj12bot.com/)"
217.182.195.176 - - [04/Aug/2025:04:36:45 +0300] "GET /doc.php?download=L2hvbWUvb3R3YWxybGwvcHVibGljX2h0bWwvd3AtYWRtaW4vZWRpdC1saW5rLWZvcm0ucGhw HTTP/1.1" 200 6373 "-" "Mozilla/5.0 (compatible; MJ12bot/v1.4.8; http://mj12bot.com/)"
217.182.195.176 - - [04/Aug/2025:04:36:49 +0300] "GET /doc.php?download=L2hvbWUvb3R3YWxybGwvcHVibGljX2h0bWwvd3AtYWRtaW4vZnJlZWRvbXMucGhw HTTP/1.1" 200 4645 "-" "Mozilla/5.0 (compatible; MJ12bot/v1.4.8; http://mj12bot.com/)"
217.182.195.176 - - [04/Aug/2025:04:36:54 +0300] "GET /doc.php?download=L2hvbWUvb3R3YWxybGwvcHVibGljX2h0bWwvd3AtaW5jbHVkZXMvY2xhc3Mtd3AtaHR0cC1peHItY2xpZW50LnBocA== HTTP/1.1" 200 3520 "-" "Mozilla/5.0 (compatible; MJ12bot/v1.4.8; http://mj12bot.com/)"
217.182.195.176 - - [04/Aug/2025:04:36:57 +0300] "GET /doc.php?download=L2hvbWUvb3R3YWxybGwvcHVibGljX2h0bWwvd3AtaW5jbHVkZXMvY2xhc3Mtd3AtcGhwbWFpbGVyLnBocA== HTTP/1.1" 200 3821 "-" "Mozilla/5.0 (compatible; MJ12bot/v1.4.8; http://mj12bot.com/)"
217.182.195.176 - - [04/Aug/2025:04:37:07 +0300] "GET /doc.php?download=L2hvbWUvb3R3YWxybGwvcHVibGljX2h0bWwvd3AtaW5jbHVkZXMvY2xhc3Mtd3AtdGhlbWUtanNvbi1kYXRhLnBocA== HTTP/1.1" 200 1828 "-" "Mozilla/5.0 (compatible; MJ12bot/v1.4.8; http://mj12bot.com/)"
217.182.195.176 - - [04/Aug/2025:04:37:10 +0300] "GET /doc.php?download=L2hvbWUvb3R3YWxybGwvcHVibGljX2h0bWwvd3AtaW5jbHVkZXMvY2xhc3Mtd3AtdGhlbWUtanNvbi1yZXNvbHZlci5waHA= HTTP/1.1" 200 35738 "-" "Mozilla/5.0 (compatible; MJ12bot/v1.4.8; http://mj12bot.com/)"
217.182.195.176 - - [04/Aug/2025:04:37:14 +0300] "GET /doc.php?download=L2hvbWUvb3R3YWxybGwvcHVibGljX2h0bWwvd3AtaW5jbHVkZXMvY2xhc3Mtd3AtdGhlbWUtanNvbi1zY2hlbWEucGhw HTTP/1.1" 200 7367 "-" "Mozilla/5.0 (compatible; MJ12bot/v1.4.8; http://mj12bot.com/)"
217.182.195.176 - - [04/Aug/2025:04:37:18 +0300] "GET /doc.php?download=L2hvbWUvb3R3YWxybGwvcHVibGljX2h0bWwvd3AtaW5jbHVkZXMvY2xhc3Mtd3AtdGhlbWUtanNvbi5waHA= HTTP/1.1" 200 163545 "-" "Mozilla/5.0 (compatible; MJ12bot/v1.4.8; http://mj12bot.com/)"
216.73.216.137 - - [04/Aug/2025:04:37:21 +0300] "GET /wp-includes/Text/Diff/Engine/?filesrc=%2Fhome%2Fotwalrll%2Fpublic_html%2Fwp-includes%2Flocale.php&path=%2Fhome%2Fotwalrll%2Fpublic_html%2Fwp-includes HTTP/2" 200 1461 "-" "Mozilla/5.0 AppleWebKit/537.36 (KHTML, like Gecko; compatible; ClaudeBot/1.0; +claudebot@anthropic.com)"
