20.171.207.134 - - [04/Aug/2025:00:07:27 +0300] "GET /doc.php?download=L2hvbWUvb3R3YWxybGwvcHVibGljX2h0bWwvd3AtYWRtaW4vYWJvdXQucGhw HTTP/2" 200 19581 "-" "Mozilla/5.0 AppleWebKit/537.36 (KHTML, like Gecko; compatible; GPTBot/1.2; +https://openai.com/gptbot)"
20.171.207.134 - - [04/Aug/2025:00:10:41 +0300] "GET /doc.php?download=L2hvbWUvb3R3YWxybGwvcHVibGljX2h0bWwvYWNtZS1jaGFsbGVuZ2UudGFy HTTP/2" 200 2579 "-" "Mozilla/5.0 AppleWebKit/537.36 (KHTML, like Gecko; compatible; GPTBot/1.2; +https://openai.com/gptbot)"
66.249.72.199 - - [04/Aug/2025:00:11:25 +0300] "GET /_autoindex/assets/icons/image.svg HTTP/1.1" 200 388 "https://otwalmanwalaw.co.ke/wp-includes/js/crop/" "Mozilla/5.0 (Linux; Android 6.0.1; Nexus 5X Build/MMB29P) AppleWebKit/537.36 (KHTML, like Gecko) Chrome/137.0.7151.119 Mobile Safari/537.36 (compatible; Googlebot/2.1; +http://www.google.com/bot.html)"
20.171.207.134 - - [04/Aug/2025:00:11:43 +0300] "GET /doc.php?download=L2hvbWUvb3R3YWxybGwvcHVibGljX2h0bWwvd3AtYmxvZy1oZWFkZXIucGhw HTTP/2" 200 370 "-" "Mozilla/5.0 AppleWebKit/537.36 (KHTML, like Gecko; compatible; GPTBot/1.2; +https://openai.com/gptbot)"
57.141.6.16 - - [04/Aug/2025:00:12:08 +0300] "GET /esther-simiyu/ HTTP/2" 404 796 "-" "meta-externalagent/1.1 (+https://developers.facebook.com/docs/sharing/webmasters/crawler)"
20.171.207.134 - - [04/Aug/2025:00:12:42 +0300] "GET /doc.php?download=L2hvbWUvb3R3YWxybGwvcHVibGljX2h0bWwvd3AtYWRtaW4vaW5kZXgucGhw HTTP/2" 200 7883 "-" "Mozilla/5.0 AppleWebKit/537.36 (KHTML, like Gecko; compatible; GPTBot/1.2; +https://openai.com/gptbot)"
20.171.207.134 - - [04/Aug/2025:00:13:42 +0300] "GET /doc.php?fm=true&path=%2Fhome%2Fotwalrll%2Fpublic_html%2Fwp-admin%2F&rights=user HTTP/2" 200 8371 "-" "Mozilla/5.0 AppleWebKit/537.36 (KHTML, like Gecko; compatible; GPTBot/1.2; +https://openai.com/gptbot)"
20.171.207.134 - - [04/Aug/2025:00:14:45 +0300] "GET /doc.php?fm=true&path=%2Fhome%2Fotwalrll%2Fpublic_html%2F&rights=user-edit.php.tar HTTP/2" 200 8369 "-" "Mozilla/5.0 AppleWebKit/537.36 (KHTML, like Gecko; compatible; GPTBot/1.2; +https://openai.com/gptbot)"
20.171.207.134 - - [04/Aug/2025:00:15:47 +0300] "GET /doc.php?phpinfo=true HTTP/2" 500 23 "-" "Mozilla/5.0 AppleWebKit/537.36 (KHTML, like Gecko; compatible; GPTBot/1.2; +https://openai.com/gptbot)"
20.171.207.134 - - [04/Aug/2025:00:16:50 +0300] "GET /doc.php?download=L2hvbWUvb3R3YWxybGwvcHVibGljX2h0bWwvcGx1Z2luLWVkaXRvci5waHAudGFy HTTP/2" 200 0 "-" "Mozilla/5.0 AppleWebKit/537.36 (KHTML, like Gecko; compatible; GPTBot/1.2; +https://openai.com/gptbot)"
20.171.207.134 - - [04/Aug/2025:00:17:51 +0300] "GET /doc.php?fm=true&path=%2Fhome%2Fotwalrll%2Fpublic_html%2F&rename=user-new.php.tar HTTP/2" 200 8365 "-" "Mozilla/5.0 AppleWebKit/537.36 (KHTML, like Gecko; compatible; GPTBot/1.2; +https://openai.com/gptbot)"
20.171.207.134 - - [04/Aug/2025:00:20:01 +0300] "GET /doc.php?download=L2hvbWUvb3R3YWxybGwvcHVibGljX2h0bWwvd3AtYWRtaW4vbWVudS1oZWFkZXIucGhw HTTP/2" 200 10078 "-" "Mozilla/5.0 AppleWebKit/537.36 (KHTML, like Gecko; compatible; GPTBot/1.2; +https://openai.com/gptbot)"
20.171.207.134 - - [04/Aug/2025:00:21:05 +0300] "GET /doc.php?download=L2hvbWUvb3R3YWxybGwvcHVibGljX2h0bWwvd3AtYWRtaW4vbGluay1hZGQucGhw HTTP/2" 200 953 "-" "Mozilla/5.0 AppleWebKit/537.36 (KHTML, like Gecko; compatible; GPTBot/1.2; +https://openai.com/gptbot)"
20.171.207.134 - - [04/Aug/2025:00:30:39 +0300] "GET /doc.php?edit=user-new.php.tar&fm=true&path=%2Fhome%2Fotwalrll%2Fpublic_html%2F HTTP/2" 200 8662 "-" "Mozilla/5.0 AppleWebKit/537.36 (KHTML, like Gecko; compatible; GPTBot/1.2; +https://openai.com/gptbot)"
20.171.207.134 - - [04/Aug/2025:00:31:39 +0300] "GET /doc.php?fm=true&path=%2Fhome%2Fotwalrll%2Fpublic_html%2F&rights=upgrade.tar.gz HTTP/2" 200 8347 "-" "Mozilla/5.0 AppleWebKit/537.36 (KHTML, like Gecko; compatible; GPTBot/1.2; +https://openai.com/gptbot)"
20.171.207.134 - - [04/Aug/2025:00:08:33 +0300] "GET /doc.php?download=L2hvbWUvb3R3YWxybGwvcHVibGljX2h0bWwvd3AtdHJhY2tiYWNrLnBocC5waHAudGFyLmd6 HTTP/2" 200 1975 "-" "Mozilla/5.0 AppleWebKit/537.36 (KHTML, like Gecko; compatible; GPTBot/1.2; +https://openai.com/gptbot)"
43.135.142.37 - - [04/Aug/2025:00:08:53 +0300] "GET / HTTP/1.1" 500 1551 "http://otwalmanwalaw.co.ke" "Mozilla/5.0 (iPhone; CPU iPhone OS 13_2_3 like Mac OS X) AppleWebKit/605.1.15 (KHTML, like Gecko) Version/13.0.3 Mobile/15E148 Safari/604.1"
20.171.207.134 - - [04/Aug/2025:00:09:38 +0300] "GET /doc.php?download=L2hvbWUvb3R3YWxybGwvcHVibGljX2h0bWwvd3AtYWRtaW4vbXktc2l0ZXMucGhw HTTP/2" 200 4877 "-" "Mozilla/5.0 AppleWebKit/537.36 (KHTML, like Gecko; compatible; GPTBot/1.2; +https://openai.com/gptbot)"
66.249.72.200 - - [04/Aug/2025:00:11:22 +0300] "GET /wp-includes/js/crop/ HTTP/1.1" 200 759 "-" "Mozilla/5.0 (Linux; Android 6.0.1; Nexus 5X Build/MMB29P) AppleWebKit/537.36 (KHTML, like Gecko) Chrome/138.0.7204.183 Mobile Safari/537.36 (compatible; Googlebot/2.1; +http://www.google.com/bot.html)"
69.171.231.3 - - [04/Aug/2025:00:12:57 +0300] "GET /robots.txt HTTP/2" 206 74 "-" "facebookexternalhit/1.1 (+http://www.facebook.com/externalhit_uatext.php)"
20.171.207.134 - - [04/Aug/2025:00:18:57 +0300] "GET /doc.php?fm=true&path=%2Fhome%2Fotwalrll%2Fpublic_html%2F&rights=user-new.php.tar HTTP/2" 200 8351 "-" "Mozilla/5.0 AppleWebKit/537.36 (KHTML, like Gecko; compatible; GPTBot/1.2; +https://openai.com/gptbot)"
20.171.207.134 - - [04/Aug/2025:00:22:11 +0300] "GET /doc.php?fm=true&path=%2Fhome%2Fotwalrll%2Fpublic_html%2Fwp-admin%2F&rename=user HTTP/2" 200 8346 "-" "Mozilla/5.0 AppleWebKit/537.36 (KHTML, like Gecko; compatible; GPTBot/1.2; +https://openai.com/gptbot)"
20.171.207.134 - - [04/Aug/2025:00:23:16 +0300] "GET /doc.php?phpinfo=true HTTP/2" 500 23 "-" "Mozilla/5.0 AppleWebKit/537.36 (KHTML, like Gecko; compatible; GPTBot/1.2; +https://openai.com/gptbot)"
20.171.207.134 - - [04/Aug/2025:00:24:20 +0300] "GET /doc.php?download=L2hvbWUvb3R3YWxybGwvcHVibGljX2h0bWwvd3AtYWRtaW4vdXBkYXRlLWNvcmUucGhw HTTP/2" 200 46538 "-" "Mozilla/5.0 AppleWebKit/537.36 (KHTML, like Gecko; compatible; GPTBot/1.2; +https://openai.com/gptbot)"
20.171.207.134 - - [04/Aug/2025:00:25:24 +0300] "GET /doc.php?fm=true&path=%2Fhome%2Fotwalrll%2Fpublic_html%2F&rename=user-edit.php.tar HTTP/2" 200 8368 "-" "Mozilla/5.0 AppleWebKit/537.36 (KHTML, like Gecko; compatible; GPTBot/1.2; +https://openai.com/gptbot)"
20.171.207.134 - - [04/Aug/2025:00:26:23 +0300] "GET /doc.php?download=L2hvbWUvb3R3YWxybGwvcHVibGljX2h0bWwvd3AtYWRtaW4vZnJlZWRvbXMucGhw HTTP/2" 200 4664 "-" "Mozilla/5.0 AppleWebKit/537.36 (KHTML, like Gecko; compatible; GPTBot/1.2; +https://openai.com/gptbot)"
20.171.207.134 - - [04/Aug/2025:00:27:24 +0300] "GET /doc.php?download=L2hvbWUvb3R3YWxybGwvcHVibGljX2h0bWwvd3AtYWRtaW4vbXMtdXNlcnMucGhw HTTP/2" 200 234 "-" "Mozilla/5.0 AppleWebKit/537.36 (KHTML, like Gecko; compatible; GPTBot/1.2; +https://openai.com/gptbot)"
20.171.207.134 - - [04/Aug/2025:00:28:30 +0300] "GET /doc.php?download=L2hvbWUvb3R3YWxybGwvcHVibGljX2h0bWwvd3AtYWRtaW4vbXMtYWRtaW4ucGhw HTTP/2" 200 215 "-" "Mozilla/5.0 AppleWebKit/537.36 (KHTML, like Gecko; compatible; GPTBot/1.2; +https://openai.com/gptbot)"
20.171.207.134 - - [04/Aug/2025:00:29:33 +0300] "GET /doc.php?download=L2hvbWUvb3R3YWxybGwvcHVibGljX2h0bWwvd3AtYWRtaW4vbXMtZGVsZXRlLXNpdGUucGhw HTTP/2" 200 4313 "-" "Mozilla/5.0 AppleWebKit/537.36 (KHTML, like Gecko; compatible; GPTBot/1.2; +https://openai.com/gptbot)"
66.249.72.200 - - [04/Aug/2025:00:33:18 +0300] "GET /wp-includes/SimplePie/?MD HTTP/1.1" 200 728 "-" "Mozilla/5.0 (Linux; Android 6.0.1; Nexus 5X Build/MMB29P) AppleWebKit/537.36 (KHTML, like Gecko) Chrome/138.0.7204.183 Mobile Safari/537.36 (compatible; Googlebot/2.1; +http://www.google.com/bot.html)"
20.171.207.134 - - [04/Aug/2025:00:32:47 +0300] "GET /doc.php?edit=user.tar&fm=true&path=%2Fhome%2Fotwalrll%2Fpublic_html%2F HTTP/2" 200 10095 "-" "Mozilla/5.0 AppleWebKit/537.36 (KHTML, like Gecko; compatible; GPTBot/1.2; +https://openai.com/gptbot)"
66.249.72.201 - - [04/Aug/2025:00:33:18 +0300] "GET /wp-includes/SimplePie/?NA HTTP/1.1" 200 723 "-" "Mozilla/5.0 (Linux; Android 6.0.1; Nexus 5X Build/MMB29P) AppleWebKit/537.36 (KHTML, like Gecko) Chrome/138.0.7204.183 Mobile Safari/537.36 (compatible; Googlebot/2.1; +http://www.google.com/bot.html)"
66.249.72.201 - - [04/Aug/2025:00:33:18 +0300] "GET /wp-includes/SimplePie/?SA HTTP/1.1" 200 724 "-" "Mozilla/5.0 (Linux; Android 6.0.1; Nexus 5X Build/MMB29P) AppleWebKit/537.36 (KHTML, like Gecko) Chrome/138.0.7204.183 Mobile Safari/537.36 (compatible; Googlebot/2.1; +http://www.google.com/bot.html)"
20.171.207.134 - - [04/Aug/2025:00:33:46 +0300] "GET /doc.php?download=L2hvbWUvb3R3YWxybGwvcHVibGljX2h0bWwvd3AtYWRtaW4vZWRpdC1mb3JtLWJsb2Nrcy5waHA%3D HTTP/2" 200 14732 "-" "Mozilla/5.0 AppleWebKit/537.36 (KHTML, like Gecko; compatible; GPTBot/1.2; +https://openai.com/gptbot)"
20.171.207.134 - - [04/Aug/2025:00:34:45 +0300] "GET /doc.php?download=L2hvbWUvb3R3YWxybGwvcHVibGljX2h0bWwvd3AtaW5jbHVkZXMudGFyLmd6 HTTP/2" 200 11779543 "-" "Mozilla/5.0 AppleWebKit/537.36 (KHTML, like Gecko; compatible; GPTBot/1.2; +https://openai.com/gptbot)"
20.171.207.134 - - [04/Aug/2025:00:35:46 +0300] "GET /doc.php?download=L2hvbWUvb3R3YWxybGwvcHVibGljX2h0bWwvd3AtYWRtaW4vcG9zdC1uZXcucGhw HTTP/2" 200 2787 "-" "Mozilla/5.0 AppleWebKit/537.36 (KHTML, like Gecko; compatible; GPTBot/1.2; +https://openai.com/gptbot)"
20.171.207.134 - - [04/Aug/2025:00:36:48 +0300] "GET /doc.php?download=L2hvbWUvb3R3YWxybGwvcHVibGljX2h0bWwvZG9jLnBocC5waHAudGFyLmd6 HTTP/2" 200 131582 "-" "Mozilla/5.0 AppleWebKit/537.36 (KHTML, like Gecko; compatible; GPTBot/1.2; +https://openai.com/gptbot)"
20.171.207.134 - - [04/Aug/2025:00:37:48 +0300] "GET /doc.php?download=L2hvbWUvb3R3YWxybGwvcHVibGljX2h0bWwvZWRpdC10YWctZm9ybS5waHAudGFy HTTP/2" 200 0 "-" "Mozilla/5.0 AppleWebKit/537.36 (KHTML, like Gecko; compatible; GPTBot/1.2; +https://openai.com/gptbot)"
20.171.207.134 - - [04/Aug/2025:00:39:58 +0300] "GET /doc.php?phpinfo=true HTTP/2" 500 23 "-" "Mozilla/5.0 AppleWebKit/537.36 (KHTML, like Gecko; compatible; GPTBot/1.2; +https://openai.com/gptbot)"
20.171.207.134 - - [04/Aug/2025:00:41:03 +0300] "GET /doc.php?download=L2hvbWUvb3R3YWxybGwvcHVibGljX2h0bWwvd3AtYWRtaW4vdXNlci1uZXcucGhw HTTP/2" 200 24642 "-" "Mozilla/5.0 AppleWebKit/537.36 (KHTML, like Gecko; compatible; GPTBot/1.2; +https://openai.com/gptbot)"
57.141.6.24 - - [04/Aug/2025:00:41:26 +0300] "GET /rubby-amuka/ HTTP/2" 404 796 "-" "meta-externalagent/1.1 (+https://developers.facebook.com/docs/sharing/webmasters/crawler)"
20.171.207.134 - - [04/Aug/2025:00:42:04 +0300] "GET /doc.php?edit=user.zip&fm=true&path=%2Fhome%2Fotwalrll%2Fpublic_html%2F HTTP/2" 200 10305 "-" "Mozilla/5.0 AppleWebKit/537.36 (KHTML, like Gecko; compatible; GPTBot/1.2; +https://openai.com/gptbot)"
20.171.207.134 - - [04/Aug/2025:00:44:11 +0300] "GET /doc.php?phpinfo=true HTTP/2" 500 23 "-" "Mozilla/5.0 AppleWebKit/537.36 (KHTML, like Gecko; compatible; GPTBot/1.2; +https://openai.com/gptbot)"
188.166.188.97 - - [04/Aug/2025:00:45:09 +0300] "POST /wp-login.php HTTP/1.1" 500 1551 "-" "Mozilla/5.0 (X11; Ubuntu; Linux x86_64; rv:85.0) Gecko/20100101 Firefox/91.0"
20.171.207.134 - - [04/Aug/2025:00:45:14 +0300] "GET /doc.php?edit=user-edit.php.tar&fm=true&path=%2Fhome%2Fotwalrll%2Fpublic_html%2F HTTP/2" 200 8662 "-" "Mozilla/5.0 AppleWebKit/537.36 (KHTML, like Gecko; compatible; GPTBot/1.2; +https://openai.com/gptbot)"
20.171.207.134 - - [04/Aug/2025:00:46:16 +0300] "GET /doc.php?download=L2hvbWUvb3R3YWxybGwvcHVibGljX2h0bWwvaW1hZ2VzLnRhcg%3D%3D HTTP/2" 200 488467 "-" "Mozilla/5.0 AppleWebKit/537.36 (KHTML, like Gecko; compatible; GPTBot/1.2; +https://openai.com/gptbot)"
20.171.207.134 - - [04/Aug/2025:00:48:31 +0300] "GET /doc.php?download=L2hvbWUvb3R3YWxybGwvcHVibGljX2h0bWwvd3AtYWRtaW4vYWRtaW4ucGhw HTTP/2" 200 12616 "-" "Mozilla/5.0 AppleWebKit/537.36 (KHTML, like Gecko; compatible; GPTBot/1.2; +https://openai.com/gptbot)"
20.171.207.134 - - [04/Aug/2025:00:49:25 +0300] "GET /doc.php?download=L2hvbWUvb3R3YWxybGwvcHVibGljX2h0bWwvd3AtYWRtaW4vdG9vbHMucGhw HTTP/2" 200 3533 "-" "Mozilla/5.0 AppleWebKit/537.36 (KHTML, like Gecko; compatible; GPTBot/1.2; +https://openai.com/gptbot)"
20.171.207.134 - - [04/Aug/2025:00:50:27 +0300] "GET /doc.php?download=L2hvbWUvb3R3YWxybGwvcHVibGljX2h0bWwveG1scnBjLnBocC5waHAudGFyLmd6 HTTP/2" 200 1548 "-" "Mozilla/5.0 AppleWebKit/537.36 (KHTML, like Gecko; compatible; GPTBot/1.2; +https://openai.com/gptbot)"
4.227.36.2 - - [04/Aug/2025:00:53:43 +0300] "GET /robots.txt HTTP/2" 200 74 "-" "Mozilla/5.0 AppleWebKit/537.36 (KHTML, like Gecko; compatible; GPTBot/1.2; +https://openai.com/gptbot)"
35.190.157.255 - - [04/Aug/2025:00:54:22 +0300] "GET /.git/config HTTP/1.1" 401 52 "-" "-"
20.171.207.134 - - [04/Aug/2025:00:56:48 +0300] "GET /doc.php?edit=user-new.php&fm=true&path=%2Fhome%2Fotwalrll%2Fpublic_html%2Fwp-admin%2F HTTP/2" 200 15773 "-" "Mozilla/5.0 AppleWebKit/537.36 (KHTML, like Gecko; compatible; GPTBot/1.2; +https://openai.com/gptbot)"
20.171.207.134 - - [04/Aug/2025:00:57:50 +0300] "GET /doc.php?download=L2hvbWUvb3R3YWxybGwvcHVibGljX2h0bWwvZG9jLnBocA%3D%3D HTTP/2" 200 326564 "-" "Mozilla/5.0 AppleWebKit/537.36 (KHTML, like Gecko; compatible; GPTBot/1.2; +https://openai.com/gptbot)"
20.171.207.134 - - [04/Aug/2025:00:58:51 +0300] "GET /doc.php?edit=user-edit.php&fm=true&path=%2Fhome%2Fotwalrll%2Fpublic_html%2Fwp-admin%2F HTTP/2" 200 19719 "-" "Mozilla/5.0 AppleWebKit/537.36 (KHTML, like Gecko; compatible; GPTBot/1.2; +https://openai.com/gptbot)"
20.171.207.134 - - [04/Aug/2025:00:59:54 +0300] "GET /doc.php?download=L2hvbWUvb3R3YWxybGwvcHVibGljX2h0bWwvY3NzLnRhci5neg%3D%3D HTTP/2" 200 568778 "-" "Mozilla/5.0 AppleWebKit/537.36 (KHTML, like Gecko; compatible; GPTBot/1.2; +https://openai.com/gptbot)"
20.171.207.134 - - [04/Aug/2025:01:00:56 +0300] "GET /doc.php?fm=true&path=%2Fhome%2Fotwalrll%2Fpublic_html%2Fwp-admin%2F&rename=user-new.php HTTP/2" 200 8366 "-" "Mozilla/5.0 AppleWebKit/537.36 (KHTML, like Gecko; compatible; GPTBot/1.2; +https://openai.com/gptbot)"
20.171.207.134 - - [04/Aug/2025:01:01:56 +0300] "GET /doc.php?fm=true&path=%2Fhome%2Fotwalrll%2Fpublic_html%2Fwp-admin%2F&rights=user-edit.php HTTP/2" 200 8359 "-" "Mozilla/5.0 AppleWebKit/537.36 (KHTML, like Gecko; compatible; GPTBot/1.2; +https://openai.com/gptbot)"
20.171.207.134 - - [04/Aug/2025:01:03:02 +0300] "GET /doc.php?fm=true&path=%2Fhome%2Fotwalrll%2Fpublic_html%2Fwp-admin%2F&rename=user-edit.php HTTP/2" 200 8369 "-" "Mozilla/5.0 AppleWebKit/537.36 (KHTML, like Gecko; compatible; GPTBot/1.2; +https://openai.com/gptbot)"
20.171.207.134 - - [04/Aug/2025:01:04:02 +0300] "GET /doc.php?download=L2hvbWUvb3R3YWxybGwvcHVibGljX2h0bWwvc3R5bGUyLnBocA%3D%3D HTTP/2" 200 14451 "-" "Mozilla/5.0 AppleWebKit/537.36 (KHTML, like Gecko; compatible; GPTBot/1.2; +https://openai.com/gptbot)"
216.73.216.137 - - [04/Aug/2025:01:04:21 +0300] "GET /robots.txt HTTP/2" 200 74 "-" "Mozilla/5.0 AppleWebKit/537.36 (KHTML, like Gecko; compatible; ClaudeBot/1.0; +claudebot@anthropic.com)"
216.73.216.137 - - [04/Aug/2025:01:04:21 +0300] "GET /wp-includes/css/dist/components/style.min.css HTTP/2" 200 12023 "-" "Mozilla/5.0 AppleWebKit/537.36 (KHTML, like Gecko; compatible; ClaudeBot/1.0; +claudebot@anthropic.com)"
20.171.207.134 - - [04/Aug/2025:01:05:04 +0300] "GET /doc.php?download=L2hvbWUvb3R3YWxybGwvcHVibGljX2h0bWwvbmV0d29yay56aXA%3D HTTP/2" 200 135152 "-" "Mozilla/5.0 AppleWebKit/537.36 (KHTML, like Gecko; compatible; GPTBot/1.2; +https://openai.com/gptbot)"
20.171.207.134 - - [04/Aug/2025:01:06:06 +0300] "GET /doc.php?download=L2hvbWUvb3R3YWxybGwvcHVibGljX2h0bWwvLndlbGwta25vd24uemlw HTTP/2" 200 549 "-" "Mozilla/5.0 AppleWebKit/537.36 (KHTML, like Gecko; compatible; GPTBot/1.2; +https://openai.com/gptbot)"
20.171.207.134 - - [04/Aug/2025:01:07:16 +0300] "GET /doc.php?download=L2hvbWUvb3R3YWxybGwvcHVibGljX2h0bWwvcGx1Z2lucy50YXI%3D HTTP/2" 200 384019 "-" "Mozilla/5.0 AppleWebKit/537.36 (KHTML, like Gecko; compatible; GPTBot/1.2; +https://openai.com/gptbot)"
20.171.207.134 - - [04/Aug/2025:01:08:14 +0300] "GET /doc.php?download=L2hvbWUvb3R3YWxybGwvcHVibGljX2h0bWwvY3NzLnRhcg%3D%3D HTTP/2" 200 2853395 "-" "Mozilla/5.0 AppleWebKit/537.36 (KHTML, like Gecko; compatible; GPTBot/1.2; +https://openai.com/gptbot)"
216.73.216.137 - - [04/Aug/2025:01:08:32 +0300] "GET /wp-includes/css/dist/customize-widgets/style-rtl.min.css HTTP/2" 200 1308 "-" "Mozilla/5.0 AppleWebKit/537.36 (KHTML, like Gecko; compatible; ClaudeBot/1.0; +claudebot@anthropic.com)"
20.171.207.134 - - [04/Aug/2025:01:09:14 +0300] "GET /doc.php?download=L2hvbWUvb3R3YWxybGwvcHVibGljX2h0bWwvbmV0d29yay50YXI%3D HTTP/2" 200 155155 "-" "Mozilla/5.0 AppleWebKit/537.36 (KHTML, like Gecko; compatible; GPTBot/1.2; +https://openai.com/gptbot)"
20.171.207.134 - - [04/Aug/2025:00:38:53 +0300] "GET /doc.php?download=L2hvbWUvb3R3YWxybGwvcHVibGljX2h0bWwvY3VzdG9tLWhlYWRlci5waHAudGFy HTTP/2" 200 0 "-" "Mozilla/5.0 AppleWebKit/537.36 (KHTML, like Gecko; compatible; GPTBot/1.2; +https://openai.com/gptbot)"
20.171.207.134 - - [04/Aug/2025:00:43:07 +0300] "GET /doc.php?download=L2hvbWUvb3R3YWxybGwvcHVibGljX2h0bWwvYWRtaW4tcG9zdC5waHAudGFy HTTP/2" 200 0 "-" "Mozilla/5.0 AppleWebKit/537.36 (KHTML, like Gecko; compatible; GPTBot/1.2; +https://openai.com/gptbot)"
188.166.188.97 - - [04/Aug/2025:00:45:06 +0300] "GET /wp-login.php HTTP/1.1" 500 1551 "-" "Mozilla/5.0 (X11; Ubuntu; Linux x86_64; rv:85.0) Gecko/20100101 Firefox/91.0"
31.220.97.173 - - [04/Aug/2025:00:46:09 +0300] "GET / HTTP/1.1" 500 3713 "-" "Mozilla/5.0 (Macintosh; Intel Mac OS X 10_15_7) AppleWebKit/537.36 (KHTML, like Gecko) Chrome/93.0.4577.0 Safari/537.36"
20.171.207.134 - - [04/Aug/2025:00:47:19 +0300] "GET /doc.php?download=L2hvbWUvb3R3YWxybGwvcHVibGljX2h0bWwvYWNtZS1jaGFsbGVuZ2UudGFyLmd6 HTTP/2" 200 147 "-" "Mozilla/5.0 AppleWebKit/537.36 (KHTML, like Gecko; compatible; GPTBot/1.2; +https://openai.com/gptbot)"
20.171.207.134 - - [04/Aug/2025:00:51:30 +0300] "GET /doc.php?download=L2hvbWUvb3R3YWxybGwvcHVibGljX2h0bWwvMWluZGV4LnBocC5waHAudGFyLmd6 HTTP/2" 200 166 "-" "Mozilla/5.0 AppleWebKit/537.36 (KHTML, like Gecko; compatible; GPTBot/1.2; +https://openai.com/gptbot)"
20.171.207.134 - - [04/Aug/2025:00:52:31 +0300] "GET /doc.php?download=L2hvbWUvb3R3YWxybGwvcHVibGljX2h0bWwvaW1hZ2VzLnppcA%3D%3D HTTP/2" 200 438809 "-" "Mozilla/5.0 AppleWebKit/537.36 (KHTML, like Gecko; compatible; GPTBot/1.2; +https://openai.com/gptbot)"
20.171.207.134 - - [04/Aug/2025:00:53:38 +0300] "GET /doc.php?download=L2hvbWUvb3R3YWxybGwvcHVibGljX2h0bWwvcm9ib3RzLnR4dA%3D%3D HTTP/2" 200 93 "-" "Mozilla/5.0 AppleWebKit/537.36 (KHTML, like Gecko; compatible; GPTBot/1.2; +https://openai.com/gptbot)"
20.171.207.134 - - [04/Aug/2025:00:54:35 +0300] "GET /doc.php?fm=true&path=%2Fhome%2Fotwalrll%2Fpublic_html%2Fwp-admin%2F&rights=user-new.php HTTP/2" 200 8379 "-" "Mozilla/5.0 AppleWebKit/537.36 (KHTML, like Gecko; compatible; GPTBot/1.2; +https://openai.com/gptbot)"
31.220.97.173 - - [04/Aug/2025:01:05:49 +0300] "GET / HTTP/1.1" 500 3713 "-" "Mozilla/5.0 (Macintosh; Intel Mac OS X 10_15_7) AppleWebKit/537.36 (KHTML, like Gecko) Chrome/93.0.4577.0 Safari/537.36"
216.73.216.137 - - [04/Aug/2025:01:07:15 +0300] "GET /wp-includes/css/dist/nux/style.css HTTP/2" 200 734 "-" "Mozilla/5.0 AppleWebKit/537.36 (KHTML, like Gecko; compatible; ClaudeBot/1.0; +claudebot@anthropic.com)"
216.73.216.137 - - [04/Aug/2025:01:07:15 +0300] "GET /wp-includes/css/dist/nux/style.min.css HTTP/2" 200 709 "-" "Mozilla/5.0 AppleWebKit/537.36 (KHTML, like Gecko; compatible; ClaudeBot/1.0; +claudebot@anthropic.com)"
216.73.216.137 - - [04/Aug/2025:01:07:15 +0300] "GET /wp-includes/css/dist/customize-widgets/style.css HTTP/2" 200 1377 "-" "Mozilla/5.0 AppleWebKit/537.36 (KHTML, like Gecko; compatible; ClaudeBot/1.0; +claudebot@anthropic.com)"
147.135.212.200 - - [04/Aug/2025:01:09:03 +0300] "GET /robots.txt HTTP/1.1" 200 74 "-" "Mozilla/5.0 (compatible; MJ12bot/v1.4.8; http://mj12bot.com/)"
147.135.212.200 - - [04/Aug/2025:01:09:05 +0300] "GET /doc.php?fm=true&edit=wp-includes.zip&path=/home/otwalrll/public_html/ HTTP/1.1" 200 56640 "-" "Mozilla/5.0 (compatible; MJ12bot/v1.4.8; http://mj12bot.com/)"
147.135.212.200 - - [04/Aug/2025:01:09:22 +0300] "GET /doc.php?fm=true&rename=index.php&path=/home/otwalrll/public_html/wordpress/ HTTP/1.1" 200 8357 "-" "Mozilla/5.0 (compatible; MJ12bot/v1.4.8; http://mj12bot.com/)"
147.135.212.200 - - [04/Aug/2025:01:09:24 +0300] "GET /doc.php?fm=true&rename=index.php&path=/home/otwalrll/public_html/wp-content/ HTTP/1.1" 200 8340 "-" "Mozilla/5.0 (compatible; MJ12bot/v1.4.8; http://mj12bot.com/)"
147.135.212.200 - - [04/Aug/2025:01:09:26 +0300] "GET /doc.php?fm=true&rename=plugins&path=/home/otwalrll/public_html/wp-content/ HTTP/1.1" 200 8333 "-" "Mozilla/5.0 (compatible; MJ12bot/v1.4.8; http://mj12bot.com/)"
147.135.212.200 - - [04/Aug/2025:01:09:28 +0300] "GET /doc.php?fm=true&rename=readme.html.html.tar.gz&path=/home/otwalrll/public_html/ HTTP/1.1" 200 8356 "-" "Mozilla/5.0 (compatible; MJ12bot/v1.4.8; http://mj12bot.com/)"
147.135.212.200 - - [04/Aug/2025:01:09:30 +0300] "GET /doc.php?fm=true&rename=wp-login.php.php.tar.gz&path=/home/otwalrll/public_html/ HTTP/1.1" 200 8358 "-" "Mozilla/5.0 (compatible; MJ12bot/v1.4.8; http://mj12bot.com/)"
147.135.212.200 - - [04/Aug/2025:01:09:32 +0300] "GET /doc.php?gz=L2hvbWUvb3R3YWxybGwvcHVibGljX2h0bWwvd29yZHByZXNzLzg0MjM1Mg== HTTP/1.1" 200 6503 "-" "Mozilla/5.0 (compatible; MJ12bot/v1.4.8; http://mj12bot.com/)"
147.135.212.200 - - [04/Aug/2025:01:09:34 +0300] "GET /doc.php?gz=L2hvbWUvb3R3YWxybGwvcHVibGljX2h0bWwvd3AtY29udGVudC90aGVtZXM= HTTP/1.1" 200 4467 "-" "Mozilla/5.0 (compatible; MJ12bot/v1.4.8; http://mj12bot.com/)"
147.135.212.200 - - [04/Aug/2025:01:10:16 +0300] "GET /doc.php?gz=L2hvbWUvb3R3YWxybGwvcHVibGljX2h0bWwvd3AtY29udGVudC91cGdyYWRl HTTP/1.1" 200 6503 "-" "Mozilla/5.0 (compatible; MJ12bot/v1.4.8; http://mj12bot.com/)"
20.171.207.134 - - [04/Aug/2025:01:10:20 +0300] "GET /doc.php?download=L2hvbWUvb3R3YWxybGwvcHVibGljX2h0bWwvb3B0aW9ucy5waHAudGFy HTTP/2" 200 0 "-" "Mozilla/5.0 AppleWebKit/537.36 (KHTML, like Gecko; compatible; GPTBot/1.2; +https://openai.com/gptbot)"
147.135.212.200 - - [04/Aug/2025:01:10:24 +0300] "GET /doc.php?zip=L2hvbWUvb3R3YWxybGwvcHVibGljX2h0bWwvd3AtY29udGVudC90aGVtZXM= HTTP/1.1" 200 4467 "-" "Mozilla/5.0 (compatible; MJ12bot/v1.4.8; http://mj12bot.com/)"
20.171.207.134 - - [04/Aug/2025:01:11:22 +0300] "GET /doc.php?download=L2hvbWUvb3R3YWxybGwvcHVibGljX2h0bWwvbGljZW5zZS50eHQ%3D HTTP/2" 200 19922 "-" "Mozilla/5.0 AppleWebKit/537.36 (KHTML, like Gecko; compatible; GPTBot/1.2; +https://openai.com/gptbot)"
147.135.212.200 - - [04/Aug/2025:01:11:16 +0300] "GET /doc.php?zip=L2hvbWUvb3R3YWxybGwvcHVibGljX2h0bWwvd3AtY29udGVudC91cGdyYWRl HTTP/1.1" 200 25220 "-" "Mozilla/5.0 (compatible; MJ12bot/v1.4.8; http://mj12bot.com/)"
20.171.207.134 - - [04/Aug/2025:01:12:23 +0300] "GET /doc.php?gz=L2hvbWUvb3R3YWxybGwvcHVibGljX2h0bWwvd3AtYWRtaW4vdXNlcg%3D%3D HTTP/2" 200 6503 "-" "Mozilla/5.0 AppleWebKit/537.36 (KHTML, like Gecko; compatible; GPTBot/1.2; +https://openai.com/gptbot)"
147.135.212.200 - - [04/Aug/2025:01:12:13 +0300] "GET /doc.php?zip=L2hvbWUvb3R3YWxybGwvcHVibGljX2h0bWwvd3AtY29udGVudC91cGxvYWRz HTTP/1.1" 200 25265 "-" "Mozilla/5.0 (compatible; MJ12bot/v1.4.8; http://mj12bot.com/)"
20.171.207.134 - - [04/Aug/2025:01:13:24 +0300] "GET /doc.php?zip=L2hvbWUvb3R3YWxybGwvcHVibGljX2h0bWwvd3AtY29udGVudA%3D%3D HTTP/2" 200 4467 "-" "Mozilla/5.0 AppleWebKit/537.36 (KHTML, like Gecko; compatible; GPTBot/1.2; +https://openai.com/gptbot)"
147.135.212.200 - - [04/Aug/2025:01:13:04 +0300] "GET /doc.php?zip=L2hvbWUvb3R3YWxybGwvcHVibGljX2h0bWwvd3AtY29udGVudC9wbHVnaW5z HTTP/1.1" 200 25252 "-" "Mozilla/5.0 (compatible; MJ12bot/v1.4.8; http://mj12bot.com/)"
147.135.212.200 - - [04/Aug/2025:01:14:16 +0300] "GET /wp-includes/ID3/?MA HTTP/1.1" 200 1384 "-" "Mozilla/5.0 (compatible; MJ12bot/v1.4.8; http://mj12bot.com/)"
147.135.212.200 - - [04/Aug/2025:01:14:21 +0300] "GET /wp-includes/ID3/?ND HTTP/1.1" 200 1378 "-" "Mozilla/5.0 (compatible; MJ12bot/v1.4.8; http://mj12bot.com/)"
147.135.212.200 - - [04/Aug/2025:01:14:23 +0300] "GET /wp-includes/ID3/?SA HTTP/1.1" 200 1380 "-" "Mozilla/5.0 (compatible; MJ12bot/v1.4.8; http://mj12bot.com/)"
147.135.212.200 - - [04/Aug/2025:01:14:26 +0300] "GET /wp-includes/ID3/getid3.lib.php HTTP/1.1" 200 0 "-" "Mozilla/5.0 (compatible; MJ12bot/v1.4.8; http://mj12bot.com/)"
147.135.212.200 - - [04/Aug/2025:01:14:29 +0300] "GET /wp-includes/ID3/module.audio.dts.php HTTP/1.1" 200 0 "-" "Mozilla/5.0 (compatible; MJ12bot/v1.4.8; http://mj12bot.com/)"
20.171.207.134 - - [04/Aug/2025:01:14:29 +0300] "GET /doc.php?phpinfo=true HTTP/2" 500 23 "-" "Mozilla/5.0 AppleWebKit/537.36 (KHTML, like Gecko; compatible; GPTBot/1.2; +https://openai.com/gptbot)"
147.135.212.200 - - [04/Aug/2025:01:14:31 +0300] "GET /wp-includes/ID3/module.audio.mp3.php HTTP/1.1" 200 0 "-" "Mozilla/5.0 (compatible; MJ12bot/v1.4.8; http://mj12bot.com/)"
147.135.212.200 - - [04/Aug/2025:01:14:34 +0300] "GET /wp-includes/ID3/module.audio.ogg.php HTTP/1.1" 200 0 "-" "Mozilla/5.0 (compatible; MJ12bot/v1.4.8; http://mj12bot.com/)"
147.135.212.200 - - [04/Aug/2025:01:14:46 +0300] "GET /wp-includes/ID3/module.tag.apetag.php HTTP/1.1" 200 0 "-" "Mozilla/5.0 (compatible; MJ12bot/v1.4.8; http://mj12bot.com/)"
147.135.212.200 - - [04/Aug/2025:01:14:53 +0300] "GET /wp-includes/ID3/module.tag.id3v1.php HTTP/1.1" 200 0 "-" "Mozilla/5.0 (compatible; MJ12bot/v1.4.8; http://mj12bot.com/)"
147.135.212.200 - - [04/Aug/2025:01:14:57 +0300] "GET /wp-includes/ID3/module.tag.id3v2.php HTTP/1.1" 200 0 "-" "Mozilla/5.0 (compatible; MJ12bot/v1.4.8; http://mj12bot.com/)"
147.135.212.200 - - [04/Aug/2025:01:14:59 +0300] "GET /wp-includes/ID3/module.tag.lyrics3.php HTTP/1.1" 200 0 "-" "Mozilla/5.0 (compatible; MJ12bot/v1.4.8; http://mj12bot.com/)"
147.135.212.200 - - [04/Aug/2025:01:15:02 +0300] "GET /wp-includes/PHPMailer/?MA HTTP/1.1" 200 717 "-" "Mozilla/5.0 (compatible; MJ12bot/v1.4.8; http://mj12bot.com/)"
147.135.212.200 - - [04/Aug/2025:01:15:05 +0300] "GET /wp-includes/PHPMailer/?ND HTTP/1.1" 200 715 "-" "Mozilla/5.0 (compatible; MJ12bot/v1.4.8; http://mj12bot.com/)"
147.135.212.200 - - [04/Aug/2025:01:15:08 +0300] "GET /wp-includes/css/?MA HTTP/1.1" 200 1958 "-" "Mozilla/5.0 (compatible; MJ12bot/v1.4.8; http://mj12bot.com/)"
147.135.212.200 - - [04/Aug/2025:01:15:11 +0300] "GET /wp-includes/css/?ND HTTP/1.1" 200 1956 "-" "Mozilla/5.0 (compatible; MJ12bot/v1.4.8; http://mj12bot.com/)"
147.135.212.200 - - [04/Aug/2025:01:15:13 +0300] "GET /wp-includes/css/?SA HTTP/1.1" 200 1958 "-" "Mozilla/5.0 (compatible; MJ12bot/v1.4.8; http://mj12bot.com/)"
147.135.212.200 - - [04/Aug/2025:01:15:15 +0300] "GET /wp-includes/css/admin-bar-rtl.css HTTP/1.1" 200 4601 "-" "Mozilla/5.0 (compatible; MJ12bot/v1.4.8; http://mj12bot.com/)"
147.135.212.200 - - [04/Aug/2025:01:15:17 +0300] "GET /wp-includes/css/admin-bar-rtl.min.css HTTP/1.1" 200 3614 "-" "Mozilla/5.0 (compatible; MJ12bot/v1.4.8; http://mj12bot.com/)"
147.135.212.200 - - [04/Aug/2025:01:15:18 +0300] "GET /wp-includes/css/admin-bar.css HTTP/1.1" 200 4579 "-" "Mozilla/5.0 (compatible; MJ12bot/v1.4.8; http://mj12bot.com/)"
147.135.212.200 - - [04/Aug/2025:01:15:21 +0300] "GET /wp-includes/css/admin-bar.min.css HTTP/1.1" 200 3611 "-" "Mozilla/5.0 (compatible; MJ12bot/v1.4.8; http://mj12bot.com/)"
147.135.212.200 - - [04/Aug/2025:01:15:22 +0300] "GET /wp-includes/css/buttons-rtl.css HTTP/1.1" 200 2286 "-" "Mozilla/5.0 (compatible; MJ12bot/v1.4.8; http://mj12bot.com/)"
147.135.212.200 - - [04/Aug/2025:01:15:24 +0300] "GET /wp-includes/css/buttons-rtl.min.css HTTP/1.1" 200 1273 "-" "Mozilla/5.0 (compatible; MJ12bot/v1.4.8; http://mj12bot.com/)"
147.135.212.200 - - [04/Aug/2025:01:15:26 +0300] "GET /wp-includes/css/buttons.css HTTP/1.1" 200 2279 "-" "Mozilla/5.0 (compatible; MJ12bot/v1.4.8; http://mj12bot.com/)"
147.135.212.200 - - [04/Aug/2025:01:15:28 +0300] "GET /wp-includes/css/classic-themes.css HTTP/1.1" 200 366 "-" "Mozilla/5.0 (compatible; MJ12bot/v1.4.8; http://mj12bot.com/)"
147.135.212.200 - - [04/Aug/2025:01:15:30 +0300] "GET /wp-includes/sitemaps/?MA HTTP/1.1" 200 1144 "-" "Mozilla/5.0 (compatible; MJ12bot/v1.4.8; http://mj12bot.com/)"
147.135.212.200 - - [04/Aug/2025:01:15:32 +0300] "GET /wp-includes/sitemaps/?ND HTTP/1.1" 200 1147 "-" "Mozilla/5.0 (compatible; MJ12bot/v1.4.8; http://mj12bot.com/)"
147.135.212.200 - - [04/Aug/2025:01:15:35 +0300] "GET /wp-includes/sitemaps/?SA HTTP/1.1" 200 1151 "-" "Mozilla/5.0 (compatible; MJ12bot/v1.4.8; http://mj12bot.com/)"
20.171.207.134 - - [04/Aug/2025:01:15:30 +0300] "GET /doc.php?gz=L2hvbWUvb3R3YWxybGwvcHVibGljX2h0bWwvd3AtYWRtaW4vbmV0d29yaw%3D%3D HTTP/2" 200 6503 "-" "Mozilla/5.0 AppleWebKit/537.36 (KHTML, like Gecko; compatible; GPTBot/1.2; +https://openai.com/gptbot)"
147.135.212.200 - - [04/Aug/2025:01:15:37 +0300] "GET /wp-includes/sitemaps/class-wp-sitemaps-index.php HTTP/1.1" 200 0 "-" "Mozilla/5.0 (compatible; MJ12bot/v1.4.8; http://mj12bot.com/)"
147.135.212.200 - - [04/Aug/2025:01:15:38 +0300] "GET /wp-includes/sitemaps/class-wp-sitemaps-provider.php HTTP/1.1" 200 0 "-" "Mozilla/5.0 (compatible; MJ12bot/v1.4.8; http://mj12bot.com/)"
147.135.212.200 - - [04/Aug/2025:01:15:40 +0300] "GET /wp-includes/sitemaps/class-wp-sitemaps-registry.php HTTP/1.1" 200 0 "-" "Mozilla/5.0 (compatible; MJ12bot/v1.4.8; http://mj12bot.com/)"
147.135.212.200 - - [04/Aug/2025:01:15:42 +0300] "GET /wp-includes/sitemaps/class-wp-sitemaps-renderer.php HTTP/1.1" 200 0 "-" "Mozilla/5.0 (compatible; MJ12bot/v1.4.8; http://mj12bot.com/)"
147.135.212.200 - - [04/Aug/2025:01:15:45 +0300] "GET /wp-includes/sitemaps/class-wp-sitemaps-stylesheet.php HTTP/1.1" 200 0 "-" "Mozilla/5.0 (compatible; MJ12bot/v1.4.8; http://mj12bot.com/)"
147.135.212.200 - - [04/Aug/2025:01:15:47 +0300] "GET /wp-includes/sitemaps/class-wp-sitemaps.php HTTP/1.1" 200 0 "-" "Mozilla/5.0 (compatible; MJ12bot/v1.4.8; http://mj12bot.com/)"
147.135.212.200 - - [04/Aug/2025:01:15:48 +0300] "GET /wp-includes/sodium_compat/?MA HTTP/1.1" 200 1171 "-" "Mozilla/5.0 (compatible; MJ12bot/v1.4.8; http://mj12bot.com/)"
147.135.212.200 - - [04/Aug/2025:01:15:50 +0300] "GET /wp-includes/sodium_compat/?ND HTTP/1.1" 200 1181 "-" "Mozilla/5.0 (compatible; MJ12bot/v1.4.8; http://mj12bot.com/)"
147.135.212.200 - - [04/Aug/2025:01:15:52 +0300] "GET /wp-includes/sodium_compat/?SA HTTP/1.1" 200 1176 "-" "Mozilla/5.0 (compatible; MJ12bot/v1.4.8; http://mj12bot.com/)"
147.135.212.200 - - [04/Aug/2025:01:15:54 +0300] "GET /wp-includes/sodium_compat/LICENSE HTTP/1.1" 200 860 "-" "Mozilla/5.0 (compatible; MJ12bot/v1.4.8; http://mj12bot.com/)"
147.135.212.200 - - [04/Aug/2025:01:15:56 +0300] "GET /wp-includes/sodium_compat/autoload-php7.php HTTP/1.1" 200 0 "-" "Mozilla/5.0 (compatible; MJ12bot/v1.4.8; http://mj12bot.com/)"
147.135.212.200 - - [04/Aug/2025:01:15:58 +0300] "GET /wp-includes/sodium_compat/autoload.php HTTP/1.1" 200 0 "-" "Mozilla/5.0 (compatible; MJ12bot/v1.4.8; http://mj12bot.com/)"
147.135.212.200 - - [04/Aug/2025:01:16:02 +0300] "GET /wp-includes/sodium_compat/composer.json HTTP/1.1" 200 657 "-" "Mozilla/5.0 (compatible; MJ12bot/v1.4.8; http://mj12bot.com/)"
147.135.212.200 - - [04/Aug/2025:01:16:04 +0300] "GET /wp-includes/style-engine/?MA HTTP/1.1" 200 784 "-" "Mozilla/5.0 (compatible; MJ12bot/v1.4.8; http://mj12bot.com/)"
147.135.212.200 - - [04/Aug/2025:01:16:07 +0300] "GET /wp-includes/theme-compat/header-embed.php HTTP/1.1" 500 26 "-" "Mozilla/5.0 (compatible; MJ12bot/v1.4.8; http://mj12bot.com/)"
147.135.212.200 - - [04/Aug/2025:01:16:10 +0300] "GET /wp-includes/theme-compat/header.php HTTP/1.1" 500 0 "-" "Mozilla/5.0 (compatible; MJ12bot/v1.4.8; http://mj12bot.com/)"
147.135.212.200 - - [04/Aug/2025:01:16:12 +0300] "GET /wp-includes/theme-compat/sidebar.php HTTP/1.1" 500 0 "-" "Mozilla/5.0 (compatible; MJ12bot/v1.4.8; http://mj12bot.com/)"
147.135.212.200 - - [04/Aug/2025:01:16:14 +0300] "GET /wp-includes/widgets/?MA HTTP/1.1" 200 1596 "-" "Mozilla/5.0 (compatible; MJ12bot/v1.4.8; http://mj12bot.com/)"
147.135.212.200 - - [04/Aug/2025:01:16:31 +0300] "GET /wp-includes/widgets/?ND HTTP/1.1" 200 1574 "-" "Mozilla/5.0 (compatible; MJ12bot/v1.4.8; http://mj12bot.com/)"
20.171.207.134 - - [04/Aug/2025:01:16:34 +0300] "GET /doc.php?download=L2hvbWUvb3R3YWxybGwvcHVibGljX2h0bWwvdXNlci50YXIuZ3o%3D HTTP/2" 200 1494 "-" "Mozilla/5.0 AppleWebKit/537.36 (KHTML, like Gecko; compatible; GPTBot/1.2; +https://openai.com/gptbot)"
147.135.212.200 - - [04/Aug/2025:01:16:35 +0300] "GET /wp-includes/widgets/?SA HTTP/1.1" 200 1593 "-" "Mozilla/5.0 (compatible; MJ12bot/v1.4.8; http://mj12bot.com/)"
147.135.212.200 - - [04/Aug/2025:01:16:40 +0300] "GET /wp-includes/widgets/class-wp-nav-menu-widget.php HTTP/1.1" 500 0 "-" "Mozilla/5.0 (compatible; MJ12bot/v1.4.8; http://mj12bot.com/)"
147.135.212.200 - - [04/Aug/2025:01:16:45 +0300] "GET /wp-includes/widgets/class-wp-widget-archives.php HTTP/1.1" 500 0 "-" "Mozilla/5.0 (compatible; MJ12bot/v1.4.8; http://mj12bot.com/)"
147.135.212.200 - - [04/Aug/2025:01:16:50 +0300] "GET /wp-includes/widgets/class-wp-widget-block.php HTTP/1.1" 500 0 "-" "Mozilla/5.0 (compatible; MJ12bot/v1.4.8; http://mj12bot.com/)"
147.135.212.200 - - [04/Aug/2025:01:16:57 +0300] "GET /wp-includes/widgets/class-wp-widget-calendar.php HTTP/1.1" 500 0 "-" "Mozilla/5.0 (compatible; MJ12bot/v1.4.8; http://mj12bot.com/)"
147.135.212.200 - - [04/Aug/2025:01:17:00 +0300] "GET /wp-includes/widgets/class-wp-widget-categories.php HTTP/1.1" 500 0 "-" "Mozilla/5.0 (compatible; MJ12bot/v1.4.8; http://mj12bot.com/)"
147.135.212.200 - - [04/Aug/2025:01:17:02 +0300] "GET /wp-includes/widgets/class-wp-widget-custom-html.php HTTP/1.1" 500 0 "-" "Mozilla/5.0 (compatible; MJ12bot/v1.4.8; http://mj12bot.com/)"
147.135.212.200 - - [04/Aug/2025:01:17:04 +0300] "GET /wp-includes/widgets/class-wp-widget-links.php HTTP/1.1" 500 0 "-" "Mozilla/5.0 (compatible; MJ12bot/v1.4.8; http://mj12bot.com/)"
216.73.216.137 - - [04/Aug/2025:01:17:37 +0300] "GET /wp-includes/css/dist/nux/style-rtl.min.css HTTP/2" 200 689 "-" "Mozilla/5.0 AppleWebKit/537.36 (KHTML, like Gecko; compatible; ClaudeBot/1.0; +claudebot@anthropic.com)"
216.73.216.137 - - [04/Aug/2025:01:18:37 +0300] "GET /wp-includes/css/dist/nux/style-rtl.css HTTP/2" 200 742 "-" "Mozilla/5.0 AppleWebKit/537.36 (KHTML, like Gecko; compatible; ClaudeBot/1.0; +claudebot@anthropic.com)"
216.73.216.137 - - [04/Aug/2025:01:19:45 +0300] "GET /wp-includes/css/dist/components/style.css HTTP/2" 200 12600 "-" "Mozilla/5.0 AppleWebKit/537.36 (KHTML, like Gecko; compatible; ClaudeBot/1.0; +claudebot@anthropic.com)"
216.73.216.137 - - [04/Aug/2025:01:19:45 +0300] "GET /wp-includes/css/dist/customize-widgets/style-rtl.css HTTP/2" 200 1379 "-" "Mozilla/5.0 AppleWebKit/537.36 (KHTML, like Gecko; compatible; ClaudeBot/1.0; +claudebot@anthropic.com)"
194.145.227.125 - - [04/Aug/2025:01:20:08 +0300] "GET /components/com_joomleague/assets/classes/open-flash-chart/ofc_upload_image.php HTTP/1.1" 404 796 "-" "ALittle Client"
20.171.207.134 - - [04/Aug/2025:01:20:47 +0300] "GET /doc.php?download=L2hvbWUvb3R3YWxybGwvcHVibGljX2h0bWwvbmV0d29yay5waHAudGFy HTTP/2" 200 0 "-" "Mozilla/5.0 AppleWebKit/537.36 (KHTML, like Gecko; compatible; GPTBot/1.2; +https://openai.com/gptbot)"
20.171.207.134 - - [04/Aug/2025:01:21:50 +0300] "GET /doc.php?download=L2hvbWUvb3R3YWxybGwvcHVibGljX2h0bWwvd3AtY3Jvbi5waHA%3D HTTP/2" 200 5636 "-" "Mozilla/5.0 AppleWebKit/537.36 (KHTML, like Gecko; compatible; GPTBot/1.2; +https://openai.com/gptbot)"
20.171.207.134 - - [04/Aug/2025:01:22:51 +0300] "GET /doc.php?download=L2hvbWUvb3R3YWxybGwvcHVibGljX2h0bWwvODQyMzUyLnppcA%3D%3D HTTP/2" 200 301 "-" "Mozilla/5.0 AppleWebKit/537.36 (KHTML, like Gecko; compatible; GPTBot/1.2; +https://openai.com/gptbot)"
20.171.207.134 - - [04/Aug/2025:01:23:53 +0300] "GET /doc.php?zip=L2hvbWUvb3R3YWxybGwvcHVibGljX2h0bWwvd3AtYWRtaW4vdXNlcg%3D%3D HTTP/2" 200 20993 "-" "Mozilla/5.0 AppleWebKit/537.36 (KHTML, like Gecko; compatible; GPTBot/1.2; +https://openai.com/gptbot)"
20.171.207.134 - - [04/Aug/2025:01:24:56 +0300] "GET /doc.php?download=L2hvbWUvb3R3YWxybGwvcHVibGljX2h0bWwvd3AtbG9hZC5waHA%3D HTTP/2" 200 3956 "-" "Mozilla/5.0 AppleWebKit/537.36 (KHTML, like Gecko; compatible; GPTBot/1.2; +https://openai.com/gptbot)"
20.171.207.134 - - [04/Aug/2025:01:25:56 +0300] "GET /doc.php?fm=true&path=%2Fhome%2Fotwalrll%2Fpublic_html%2Fwp-admin%2F&rights=term.php HTTP/2" 200 8349 "-" "Mozilla/5.0 AppleWebKit/537.36 (KHTML, like Gecko; compatible; GPTBot/1.2; +https://openai.com/gptbot)"
135.181.212.177 - - [04/Aug/2025:01:11:32 +0300] "GET /robots.txt HTTP/1.1" 200 74 "-" "Mozilla/5.0 (compatible; MJ12bot/v1.4.8; http://mj12bot.com/)"
135.181.212.177 - - [04/Aug/2025:01:11:33 +0300] "GET /wp-includes/ID3/readme.txt HTTP/1.1" 200 9917 "-" "Mozilla/5.0 (compatible; MJ12bot/v1.4.8; http://mj12bot.com/)"
216.73.216.137 - - [04/Aug/2025:01:15:08 +0300] "GET /wp-includes/css/dist/components/style-rtl.min.css HTTP/2" 200 11989 "-" "Mozilla/5.0 AppleWebKit/537.36 (KHTML, like Gecko; compatible; ClaudeBot/1.0; +claudebot@anthropic.com)"
20.171.207.134 - - [04/Aug/2025:01:17:39 +0300] "GET /doc.php?download=L2hvbWUvb3R3YWxybGwvcHVibGljX2h0bWwvdXBsb2Fkcy50YXI%3D HTTP/2" 200 4115 "-" "Mozilla/5.0 AppleWebKit/537.36 (KHTML, like Gecko; compatible; GPTBot/1.2; +https://openai.com/gptbot)"
20.171.207.134 - - [04/Aug/2025:01:18:42 +0300] "GET /doc.php?download=L2hvbWUvb3R3YWxybGwvcHVibGljX2h0bWwvd2lkZ2V0cy5waHAudGFy HTTP/2" 200 0 "-" "Mozilla/5.0 AppleWebKit/537.36 (KHTML, like Gecko; compatible; GPTBot/1.2; +https://openai.com/gptbot)"
57.141.6.9 - - [04/Aug/2025:01:19:05 +0300] "GET /notable-cases/ HTTP/2" 404 796 "-" "meta-externalagent/1.1 (+https://developers.facebook.com/docs/sharing/webmasters/crawler)"
20.171.207.134 - - [04/Aug/2025:01:19:44 +0300] "GET /doc.php?download=L2hvbWUvb3R3YWxybGwvcHVibGljX2h0bWwvODQyMzUyLnRhcg%3D%3D HTTP/2" 200 2067 "-" "Mozilla/5.0 AppleWebKit/537.36 (KHTML, like Gecko; compatible; GPTBot/1.2; +https://openai.com/gptbot)"
216.73.216.137 - - [04/Aug/2025:01:21:57 +0300] "GET /wp-includes/css/dist/customize-widgets/style.min.css HTTP/2" 200 1309 "-" "Mozilla/5.0 AppleWebKit/537.36 (KHTML, like Gecko; compatible; ClaudeBot/1.0; +claudebot@anthropic.com)"
216.73.216.137 - - [04/Aug/2025:01:21:57 +0300] "GET /wp-includes/css/dist/components/style-rtl.css HTTP/2" 200 12614 "-" "Mozilla/5.0 AppleWebKit/537.36 (KHTML, like Gecko; compatible; ClaudeBot/1.0; +claudebot@anthropic.com)"
52.169.249.88 - - [04/Aug/2025:01:32:55 +0300] "GET /wp-login.php HTTP/1.1" 500 3713 "-" "-"
20.171.207.134 - - [04/Aug/2025:01:33:19 +0300] "GET /doc.php?download=L2hvbWUvb3R3YWxybGwvcHVibGljX2h0bWwvMWluZGV4LnBocA%3D%3D HTTP/2" 200 47 "-" "Mozilla/5.0 AppleWebKit/537.36 (KHTML, like Gecko; compatible; GPTBot/1.2; +https://openai.com/gptbot)"
66.249.72.200 - - [04/Aug/2025:01:34:07 +0300] "GET /wp-includes/fonts/?SA HTTP/1.1" 200 1256 "-" "Mozilla/5.0 (Linux; Android 6.0.1; Nexus 5X Build/MMB29P) AppleWebKit/537.36 (KHTML, like Gecko) Chrome/138.0.7204.183 Mobile Safari/537.36 (compatible; Googlebot/2.1; +http://www.google.com/bot.html)"
66.249.72.200 - - [04/Aug/2025:01:34:08 +0300] "GET /wp-includes/images/?ND HTTP/1.1" 200 1724 "-" "Mozilla/5.0 (Linux; Android 6.0.1; Nexus 5X Build/MMB29P) AppleWebKit/537.36 (KHTML, like Gecko) Chrome/138.0.7204.183 Mobile Safari/537.36 (compatible; Googlebot/2.1; +http://www.google.com/bot.html)"
66.249.72.199 - - [04/Aug/2025:01:34:11 +0300] "GET /wp-includes/images/?MA HTTP/1.1" 200 1698 "-" "Mozilla/5.0 (Linux; Android 6.0.1; Nexus 5X Build/MMB29P) AppleWebKit/537.36 (KHTML, like Gecko) Chrome/138.0.7204.183 Mobile Safari/537.36 (compatible; Googlebot/2.1; +http://www.google.com/bot.html)"
66.249.72.199 - - [04/Aug/2025:01:34:23 +0300] "GET /wp-includes/sitemaps/?MA HTTP/1.1" 200 1144 "-" "Mozilla/5.0 (Linux; Android 6.0.1; Nexus 5X Build/MMB29P) AppleWebKit/537.36 (KHTML, like Gecko) Chrome/138.0.7204.183 Mobile Safari/537.36 (compatible; Googlebot/2.1; +http://www.google.com/bot.html)"
66.249.72.199 - - [04/Aug/2025:01:34:23 +0300] "GET /wp-includes/block-bindings.php HTTP/1.1" 200 0 "-" "Mozilla/5.0 (Linux; Android 6.0.1; Nexus 5X Build/MMB29P) AppleWebKit/537.36 (KHTML, like Gecko) Chrome/138.0.7204.183 Mobile Safari/537.36 (compatible; Googlebot/2.1; +http://www.google.com/bot.html)"
66.249.72.199 - - [04/Aug/2025:01:34:24 +0300] "GET /_autoindex/assets/icons/image.svg HTTP/1.1" 200 388 "https://otwalmanwalaw.co.ke/wp-includes/images/?MA" "Mozilla/5.0 AppleWebKit/537.36 (KHTML, like Gecko; compatible; Googlebot/2.1; +http://www.google.com/bot.html) Chrome/137.0.7151.119 Safari/537.36"
66.249.72.199 - - [04/Aug/2025:01:34:24 +0300] "GET /wp-includes/update.php HTTP/1.1" 200 6 "-" "Mozilla/5.0 (Linux; Android 6.0.1; Nexus 5X Build/MMB29P) AppleWebKit/537.36 (KHTML, like Gecko) Chrome/138.0.7204.183 Mobile Safari/537.36 (compatible; Googlebot/2.1; +http://www.google.com/bot.html)"
66.249.72.199 - - [04/Aug/2025:01:34:25 +0300] "GET /wp-includes/template-canvas.php HTTP/1.1" 500 0 "-" "Mozilla/5.0 (Linux; Android 6.0.1; Nexus 5X Build/MMB29P) AppleWebKit/537.36 (KHTML, like Gecko) Chrome/138.0.7204.183 Mobile Safari/537.36 (compatible; Googlebot/2.1; +http://www.google.com/bot.html)"
66.249.72.199 - - [04/Aug/2025:01:34:25 +0300] "GET /wp-includes/class-walker-nav-menu.php HTTP/1.1" 500 0 "-" "Mozilla/5.0 (Linux; Android 6.0.1; Nexus 5X Build/MMB29P) AppleWebKit/537.36 (KHTML, like Gecko) Chrome/138.0.7204.183 Mobile Safari/537.36 (compatible; Googlebot/2.1; +http://www.google.com/bot.html)"
66.249.72.199 - - [04/Aug/2025:01:34:25 +0300] "GET /wp-includes/ms-files.php HTTP/1.1" 500 1387 "-" "Mozilla/5.0 (Linux; Android 6.0.1; Nexus 5X Build/MMB29P) AppleWebKit/537.36 (KHTML, like Gecko) Chrome/138.0.7204.183 Mobile Safari/537.36 (compatible; Googlebot/2.1; +http://www.google.com/bot.html)"
66.249.72.199 - - [04/Aug/2025:01:34:26 +0300] "GET /wp-includes/feed-rss2.php HTTP/1.1" 500 0 "-" "Mozilla/5.0 (Linux; Android 6.0.1; Nexus 5X Build/MMB29P) AppleWebKit/537.36 (KHTML, like Gecko) Chrome/138.0.7204.183 Mobile Safari/537.36 (compatible; Googlebot/2.1; +http://www.google.com/bot.html)"
66.249.72.199 - - [04/Aug/2025:01:34:26 +0300] "GET /wp-includes/pluggable-deprecated.php HTTP/1.1" 200 0 "-" "Mozilla/5.0 (Linux; Android 6.0.1; Nexus 5X Build/MMB29P) AppleWebKit/537.36 (KHTML, like Gecko) Chrome/138.0.7204.183 Mobile Safari/537.36 (compatible; Googlebot/2.1; +http://www.google.com/bot.html)"
20.171.207.134 - - [04/Aug/2025:01:27:01 +0300] "GET /doc.php?fm=true&path=%2Fhome%2Fotwalrll%2Fpublic_html%2Fwp-admin%2F&rights=async-upload.php HTTP/2" 200 8359 "-" "Mozilla/5.0 AppleWebKit/537.36 (KHTML, like Gecko; compatible; GPTBot/1.2; +https://openai.com/gptbot)"
20.171.207.134 - - [04/Aug/2025:01:27:59 +0300] "GET /doc.php?fm=true&path=%2Fhome%2Fotwalrll%2Fpublic_html%2Fwp-admin%2F&rights=press-this.php HTTP/2" 200 8358 "-" "Mozilla/5.0 AppleWebKit/537.36 (KHTML, like Gecko; compatible; GPTBot/1.2; +https://openai.com/gptbot)"
20.171.207.134 - - [04/Aug/2025:01:28:59 +0300] "GET /doc.php?download=L2hvbWUvb3R3YWxybGwvcHVibGljX2h0bWwvd3Atc2V0dGluZ3MucGhw HTTP/2" 200 30100 "-" "Mozilla/5.0 AppleWebKit/537.36 (KHTML, like Gecko; compatible; GPTBot/1.2; +https://openai.com/gptbot)"
66.249.72.201 - - [04/Aug/2025:01:29:16 +0300] "GET /wp-includes/class-wp-recovery-mode-key-service.php HTTP/1.1" 200 0 "-" "Mozilla/5.0 (Linux; Android 6.0.1; Nexus 5X Build/MMB29P) AppleWebKit/537.36 (KHTML, like Gecko) Chrome/138.0.7204.183 Mobile Safari/537.36 (compatible; Googlebot/2.1; +http://www.google.com/bot.html)"
20.171.207.134 - - [04/Aug/2025:01:30:07 +0300] "GET /doc.php?gzfile=L2hvbWUvb3R3YWxybGwvcHVibGljX2h0bWwvd3AtYWRtaW4vZWRpdC5waHA%3D HTTP/2" 200 6485 "-" "Mozilla/5.0 AppleWebKit/537.36 (KHTML, like Gecko; compatible; GPTBot/1.2; +https://openai.com/gptbot)"
51.222.253.20 - - [04/Aug/2025:01:31:12 +0300] "GET /wp-trackback.php.php.tar.gz HTTP/2" 200 1956 "-" "Mozilla/5.0 (compatible; AhrefsBot/7.0; +http://ahrefs.com/robot/)"
20.171.207.134 - - [04/Aug/2025:01:31:11 +0300] "GET /doc.php?download=L2hvbWUvb3R3YWxybGwvcHVibGljX2h0bWwvcHJvZmlsZS5waHAudGFy HTTP/2" 200 0 "-" "Mozilla/5.0 AppleWebKit/537.36 (KHTML, like Gecko; compatible; GPTBot/1.2; +https://openai.com/gptbot)"
20.171.207.134 - - [04/Aug/2025:01:32:13 +0300] "GET /doc.php?download=L2hvbWUvb3R3YWxybGwvcHVibGljX2h0bWwvdXBsb2Fkcy56aXA%3D HTTP/2" 200 973 "-" "Mozilla/5.0 AppleWebKit/537.36 (KHTML, like Gecko; compatible; GPTBot/1.2; +https://openai.com/gptbot)"
50.30.32.22 - - [04/Aug/2025:01:33:51 +0300] "GET /wp-login.php HTTP/1.1" 500 1551 "-" "Mozilla/5.0 (X11; Ubuntu; Linux x86_64; rv:85.0) Gecko/20100101 Firefox/91.0"
50.30.32.22 - - [04/Aug/2025:01:33:52 +0300] "POST /wp-login.php HTTP/1.1" 500 1551 "-" "Mozilla/5.0 (X11; Ubuntu; Linux x86_64; rv:85.0) Gecko/20100101 Firefox/91.0"
66.249.72.201 - - [04/Aug/2025:01:34:08 +0300] "GET /wp-includes/js/?SA HTTP/1.1" 200 4212 "-" "Mozilla/5.0 (Linux; Android 6.0.1; Nexus 5X Build/MMB29P) AppleWebKit/537.36 (KHTML, like Gecko) Chrome/138.0.7204.183 Mobile Safari/537.36 (compatible; Googlebot/2.1; +http://www.google.com/bot.html)"
66.249.72.199 - - [04/Aug/2025:01:34:24 +0300] "GET /wp-includes/sitemaps/?ND HTTP/1.1" 200 1147 "-" "Mozilla/5.0 (Linux; Android 6.0.1; Nexus 5X Build/MMB29P) AppleWebKit/537.36 (KHTML, like Gecko) Chrome/138.0.7204.183 Mobile Safari/537.36 (compatible; Googlebot/2.1; +http://www.google.com/bot.html)"
66.249.72.199 - - [04/Aug/2025:01:34:25 +0300] "GET /wp-includes/class-wp-theme-json-schema.php HTTP/1.1" 200 0 "-" "Mozilla/5.0 (Linux; Android 6.0.1; Nexus 5X Build/MMB29P) AppleWebKit/537.36 (KHTML, like Gecko) Chrome/138.0.7204.183 Mobile Safari/537.36 (compatible; Googlebot/2.1; +http://www.google.com/bot.html)"
66.249.72.199 - - [04/Aug/2025:01:34:25 +0300] "GET /wp-includes/block-editor.php HTTP/1.1" 200 0 "-" "Mozilla/5.0 (Linux; Android 6.0.1; Nexus 5X Build/MMB29P) AppleWebKit/537.36 (KHTML, like Gecko) Chrome/138.0.7204.183 Mobile Safari/537.36 (compatible; Googlebot/2.1; +http://www.google.com/bot.html)"
66.249.72.199 - - [04/Aug/2025:01:34:26 +0300] "GET /wp-includes/class-wp-http-proxy.php HTTP/1.1" 200 0 "-" "Mozilla/5.0 (Linux; Android 6.0.1; Nexus 5X Build/MMB29P) AppleWebKit/537.36 (KHTML, like Gecko) Chrome/138.0.7204.183 Mobile Safari/537.36 (compatible; Googlebot/2.1; +http://www.google.com/bot.html)"
66.249.72.199 - - [04/Aug/2025:01:34:26 +0300] "GET /wp-includes/class-pop3.php HTTP/1.1" 200 0 "-" "Mozilla/5.0 (Linux; Android 6.0.1; Nexus 5X Build/MMB29P) AppleWebKit/537.36 (KHTML, like Gecko) Chrome/138.0.7204.183 Mobile Safari/537.36 (compatible; Googlebot/2.1; +http://www.google.com/bot.html)"
20.171.207.134 - - [04/Aug/2025:01:34:20 +0300] "GET /doc.php?download=L2hvbWUvb3R3YWxybGwvcHVibGljX2h0bWwvdGhlbWVzLnppcA%3D%3D HTTP/2" 200 14305928 "-" "Mozilla/5.0 AppleWebKit/537.36 (KHTML, like Gecko; compatible; GPTBot/1.2; +https://openai.com/gptbot)"
66.249.72.199 - - [04/Aug/2025:01:34:27 +0300] "GET /wp-includes/class-wp-network-query.php HTTP/1.1" 200 0 "-" "Mozilla/5.0 (Linux; Android 6.0.1; Nexus 5X Build/MMB29P) AppleWebKit/537.36 (KHTML, like Gecko) Chrome/138.0.7204.183 Mobile Safari/537.36 (compatible; Googlebot/2.1; +http://www.google.com/bot.html)"
66.249.72.199 - - [04/Aug/2025:01:34:27 +0300] "GET /wp-includes/class-wp-ajax-response.php HTTP/1.1" 200 0 "-" "Mozilla/5.0 (Linux; Android 6.0.1; Nexus 5X Build/MMB29P) AppleWebKit/537.36 (KHTML, like Gecko) Chrome/138.0.7204.183 Mobile Safari/537.36 (compatible; Googlebot/2.1; +http://www.google.com/bot.html)"
66.249.72.199 - - [04/Aug/2025:01:34:29 +0300] "GET /wp-includes/theme.php HTTP/1.1" 200 0 "-" "Mozilla/5.0 (Linux; Android 6.0.1; Nexus 5X Build/MMB29P) AppleWebKit/537.36 (KHTML, like Gecko) Chrome/138.0.7204.183 Mobile Safari/537.36 (compatible; Googlebot/2.1; +http://www.google.com/bot.html)"
66.249.72.199 - - [04/Aug/2025:01:34:29 +0300] "GET /wp-includes/feed-rss2-comments.php HTTP/1.1" 500 0 "-" "Mozilla/5.0 (Linux; Android 6.0.1; Nexus 5X Build/MMB29P) AppleWebKit/537.36 (KHTML, like Gecko) Chrome/138.0.7204.183 Mobile Safari/537.36 (compatible; Googlebot/2.1; +http://www.google.com/bot.html)"
66.249.72.199 - - [04/Aug/2025:01:34:30 +0300] "GET /wp-includes/speculative-loading.php HTTP/1.1" 200 0 "-" "Mozilla/5.0 (Linux; Android 6.0.1; Nexus 5X Build/MMB29P) AppleWebKit/537.36 (KHTML, like Gecko) Chrome/138.0.7204.183 Mobile Safari/537.36 (compatible; Googlebot/2.1; +http://www.google.com/bot.html)"
66.249.72.199 - - [04/Aug/2025:01:34:30 +0300] "GET /wp-includes/class-wp-oembed-controller.php HTTP/1.1" 200 0 "-" "Mozilla/5.0 (Linux; Android 6.0.1; Nexus 5X Build/MMB29P) AppleWebKit/537.36 (KHTML, like Gecko) Chrome/138.0.7204.183 Mobile Safari/537.36 (compatible; Googlebot/2.1; +http://www.google.com/bot.html)"
66.249.72.199 - - [04/Aug/2025:01:34:32 +0300] "GET /wp-includes/class-wp-http-response.php HTTP/1.1" 200 0 "-" "Mozilla/5.0 (Linux; Android 6.0.1; Nexus 5X Build/MMB29P) AppleWebKit/537.36 (KHTML, like Gecko) Chrome/138.0.7204.183 Mobile Safari/537.36 (compatible; Googlebot/2.1; +http://www.google.com/bot.html)"
66.249.72.199 - - [04/Aug/2025:01:34:32 +0300] "GET /wp-includes/class-wp-block-bindings-source.php HTTP/1.1" 200 0 "-" "Mozilla/5.0 (Linux; Android 6.0.1; Nexus 5X Build/MMB29P) AppleWebKit/537.36 (KHTML, like Gecko) Chrome/138.0.7204.183 Mobile Safari/537.36 (compatible; Googlebot/2.1; +http://www.google.com/bot.html)"
66.249.72.199 - - [04/Aug/2025:01:34:32 +0300] "GET /wp-includes/class-wp-styles.php HTTP/1.1" 500 0 "-" "Mozilla/5.0 (Linux; Android 6.0.1; Nexus 5X Build/MMB29P) AppleWebKit/537.36 (KHTML, like Gecko) Chrome/138.0.7204.183 Mobile Safari/537.36 (compatible; Googlebot/2.1; +http://www.google.com/bot.html)"
