66.249.72.199 - - [04/Aug/2025:01:34:33 +0300] "GET /wp-includes/capabilities.php HTTP/1.1" 200 0 "-" "Mozilla/5.0 (Linux; Android 6.0.1; Nexus 5X Build/MMB29P) AppleWebKit/537.36 (KHTML, like Gecko) Chrome/138.0.7204.183 Mobile Safari/537.36 (compatible; Googlebot/2.1; +http://www.google.com/bot.html)"
66.249.72.199 - - [04/Aug/2025:01:34:34 +0300] "GET /wp-includes/class-smtp.php HTTP/1.1" 500 0 "-" "Mozilla/5.0 (Linux; Android 6.0.1; Nexus 5X Build/MMB29P) AppleWebKit/537.36 (KHTML, like Gecko) Chrome/138.0.7204.183 Mobile Safari/537.36 (compatible; Googlebot/2.1; +http://www.google.com/bot.html)"
66.249.72.199 - - [04/Aug/2025:01:34:28 +0300] "GET /wp-includes/class-wp-navigation-fallback.php HTTP/1.1" 200 0 "-" "Mozilla/5.0 (Linux; Android 6.0.1; Nexus 5X Build/MMB29P) AppleWebKit/537.36 (KHTML, like Gecko) Chrome/138.0.7204.183 Mobile Safari/537.36 (compatible; Googlebot/2.1; +http://www.google.com/bot.html)"
66.249.72.199 - - [04/Aug/2025:01:34:32 +0300] "GET /wp-includes/theme-previews.php HTTP/1.1" 200 0 "-" "Mozilla/5.0 (Linux; Android 6.0.1; Nexus 5X Build/MMB29P) AppleWebKit/537.36 (KHTML, like Gecko) Chrome/138.0.7204.183 Mobile Safari/537.36 (compatible; Googlebot/2.1; +http://www.google.com/bot.html)"
66.249.72.199 - - [04/Aug/2025:01:34:34 +0300] "GET /wp-includes/embed-template.php HTTP/1.1" 500 0 "-" "Mozilla/5.0 (Linux; Android 6.0.1; Nexus 5X Build/MMB29P) AppleWebKit/537.36 (KHTML, like Gecko) Chrome/138.0.7204.183 Mobile Safari/537.36 (compatible; Googlebot/2.1; +http://www.google.com/bot.html)"
66.249.72.199 - - [04/Aug/2025:01:34:36 +0300] "GET /wp-includes/class-wp-roles.php HTTP/1.1" 200 0 "-" "Mozilla/5.0 (Linux; Android 6.0.1; Nexus 5X Build/MMB29P) AppleWebKit/537.36 (KHTML, like Gecko) Chrome/138.0.7204.183 Mobile Safari/537.36 (compatible; Googlebot/2.1; +http://www.google.com/bot.html)"
66.249.72.199 - - [04/Aug/2025:01:34:39 +0300] "GET /wp-includes/class-wp-http-requests-hooks.php HTTP/1.1" 500 0 "-" "Mozilla/5.0 (Linux; Android 6.0.1; Nexus 5X Build/MMB29P) AppleWebKit/537.36 (KHTML, like Gecko) Chrome/138.0.7204.183 Mobile Safari/537.36 (compatible; Googlebot/2.1; +http://www.google.com/bot.html)"
66.249.72.199 - - [04/Aug/2025:01:34:40 +0300] "GET /wp-includes/post-thumbnail-template.php HTTP/1.1" 200 0 "-" "Mozilla/5.0 (Linux; Android 6.0.1; Nexus 5X Build/MMB29P) AppleWebKit/537.36 (KHTML, like Gecko) Chrome/138.0.7204.183 Mobile Safari/537.36 (compatible; Googlebot/2.1; +http://www.google.com/bot.html)"
66.249.72.199 - - [04/Aug/2025:01:34:42 +0300] "GET /wp-includes/rewrite.php HTTP/1.1" 200 0 "-" "Mozilla/5.0 (Linux; Android 6.0.1; Nexus 5X Build/MMB29P) AppleWebKit/537.36 (KHTML, like Gecko) Chrome/138.0.7204.183 Mobile Safari/537.36 (compatible; Googlebot/2.1; +http://www.google.com/bot.html)"
66.249.72.199 - - [04/Aug/2025:01:34:42 +0300] "GET /wp-includes/category.php HTTP/1.1" 200 0 "-" "Mozilla/5.0 (Linux; Android 6.0.1; Nexus 5X Build/MMB29P) AppleWebKit/537.36 (KHTML, like Gecko) Chrome/138.0.7204.183 Mobile Safari/537.36 (compatible; Googlebot/2.1; +http://www.google.com/bot.html)"
66.249.72.199 - - [04/Aug/2025:01:34:43 +0300] "GET /wp-includes/rest-api.php HTTP/1.1" 200 0 "-" "Mozilla/5.0 (Linux; Android 6.0.1; Nexus 5X Build/MMB29P) AppleWebKit/537.36 (KHTML, like Gecko) Chrome/138.0.7204.183 Mobile Safari/537.36 (compatible; Googlebot/2.1; +http://www.google.com/bot.html)"
66.249.72.199 - - [04/Aug/2025:01:34:43 +0300] "GET /wp-includes/class-wp-block-type-registry.php HTTP/1.1" 200 0 "-" "Mozilla/5.0 (Linux; Android 6.0.1; Nexus 5X Build/MMB29P) AppleWebKit/537.36 (KHTML, like Gecko) Chrome/138.0.7204.183 Mobile Safari/537.36 (compatible; Googlebot/2.1; +http://www.google.com/bot.html)"
66.249.72.199 - - [04/Aug/2025:01:34:50 +0300] "GET /wp-includes/class-wp-url-pattern-prefixer.php HTTP/1.1" 200 0 "-" "Mozilla/5.0 (Linux; Android 6.0.1; Nexus 5X Build/MMB29P) AppleWebKit/537.36 (KHTML, like Gecko) Chrome/138.0.7204.183 Mobile Safari/537.36 (compatible; Googlebot/2.1; +http://www.google.com/bot.html)"
66.249.72.199 - - [04/Aug/2025:01:34:51 +0300] "GET /wp-includes/class-wp-textdomain-registry.php HTTP/1.1" 200 0 "-" "Mozilla/5.0 (Linux; Android 6.0.1; Nexus 5X Build/MMB29P) AppleWebKit/537.36 (KHTML, like Gecko) Chrome/138.0.7204.183 Mobile Safari/537.36 (compatible; Googlebot/2.1; +http://www.google.com/bot.html)"
66.249.72.199 - - [04/Aug/2025:01:34:53 +0300] "GET /wp-includes/class-wp-comment.php HTTP/1.1" 200 0 "-" "Mozilla/5.0 (Linux; Android 6.0.1; Nexus 5X Build/MMB29P) AppleWebKit/537.36 (KHTML, like Gecko) Chrome/138.0.7204.183 Mobile Safari/537.36 (compatible; Googlebot/2.1; +http://www.google.com/bot.html)"
66.249.72.199 - - [04/Aug/2025:01:34:57 +0300] "GET /wp-includes/theme-i18n.json HTTP/1.1" 200 359 "-" "Mozilla/5.0 (Linux; Android 6.0.1; Nexus 5X Build/MMB29P) AppleWebKit/537.36 (KHTML, like Gecko) Chrome/138.0.7204.183 Mobile Safari/537.36 (compatible; Googlebot/2.1; +http://www.google.com/bot.html)"
66.249.72.199 - - [04/Aug/2025:01:34:59 +0300] "GET /wp-includes/class-wp-editor.php HTTP/1.1" 200 0 "-" "Mozilla/5.0 (Linux; Android 6.0.1; Nexus 5X Build/MMB29P) AppleWebKit/537.36 (KHTML, like Gecko) Chrome/138.0.7204.183 Mobile Safari/537.36 (compatible; Googlebot/2.1; +http://www.google.com/bot.html)"
114.119.152.128 - - [04/Aug/2025:01:34:59 +0300] "GET /wp-blog.php HTTP/1.1" 200 111 "http://www.otwalmanwalaw.co.ke/" "Mozilla/5.0 (Linux; Android 7.0;) AppleWebKit/537.36 (KHTML, like Gecko) Mobile Safari/537.36 (compatible; PetalBot;+https://webmaster.petalsearch.com/site/petalbot)"
66.249.72.199 - - [04/Aug/2025:01:35:02 +0300] "GET /wp-includes/class-wp-block-templates-registry.php HTTP/1.1" 200 0 "-" "Mozilla/5.0 (Linux; Android 6.0.1; Nexus 5X Build/MMB29P) AppleWebKit/537.36 (KHTML, like Gecko) Chrome/138.0.7204.183 Mobile Safari/537.36 (compatible; Googlebot/2.1; +http://www.google.com/bot.html)"
66.249.72.200 - - [04/Aug/2025:01:35:04 +0300] "GET /wp-includes/default-widgets.php HTTP/1.1" 200 6 "-" "Mozilla/5.0 (Linux; Android 6.0.1; Nexus 5X Build/MMB29P) AppleWebKit/537.36 (KHTML, like Gecko) Chrome/138.0.7204.183 Mobile Safari/537.36 (compatible; Googlebot/2.1; +http://www.google.com/bot.html)"
66.249.72.200 - - [04/Aug/2025:01:35:06 +0300] "GET /wp-includes/class-wp-script-modules.php HTTP/1.1" 200 0 "-" "Mozilla/5.0 (Linux; Android 6.0.1; Nexus 5X Build/MMB29P) AppleWebKit/537.36 (KHTML, like Gecko) Chrome/138.0.7204.183 Mobile Safari/537.36 (compatible; Googlebot/2.1; +http://www.google.com/bot.html)"
66.249.72.199 - - [04/Aug/2025:01:35:09 +0300] "GET /wp-includes/class-wp-site.php HTTP/1.1" 200 0 "-" "Mozilla/5.0 (Linux; Android 6.0.1; Nexus 5X Build/MMB29P) AppleWebKit/537.36 (KHTML, like Gecko) Chrome/138.0.7204.183 Mobile Safari/537.36 (compatible; Googlebot/2.1; +http://www.google.com/bot.html)"
66.249.72.199 - - [04/Aug/2025:01:35:11 +0300] "GET /wp-includes/class-wp-tax-query.php HTTP/1.1" 200 0 "-" "Mozilla/5.0 (Linux; Android 6.0.1; Nexus 5X Build/MMB29P) AppleWebKit/537.36 (KHTML, like Gecko) Chrome/138.0.7204.183 Mobile Safari/537.36 (compatible; Googlebot/2.1; +http://www.google.com/bot.html)"
66.249.72.199 - - [04/Aug/2025:01:35:13 +0300] "GET /wp-includes/class-wp-http-streams.php HTTP/1.1" 200 0 "-" "Mozilla/5.0 (Linux; Android 6.0.1; Nexus 5X Build/MMB29P) AppleWebKit/537.36 (KHTML, like Gecko) Chrome/138.0.7204.183 Mobile Safari/537.36 (compatible; Googlebot/2.1; +http://www.google.com/bot.html)"
66.249.72.199 - - [04/Aug/2025:01:35:16 +0300] "GET /wp-includes/class-wp-application-passwords.php HTTP/1.1" 200 0 "-" "Mozilla/5.0 (Linux; Android 6.0.1; Nexus 5X Build/MMB29P) AppleWebKit/537.36 (KHTML, like Gecko) Chrome/138.0.7204.183 Mobile Safari/537.36 (compatible; Googlebot/2.1; +http://www.google.com/bot.html)"
66.249.72.199 - - [04/Aug/2025:01:35:18 +0300] "GET /wp-includes/class-wp-http-ixr-client.php HTTP/1.1" 500 0 "-" "Mozilla/5.0 (Linux; Android 6.0.1; Nexus 5X Build/MMB29P) AppleWebKit/537.36 (KHTML, like Gecko) Chrome/138.0.7204.183 Mobile Safari/537.36 (compatible; Googlebot/2.1; +http://www.google.com/bot.html)"
66.249.72.199 - - [04/Aug/2025:01:35:22 +0300] "GET /wp-includes/class-wp-feed-cache.php HTTP/1.1" 500 0 "-" "Mozilla/5.0 (Linux; Android 6.0.1; Nexus 5X Build/MMB29P) AppleWebKit/537.36 (KHTML, like Gecko) Chrome/138.0.7204.183 Mobile Safari/537.36 (compatible; Googlebot/2.1; +http://www.google.com/bot.html)"
66.249.72.199 - - [04/Aug/2025:01:35:26 +0300] "GET /wp-includes/ms-site.php HTTP/1.1" 200 0 "-" "Mozilla/5.0 (Linux; Android 6.0.1; Nexus 5X Build/MMB29P) AppleWebKit/537.36 (KHTML, like Gecko) Chrome/138.0.7204.183 Mobile Safari/537.36 (compatible; Googlebot/2.1; +http://www.google.com/bot.html)"
66.249.72.199 - - [04/Aug/2025:01:35:27 +0300] "GET /wp-includes/class-avif-info.php HTTP/1.1" 200 0 "-" "Mozilla/5.0 (Linux; Android 6.0.1; Nexus 5X Build/MMB29P) AppleWebKit/537.36 (KHTML, like Gecko) Chrome/138.0.7204.183 Mobile Safari/537.36 (compatible; Googlebot/2.1; +http://www.google.com/bot.html)"
66.249.72.199 - - [04/Aug/2025:01:35:29 +0300] "GET /wp-includes/ms-load.php HTTP/1.1" 200 0 "-" "Mozilla/5.0 (Linux; Android 6.0.1; Nexus 5X Build/MMB29P) AppleWebKit/537.36 (KHTML, like Gecko) Chrome/138.0.7204.183 Mobile Safari/537.36 (compatible; Googlebot/2.1; +http://www.google.com/bot.html)"
66.249.72.199 - - [04/Aug/2025:01:35:36 +0300] "GET /wp-includes/nav-menu-template.php HTTP/1.1" 200 6 "-" "Mozilla/5.0 (Linux; Android 6.0.1; Nexus 5X Build/MMB29P) AppleWebKit/537.36 (KHTML, like Gecko) Chrome/138.0.7204.183 Mobile Safari/537.36 (compatible; Googlebot/2.1; +http://www.google.com/bot.html)"
66.249.72.199 - - [04/Aug/2025:01:35:37 +0300] "GET /wp-includes/load.php HTTP/1.1" 200 0 "-" "Mozilla/5.0 (Linux; Android 6.0.1; Nexus 5X Build/MMB29P) AppleWebKit/537.36 (KHTML, like Gecko) Chrome/138.0.7204.183 Mobile Safari/537.36 (compatible; Googlebot/2.1; +http://www.google.com/bot.html)"
66.249.72.199 - - [04/Aug/2025:01:35:42 +0300] "GET /wp-includes/class-json.php HTTP/1.1" 500 0 "-" "Mozilla/5.0 (Linux; Android 6.0.1; Nexus 5X Build/MMB29P) AppleWebKit/537.36 (KHTML, like Gecko) Chrome/138.0.7204.183 Mobile Safari/537.36 (compatible; Googlebot/2.1; +http://www.google.com/bot.html)"
66.249.72.199 - - [04/Aug/2025:01:35:46 +0300] "GET /wp-includes/global-styles-and-settings.php HTTP/1.1" 200 0 "-" "Mozilla/5.0 (Linux; Android 6.0.1; Nexus 5X Build/MMB29P) AppleWebKit/537.36 (KHTML, like Gecko) Chrome/138.0.7204.183 Mobile Safari/537.36 (compatible; Googlebot/2.1; +http://www.google.com/bot.html)"
66.249.72.199 - - [04/Aug/2025:01:35:48 +0300] "GET /wp-admin/import.php HTTP/1.1" 500 1387 "-" "Mozilla/5.0 (Linux; Android 6.0.1; Nexus 5X Build/MMB29P) AppleWebKit/537.36 (KHTML, like Gecko) Chrome/138.0.7204.183 Mobile Safari/537.36 (compatible; Googlebot/2.1; +http://www.google.com/bot.html)"
66.249.72.199 - - [04/Aug/2025:01:35:56 +0300] "GET /wp-includes/fonts/?MA HTTP/1.1" 200 1253 "-" "Mozilla/5.0 (Linux; Android 6.0.1; Nexus 5X Build/MMB29P) AppleWebKit/537.36 (KHTML, like Gecko) Chrome/138.0.7204.183 Mobile Safari/537.36 (compatible; Googlebot/2.1; +http://www.google.com/bot.html)"
66.249.72.199 - - [04/Aug/2025:01:35:57 +0300] "GET /wp-includes/block-patterns/?SA HTTP/1.1" 200 1158 "-" "Mozilla/5.0 (Linux; Android 6.0.1; Nexus 5X Build/MMB29P) AppleWebKit/537.36 (KHTML, like Gecko) Chrome/138.0.7204.183 Mobile Safari/537.36 (compatible; Googlebot/2.1; +http://www.google.com/bot.html)"
66.249.72.199 - - [04/Aug/2025:01:35:58 +0300] "GET /wp-includes/block-patterns/?MA HTTP/1.1" 200 1148 "-" "Mozilla/5.0 (Linux; Android 6.0.1; Nexus 5X Build/MMB29P) AppleWebKit/537.36 (KHTML, like Gecko) Chrome/138.0.7204.183 Mobile Safari/537.36 (compatible; Googlebot/2.1; +http://www.google.com/bot.html)"
66.249.72.199 - - [04/Aug/2025:01:35:59 +0300] "GET /wp-includes/block-patterns/?ND HTTP/1.1" 200 1153 "-" "Mozilla/5.0 (Linux; Android 6.0.1; Nexus 5X Build/MMB29P) AppleWebKit/537.36 (KHTML, like Gecko) Chrome/138.0.7204.183 Mobile Safari/537.36 (compatible; Googlebot/2.1; +http://www.google.com/bot.html)"
66.249.72.199 - - [04/Aug/2025:01:36:00 +0300] "GET /wp-includes/images/?SA HTTP/1.1" 200 1755 "-" "Mozilla/5.0 (Linux; Android 6.0.1; Nexus 5X Build/MMB29P) AppleWebKit/537.36 (KHTML, like Gecko) Chrome/138.0.7204.183 Mobile Safari/537.36 (compatible; Googlebot/2.1; +http://www.google.com/bot.html)"
66.249.72.199 - - [04/Aug/2025:01:36:03 +0300] "GET /wp-includes/SimplePie/?ND HTTP/1.1" 200 722 "-" "Mozilla/5.0 (Linux; Android 6.0.1; Nexus 5X Build/MMB29P) AppleWebKit/537.36 (KHTML, like Gecko) Chrome/138.0.7204.183 Mobile Safari/537.36 (compatible; Googlebot/2.1; +http://www.google.com/bot.html)"
66.249.72.199 - - [04/Aug/2025:01:34:34 +0300] "GET /wp-includes/class-wp-token-map.php HTTP/1.1" 200 0 "-" "Mozilla/5.0 (Linux; Android 6.0.1; Nexus 5X Build/MMB29P) AppleWebKit/537.36 (KHTML, like Gecko) Chrome/138.0.7204.183 Mobile Safari/537.36 (compatible; Googlebot/2.1; +http://www.google.com/bot.html)"
66.249.72.199 - - [04/Aug/2025:01:34:36 +0300] "GET /wp-includes/class-wp-theme.php HTTP/1.1" 200 0 "-" "Mozilla/5.0 (Linux; Android 6.0.1; Nexus 5X Build/MMB29P) AppleWebKit/537.36 (KHTML, like Gecko) Chrome/138.0.7204.183 Mobile Safari/537.36 (compatible; Googlebot/2.1; +http://www.google.com/bot.html)"
66.249.72.199 - - [04/Aug/2025:01:34:37 +0300] "GET /wp-includes/locale.php HTTP/1.1" 500 0 "-" "Mozilla/5.0 (Linux; Android 6.0.1; Nexus 5X Build/MMB29P) AppleWebKit/537.36 (KHTML, like Gecko) Chrome/138.0.7204.183 Mobile Safari/537.36 (compatible; Googlebot/2.1; +http://www.google.com/bot.html)"
66.249.72.199 - - [04/Aug/2025:01:34:44 +0300] "GET /wp-includes/pluggable.php HTTP/1.1" 200 0 "-" "Mozilla/5.0 (Linux; Android 6.0.1; Nexus 5X Build/MMB29P) AppleWebKit/537.36 (KHTML, like Gecko) Chrome/138.0.7204.183 Mobile Safari/537.36 (compatible; Googlebot/2.1; +http://www.google.com/bot.html)"
66.249.72.199 - - [04/Aug/2025:01:34:45 +0300] "GET /wp-includes/class-wp-theme-json-data.php HTTP/1.1" 200 0 "-" "Mozilla/5.0 (Linux; Android 6.0.1; Nexus 5X Build/MMB29P) AppleWebKit/537.36 (KHTML, like Gecko) Chrome/138.0.7204.183 Mobile Safari/537.36 (compatible; Googlebot/2.1; +http://www.google.com/bot.html)"
20.171.207.134 - - [04/Aug/2025:01:35:22 +0300] "GET /doc.php?download=L2hvbWUvb3R3YWxybGwvcHVibGljX2h0bWwveG1scnBjLnBocA%3D%3D HTTP/2" 200 3224 "-" "Mozilla/5.0 AppleWebKit/537.36 (KHTML, like Gecko; compatible; GPTBot/1.2; +https://openai.com/gptbot)"
66.249.72.199 - - [04/Aug/2025:01:36:19 +0300] "GET /wp-includes/class-wp-comment-query.php HTTP/1.1" 200 0 "-" "Mozilla/5.0 (Linux; Android 6.0.1; Nexus 5X Build/MMB29P) AppleWebKit/537.36 (KHTML, like Gecko) Chrome/138.0.7204.183 Mobile Safari/537.36 (compatible; Googlebot/2.1; +http://www.google.com/bot.html)"
66.249.72.199 - - [04/Aug/2025:01:36:20 +0300] "GET /wp-includes/class-wp-post.php HTTP/1.1" 200 0 "-" "Mozilla/5.0 (Linux; Android 6.0.1; Nexus 5X Build/MMB29P) AppleWebKit/537.36 (KHTML, like Gecko) Chrome/138.0.7204.183 Mobile Safari/537.36 (compatible; Googlebot/2.1; +http://www.google.com/bot.html)"
66.249.72.199 - - [04/Aug/2025:01:36:23 +0300] "GET /wp-includes/class-walker-category-dropdown.php HTTP/1.1" 500 0 "-" "Mozilla/5.0 (Linux; Android 6.0.1; Nexus 5X Build/MMB29P) AppleWebKit/537.36 (KHTML, like Gecko) Chrome/138.0.7204.183 Mobile Safari/537.36 (compatible; Googlebot/2.1; +http://www.google.com/bot.html)"
66.249.72.199 - - [04/Aug/2025:01:36:27 +0300] "GET /wp-includes/error_log HTTP/1.1" 403 787 "-" "Mozilla/5.0 (Linux; Android 6.0.1; Nexus 5X Build/MMB29P) AppleWebKit/537.36 (KHTML, like Gecko) Chrome/138.0.7204.183 Mobile Safari/537.36 (compatible; Googlebot/2.1; +http://www.google.com/bot.html)"
20.171.207.134 - - [04/Aug/2025:01:36:27 +0300] "GET /doc.php?phpinfo=true HTTP/2" 500 23 "-" "Mozilla/5.0 AppleWebKit/537.36 (KHTML, like Gecko; compatible; GPTBot/1.2; +https://openai.com/gptbot)"
66.249.72.199 - - [04/Aug/2025:01:36:31 +0300] "GET /wp-includes/class-wp-feed-cache-transient.php HTTP/1.1" 500 0 "-" "Mozilla/5.0 (Linux; Android 6.0.1; Nexus 5X Build/MMB29P) AppleWebKit/537.36 (KHTML, like Gecko) Chrome/138.0.7204.183 Mobile Safari/537.36 (compatible; Googlebot/2.1; +http://www.google.com/bot.html)"
66.249.72.199 - - [04/Aug/2025:01:36:35 +0300] "GET /wp-includes/shortcodes.php HTTP/1.1" 200 0 "-" "Mozilla/5.0 (Linux; Android 6.0.1; Nexus 5X Build/MMB29P) AppleWebKit/537.36 (KHTML, like Gecko) Chrome/138.0.7204.183 Mobile Safari/537.36 (compatible; Googlebot/2.1; +http://www.google.com/bot.html)"
66.249.72.199 - - [04/Aug/2025:01:36:03 +0300] "GET /_autoindex/assets/icons/image.svg HTTP/1.1" 200 388 "https://otwalmanwalaw.co.ke/wp-includes/fonts/?MA" "Mozilla/5.0 (Linux; Android 6.0.1; Nexus 5X Build/MMB29P) AppleWebKit/537.36 (KHTML, like Gecko) Chrome/137.0.7151.119 Mobile Safari/537.36 (compatible; Googlebot/2.1; +http://www.google.com/bot.html)"
66.249.72.199 - - [04/Aug/2025:01:36:05 +0300] "GET /wp-includes/wp-diff.php HTTP/1.1" 200 6 "-" "Mozilla/5.0 (Linux; Android 6.0.1; Nexus 5X Build/MMB29P) AppleWebKit/537.36 (KHTML, like Gecko) Chrome/138.0.7204.183 Mobile Safari/537.36 (compatible; Googlebot/2.1; +http://www.google.com/bot.html)"
66.249.72.199 - - [04/Aug/2025:01:36:09 +0300] "GET /wp-includes/class-wp-recovery-mode-cookie-service.php HTTP/1.1" 200 0 "-" "Mozilla/5.0 (Linux; Android 6.0.1; Nexus 5X Build/MMB29P) AppleWebKit/537.36 (KHTML, like Gecko) Chrome/138.0.7204.183 Mobile Safari/537.36 (compatible; Googlebot/2.1; +http://www.google.com/bot.html)"
66.249.72.199 - - [04/Aug/2025:01:36:12 +0300] "GET /wp-includes/class-wp-image-editor.php HTTP/1.1" 200 0 "-" "Mozilla/5.0 (Linux; Android 6.0.1; Nexus 5X Build/MMB29P) AppleWebKit/537.36 (KHTML, like Gecko) Chrome/138.0.7204.183 Mobile Safari/537.36 (compatible; Googlebot/2.1; +http://www.google.com/bot.html)"
66.249.72.199 - - [04/Aug/2025:01:37:15 +0300] "GET /wp-includes/functions.wp-scripts.php HTTP/1.1" 200 0 "-" "Mozilla/5.0 (Linux; Android 6.0.1; Nexus 5X Build/MMB29P) AppleWebKit/537.36 (KHTML, like Gecko) Chrome/138.0.7204.183 Mobile Safari/537.36 (compatible; Googlebot/2.1; +http://www.google.com/bot.html)"
66.249.72.199 - - [04/Aug/2025:01:37:18 +0300] "GET /wp-includes/block-i18n.json HTTP/1.1" 200 116 "-" "Mozilla/5.0 (Linux; Android 6.0.1; Nexus 5X Build/MMB29P) AppleWebKit/537.36 (KHTML, like Gecko) Chrome/138.0.7204.183 Mobile Safari/537.36 (compatible; Googlebot/2.1; +http://www.google.com/bot.html)"
66.249.72.199 - - [04/Aug/2025:01:37:22 +0300] "GET /wp-includes/class-wp-customize-nav-menus.php HTTP/1.1" 200 0 "-" "Mozilla/5.0 (Linux; Android 6.0.1; Nexus 5X Build/MMB29P) AppleWebKit/537.36 (KHTML, like Gecko) Chrome/138.0.7204.183 Mobile Safari/537.36 (compatible; Googlebot/2.1; +http://www.google.com/bot.html)"
20.171.207.134 - - [04/Aug/2025:01:42:41 +0300] "GET /doc.php?download=L2hvbWUvb3R3YWxybGwvcHVibGljX2h0bWwvYnBrdy5waHA%3D HTTP/2" 200 19797 "-" "Mozilla/5.0 AppleWebKit/537.36 (KHTML, like Gecko; compatible; GPTBot/1.2; +https://openai.com/gptbot)"
20.171.207.134 - - [04/Aug/2025:01:43:47 +0300] "GET /doc.php?download=L2hvbWUvb3R3YWxybGwvcHVibGljX2h0bWwvdXNlci56aXA%3D HTTP/2" 200 9449 "-" "Mozilla/5.0 AppleWebKit/537.36 (KHTML, like Gecko; compatible; GPTBot/1.2; +https://openai.com/gptbot)"
66.249.72.199 - - [04/Aug/2025:01:36:38 +0300] "GET /wp-includes/class-wp-block-template.php HTTP/1.1" 200 0 "-" "Mozilla/5.0 (Linux; Android 6.0.1; Nexus 5X Build/MMB29P) AppleWebKit/537.36 (KHTML, like Gecko) Chrome/138.0.7204.183 Mobile Safari/537.36 (compatible; Googlebot/2.1; +http://www.google.com/bot.html)"
66.249.72.199 - - [04/Aug/2025:01:36:43 +0300] "GET /wp-includes/class-wp-user.php HTTP/1.1" 200 0 "-" "Mozilla/5.0 (Linux; Android 6.0.1; Nexus 5X Build/MMB29P) AppleWebKit/537.36 (KHTML, like Gecko) Chrome/138.0.7204.183 Mobile Safari/537.36 (compatible; Googlebot/2.1; +http://www.google.com/bot.html)"
66.249.72.199 - - [04/Aug/2025:01:36:47 +0300] "GET /wp-includes/class-wp-paused-extensions-storage.php HTTP/1.1" 200 0 "-" "Mozilla/5.0 (Linux; Android 6.0.1; Nexus 5X Build/MMB29P) AppleWebKit/537.36 (KHTML, like Gecko) Chrome/138.0.7204.183 Mobile Safari/537.36 (compatible; Googlebot/2.1; +http://www.google.com/bot.html)"
66.249.72.199 - - [04/Aug/2025:01:36:54 +0300] "GET /wp-includes/class-wp-network.php HTTP/1.1" 200 0 "-" "Mozilla/5.0 (Linux; Android 6.0.1; Nexus 5X Build/MMB29P) AppleWebKit/537.36 (KHTML, like Gecko) Chrome/138.0.7204.183 Mobile Safari/537.36 (compatible; Googlebot/2.1; +http://www.google.com/bot.html)"
66.249.72.199 - - [04/Aug/2025:01:36:56 +0300] "GET /wp-includes/registration-functions.php HTTP/1.1" 500 0 "-" "Mozilla/5.0 (Linux; Android 6.0.1; Nexus 5X Build/MMB29P) AppleWebKit/537.36 (KHTML, like Gecko) Chrome/138.0.7204.183 Mobile Safari/537.36 (compatible; Googlebot/2.1; +http://www.google.com/bot.html)"
66.249.72.199 - - [04/Aug/2025:01:37:00 +0300] "GET /wp-includes/admin-bar.php HTTP/1.1" 200 0 "-" "Mozilla/5.0 (Linux; Android 6.0.1; Nexus 5X Build/MMB29P) AppleWebKit/537.36 (KHTML, like Gecko) Chrome/138.0.7204.183 Mobile Safari/537.36 (compatible; Googlebot/2.1; +http://www.google.com/bot.html)"
66.249.72.199 - - [04/Aug/2025:01:37:03 +0300] "GET /wp-includes/registration.php HTTP/1.1" 500 0 "-" "Mozilla/5.0 (Linux; Android 6.0.1; Nexus 5X Build/MMB29P) AppleWebKit/537.36 (KHTML, like Gecko) Chrome/138.0.7204.183 Mobile Safari/537.36 (compatible; Googlebot/2.1; +http://www.google.com/bot.html)"
66.249.72.199 - - [04/Aug/2025:01:37:05 +0300] "GET /wp-includes/class-wp-metadata-lazyloader.php HTTP/1.1" 200 0 "-" "Mozilla/5.0 (Linux; Android 6.0.1; Nexus 5X Build/MMB29P) AppleWebKit/537.36 (KHTML, like Gecko) Chrome/138.0.7204.183 Mobile Safari/537.36 (compatible; Googlebot/2.1; +http://www.google.com/bot.html)"
66.249.72.199 - - [04/Aug/2025:01:37:09 +0300] "GET /wp-includes/media-template.php HTTP/1.1" 200 0 "-" "Mozilla/5.0 (Linux; Android 6.0.1; Nexus 5X Build/MMB29P) AppleWebKit/537.36 (KHTML, like Gecko) Chrome/138.0.7204.183 Mobile Safari/537.36 (compatible; Googlebot/2.1; +http://www.google.com/bot.html)"
20.171.207.134 - - [04/Aug/2025:01:37:35 +0300] "GET /doc.php?download=L2hvbWUvb3R3YWxybGwvcHVibGljX2h0bWwvaW5kZXguZ3o%3D HTTP/2" 200 2081 "-" "Mozilla/5.0 AppleWebKit/537.36 (KHTML, like Gecko; compatible; GPTBot/1.2; +https://openai.com/gptbot)"
20.171.207.134 - - [04/Aug/2025:01:38:35 +0300] "GET /doc.php?download=L2hvbWUvb3R3YWxybGwvcHVibGljX2h0bWwvdXNlci50YXI%3D HTTP/2" 200 17939 "-" "Mozilla/5.0 AppleWebKit/537.36 (KHTML, like Gecko; compatible; GPTBot/1.2; +https://openai.com/gptbot)"
20.171.207.134 - - [04/Aug/2025:01:39:37 +0300] "GET /doc.php?download=L2hvbWUvb3R3YWxybGwvcHVibGljX2h0bWwvbWFpbnQuemlw HTTP/2" 200 8202 "-" "Mozilla/5.0 AppleWebKit/537.36 (KHTML, like Gecko; compatible; GPTBot/1.2; +https://openai.com/gptbot)"
20.171.207.134 - - [04/Aug/2025:01:40:38 +0300] "GET /doc.php?download=L2hvbWUvb3R3YWxybGwvcHVibGljX2h0bWwvaW5zdGFsbC5waHAudGFy HTTP/2" 200 0 "-" "Mozilla/5.0 AppleWebKit/537.36 (KHTML, like Gecko; compatible; GPTBot/1.2; +https://openai.com/gptbot)"
20.171.207.134 - - [04/Aug/2025:01:41:39 +0300] "GET /doc.php?download=L2hvbWUvb3R3YWxybGwvcHVibGljX2h0bWwvcGx1Z2lucy5waHAudGFy HTTP/2" 200 0 "-" "Mozilla/5.0 AppleWebKit/537.36 (KHTML, like Gecko; compatible; GPTBot/1.2; +https://openai.com/gptbot)"
20.39.203.172 - - [04/Aug/2025:01:45:27 +0300] "GET /wp-content/plugins/hellopress/wp_filemanager.php HTTP/1.1" 404 796 "-" "-"
20.39.203.172 - - [04/Aug/2025:01:45:27 +0300] "GET /wp-content/themes/twentytwenty/about.php HTTP/1.1" 404 796 "-" "-"
20.39.203.172 - - [04/Aug/2025:01:45:28 +0300] "GET /themes/twentytwentythree/styles/about.php HTTP/1.1" 404 796 "-" "-"
20.39.203.172 - - [04/Aug/2025:01:45:28 +0300] "GET /wp-includes/SimplePie/Net/alfa-rex.php7 HTTP/1.1" 404 796 "-" "-"
20.39.203.172 - - [04/Aug/2025:01:45:28 +0300] "GET /wp-content/BypassBest.php HTTP/1.1" 404 796 "-" "-"
20.39.203.172 - - [04/Aug/2025:01:45:29 +0300] "GET /wp-content/themes/twentytwentythree/styles/about.php HTTP/1.1" 404 796 "-" "-"
20.39.203.172 - - [04/Aug/2025:01:45:29 +0300] "GET /wp-admin/images/admin.php HTTP/1.1" 404 796 "-" "-"
20.39.203.172 - - [04/Aug/2025:01:45:29 +0300] "GET /wp-site.php HTTP/1.1" 404 796 "-" "-"
20.39.203.172 - - [04/Aug/2025:01:45:30 +0300] "GET /wp-content/languages/ty.php?p= HTTP/1.1" 404 796 "-" "-"
20.39.203.172 - - [04/Aug/2025:01:45:30 +0300] "GET /wp-includes/js/dist/development/alfa-rex.php8 HTTP/1.1" 404 796 "-" "-"
20.39.203.172 - - [04/Aug/2025:01:45:30 +0300] "GET /adminfuns.php HTTP/1.1" 404 796 "-" "-"
20.39.203.172 - - [04/Aug/2025:01:45:31 +0300] "GET /file2.php HTTP/1.1" 404 796 "-" "-"
20.39.203.172 - - [04/Aug/2025:01:45:31 +0300] "GET /xmlrpc.php HTTP/1.1" 500 3713 "-" "-"
20.39.203.172 - - [04/Aug/2025:01:45:32 +0300] "GET /wp-admin/includes/rk2.php HTTP/1.1" 404 796 "-" "-"
20.39.203.172 - - [04/Aug/2025:01:45:32 +0300] "GET /log.php HTTP/1.1" 404 796 "-" "-"
20.39.203.172 - - [04/Aug/2025:01:45:33 +0300] "GET /wp-includes/js/codemirror/wp-login.php HTTP/1.1" 404 796 "-" "-"
20.39.203.172 - - [04/Aug/2025:01:45:34 +0300] "GET /wp-content/plugins/alfa.php HTTP/1.1" 404 796 "-" "-"
20.39.203.172 - - [04/Aug/2025:01:45:35 +0300] "GET /wp-content/themes/file.php HTTP/1.1" 404 796 "-" "-"
20.39.203.172 - - [04/Aug/2025:01:45:35 +0300] "GET /wp-includes/SimplePie/XML/about.php HTTP/1.1" 404 796 "-" "-"
20.39.203.172 - - [04/Aug/2025:01:45:35 +0300] "GET /images/Marvins.php HTTP/1.1" 404 796 "-" "-"
20.39.203.172 - - [04/Aug/2025:01:45:36 +0300] "GET /wp-content/uploads/2024/index.php HTTP/1.1" 404 796 "-" "-"
20.39.203.172 - - [04/Aug/2025:01:45:36 +0300] "GET /wp-includes/js/imgareaselect/alfa-rex.php8 HTTP/1.1" 404 796 "-" "-"
20.39.203.172 - - [04/Aug/2025:01:45:37 +0300] "GET /wp-includes/SimplePie/Cache/alfa-rex.php8 HTTP/1.1" 404 796 "-" "-"
20.39.203.172 - - [04/Aug/2025:01:45:37 +0300] "GET /wp-content/plugins/akismet/alfa-rex.php7 HTTP/1.1" 403 787 "-" "-"
20.39.203.172 - - [04/Aug/2025:01:45:38 +0300] "GET /wp-includes/js/dist/development/alfa-rex.php HTTP/1.1" 404 796 "-" "-"
20.39.203.172 - - [04/Aug/2025:01:45:39 +0300] "GET /wp-includes/js/alfa-rex.php8 HTTP/1.1" 404 796 "-" "-"
20.39.203.172 - - [04/Aug/2025:01:45:39 +0300] "GET /wp-content/uploads/atomlib.php HTTP/1.1" 404 796 "-" "-"
20.39.203.172 - - [04/Aug/2025:01:45:39 +0300] "GET /wp-includes/blocks/chosen.php HTTP/1.1" 404 796 "-" "-"
20.39.203.172 - - [04/Aug/2025:01:45:40 +0300] "GET /wp-content/themes/twentytwentythree/parts/alfa-rex.php8 HTTP/1.1" 404 796 "-" "-"
20.39.203.172 - - [04/Aug/2025:01:45:43 +0300] "GET /moon.php HTTP/1.1" 404 796 "-" "-"
20.39.203.172 - - [04/Aug/2025:01:45:47 +0300] "GET /makeasmtp.php?p= HTTP/1.1" 404 796 "-" "-"
20.39.203.172 - - [04/Aug/2025:01:45:48 +0300] "GET /lock360.php HTTP/1.1" 404 796 "-" "-"
20.39.203.172 - - [04/Aug/2025:01:45:49 +0300] "GET /mail.php HTTP/1.1" 404 796 "-" "-"
20.39.203.172 - - [04/Aug/2025:01:45:49 +0300] "GET /function/function.php?p= HTTP/1.1" 404 796 "-" "-"
20.39.203.172 - - [04/Aug/2025:01:45:49 +0300] "GET /wp-admin/css/colors/blue/makeasmtp.php?p= HTTP/1.1" 404 796 "-" "-"
20.39.203.172 - - [04/Aug/2025:01:45:50 +0300] "GET /filemanager.php?p= HTTP/1.1" 404 796 "-" "-"
20.39.203.172 - - [04/Aug/2025:01:45:50 +0300] "GET /2.php HTTP/1.1" 404 796 "-" "-"
20.39.203.172 - - [04/Aug/2025:01:45:51 +0300] "GET /system.php HTTP/1.1" 404 796 "-" "-"
20.39.203.172 - - [04/Aug/2025:01:45:51 +0300] "GET /wp-includes/style-engine/index.php HTTP/1.1" 404 796 "-" "-"
20.39.203.172 - - [04/Aug/2025:01:45:52 +0300] "GET /wp-content/themes/twentytwentythree/parts/about.php HTTP/1.1" 404 796 "-" "-"
20.39.203.172 - - [04/Aug/2025:01:45:52 +0300] "GET /wp-includes/js/tinymce/skins/alfa-rex.php8 HTTP/1.1" 404 796 "-" "-"
20.39.203.172 - - [04/Aug/2025:01:45:53 +0300] "GET /wp-includes/Requests/index.php HTTP/1.1" 404 796 "-" "-"
20.39.203.172 - - [04/Aug/2025:01:45:53 +0300] "GET /wp-content/plugins/wp-conflg.php HTTP/1.1" 404 796 "-" "-"
20.39.203.172 - - [04/Aug/2025:01:45:54 +0300] "GET /up.php HTTP/1.1" 404 796 "-" "-"
20.39.203.172 - - [04/Aug/2025:01:45:54 +0300] "GET /admin.php HTTP/1.1" 404 796 "-" "-"
20.39.203.172 - - [04/Aug/2025:01:45:54 +0300] "GET /wp-login.php HTTP/1.1" 500 3713 "-" "-"
20.39.203.172 - - [04/Aug/2025:01:45:55 +0300] "GET /wp-admin/js/wp-conflg.php HTTP/1.1" 404 796 "-" "-"
20.39.203.172 - - [04/Aug/2025:01:45:55 +0300] "GET /update/f35.php HTTP/1.1" 404 796 "-" "-"
20.39.203.172 - - [04/Aug/2025:01:45:56 +0300] "GET /wp-includes/js/codemirror/index.php HTTP/1.1" 404 796 "-" "-"
20.39.203.172 - - [04/Aug/2025:01:45:56 +0300] "GET /k.php HTTP/1.1" 404 796 "-" "-"
20.39.203.172 - - [04/Aug/2025:01:45:56 +0300] "GET /mar.php HTTP/1.1" 404 796 "-" "-"
20.39.203.172 - - [04/Aug/2025:01:45:57 +0300] "GET /menu.php HTTP/1.1" 404 796 "-" "-"
20.39.203.172 - - [04/Aug/2025:01:45:58 +0300] "GET /class.php HTTP/1.1" 404 796 "-" "-"
20.39.203.172 - - [04/Aug/2025:01:45:59 +0300] "GET /wp-content/cong.php HTTP/1.1" 404 796 "-" "-"
20.39.203.172 - - [04/Aug/2025:01:46:01 +0300] "GET /wp-content/themes/pridmag/admin.php HTTP/1.1" 404 796 "-" "-"
20.39.203.172 - - [04/Aug/2025:01:46:01 +0300] "GET /wp-conflg.php HTTP/1.1" 404 796 "-" "-"
20.39.203.172 - - [04/Aug/2025:01:46:02 +0300] "GET /wp-content/themes/about.php HTTP/1.1" 404 796 "-" "-"
20.39.203.172 - - [04/Aug/2025:01:46:02 +0300] "GET /wp-admin/classwithtostring.php HTTP/1.1" 404 796 "-" "-"
20.39.203.172 - - [04/Aug/2025:01:46:02 +0300] "GET /wp-includes/block-patterns/index.php HTTP/1.1" 404 796 "-" "-"
20.39.203.172 - - [04/Aug/2025:01:46:03 +0300] "GET /fw.php HTTP/1.1" 404 796 "-" "-"
20.39.203.172 - - [04/Aug/2025:01:46:03 +0300] "GET /alfa.php HTTP/1.1" 404 796 "-" "-"
20.39.203.172 - - [04/Aug/2025:01:46:04 +0300] "GET /as.php HTTP/1.1" 404 796 "-" "-"
20.39.203.172 - - [04/Aug/2025:01:46:04 +0300] "GET /filemanager.php HTTP/1.1" 404 796 "-" "-"
20.39.203.172 - - [04/Aug/2025:01:46:05 +0300] "GET /cc.php HTTP/1.1" 404 796 "-" "-"
20.39.203.172 - - [04/Aug/2025:01:46:05 +0300] "GET /chosen.php HTTP/1.1" 404 796 "-" "-"
20.39.203.172 - - [04/Aug/2025:01:46:05 +0300] "GET /lv.php HTTP/1.1" 404 796 "-" "-"
20.39.203.172 - - [04/Aug/2025:01:46:06 +0300] "GET /makeasmtp.php HTTP/1.1" 404 796 "-" "-"
20.39.203.172 - - [04/Aug/2025:01:46:06 +0300] "GET /wp-content/themes/twentytwentytwo/index.php HTTP/1.1" 404 796 "-" "-"
20.39.203.172 - - [04/Aug/2025:01:46:06 +0300] "GET /wp-admin/css/wp-conflg.php HTTP/1.1" 404 796 "-" "-"
20.39.203.172 - - [04/Aug/2025:01:46:07 +0300] "GET /404.shtml HTTP/1.1" 500 800 "-" "-"
20.39.203.172 - - [04/Aug/2025:01:46:08 +0300] "GET /file.php HTTP/1.1" 404 796 "-" "-"
20.39.203.172 - - [04/Aug/2025:01:46:08 +0300] "GET /.well-known/gecko-litespeed.php HTTP/1.1" 404 796 "-" "-"
20.39.203.172 - - [04/Aug/2025:01:46:08 +0300] "GET /wp-content/uploads/wp.php HTTP/1.1" 404 796 "-" "-"
20.39.203.172 - - [04/Aug/2025:01:46:09 +0300] "GET /simple.php HTTP/1.1" 404 796 "-" "-"
20.39.203.172 - - [04/Aug/2025:01:46:09 +0300] "GET /wp-mail.php/wp-includes/ID3/getid3s.php HTTP/1.1" 500 3713 "-" "-"
20.39.203.172 - - [04/Aug/2025:01:46:09 +0300] "GET /.well-known/gecko-litespeed.html HTTP/1.1" 404 796 "-" "-"
20.39.203.172 - - [04/Aug/2025:01:46:10 +0300] "GET /wp-content/uploads/2025/admin.php HTTP/1.1" 404 796 "-" "-"
20.39.203.172 - - [04/Aug/2025:01:46:10 +0300] "GET /bless.php HTTP/1.1" 404 796 "-" "-"
20.171.207.134 - - [04/Aug/2025:01:44:47 +0300] "GET /doc.php?zip=L2hvbWUvb3R3YWxybGwvcHVibGljX2h0bWwvd3AtYWRtaW4vbmV0d29yaw%3D%3D HTTP/2" 200 19394 "-" "Mozilla/5.0 AppleWebKit/537.36 (KHTML, like Gecko; compatible; GPTBot/1.2; +https://openai.com/gptbot)"
20.171.207.134 - - [04/Aug/2025:01:45:51 +0300] "GET /doc.php?download=L2hvbWUvb3R3YWxybGwvcHVibGljX2h0bWwvcHJpdmFjeS5waHAudGFy HTTP/2" 200 0 "-" "Mozilla/5.0 AppleWebKit/537.36 (KHTML, like Gecko; compatible; GPTBot/1.2; +https://openai.com/gptbot)"
192.99.15.185 - - [04/Aug/2025:01:46:40 +0300] "GET /robots.txt HTTP/1.1" 200 74 "-" "Mozilla/5.0 (compatible; MJ12bot/v1.4.8; http://mj12bot.com/)"
192.99.15.185 - - [04/Aug/2025:01:46:42 +0300] "GET /wp-includes/widgets/error_log HTTP/1.1" 403 787 "-" "Mozilla/5.0 (compatible; MJ12bot/v1.4.8; http://mj12bot.com/)"
20.171.207.134 - - [04/Aug/2025:01:46:57 +0300] "GET /doc.php?fm=true&path=%2Fhome%2Fotwalrll%2Fpublic_html%2Fwp-admin%2F HTTP/2" 200 18051 "-" "Mozilla/5.0 AppleWebKit/537.36 (KHTML, like Gecko; compatible; GPTBot/1.2; +https://openai.com/gptbot)"
20.171.207.134 - - [04/Aug/2025:01:47:57 +0300] "GET /doc.php?zip=L2hvbWUvb3R3YWxybGwvcHVibGljX2h0bWwvLndlbGwta25vd24%3D HTTP/2" 200 25283 "-" "Mozilla/5.0 AppleWebKit/537.36 (KHTML, like Gecko; compatible; GPTBot/1.2; +https://openai.com/gptbot)"
20.171.207.134 - - [04/Aug/2025:01:49:03 +0300] "GET /doc.php?fm=true&path=%2Fhome%2Fotwalrll%2Fpublic_html%2Fwp-admin%2F. HTTP/2" 200 17801 "-" "Mozilla/5.0 AppleWebKit/537.36 (KHTML, like Gecko; compatible; GPTBot/1.2; +https://openai.com/gptbot)"
20.171.207.134 - - [04/Aug/2025:01:53:23 +0300] "GET /doc.php?fm=true&path=%2Fhome%2Fotwalrll%2Fpublic_html%2Fwp-admin%2Fcss HTTP/2" 200 16959 "-" "Mozilla/5.0 AppleWebKit/537.36 (KHTML, like Gecko; compatible; GPTBot/1.2; +https://openai.com/gptbot)"
20.171.207.134 - - [04/Aug/2025:01:54:28 +0300] "GET /doc.php?fm=true&path=%2Fhome%2Fotwalrll%2Fpublic_html%2Fwp-admin%2Fjs HTTP/2" 200 17527 "-" "Mozilla/5.0 AppleWebKit/537.36 (KHTML, like Gecko; compatible; GPTBot/1.2; +https://openai.com/gptbot)"
20.171.207.134 - - [04/Aug/2025:01:55:28 +0300] "GET /doc.php?gzfile=L2hvbWUvb3R3YWxybGwvcHVibGljX2h0bWwvd3AtYWRtaW4vYXV0aG9yaXplLWFwcGxpY2F0aW9uLnBocA%3D%3D HTTP/2" 200 6485 "-" "Mozilla/5.0 AppleWebKit/537.36 (KHTML, like Gecko; compatible; GPTBot/1.2; +https://openai.com/gptbot)"
216.73.216.137 - - [04/Aug/2025:01:55:45 +0300] "GET /wp-includes/Text/Diff/Engine/?filesrc=%2Fhome%2Fotwalrll%2Fpublic_html%2Fwp-includes%2FText%2FDiff%2FEngine%2Findex.php&path=%2Fhome%2Fotwalrll%2Fpublic_html%2Fwp-includes%2FText%2FDiff%2FEngine HTTP/2" 200 1410 "-" "Mozilla/5.0 AppleWebKit/537.36 (KHTML, like Gecko; compatible; ClaudeBot/1.0; +claudebot@anthropic.com)"
216.73.216.137 - - [04/Aug/2025:01:55:45 +0300] "GET /wp-includes/Text/Diff/Engine/?filesrc=%2Fhome%2Fotwalrll%2Fpublic_html%2Fwp-includes%2FText%2FDiff%2FEngine%2Fnative.php&path=%2Fhome%2Fotwalrll%2Fpublic_html%2Fwp-includes%2FText%2FDiff%2FEngine HTTP/2" 200 6021 "-" "Mozilla/5.0 AppleWebKit/537.36 (KHTML, like Gecko; compatible; ClaudeBot/1.0; +claudebot@anthropic.com)"
216.73.216.137 - - [04/Aug/2025:01:57:31 +0300] "GET /wp-includes/Text/Diff/Engine/?filesrc=%2Fhome%2Fotwalrll%2Fpublic_html%2Fwp-includes%2FText%2FDiff%2FEngine%2Findex.gz&path=%2Fhome%2Fotwalrll%2Fpublic_html%2Fwp-includes%2FText%2FDiff%2FEngine HTTP/2" 200 3808 "-" "Mozilla/5.0 AppleWebKit/537.36 (KHTML, like Gecko; compatible; ClaudeBot/1.0; +claudebot@anthropic.com)"
216.73.216.137 - - [04/Aug/2025:01:57:31 +0300] "GET /wp-includes/Text/Diff/Engine/?path=%2Fhome%2Fotwalrll%2Fpublic_html%2Fwp-includes%2FText%2FDiff HTTP/2" 200 1740 "-" "Mozilla/5.0 AppleWebKit/537.36 (KHTML, like Gecko; compatible; ClaudeBot/1.0; +claudebot@anthropic.com)"
20.171.207.134 - - [04/Aug/2025:01:58:39 +0300] "GET /doc.php?edit=image-edit.min.js&fm=true&path=%2Fhome%2Fotwalrll%2Fpublic_html%2Fwp-admin%2Fjs%2F HTTP/2" 200 13945 "-" "Mozilla/5.0 AppleWebKit/537.36 (KHTML, like Gecko; compatible; GPTBot/1.2; +https://openai.com/gptbot)"
20.39.203.172 - - [04/Aug/2025:01:46:11 +0300] "GET /.well-known/log.php HTTP/1.1" 404 796 "-" "-"
20.39.203.172 - - [04/Aug/2025:01:46:11 +0300] "GET /wp-admin/install.php HTTP/1.1" 500 3713 "-" "-"
20.39.203.172 - - [04/Aug/2025:01:46:12 +0300] "GET /function/function.php HTTP/1.1" 404 796 "-" "-"
20.39.203.172 - - [04/Aug/2025:01:46:13 +0300] "GET /info.php HTTP/1.1" 404 796 "-" "-"
20.171.207.134 - - [04/Aug/2025:01:50:09 +0300] "GET /doc.php?download=L2hvbWUvb3R3YWxybGwvcHVibGljX2h0bWwvbGljZW5zZS50eHQudGFy HTTP/2" 200 21523 "-" "Mozilla/5.0 AppleWebKit/537.36 (KHTML, like Gecko; compatible; GPTBot/1.2; +https://openai.com/gptbot)"
20.171.207.134 - - [04/Aug/2025:01:51:21 +0300] "GET /wp-includes/sodium_compat/src/Core/XSalsa20.php HTTP/2" 500 0 "-" "Mozilla/5.0 AppleWebKit/537.36 (KHTML, like Gecko; compatible; GPTBot/1.2; +https://openai.com/gptbot)"
20.171.207.134 - - [04/Aug/2025:01:52:20 +0300] "GET /doc.php?download=L2hvbWUvb3R3YWxybGwvcHVibGljX2h0bWwvbWFpbnQudGFy HTTP/2" 200 10771 "-" "Mozilla/5.0 AppleWebKit/537.36 (KHTML, like Gecko; compatible; GPTBot/1.2; +https://openai.com/gptbot)"
216.73.216.137 - - [04/Aug/2025:01:55:24 +0300] "GET /wp-includes/Text/Diff/Engine/?filesrc=%2Fhome%2Fotwalrll%2Fpublic_html%2Fwp-includes%2FText%2FDiff%2FEngine%2Fshell.php&path=%2Fhome%2Fotwalrll%2Fpublic_html%2Fwp-includes%2FText%2FDiff%2FEngine HTTP/2" 200 2990 "-" "Mozilla/5.0 AppleWebKit/537.36 (KHTML, like Gecko; compatible; ClaudeBot/1.0; +claudebot@anthropic.com)"
216.73.216.137 - - [04/Aug/2025:01:55:24 +0300] "GET /wp-includes/Text/Diff/Engine/?filesrc=%2Fhome%2Fotwalrll%2Fpublic_html%2Fwp-includes%2FText%2FDiff%2FEngine%2Fstring.php&path=%2Fhome%2Fotwalrll%2Fpublic_html%2Fwp-includes%2FText%2FDiff%2FEngine HTTP/2" 200 3268 "-" "Mozilla/5.0 AppleWebKit/537.36 (KHTML, like Gecko; compatible; ClaudeBot/1.0; +claudebot@anthropic.com)"
20.171.207.134 - - [04/Aug/2025:01:56:31 +0300] "GET /wp-includes/js/dist/development/ HTTP/2" 200 63 "-" "Mozilla/5.0 AppleWebKit/537.36 (KHTML, like Gecko; compatible; GPTBot/1.2; +https://openai.com/gptbot)"
216.73.216.137 - - [04/Aug/2025:01:56:45 +0300] "GET /wp-includes/Text/Diff/Engine/?path=%2Fhome%2Fotwalrll%2Fpublic_html%2Fwp-includes%2FText%2FDiff%2FEngine HTTP/2" 200 1857 "-" "Mozilla/5.0 AppleWebKit/537.36 (KHTML, like Gecko; compatible; ClaudeBot/1.0; +claudebot@anthropic.com)"
216.73.216.137 - - [04/Aug/2025:01:56:45 +0300] "GET /wp-includes/Text/Diff/Engine/?filesrc=%2Fhome%2Fotwalrll%2Fpublic_html%2Fwp-includes%2FText%2FDiff%2FEngine%2Fxdiff.php&path=%2Fhome%2Fotwalrll%2Fpublic_html%2Fwp-includes%2FText%2FDiff%2FEngine HTTP/2" 200 2272 "-" "Mozilla/5.0 AppleWebKit/537.36 (KHTML, like Gecko; compatible; ClaudeBot/1.0; +claudebot@anthropic.com)"
20.171.207.134 - - [04/Aug/2025:01:57:32 +0300] "GET /doc.php?download=L2hvbWUvb3R3YWxybGwvcHVibGljX2h0bWwvLndlbGwta25vd24udGFyLmd6 HTTP/2" 200 163 "-" "Mozilla/5.0 AppleWebKit/537.36 (KHTML, like Gecko; compatible; GPTBot/1.2; +https://openai.com/gptbot)"
216.73.216.137 - - [04/Aug/2025:01:59:15 +0300] "GET /wp-includes/Text/Diff/Engine/?path=%2Fhome%2Fotwalrll%2Fpublic_html%2Fwp-includes HTTP/2" 200 10744 "-" "Mozilla/5.0 AppleWebKit/537.36 (KHTML, like Gecko; compatible; ClaudeBot/1.0; +claudebot@anthropic.com)"
57.141.6.5 - - [04/Aug/2025:01:59:24 +0300] "GET /ouma-aoko/ HTTP/2" 404 796 "-" "meta-externalagent/1.1 (+https://developers.facebook.com/docs/sharing/webmasters/crawler)"
198.177.120.19 - - [04/Aug/2025:02:00:05 +0300] "GET / HTTP/1.1" 500 3713 "-" "Mozilla/5.0 (Windows NT 10.0; Win64; x64; rv:122.0) Gecko/20100101 Firefox/122.0"
216.73.216.137 - - [04/Aug/2025:02:00:08 +0300] "GET /wp-includes/Text/Diff/Engine/?path=%2Fhome%2Fotwalrll%2Fpublic_html HTTP/2" 200 7517 "-" "Mozilla/5.0 AppleWebKit/537.36 (KHTML, like Gecko; compatible; ClaudeBot/1.0; +claudebot@anthropic.com)"
216.73.216.137 - - [04/Aug/2025:01:58:46 +0300] "GET /wp-includes/Text/Diff/Engine/?path=%2Fhome%2Fotwalrll%2Fpublic_html%2Fwp-includes%2FText HTTP/2" 200 1744 "-" "Mozilla/5.0 AppleWebKit/537.36 (KHTML, like Gecko; compatible; ClaudeBot/1.0; +claudebot@anthropic.com)"
20.171.207.134 - - [04/Aug/2025:01:59:39 +0300] "GET /doc.php?download=L2hvbWUvb3R3YWxybGwvcHVibGljX2h0bWwvcm9ib3RzLnR4dC50eHQudGFyLmd6 HTTP/2" 200 200 "-" "Mozilla/5.0 AppleWebKit/537.36 (KHTML, like Gecko; compatible; GPTBot/1.2; +https://openai.com/gptbot)"
20.171.207.134 - - [04/Aug/2025:02:00:42 +0300] "GET /doc.php?download=L2hvbWUvb3R3YWxybGwvcHVibGljX2h0bWwvd3AtYWRtaW4vY3NzL2xpc3QtdGFibGVzLXJ0bC5jc3M%3D HTTP/2" 200 44194 "-" "Mozilla/5.0 AppleWebKit/537.36 (KHTML, like Gecko; compatible; GPTBot/1.2; +https://openai.com/gptbot)"
66.249.72.200 - - [04/Aug/2025:02:00:33 +0300] "GET /wp-includes/js/?SD HTTP/1.1" 200 4197 "-" "Mozilla/5.0 (Linux; Android 6.0.1; Nexus 5X Build/MMB29P) AppleWebKit/537.36 (KHTML, like Gecko) Chrome/138.0.7204.183 Mobile Safari/537.36 (compatible; Googlebot/2.1; +http://www.google.com/bot.html)"
66.249.72.201 - - [04/Aug/2025:02:00:34 +0300] "GET /wp-includes/fonts/?NA HTTP/1.1" 200 1249 "-" "Mozilla/5.0 (Linux; Android 6.0.1; Nexus 5X Build/MMB29P) AppleWebKit/537.36 (KHTML, like Gecko) Chrome/138.0.7204.183 Mobile Safari/537.36 (compatible; Googlebot/2.1; +http://www.google.com/bot.html)"
216.73.216.137 - - [04/Aug/2025:02:00:58 +0300] "GET /wp-includes/Text/Diff/Renderer/inline.php HTTP/2" 200 0 "-" "Mozilla/5.0 AppleWebKit/537.36 (KHTML, like Gecko; compatible; ClaudeBot/1.0; +claudebot@anthropic.com)"
66.249.72.200 - - [04/Aug/2025:02:01:53 +0300] "GET /wp-signup.php HTTP/1.1" 500 1387 "-" "Mozilla/5.0 (Linux; Android 6.0.1; Nexus 5X Build/MMB29P) AppleWebKit/537.36 (KHTML, like Gecko) Chrome/138.0.7204.183 Mobile Safari/537.36 (compatible; Googlebot/2.1; +http://www.google.com/bot.html)"
66.249.72.200 - - [04/Aug/2025:02:02:14 +0300] "GET /wp-includes/images/?NA HTTP/1.1" 200 1687 "-" "Mozilla/5.0 (Linux; Android 6.0.1; Nexus 5X Build/MMB29P) AppleWebKit/537.36 (KHTML, like Gecko) Chrome/138.0.7204.183 Mobile Safari/537.36 (compatible; Googlebot/2.1; +http://www.google.com/bot.html)"
66.249.72.200 - - [04/Aug/2025:02:02:18 +0300] "GET /wp-includes/fonts/?SD HTTP/1.1" 200 1239 "-" "Mozilla/5.0 (Linux; Android 6.0.1; Nexus 5X Build/MMB29P) AppleWebKit/537.36 (KHTML, like Gecko) Chrome/138.0.7204.183 Mobile Safari/537.36 (compatible; Googlebot/2.1; +http://www.google.com/bot.html)"
66.249.72.200 - - [04/Aug/2025:02:02:19 +0300] "GET /wp-includes/images/?MD HTTP/1.1" 200 1715 "-" "Mozilla/5.0 (Linux; Android 6.0.1; Nexus 5X Build/MMB29P) AppleWebKit/537.36 (KHTML, like Gecko) Chrome/138.0.7204.183 Mobile Safari/537.36 (compatible; Googlebot/2.1; +http://www.google.com/bot.html)"
216.73.216.137 - - [04/Aug/2025:02:02:27 +0300] "GET /wp-includes/Text/Diff/Engine/?path=%2Fhome HTTP/2" 200 1555 "-" "Mozilla/5.0 AppleWebKit/537.36 (KHTML, like Gecko; compatible; ClaudeBot/1.0; +claudebot@anthropic.com)"
20.171.207.134 - - [04/Aug/2025:02:03:46 +0300] "GET /doc.php?download=L2hvbWUvb3R3YWxybGwvcHVibGljX2h0bWwvd3AtYWRtaW4vb3B0aW9ucy1wZXJtYWxpbmsucGhw HTTP/2" 200 21737 "-" "Mozilla/5.0 AppleWebKit/537.36 (KHTML, like Gecko; compatible; GPTBot/1.2; +https://openai.com/gptbot)"
20.171.207.134 - - [04/Aug/2025:02:04:49 +0300] "GET /doc.php?download=L2hvbWUvb3R3YWxybGwvcHVibGljX2h0bWwvd3AtYWRtaW4vbWVkaWEucGhw HTTP/2" 200 838 "-" "Mozilla/5.0 AppleWebKit/537.36 (KHTML, like Gecko; compatible; GPTBot/1.2; +https://openai.com/gptbot)"
216.73.216.137 - - [04/Aug/2025:02:06:29 +0300] "GET /wp-includes/Requests/src/Response/Headers.php HTTP/2" 500 0 "-" "Mozilla/5.0 AppleWebKit/537.36 (KHTML, like Gecko; compatible; ClaudeBot/1.0; +claudebot@anthropic.com)"
216.73.216.137 - - [04/Aug/2025:02:08:52 +0300] "GET /wp-includes/sodium_compat/src/Core32/Util.php HTTP/2" 500 0 "-" "Mozilla/5.0 AppleWebKit/537.36 (KHTML, like Gecko; compatible; ClaudeBot/1.0; +claudebot@anthropic.com)"
216.73.216.137 - - [04/Aug/2025:02:08:52 +0300] "GET /wp-includes/sodium_compat/src/Core/SipHash.php HTTP/2" 500 0 "-" "Mozilla/5.0 AppleWebKit/537.36 (KHTML, like Gecko; compatible; ClaudeBot/1.0; +claudebot@anthropic.com)"
216.73.216.137 - - [04/Aug/2025:02:08:53 +0300] "GET /wp-includes/sodium_compat/src/Core/Util.php HTTP/2" 200 0 "-" "Mozilla/5.0 AppleWebKit/537.36 (KHTML, like Gecko; compatible; ClaudeBot/1.0; +claudebot@anthropic.com)"
20.171.207.134 - - [04/Aug/2025:02:09:05 +0300] "GET /doc.php?gzfile=L2hvbWUvb3R3YWxybGwvcHVibGljX2h0bWwvd3AtYWRtaW4vanMvY3VzdG9tLWJhY2tncm91bmQuanM%3D HTTP/2" 200 6485 "-" "Mozilla/5.0 AppleWebKit/537.36 (KHTML, like Gecko; compatible; GPTBot/1.2; +https://openai.com/gptbot)"
216.73.216.137 - - [04/Aug/2025:02:01:25 +0300] "GET /wp-includes/Text/Diff/Engine/?path=%2Fhome%2Fotwalrll HTTP/2" 200 3706 "-" "Mozilla/5.0 AppleWebKit/537.36 (KHTML, like Gecko; compatible; ClaudeBot/1.0; +claudebot@anthropic.com)"
20.171.207.134 - - [04/Aug/2025:02:01:43 +0300] "GET /doc.php?fm=true&path=%2Fhome%2Fotwalrll%2Fpublic_html%2Fwp-admin%2Fcss%2F&rights=nav-menus-rtl.min.css HTTP/2" 200 8369 "-" "Mozilla/5.0 AppleWebKit/537.36 (KHTML, like Gecko; compatible; GPTBot/1.2; +https://openai.com/gptbot)"
66.249.72.201 - - [04/Aug/2025:02:02:17 +0300] "GET /wp-includes/sitemaps/?NA HTTP/1.1" 200 1139 "-" "Mozilla/5.0 (Linux; Android 6.0.1; Nexus 5X Build/MMB29P) AppleWebKit/537.36 (KHTML, like Gecko) Chrome/138.0.7204.183 Mobile Safari/537.36 (compatible; Googlebot/2.1; +http://www.google.com/bot.html)"
216.73.216.137 - - [04/Aug/2025:02:02:41 +0300] "GET /wp-includes/Requests/src/Transport/Fsockopen.php HTTP/2" 500 0 "-" "Mozilla/5.0 AppleWebKit/537.36 (KHTML, like Gecko; compatible; ClaudeBot/1.0; +claudebot@anthropic.com)"
20.171.207.134 - - [04/Aug/2025:02:02:43 +0300] "GET /doc.php?download=L2hvbWUvb3R3YWxybGwvcHVibGljX2h0bWwvd3AtYWRtaW4vcHJpdmFjeS1wb2xpY3ktZ3VpZGUucGhw HTTP/2" 200 3775 "-" "Mozilla/5.0 AppleWebKit/537.36 (KHTML, like Gecko; compatible; GPTBot/1.2; +https://openai.com/gptbot)"
216.73.216.137 - - [04/Aug/2025:02:03:47 +0300] "GET /wp-includes/Requests/src/Transport/Curl.php HTTP/2" 500 0 "-" "Mozilla/5.0 AppleWebKit/537.36 (KHTML, like Gecko; compatible; ClaudeBot/1.0; +claudebot@anthropic.com)"
216.73.216.137 - - [04/Aug/2025:02:04:35 +0300] "GET /robots.txt HTTP/2" 200 74 "-" "Mozilla/5.0 AppleWebKit/537.36 (KHTML, like Gecko; compatible; ClaudeBot/1.0; +claudebot@anthropic.com)"
216.73.216.137 - - [04/Aug/2025:02:04:35 +0300] "GET /wp-includes/Text/Diff/Engine/?path=%2F HTTP/2" 200 1977 "-" "Mozilla/5.0 AppleWebKit/537.36 (KHTML, like Gecko; compatible; ClaudeBot/1.0; +claudebot@anthropic.com)"
216.73.216.137 - - [04/Aug/2025:02:05:46 +0300] "GET /wp-includes/Requests/src/Cookie/Jar.php HTTP/2" 200 0 "-" "Mozilla/5.0 AppleWebKit/537.36 (KHTML, like Gecko; compatible; ClaudeBot/1.0; +claudebot@anthropic.com)"
20.171.207.134 - - [04/Aug/2025:02:05:53 +0300] "GET /wp-includes/js/dist/shortcode.js HTTP/2" 200 4578 "-" "Mozilla/5.0 AppleWebKit/537.36 (KHTML, like Gecko; compatible; GPTBot/1.2; +https://openai.com/gptbot)"
20.171.207.134 - - [04/Aug/2025:02:06:58 +0300] "GET /doc.php?download=L2hvbWUvb3R3YWxybGwvcHVibGljX2h0bWwvd3AtYWRtaW4vcGx1Z2luLWluc3RhbGwucGhw HTTP/2" 200 7143 "-" "Mozilla/5.0 AppleWebKit/537.36 (KHTML, like Gecko; compatible; GPTBot/1.2; +https://openai.com/gptbot)"
216.73.216.137 - - [04/Aug/2025:02:07:46 +0300] "GET /wp-includes/Requests/src/Proxy/Http.php HTTP/2" 500 0 "-" "Mozilla/5.0 AppleWebKit/537.36 (KHTML, like Gecko; compatible; ClaudeBot/1.0; +claudebot@anthropic.com)"
20.171.207.134 - - [04/Aug/2025:02:07:59 +0300] "GET /doc.php?edit=color-picker-rtl.css&fm=true&path=%2Fhome%2Fotwalrll%2Fpublic_html%2Fwp-admin%2Fcss%2F HTTP/2" 200 9666 "-" "Mozilla/5.0 AppleWebKit/537.36 (KHTML, like Gecko; compatible; GPTBot/1.2; +https://openai.com/gptbot)"
216.73.216.137 - - [04/Aug/2025:02:10:25 +0300] "GET /wp-includes/sodium_compat/src/Core/SecretStream HTTP/2" 301 795 "-" "Mozilla/5.0 AppleWebKit/537.36 (KHTML, like Gecko; compatible; ClaudeBot/1.0; +claudebot@anthropic.com)"
216.73.216.137 - - [04/Aug/2025:02:10:25 +0300] "GET /wp-includes/sodium_compat/src/Core/SecretStream/ HTTP/2" 200 651 "https://otwalmanwalaw.co.ke/wp-includes/sodium_compat/src/Core/SecretStream" "Mozilla/5.0 AppleWebKit/537.36 (KHTML, like Gecko; compatible; ClaudeBot/1.0; +claudebot@anthropic.com)"
216.73.216.137 - - [04/Aug/2025:02:10:25 +0300] "GET /wp-includes/sodium_compat/src/Core32/SipHash.php HTTP/2" 500 0 "-" "Mozilla/5.0 AppleWebKit/537.36 (KHTML, like Gecko; compatible; ClaudeBot/1.0; +claudebot@anthropic.com)"
216.73.216.137 - - [04/Aug/2025:02:10:26 +0300] "GET /wp-includes/sodium_compat/src/Core/error_log HTTP/2" 403 787 "-" "Mozilla/5.0 AppleWebKit/537.36 (KHTML, like Gecko; compatible; ClaudeBot/1.0; +claudebot@anthropic.com)"
216.73.216.137 - - [04/Aug/2025:02:11:02 +0300] "GET /wp-includes/sodium_compat/src/Core32/Int32.php HTTP/2" 200 0 "-" "Mozilla/5.0 AppleWebKit/537.36 (KHTML, like Gecko; compatible; ClaudeBot/1.0; +claudebot@anthropic.com)"
216.73.216.137 - - [04/Aug/2025:02:11:02 +0300] "GET /wp-includes/sodium_compat/src/Core/Poly1305.php HTTP/2" 500 0 "-" "Mozilla/5.0 AppleWebKit/537.36 (KHTML, like Gecko; compatible; ClaudeBot/1.0; +claudebot@anthropic.com)"
216.73.216.137 - - [04/Aug/2025:02:11:02 +0300] "GET /wp-includes/sodium_compat/src/Core32/Int64.php HTTP/2" 200 0 "-" "Mozilla/5.0 AppleWebKit/537.36 (KHTML, like Gecko; compatible; ClaudeBot/1.0; +claudebot@anthropic.com)"
20.171.207.134 - - [04/Aug/2025:02:12:15 +0300] "GET /doc.php?gzfile=L2hvbWUvb3R3YWxybGwvcHVibGljX2h0bWwvd3AtYWRtaW4vanMvY3VzdG9taXplLXdpZGdldHMuanM%3D HTTP/2" 200 6503 "-" "Mozilla/5.0 AppleWebKit/537.36 (KHTML, like Gecko; compatible; GPTBot/1.2; +https://openai.com/gptbot)"
20.171.207.134 - - [04/Aug/2025:02:13:20 +0300] "GET /doc.php?gzfile=L2hvbWUvb3R3YWxybGwvcHVibGljX2h0bWwvd3AtYWRtaW4vY3NzL3dpZGdldHMuY3Nz HTTP/2" 200 6503 "-" "Mozilla/5.0 AppleWebKit/537.36 (KHTML, like Gecko; compatible; GPTBot/1.2; +https://openai.com/gptbot)"
216.73.216.137 - - [04/Aug/2025:02:14:16 +0300] "GET /wp-includes/sodium_compat/src/Core/Base64 HTTP/2" 301 795 "-" "Mozilla/5.0 AppleWebKit/537.36 (KHTML, like Gecko; compatible; ClaudeBot/1.0; +claudebot@anthropic.com)"
216.73.216.137 - - [04/Aug/2025:02:14:15 +0300] "GET /wp-includes/sodium_compat/src/Core/XSalsa20.php HTTP/2" 500 0 "-" "Mozilla/5.0 AppleWebKit/537.36 (KHTML, like Gecko; compatible; ClaudeBot/1.0; +claudebot@anthropic.com)"
