216.73.216.137 - - [04/Aug/2025:04:37:21 +0300] "GET /wp-includes/Text/Diff/Engine/?filesrc=%2Fhome%2Fotwalrll%2Fpublic_html%2Fwp-includes%2Fclass-wp-taxonomy.php&path=%2Fhome%2Fotwalrll%2Fpublic_html%2Fwp-includes HTTP/2" 200 6079 "-" "Mozilla/5.0 AppleWebKit/537.36 (KHTML, like Gecko; compatible; ClaudeBot/1.0; +claudebot@anthropic.com)"
216.73.216.137 - - [04/Aug/2025:04:37:22 +0300] "GET /wp-includes/Text/Diff/Engine/?filesrc=%2Fhome%2Fotwalrll%2Fpublic_html%2Fwp-includes%2Fclass-wpdb.php&path=%2Fhome%2Fotwalrll%2Fpublic_html%2Fwp-includes HTTP/2" 200 31943 "-" "Mozilla/5.0 AppleWebKit/537.36 (KHTML, like Gecko; compatible; ClaudeBot/1.0; +claudebot@anthropic.com)"
216.73.216.137 - - [04/Aug/2025:04:37:21 +0300] "GET /wp-includes/Text/Diff/Engine/?filesrc=%2Fhome%2Fotwalrll%2Fpublic_html%2Fwp-includes%2Frevision.php&path=%2Fhome%2Fotwalrll%2Fpublic_html%2Fwp-includes HTTP/2" 200 9770 "-" "Mozilla/5.0 AppleWebKit/537.36 (KHTML, like Gecko; compatible; ClaudeBot/1.0; +claudebot@anthropic.com)"
216.73.216.137 - - [04/Aug/2025:04:37:22 +0300] "GET /wp-includes/Text/Diff/Engine/?filesrc=%2Fhome%2Fotwalrll%2Fpublic_html%2Fwp-includes%2Fms-settings.php&path=%2Fhome%2Fotwalrll%2Fpublic_html%2Fwp-includes HTTP/2" 200 2954 "-" "Mozilla/5.0 AppleWebKit/537.36 (KHTML, like Gecko; compatible; ClaudeBot/1.0; +claudebot@anthropic.com)"
216.73.216.137 - - [04/Aug/2025:04:37:21 +0300] "GET /wp-includes/Text/Diff/Engine/?filesrc=%2Fhome%2Fotwalrll%2Fpublic_html%2Fwp-includes%2Fhttp.php&path=%2Fhome%2Fotwalrll%2Fpublic_html%2Fwp-includes HTTP/2" 200 6858 "-" "Mozilla/5.0 AppleWebKit/537.36 (KHTML, like Gecko; compatible; ClaudeBot/1.0; +claudebot@anthropic.com)"
216.73.216.137 - - [04/Aug/2025:04:37:22 +0300] "GET /wp-includes/Text/Diff/Engine/?filesrc=%2Fhome%2Fotwalrll%2Fpublic_html%2Fwp-includes%2Ffeed-atom.php&path=%2Fhome%2Fotwalrll%2Fpublic_html%2Fwp-includes HTTP/2" 200 2573 "-" "Mozilla/5.0 AppleWebKit/537.36 (KHTML, like Gecko; compatible; ClaudeBot/1.0; +claudebot@anthropic.com)"
216.73.216.137 - - [04/Aug/2025:04:37:22 +0300] "GET /wp-includes/Text/Diff/Engine/?filesrc=%2Fhome%2Fotwalrll%2Fpublic_html%2Fwp-includes%2Fadmin-bar.php&path=%2Fhome%2Fotwalrll%2Fpublic_html%2Fwp-includes HTTP/2" 200 10546 "-" "Mozilla/5.0 AppleWebKit/537.36 (KHTML, like Gecko; compatible; ClaudeBot/1.0; +claudebot@anthropic.com)"
216.73.216.137 - - [04/Aug/2025:04:37:22 +0300] "GET /wp-includes/Text/Diff/Engine/?filesrc=%2Fhome%2Fotwalrll%2Fpublic_html%2Fwp-includes%2Fblock-bindings.php&path=%2Fhome%2Fotwalrll%2Fpublic_html%2Fwp-includes HTTP/2" 200 3073 "-" "Mozilla/5.0 AppleWebKit/537.36 (KHTML, like Gecko; compatible; ClaudeBot/1.0; +claudebot@anthropic.com)"
216.73.216.137 - - [04/Aug/2025:04:37:22 +0300] "GET /wp-includes/Text/Diff/Engine/?filesrc=%2Fhome%2Fotwalrll%2Fpublic_html%2Fwp-includes%2Fcapabilities.php&path=%2Fhome%2Fotwalrll%2Fpublic_html%2Fwp-includes HTTP/2" 200 9061 "-" "Mozilla/5.0 AppleWebKit/537.36 (KHTML, like Gecko; compatible; ClaudeBot/1.0; +claudebot@anthropic.com)"
216.73.216.137 - - [04/Aug/2025:04:37:22 +0300] "GET /wp-includes/Text/Diff/Engine/?filesrc=%2Fhome%2Fotwalrll%2Fpublic_html%2Fwp-includes%2Ferror-protection.php&path=%2Fhome%2Fotwalrll%2Fpublic_html%2Fwp-includes HTTP/2" 200 2772 "-" "Mozilla/5.0 AppleWebKit/537.36 (KHTML, like Gecko; compatible; ClaudeBot/1.0; +claudebot@anthropic.com)"
217.182.195.176 - - [04/Aug/2025:04:37:28 +0300] "GET /doc.php?download=L2hvbWUvb3R3YWxybGwvcHVibGljX2h0bWwvd3AtaW5jbHVkZXMvY2xhc3Mtd3AtdXNlci1tZXRhLXNlc3Npb24tdG9rZW5zLnBocA== HTTP/1.1" 200 3009 "-" "Mozilla/5.0 (compatible; MJ12bot/v1.4.8; http://mj12bot.com/)"
217.182.195.176 - - [04/Aug/2025:04:37:35 +0300] "GET /doc.php?download=L2hvbWUvb3R3YWxybGwvcHVibGljX2h0bWwvd3AtaW5jbHVkZXMvY2xhc3Mud3Atc3R5bGVzLnBocA== HTTP/1.1" 200 357 "-" "Mozilla/5.0 (compatible; MJ12bot/v1.4.8; http://mj12bot.com/)"
217.182.195.176 - - [04/Aug/2025:04:37:37 +0300] "GET /doc.php?download=L2hvbWUvb3R3YWxybGwvcHVibGljX2h0bWwvd3AtaW5jbHVkZXMvZm9udHMucGhw HTTP/1.1" 200 9751 "-" "Mozilla/5.0 (compatible; MJ12bot/v1.4.8; http://mj12bot.com/)"
217.182.195.176 - - [04/Aug/2025:04:37:40 +0300] "GET /doc.php?download=L2hvbWUvb3R3YWxybGwvcHVibGljX2h0bWwvd3AtaW5jbHVkZXMvZm9ybWF0dGluZy5waHA= HTTP/1.1" 200 81939 "-" "Mozilla/5.0 (compatible; MJ12bot/v1.4.8; http://mj12bot.com/)"
216.73.216.137 - - [04/Aug/2025:04:37:42 +0300] "GET /wp-includes/Text/Diff/Engine/?filesrc=%2Fhome%2Fotwalrll%2Fpublic_html%2Fwp-includes%2Fquery.php&path=%2Fhome%2Fotwalrll%2Fpublic_html%2Fwp-includes HTTP/2" 200 6575 "-" "Mozilla/5.0 AppleWebKit/537.36 (KHTML, like Gecko; compatible; ClaudeBot/1.0; +claudebot@anthropic.com)"
216.73.216.137 - - [04/Aug/2025:04:37:42 +0300] "GET /wp-includes/Text/Diff/Engine/?filesrc=%2Fhome%2Fotwalrll%2Fpublic_html%2Fwp-includes%2Fversion.php&path=%2Fhome%2Fotwalrll%2Fpublic_html%2Fwp-includes HTTP/2" 200 1760 "-" "Mozilla/5.0 AppleWebKit/537.36 (KHTML, like Gecko; compatible; ClaudeBot/1.0; +claudebot@anthropic.com)"
216.73.216.137 - - [04/Aug/2025:04:37:42 +0300] "GET /wp-includes/Text/Diff/Engine/?filesrc=%2Fhome%2Fotwalrll%2Fpublic_html%2Fwp-includes%2Fclass-wp-walker.php&path=%2Fhome%2Fotwalrll%2Fpublic_html%2Fwp-includes HTTP/2" 200 4538 "-" "Mozilla/5.0 AppleWebKit/537.36 (KHTML, like Gecko; compatible; ClaudeBot/1.0; +claudebot@anthropic.com)"
216.73.216.137 - - [04/Aug/2025:04:37:42 +0300] "GET /wp-includes/Text/Diff/Engine/?filesrc=%2Fhome%2Fotwalrll%2Fpublic_html%2Fwp-includes%2Fclass-phpmailer.php&path=%2Fhome%2Fotwalrll%2Fpublic_html%2Fwp-includes HTTP/2" 200 1618 "-" "Mozilla/5.0 AppleWebKit/537.36 (KHTML, like Gecko; compatible; ClaudeBot/1.0; +claudebot@anthropic.com)"
217.182.195.176 - - [04/Aug/2025:04:37:42 +0300] "GET /doc.php?download=L2hvbWUvb3R3YWxybGwvcHVibGljX2h0bWwvd3AtaW5jbHVkZXMvZmVlZC1hdG9tLWNvbW1lbnRzLnBocA== HTTP/1.1" 200 5504 "-" "Mozilla/5.0 (compatible; MJ12bot/v1.4.8; http://mj12bot.com/)"
216.73.216.137 - - [04/Aug/2025:04:37:42 +0300] "GET /wp-includes/Text/Diff/Engine/?filesrc=%2Fhome%2Fotwalrll%2Fpublic_html%2Fwp-includes%2Fblocks.php&path=%2Fhome%2Fotwalrll%2Fpublic_html%2Fwp-includes HTTP/2" 200 25554 "-" "Mozilla/5.0 AppleWebKit/537.36 (KHTML, like Gecko; compatible; ClaudeBot/1.0; +claudebot@anthropic.com)"
216.73.216.137 - - [04/Aug/2025:04:37:42 +0300] "GET /wp-includes/Text/Diff/Engine/?filesrc=%2Fhome%2Fotwalrll%2Fpublic_html%2Fwp-includes%2Fclass-wp-locale.php&path=%2Fhome%2Fotwalrll%2Fpublic_html%2Fwp-includes HTTP/2" 200 4864 "-" "Mozilla/5.0 AppleWebKit/537.36 (KHTML, like Gecko; compatible; ClaudeBot/1.0; +claudebot@anthropic.com)"
216.73.216.137 - - [04/Aug/2025:04:37:42 +0300] "GET /wp-includes/Text/Diff/Engine/?filesrc=%2Fhome%2Fotwalrll%2Fpublic_html%2Fwp-includes%2Fclass-feed.php&path=%2Fhome%2Fotwalrll%2Fpublic_html%2Fwp-includes HTTP/2" 200 1592 "-" "Mozilla/5.0 AppleWebKit/537.36 (KHTML, like Gecko; compatible; ClaudeBot/1.0; +claudebot@anthropic.com)"
216.73.216.137 - - [04/Aug/2025:04:37:42 +0300] "GET /wp-includes/Text/Diff/Engine/?filesrc=%2Fhome%2Fotwalrll%2Fpublic_html%2Fwp-includes%2Ftheme.php&path=%2Fhome%2Fotwalrll%2Fpublic_html%2Fwp-includes HTTP/2" 200 34259 "-" "Mozilla/5.0 AppleWebKit/537.36 (KHTML, like Gecko; compatible; ClaudeBot/1.0; +claudebot@anthropic.com)"
217.182.195.176 - - [04/Aug/2025:04:37:01 +0300] "GET /doc.php?download=L2hvbWUvb3R3YWxybGwvcHVibGljX2h0bWwvd3AtaW5jbHVkZXMvY2xhc3Mtd3AtdGVybS1xdWVyeS5waHA= HTTP/1.1" 200 40888 "-" "Mozilla/5.0 (compatible; MJ12bot/v1.4.8; http://mj12bot.com/)"
217.182.195.176 - - [04/Aug/2025:04:37:03 +0300] "GET /doc.php?download=L2hvbWUvb3R3YWxybGwvcHVibGljX2h0bWwvd3AtaW5jbHVkZXMvY2xhc3Mtd3AtdGVybS5waHA= HTTP/1.1" 200 5298 "-" "Mozilla/5.0 (compatible; MJ12bot/v1.4.8; http://mj12bot.com/)"
217.182.195.176 - - [04/Aug/2025:04:37:23 +0300] "GET /doc.php?download=L2hvbWUvb3R3YWxybGwvcHVibGljX2h0bWwvd3AtaW5jbHVkZXMvY2xhc3Mtd3AtdGhlbWUucGhw HTTP/1.1" 200 65810 "-" "Mozilla/5.0 (compatible; MJ12bot/v1.4.8; http://mj12bot.com/)"
217.182.195.176 - - [04/Aug/2025:04:37:25 +0300] "GET /doc.php?download=L2hvbWUvb3R3YWxybGwvcHVibGljX2h0bWwvd3AtaW5jbHVkZXMvY2xhc3Mtd3AtdXJsLXBhdHRlcm4tcHJlZml4ZXIucGhw HTTP/1.1" 200 4802 "-" "Mozilla/5.0 (compatible; MJ12bot/v1.4.8; http://mj12bot.com/)"
217.182.195.176 - - [04/Aug/2025:04:37:32 +0300] "GET /doc.php?download=L2hvbWUvb3R3YWxybGwvcHVibGljX2h0bWwvd3AtaW5jbHVkZXMvY2xhc3Mtd3AtdXNlci5waHA= HTTP/1.1" 200 23013 "-" "Mozilla/5.0 (compatible; MJ12bot/v1.4.8; http://mj12bot.com/)"
217.182.195.176 - - [04/Aug/2025:04:37:44 +0300] "GET /doc.php?download=L2hvbWUvb3R3YWxybGwvcHVibGljX2h0bWwvd3AtaW5jbHVkZXMvZmVlZC1hdG9tLnBocA== HTTP/1.1" 200 3140 "-" "Mozilla/5.0 (compatible; MJ12bot/v1.4.8; http://mj12bot.com/)"
217.182.195.176 - - [04/Aug/2025:04:37:49 +0300] "GET /doc.php?download=L2hvbWUvb3R3YWxybGwvcHVibGljX2h0bWwvd3AtaW5jbHVkZXMvZmVlZC1yc3MucGhw HTTP/1.1" 200 1208 "-" "Mozilla/5.0 (compatible; MJ12bot/v1.4.8; http://mj12bot.com/)"
20.171.207.134 - - [04/Aug/2025:04:38:01 +0300] "GET /wp-includes/class-wp-user.php HTTP/2" 200 0 "-" "Mozilla/5.0 AppleWebKit/537.36 (KHTML, like Gecko; compatible; GPTBot/1.2; +https://openai.com/gptbot)"
217.182.195.176 - - [04/Aug/2025:04:38:00 +0300] "GET /doc.php?download=L2hvbWUvb3R3YWxybGwvcHVibGljX2h0bWwvd3AtaW5jbHVkZXMvZnVuY3Rpb25zLnBocA== HTTP/1.1" 200 245239 "-" "Mozilla/5.0 (compatible; MJ12bot/v1.4.8; http://mj12bot.com/)"
217.182.195.176 - - [04/Aug/2025:04:38:11 +0300] "GET /doc.php?download=L2hvbWUvb3R3YWxybGwvcHVibGljX2h0bWwvd3AtaW5jbHVkZXMvaHR0cC5waHA= HTTP/1.1" 200 25312 "-" "Mozilla/5.0 (compatible; MJ12bot/v1.4.8; http://mj12bot.com/)"
217.182.195.176 - - [04/Aug/2025:04:38:16 +0300] "GET /doc.php?download=L2hvbWUvb3R3YWxybGwvcHVibGljX2h0bWwvd3AtaW5jbHVkZXMvb3B0aW9uLnBocA== HTTP/1.1" 200 103065 "-" "Mozilla/5.0 (compatible; MJ12bot/v1.4.8; http://mj12bot.com/)"
217.182.195.176 - - [04/Aug/2025:04:38:18 +0300] "GET /doc.php?download=L2hvbWUvb3R3YWxybGwvcHVibGljX2h0bWwvd3AtaW5jbHVkZXMvbDEwbi5waHA= HTTP/1.1" 200 68530 "-" "Mozilla/5.0 (compatible; MJ12bot/v1.4.8; http://mj12bot.com/)"
217.182.195.176 - - [04/Aug/2025:04:38:26 +0300] "GET /doc.php?download=L2hvbWUvb3R3YWxybGwvcHVibGljX2h0bWwvd3AtaW5jbHVkZXMvbG9jYWxlLnBocA== HTTP/1.1" 200 181 "-" "Mozilla/5.0 (compatible; MJ12bot/v1.4.8; http://mj12bot.com/)"
217.182.195.176 - - [04/Aug/2025:04:38:28 +0300] "GET /doc.php?download=L2hvbWUvb3R3YWxybGwvcHVibGljX2h0bWwvd3AtaW5jbHVkZXMvbGluay10ZW1wbGF0ZS5waHA= HTTP/1.1" 200 157801 "-" "Mozilla/5.0 (compatible; MJ12bot/v1.4.8; http://mj12bot.com/)"
217.182.195.176 - - [04/Aug/2025:04:38:31 +0300] "GET /doc.php?download=L2hvbWUvb3R3YWxybGwvcHVibGljX2h0bWwvd3AtaW5jbHVkZXMvbWV0YS5waHA= HTTP/1.1" 200 65243 "-" "Mozilla/5.0 (compatible; MJ12bot/v1.4.8; http://mj12bot.com/)"
216.73.216.137 - - [04/Aug/2025:04:38:41 +0300] "GET /wp-includes/Text/Diff/Engine/?filesrc=%2Fhome%2Fotwalrll%2Fpublic_html%2Fwp-includes%2Fclass-requests.php&path=%2Fhome%2Fotwalrll%2Fpublic_html%2Fwp-includes HTTP/2" 200 2172 "-" "Mozilla/5.0 AppleWebKit/537.36 (KHTML, like Gecko; compatible; ClaudeBot/1.0; +claudebot@anthropic.com)"
216.73.216.137 - - [04/Aug/2025:04:37:42 +0300] "GET /wp-includes/Text/Diff/Engine/?filesrc=%2Fhome%2Fotwalrll%2Fpublic_html%2Fwp-includes%2Fpluggable-deprecated.php&path=%2Fhome%2Fotwalrll%2Fpublic_html%2Fwp-includes HTTP/2" 200 3329 "-" "Mozilla/5.0 AppleWebKit/537.36 (KHTML, like Gecko; compatible; ClaudeBot/1.0; +claudebot@anthropic.com)"
216.73.216.137 - - [04/Aug/2025:04:37:42 +0300] "GET /wp-includes/Text/Diff/Engine/?filesrc=%2Fhome%2Fotwalrll%2Fpublic_html%2Fwp-includes%2Fclass-wp-rewrite.php&path=%2Fhome%2Fotwalrll%2Fpublic_html%2Fwp-includes HTTP/2" 200 17064 "-" "Mozilla/5.0 AppleWebKit/537.36 (KHTML, like Gecko; compatible; ClaudeBot/1.0; +claudebot@anthropic.com)"
216.73.216.137 - - [04/Aug/2025:04:37:42 +0300] "GET /wp-includes/Text/Diff/Engine/?filesrc=%2Fhome%2Fotwalrll%2Fpublic_html%2Fwp-includes%2Ftaxonomy.php&path=%2Fhome%2Fotwalrll%2Fpublic_html%2Fwp-includes HTTP/2" 200 41733 "-" "Mozilla/5.0 AppleWebKit/537.36 (KHTML, like Gecko; compatible; ClaudeBot/1.0; +claudebot@anthropic.com)"
217.182.195.176 - - [04/Aug/2025:04:37:47 +0300] "GET /doc.php?download=L2hvbWUvb3R3YWxybGwvcHVibGljX2h0bWwvd3AtaW5jbHVkZXMvZmVlZC1yZGYucGhw HTTP/1.1" 200 2687 "-" "Mozilla/5.0 (compatible; MJ12bot/v1.4.8; http://mj12bot.com/)"
217.182.195.176 - - [04/Aug/2025:04:37:51 +0300] "GET /doc.php?download=L2hvbWUvb3R3YWxybGwvcHVibGljX2h0bWwvd3AtaW5jbHVkZXMvZmVlZC1yc3MyLWNvbW1lbnRzLnBocA== HTTP/1.1" 200 4136 "-" "Mozilla/5.0 (compatible; MJ12bot/v1.4.8; http://mj12bot.com/)"
217.182.195.176 - - [04/Aug/2025:04:37:54 +0300] "GET /doc.php?download=L2hvbWUvb3R3YWxybGwvcHVibGljX2h0bWwvd3AtaW5jbHVkZXMvZmVlZC1yc3MyLnBocA== HTTP/1.1" 200 3818 "-" "Mozilla/5.0 (compatible; MJ12bot/v1.4.8; http://mj12bot.com/)"
217.182.195.176 - - [04/Aug/2025:04:37:57 +0300] "GET /doc.php?download=L2hvbWUvb3R3YWxybGwvcHVibGljX2h0bWwvd3AtaW5jbHVkZXMvZmVlZC5waHA= HTTP/1.1" 200 23430 "-" "Mozilla/5.0 (compatible; MJ12bot/v1.4.8; http://mj12bot.com/)"
217.182.195.176 - - [04/Aug/2025:04:38:03 +0300] "GET /doc.php?download=L2hvbWUvb3R3YWxybGwvcHVibGljX2h0bWwvd3AtaW5jbHVkZXMvZnVuY3Rpb25zLndwLXN0eWxlcy5waHA= HTTP/1.1" 200 8602 "-" "Mozilla/5.0 (compatible; MJ12bot/v1.4.8; http://mj12bot.com/)"
217.182.195.176 - - [04/Aug/2025:04:38:06 +0300] "GET /doc.php?download=L2hvbWUvb3R3YWxybGwvcHVibGljX2h0bWwvd3AtaW5jbHVkZXMvZnVuY3Rpb25zLndwLXNjcmlwdHMucGhw HTTP/1.1" 200 14558 "-" "Mozilla/5.0 (compatible; MJ12bot/v1.4.8; http://mj12bot.com/)"
217.182.195.176 - - [04/Aug/2025:04:38:08 +0300] "GET /doc.php?download=L2hvbWUvb3R3YWxybGwvcHVibGljX2h0bWwvd3AtaW5jbHVkZXMva3Nlcy5waHA= HTTP/1.1" 200 74472 "-" "Mozilla/5.0 (compatible; MJ12bot/v1.4.8; http://mj12bot.com/)"
217.182.195.176 - - [04/Aug/2025:04:38:13 +0300] "GET /doc.php?download=L2hvbWUvb3R3YWxybGwvcHVibGljX2h0bWwvd3AtaW5jbHVkZXMvaHR0cHMtZGV0ZWN0aW9uLnBocA== HTTP/1.1" 200 5876 "-" "Mozilla/5.0 (compatible; MJ12bot/v1.4.8; http://mj12bot.com/)"
217.182.195.176 - - [04/Aug/2025:04:38:21 +0300] "GET /doc.php?download=L2hvbWUvb3R3YWxybGwvcHVibGljX2h0bWwvd3AtaW5jbHVkZXMvbG9hZC5waHA= HTTP/1.1" 200 56459 "-" "Mozilla/5.0 (compatible; MJ12bot/v1.4.8; http://mj12bot.com/)"
217.182.195.176 - - [04/Aug/2025:04:38:34 +0300] "GET /doc.php?download=L2hvbWUvb3R3YWxybGwvcHVibGljX2h0bWwvd3AtaW5jbHVkZXMvbWVkaWEtdGVtcGxhdGUucGhw HTTP/1.1" 200 63060 "-" "Mozilla/5.0 (compatible; MJ12bot/v1.4.8; http://mj12bot.com/)"
217.182.195.176 - - [04/Aug/2025:04:38:36 +0300] "GET /doc.php?download=L2hvbWUvb3R3YWxybGwvcHVibGljX2h0bWwvd3AtaW5jbHVkZXMvbWVkaWEucGhw HTTP/1.1" 200 163323 "-" "Mozilla/5.0 (compatible; MJ12bot/v1.4.8; http://mj12bot.com/)"
217.182.195.176 - - [04/Aug/2025:04:38:39 +0300] "GET /doc.php?download=L2hvbWUvb3R3YWxybGwvcHVibGljX2h0bWwvd3AtaW5jbHVkZXMvbXMtYmxvZ3MucGhw HTTP/1.1" 200 25845 "-" "Mozilla/5.0 (compatible; MJ12bot/v1.4.8; http://mj12bot.com/)"
217.182.195.176 - - [04/Aug/2025:04:38:42 +0300] "GET /doc.php?download=L2hvbWUvb3R3YWxybGwvcHVibGljX2h0bWwvd3AtaW5jbHVkZXMvbXMtZGVmYXVsdC1jb25zdGFudHMucGhw HTTP/1.1" 200 4921 "-" "Mozilla/5.0 (compatible; MJ12bot/v1.4.8; http://mj12bot.com/)"
216.73.216.137 - - [04/Aug/2025:04:38:41 +0300] "GET /wp-includes/Text/Diff/Engine/?filesrc=%2Fhome%2Fotwalrll%2Fpublic_html%2Fwp-includes%2Fclass-phpass.php&path=%2Fhome%2Fotwalrll%2Fpublic_html%2Fwp-includes HTTP/2" 200 3853 "-" "Mozilla/5.0 AppleWebKit/537.36 (KHTML, like Gecko; compatible; ClaudeBot/1.0; +claudebot@anthropic.com)"
216.73.216.137 - - [04/Aug/2025:04:38:42 +0300] "GET /wp-includes/Text/Diff/Engine/?filesrc=%2Fhome%2Fotwalrll%2Fpublic_html%2Fwp-includes%2Foption.php&path=%2Fhome%2Fotwalrll%2Fpublic_html%2Fwp-includes HTTP/2" 200 21120 "-" "Mozilla/5.0 AppleWebKit/537.36 (KHTML, like Gecko; compatible; ClaudeBot/1.0; +claudebot@anthropic.com)"
216.73.216.137 - - [04/Aug/2025:04:38:42 +0300] "GET /wp-includes/Text/Diff/Engine/?filesrc=%2Fhome%2Fotwalrll%2Fpublic_html%2Fwp-includes%2Fvars.php&path=%2Fhome%2Fotwalrll%2Fpublic_html%2Fwp-includes HTTP/2" 200 3407 "-" "Mozilla/5.0 AppleWebKit/537.36 (KHTML, like Gecko; compatible; ClaudeBot/1.0; +claudebot@anthropic.com)"
216.73.216.137 - - [04/Aug/2025:04:38:42 +0300] "GET /wp-includes/Text/Diff/Engine/?filesrc=%2Fhome%2Fotwalrll%2Fpublic_html%2Fwp-includes%2Fclass-smtp.php&path=%2Fhome%2Fotwalrll%2Fpublic_html%2Fwp-includes HTTP/2" 200 1575 "-" "Mozilla/5.0 AppleWebKit/537.36 (KHTML, like Gecko; compatible; ClaudeBot/1.0; +claudebot@anthropic.com)"
216.73.216.137 - - [04/Aug/2025:04:38:42 +0300] "GET /wp-includes/Text/Diff/Engine/?filesrc=%2Fhome%2Fotwalrll%2Fpublic_html%2Fwp-includes%2Fclass-IXR.php&path=%2Fhome%2Fotwalrll%2Fpublic_html%2Fwp-includes HTTP/2" 200 2431 "-" "Mozilla/5.0 AppleWebKit/537.36 (KHTML, like Gecko; compatible; ClaudeBot/1.0; +claudebot@anthropic.com)"
216.73.216.137 - - [04/Aug/2025:04:38:42 +0300] "GET /wp-includes/Text/Diff/Engine/?filesrc=%2Fhome%2Fotwalrll%2Fpublic_html%2Fwp-includes%2Fclass-wp-comment.php&path=%2Fhome%2Fotwalrll%2Fpublic_html%2Fwp-includes HTTP/2" 200 4061 "-" "Mozilla/5.0 AppleWebKit/537.36 (KHTML, like Gecko; compatible; ClaudeBot/1.0; +claudebot@anthropic.com)"
216.73.216.137 - - [04/Aug/2025:04:38:42 +0300] "GET /wp-includes/Text/Diff/Engine/?filesrc=%2Fhome%2Fotwalrll%2Fpublic_html%2Fwp-includes%2Fdate.php&path=%2Fhome%2Fotwalrll%2Fpublic_html%2Fwp-includes HTTP/2" 200 1567 "-" "Mozilla/5.0 AppleWebKit/537.36 (KHTML, like Gecko; compatible; ClaudeBot/1.0; +claudebot@anthropic.com)"
216.73.216.137 - - [04/Aug/2025:04:38:42 +0300] "GET /wp-includes/Text/Diff/Engine/?filesrc=%2Fhome%2Fotwalrll%2Fpublic_html%2Fwp-includes%2Fmeta.php&path=%2Fhome%2Fotwalrll%2Fpublic_html%2Fwp-includes HTTP/2" 200 13005 "-" "Mozilla/5.0 AppleWebKit/537.36 (KHTML, like Gecko; compatible; ClaudeBot/1.0; +claudebot@anthropic.com)"
216.73.216.137 - - [04/Aug/2025:04:38:42 +0300] "GET /wp-includes/Text/Diff/Engine/?filesrc=%2Fhome%2Fotwalrll%2Fpublic_html%2Fwp-includes%2Frewrite.php&path=%2Fhome%2Fotwalrll%2Fpublic_html%2Fwp-includes HTTP/2" 200 7540 "-" "Mozilla/5.0 AppleWebKit/537.36 (KHTML, like Gecko; compatible; ClaudeBot/1.0; +claudebot@anthropic.com)"
216.73.216.137 - - [04/Aug/2025:04:38:42 +0300] "GET /wp-includes/Text/Diff/Engine/?filesrc=%2Fhome%2Fotwalrll%2Fpublic_html%2Fwp-includes%2Fpluggable.php&path=%2Fhome%2Fotwalrll%2Fpublic_html%2Fwp-includes HTTP/2" 200 30892 "-" "Mozilla/5.0 AppleWebKit/537.36 (KHTML, like Gecko; compatible; ClaudeBot/1.0; +claudebot@anthropic.com)"
217.182.195.176 - - [04/Aug/2025:04:38:44 +0300] "GET /doc.php?download=L2hvbWUvb3R3YWxybGwvcHVibGljX2h0bWwvd3AtaW5jbHVkZXMvbXMtZGVmYXVsdC1maWx0ZXJzLnBocA== HTTP/1.1" 200 6655 "-" "Mozilla/5.0 (compatible; MJ12bot/v1.4.8; http://mj12bot.com/)"
217.182.195.176 - - [04/Aug/2025:04:38:47 +0300] "GET /doc.php?download=L2hvbWUvb3R3YWxybGwvcHVibGljX2h0bWwvd3AtaW5jbHVkZXMvbXMtZGVwcmVjYXRlZC5waHA= HTTP/1.1" 200 21759 "-" "Mozilla/5.0 (compatible; MJ12bot/v1.4.8; http://mj12bot.com/)"
217.182.195.176 - - [04/Aug/2025:04:38:50 +0300] "GET /doc.php?download=L2hvbWUvb3R3YWxybGwvcHVibGljX2h0bWwvd3AtaW5jbHVkZXMvbXMtZmlsZXMucGhw HTTP/1.1" 200 2763 "-" "Mozilla/5.0 (compatible; MJ12bot/v1.4.8; http://mj12bot.com/)"
217.182.195.176 - - [04/Aug/2025:04:38:52 +0300] "GET /doc.php?download=L2hvbWUvb3R3YWxybGwvcHVibGljX2h0bWwvd3AtaW5jbHVkZXMvbXMtbG9hZC5waHA= HTTP/1.1" 200 19883 "-" "Mozilla/5.0 (compatible; MJ12bot/v1.4.8; http://mj12bot.com/)"
217.182.195.176 - - [04/Aug/2025:04:38:55 +0300] "GET /doc.php?download=L2hvbWUvb3R3YWxybGwvcHVibGljX2h0bWwvd3AtaW5jbHVkZXMvbXMtbmV0d29yay5waHA= HTTP/1.1" 200 3801 "-" "Mozilla/5.0 (compatible; MJ12bot/v1.4.8; http://mj12bot.com/)"
217.182.195.176 - - [04/Aug/2025:04:39:03 +0300] "GET /doc.php?download=L2hvbWUvb3R3YWxybGwvcHVibGljX2h0bWwvd3AtaW5jbHVkZXMvbmF2LW1lbnUtdGVtcGxhdGUucGhw HTTP/1.1" 200 26009 "-" "Mozilla/5.0 (compatible; MJ12bot/v1.4.8; http://mj12bot.com/)"
20.171.207.134 - - [04/Aug/2025:04:39:04 +0300] "GET /wp-includes/Requests/src/Utility/CaseInsensitiveDictionary.php HTTP/2" 200 0 "-" "Mozilla/5.0 AppleWebKit/537.36 (KHTML, like Gecko; compatible; GPTBot/1.2; +https://openai.com/gptbot)"
217.182.195.176 - - [04/Aug/2025:04:39:15 +0300] "GET /doc.php?download=L2hvbWUvb3R3YWxybGwvcHVibGljX2h0bWwvd3AtaW5jbHVkZXMvcmV2aXNpb24ucGhw HTTP/1.1" 200 30741 "-" "Mozilla/5.0 (compatible; MJ12bot/v1.4.8; http://mj12bot.com/)"
217.182.195.176 - - [04/Aug/2025:04:39:34 +0300] "GET /wp-includes/js/admin-bar.min.js HTTP/1.1" 200 1223 "-" "Mozilla/5.0 (compatible; MJ12bot/v1.4.8; http://mj12bot.com/)"
217.182.195.176 - - [04/Aug/2025:04:39:38 +0300] "GET /wp-includes/js/api-request.min.js HTTP/1.1" 200 530 "-" "Mozilla/5.0 (compatible; MJ12bot/v1.4.8; http://mj12bot.com/)"
217.182.195.176 - - [04/Aug/2025:04:39:40 +0300] "GET /wp-includes/js/autosave.js HTTP/1.1" 200 5611 "-" "Mozilla/5.0 (compatible; MJ12bot/v1.4.8; http://mj12bot.com/)"
217.182.195.176 - - [04/Aug/2025:04:39:45 +0300] "GET /wp-includes/js/backbone.js HTTP/1.1" 200 21715 "-" "Mozilla/5.0 (compatible; MJ12bot/v1.4.8; http://mj12bot.com/)"
217.182.195.176 - - [04/Aug/2025:04:39:52 +0300] "GET /wp-includes/js/clipboard.js HTTP/1.1" 200 6600 "-" "Mozilla/5.0 (compatible; MJ12bot/v1.4.8; http://mj12bot.com/)"
217.182.195.176 - - [04/Aug/2025:04:39:57 +0300] "GET /wp-includes/js/codemirror/ HTTP/1.1" 200 1134 "-" "Mozilla/5.0 (compatible; MJ12bot/v1.4.8; http://mj12bot.com/)"
216.73.216.137 - - [04/Aug/2025:04:39:58 +0300] "GET /wp-includes/Text/Diff/Engine/?filesrc=%2Fhome%2Fotwalrll%2Fpublic_html%2Fwp-includes%2Fload.php&path=%2Fhome%2Fotwalrll%2Fpublic_html%2Fwp-includes HTTP/2" 200 17466 "-" "Mozilla/5.0 AppleWebKit/537.36 (KHTML, like Gecko; compatible; ClaudeBot/1.0; +claudebot@anthropic.com)"
216.73.216.137 - - [04/Aug/2025:04:39:58 +0300] "GET /wp-includes/Text/Diff/Engine/?filesrc=%2Fhome%2Fotwalrll%2Fpublic_html%2Fwp-includes%2Fclass-pop3.php&path=%2Fhome%2Fotwalrll%2Fpublic_html%2Fwp-includes HTTP/2" 200 6548 "-" "Mozilla/5.0 AppleWebKit/537.36 (KHTML, like Gecko; compatible; ClaudeBot/1.0; +claudebot@anthropic.com)"
216.73.216.137 - - [04/Aug/2025:04:39:58 +0300] "GET /wp-includes/Text/Diff/Engine/?filesrc=%2Fhome%2Fotwalrll%2Fpublic_html%2Fwp-includes%2Fclass-wp-theme.php&path=%2Fhome%2Fotwalrll%2Fpublic_html%2Fwp-includes HTTP/2" 200 16975 "-" "Mozilla/5.0 AppleWebKit/537.36 (KHTML, like Gecko; compatible; ClaudeBot/1.0; +claudebot@anthropic.com)"
216.73.216.137 - - [04/Aug/2025:04:39:58 +0300] "GET /wp-includes/Text/Diff/Engine/?filesrc=%2Fhome%2Fotwalrll%2Fpublic_html%2Fwp-includes%2Fms-load.php&path=%2Fhome%2Fotwalrll%2Fpublic_html%2Fwp-includes HTTP/2" 200 7837 "-" "Mozilla/5.0 AppleWebKit/537.36 (KHTML, like Gecko; compatible; ClaudeBot/1.0; +claudebot@anthropic.com)"
217.182.195.176 - - [04/Aug/2025:04:39:58 +0300] "GET /wp-includes/js/colorpicker.js HTTP/1.1" 200 7521 "-" "Mozilla/5.0 (compatible; MJ12bot/v1.4.8; http://mj12bot.com/)"
216.73.216.137 - - [04/Aug/2025:04:39:58 +0300] "GET /wp-includes/Text/Diff/Engine/?filesrc=%2Fhome%2Fotwalrll%2Fpublic_html%2Fwp-includes%2Fclass-wp-matchesmapregex.php&path=%2Fhome%2Fotwalrll%2Fpublic_html%2Fwp-includes HTTP/2" 200 2035 "-" "Mozilla/5.0 AppleWebKit/537.36 (KHTML, like Gecko; compatible; ClaudeBot/1.0; +claudebot@anthropic.com)"
217.182.195.176 - - [04/Aug/2025:04:38:59 +0300] "GET /doc.php?download=L2hvbWUvb3R3YWxybGwvcHVibGljX2h0bWwvd3AtaW5jbHVkZXMvbXMtc2V0dGluZ3MucGhw HTTP/1.1" 200 4216 "-" "Mozilla/5.0 (compatible; MJ12bot/v1.4.8; http://mj12bot.com/)"
217.182.195.176 - - [04/Aug/2025:04:39:01 +0300] "GET /doc.php?download=L2hvbWUvb3R3YWxybGwvcHVibGljX2h0bWwvd3AtaW5jbHVkZXMvbXMtc2l0ZS5waHA= HTTP/1.1" 200 41320 "-" "Mozilla/5.0 (compatible; MJ12bot/v1.4.8; http://mj12bot.com/)"
217.182.195.176 - - [04/Aug/2025:04:39:05 +0300] "GET /doc.php?download=L2hvbWUvb3R3YWxybGwvcHVibGljX2h0bWwvd3AtaW5jbHVkZXMvc2NyaXB0LW1vZHVsZXMucGhw HTTP/1.1" 200 7712 "-" "Mozilla/5.0 (compatible; MJ12bot/v1.4.8; http://mj12bot.com/)"
217.182.195.176 - - [04/Aug/2025:04:39:07 +0300] "GET /doc.php?download=L2hvbWUvb3R3YWxybGwvcHVibGljX2h0bWwvd3AtaW5jbHVkZXMvc2NyaXB0LWxvYWRlci5waHA= HTTP/1.1" 200 81939 "-" "Mozilla/5.0 (compatible; MJ12bot/v1.4.8; http://mj12bot.com/)"
217.182.195.176 - - [04/Aug/2025:04:39:10 +0300] "GET /doc.php?download=L2hvbWUvb3R3YWxybGwvcHVibGljX2h0bWwvd3AtaW5jbHVkZXMvc2Vzc2lvbi5waHA= HTTP/1.1" 200 277 "-" "Mozilla/5.0 (compatible; MJ12bot/v1.4.8; http://mj12bot.com/)"
217.182.195.176 - - [04/Aug/2025:04:39:12 +0300] "GET /doc.php?download=L2hvbWUvb3R3YWxybGwvcHVibGljX2h0bWwvd3AtaW5jbHVkZXMvcm9ib3RzLXRlbXBsYXRlLnBocA== HTTP/1.1" 200 5204 "-" "Mozilla/5.0 (compatible; MJ12bot/v1.4.8; http://mj12bot.com/)"
217.182.195.176 - - [04/Aug/2025:04:39:17 +0300] "GET /doc.php?download=L2hvbWUvb3R3YWxybGwvcHVibGljX2h0bWwvd3AtaW5jbHVkZXMvcmV3cml0ZS5waHA= HTTP/1.1" 200 19560 "-" "Mozilla/5.0 (compatible; MJ12bot/v1.4.8; http://mj12bot.com/)"
217.182.195.176 - - [04/Aug/2025:04:39:19 +0300] "GET /doc.php?download=L2hvbWUvb3R3YWxybGwvcHVibGljX2h0bWwvd3AtaW5jbHVkZXMvcmVnaXN0cmF0aW9uLWZ1bmN0aW9ucy5waHA= HTTP/1.1" 200 219 "-" "Mozilla/5.0 (compatible; MJ12bot/v1.4.8; http://mj12bot.com/)"
217.182.195.176 - - [04/Aug/2025:04:39:21 +0300] "GET /doc.php?download=L2hvbWUvb3R3YWxybGwvcHVibGljX2h0bWwvd3AtaW5jbHVkZXMvcmVnaXN0cmF0aW9uLnBocA== HTTP/1.1" 200 219 "-" "Mozilla/5.0 (compatible; MJ12bot/v1.4.8; http://mj12bot.com/)"
217.182.195.176 - - [04/Aug/2025:04:39:23 +0300] "GET /doc.php?download=L2hvbWUvb3R3YWxybGwvcHVibGljX2h0bWwvd3AtaW5jbHVkZXMvcmVzdC1hcGkucGhw HTTP/1.1" 200 100257 "-" "Mozilla/5.0 (compatible; MJ12bot/v1.4.8; http://mj12bot.com/)"
217.182.195.176 - - [04/Aug/2025:04:39:25 +0300] "GET /wp-includes/js/?MA HTTP/1.1" 200 4158 "-" "Mozilla/5.0 (compatible; MJ12bot/v1.4.8; http://mj12bot.com/)"
217.182.195.176 - - [04/Aug/2025:04:39:28 +0300] "GET /wp-includes/js/?ND HTTP/1.1" 200 4043 "-" "Mozilla/5.0 (compatible; MJ12bot/v1.4.8; http://mj12bot.com/)"
217.182.195.176 - - [04/Aug/2025:04:39:30 +0300] "GET /wp-includes/js/?SA HTTP/1.1" 200 4265 "-" "Mozilla/5.0 (compatible; MJ12bot/v1.4.8; http://mj12bot.com/)"
217.182.195.176 - - [04/Aug/2025:04:39:31 +0300] "GET /wp-includes/js/admin-bar.js HTTP/1.1" 200 2571 "-" "Mozilla/5.0 (compatible; MJ12bot/v1.4.8; http://mj12bot.com/)"
217.182.195.176 - - [04/Aug/2025:04:39:36 +0300] "GET /wp-includes/js/api-request.js HTTP/1.1" 200 1227 "-" "Mozilla/5.0 (compatible; MJ12bot/v1.4.8; http://mj12bot.com/)"
217.182.195.176 - - [04/Aug/2025:04:39:42 +0300] "GET /wp-includes/js/autosave.min.js HTTP/1.1" 200 2152 "-" "Mozilla/5.0 (compatible; MJ12bot/v1.4.8; http://mj12bot.com/)"
217.182.195.176 - - [04/Aug/2025:04:39:49 +0300] "GET /wp-includes/js/backbone.min.js HTTP/1.1" 200 7832 "-" "Mozilla/5.0 (compatible; MJ12bot/v1.4.8; http://mj12bot.com/)"
57.141.6.31 - - [04/Aug/2025:04:39:53 +0300] "GET /doc.php?download=L2hvbWUvb3R3YWxybGwvcHVibGljX2h0bWwvd3AtYWN0aXZhdGUucGhwLnBocC50YXIuZ3o= HTTP/2" 200 2662 "-" "meta-externalagent/1.1 (+https://developers.facebook.com/docs/sharing/webmasters/crawler)"
217.182.195.176 - - [04/Aug/2025:04:39:54 +0300] "GET /wp-includes/js/clipboard.min.js HTTP/1.1" 200 2989 "-" "Mozilla/5.0 (compatible; MJ12bot/v1.4.8; http://mj12bot.com/)"
216.73.216.137 - - [04/Aug/2025:04:39:58 +0300] "GET /wp-includes/Text/Diff/Engine/?filesrc=%2Fhome%2Fotwalrll%2Fpublic_html%2Fwp-includes%2Ffeed-atom-comments.php&path=%2Fhome%2Fotwalrll%2Fpublic_html%2Fwp-includes HTTP/2" 200 3196 "-" "Mozilla/5.0 AppleWebKit/537.36 (KHTML, like Gecko; compatible; ClaudeBot/1.0; +claudebot@anthropic.com)"
216.73.216.137 - - [04/Aug/2025:04:39:58 +0300] "GET /wp-includes/Text/Diff/Engine/?filesrc=%2Fhome%2Fotwalrll%2Fpublic_html%2Fwp-includes%2Fclass-wp-styles.php&path=%2Fhome%2Fotwalrll%2Fpublic_html%2Fwp-includes HTTP/2" 200 4543 "-" "Mozilla/5.0 AppleWebKit/537.36 (KHTML, like Gecko; compatible; ClaudeBot/1.0; +claudebot@anthropic.com)"
216.73.216.137 - - [04/Aug/2025:04:39:59 +0300] "GET /wp-includes/Text/Diff/Engine/?filesrc=%2Fhome%2Fotwalrll%2Fpublic_html%2Fwp-includes%2Fclass-wp-phpmailer.php&path=%2Fhome%2Fotwalrll%2Fpublic_html%2Fwp-includes HTTP/2" 200 2490 "-" "Mozilla/5.0 AppleWebKit/537.36 (KHTML, like Gecko; compatible; ClaudeBot/1.0; +claudebot@anthropic.com)"
216.73.216.137 - - [04/Aug/2025:04:39:59 +0300] "GET /wp-includes/Text/Diff/Engine/?filesrc=%2Fhome%2Fotwalrll%2Fpublic_html%2Fwp-includes%2Fcanonical.php&path=%2Fhome%2Fotwalrll%2Fpublic_html%2Fwp-includes HTTP/2" 200 10653 "-" "Mozilla/5.0 AppleWebKit/537.36 (KHTML, like Gecko; compatible; ClaudeBot/1.0; +claudebot@anthropic.com)"
216.73.216.137 - - [04/Aug/2025:04:39:59 +0300] "GET /wp-includes/Text/Diff/Engine/?filesrc=%2Fhome%2Fotwalrll%2Fpublic_html%2Fwp-includes%2Fspl-autoload-compat.php&path=%2Fhome%2Fotwalrll%2Fpublic_html%2Fwp-includes HTTP/2" 200 1628 "-" "Mozilla/5.0 AppleWebKit/537.36 (KHTML, like Gecko; compatible; ClaudeBot/1.0; +claudebot@anthropic.com)"
216.73.216.137 - - [04/Aug/2025:04:39:59 +0300] "GET /wp-includes/Text/Diff/Engine/?filesrc=%2Fhome%2Fotwalrll%2Fpublic_html%2Fwp-includes%2Fclass-snoopy.php&path=%2Fhome%2Fotwalrll%2Fpublic_html%2Fwp-includes HTTP/2" 200 9995 "-" "Mozilla/5.0 AppleWebKit/537.36 (KHTML, like Gecko; compatible; ClaudeBot/1.0; +claudebot@anthropic.com)"
217.182.195.176 - - [04/Aug/2025:04:40:01 +0300] "GET /wp-includes/js/colorpicker.min.js HTTP/1.1" 200 4076 "-" "Mozilla/5.0 (compatible; MJ12bot/v1.4.8; http://mj12bot.com/)"
20.171.207.134 - - [04/Aug/2025:04:40:06 +0300] "GET /wp-includes/sodium_compat/src/Core32/Curve25519/Ge/P3.php HTTP/2" 200 0 "-" "Mozilla/5.0 AppleWebKit/537.36 (KHTML, like Gecko; compatible; GPTBot/1.2; +https://openai.com/gptbot)"
217.182.195.176 - - [04/Aug/2025:04:40:08 +0300] "GET /wp-includes/js/crop/ HTTP/1.1" 200 759 "-" "Mozilla/5.0 (compatible; MJ12bot/v1.4.8; http://mj12bot.com/)"
217.182.195.176 - - [04/Aug/2025:04:40:10 +0300] "GET /wp-includes/js/customize-base.js HTTP/1.1" 200 6895 "-" "Mozilla/5.0 (compatible; MJ12bot/v1.4.8; http://mj12bot.com/)"
217.182.195.176 - - [04/Aug/2025:04:40:14 +0300] "GET /wp-includes/js/customize-base.min.js HTTP/1.1" 200 2386 "-" "Mozilla/5.0 (compatible; MJ12bot/v1.4.8; http://mj12bot.com/)"
217.182.195.176 - - [04/Aug/2025:04:40:27 +0300] "GET /wp-includes/js/customize-models.js HTTP/1.1" 200 1800 "-" "Mozilla/5.0 (compatible; MJ12bot/v1.4.8; http://mj12bot.com/)"
216.73.216.137 - - [04/Aug/2025:04:40:28 +0300] "GET /wp-includes/Text/Diff/Engine/?filesrc=%2Fhome%2Fotwalrll%2Fpublic_html%2Fwp-includes%2Fl10n.php&path=%2Fhome%2Fotwalrll%2Fpublic_html%2Fwp-includes HTTP/2" 200 15044 "-" "Mozilla/5.0 AppleWebKit/537.36 (KHTML, like Gecko; compatible; ClaudeBot/1.0; +claudebot@anthropic.com)"
216.73.216.137 - - [04/Aug/2025:04:40:28 +0300] "GET /wp-includes/Text/Diff/Engine/?filesrc=%2Fhome%2Fotwalrll%2Fpublic_html%2Fwp-includes%2Ftheme-templates.php&path=%2Fhome%2Fotwalrll%2Fpublic_html%2Fwp-includes HTTP/2" 200 3736 "-" "Mozilla/5.0 AppleWebKit/537.36 (KHTML, like Gecko; compatible; ClaudeBot/1.0; +claudebot@anthropic.com)"
216.73.216.137 - - [04/Aug/2025:04:40:28 +0300] "GET /wp-includes/Text/Diff/Engine/?filesrc=%2Fhome%2Fotwalrll%2Fpublic_html%2Fwp-includes%2Fclass-walker-page.php&path=%2Fhome%2Fotwalrll%2Fpublic_html%2Fwp-includes HTTP/2" 200 3529 "-" "Mozilla/5.0 AppleWebKit/537.36 (KHTML, like Gecko; compatible; ClaudeBot/1.0; +claudebot@anthropic.com)"
216.73.216.137 - - [04/Aug/2025:04:40:28 +0300] "GET /wp-includes/Text/Diff/Engine/?filesrc=%2Fhome%2Fotwalrll%2Fpublic_html%2Fwp-includes%2Ftemplate.php&path=%2Fhome%2Fotwalrll%2Fpublic_html%2Fwp-includes HTTP/2" 200 6033 "-" "Mozilla/5.0 AppleWebKit/537.36 (KHTML, like Gecko; compatible; ClaudeBot/1.0; +claudebot@anthropic.com)"
216.73.216.137 - - [04/Aug/2025:04:40:29 +0300] "GET /wp-includes/Text/Diff/Engine/?filesrc=%2Fhome%2Fotwalrll%2Fpublic_html%2Fwp-includes%2Fregistration.php&path=%2Fhome%2Fotwalrll%2Fpublic_html%2Fwp-includes HTTP/2" 200 1481 "-" "Mozilla/5.0 AppleWebKit/537.36 (KHTML, like Gecko; compatible; ClaudeBot/1.0; +claudebot@anthropic.com)"
216.73.216.137 - - [04/Aug/2025:04:40:28 +0300] "GET /wp-includes/Text/Diff/Engine/?filesrc=%2Fhome%2Fotwalrll%2Fpublic_html%2Fwp-includes%2Flink-template.php&path=%2Fhome%2Fotwalrll%2Fpublic_html%2Fwp-includes HTTP/2" 200 31452 "-" "Mozilla/5.0 AppleWebKit/537.36 (KHTML, like Gecko; compatible; ClaudeBot/1.0; +claudebot@anthropic.com)"
216.73.216.137 - - [04/Aug/2025:04:40:28 +0300] "GET /wp-includes/Text/Diff/Engine/?filesrc=%2Fhome%2Fotwalrll%2Fpublic_html%2Fwp-includes%2Ffeed.php&path=%2Fhome%2Fotwalrll%2Fpublic_html%2Fwp-includes HTTP/2" 200 7758 "-" "Mozilla/5.0 AppleWebKit/537.36 (KHTML, like Gecko; compatible; ClaudeBot/1.0; +claudebot@anthropic.com)"
216.73.216.137 - - [04/Aug/2025:04:40:28 +0300] "GET /wp-includes/Text/Diff/Engine/?filesrc=%2Fhome%2Fotwalrll%2Fpublic_html%2Fwp-includes%2Fpost.php&path=%2Fhome%2Fotwalrll%2Fpublic_html%2Fwp-includes HTTP/2" 200 67274 "-" "Mozilla/5.0 AppleWebKit/537.36 (KHTML, like Gecko; compatible; ClaudeBot/1.0; +claudebot@anthropic.com)"
216.73.216.137 - - [04/Aug/2025:04:40:29 +0300] "GET /wp-includes/Text/Diff/Engine/?filesrc=%2Fhome%2Fotwalrll%2Fpublic_html%2Fwp-includes%2Fkses.php&path=%2Fhome%2Fotwalrll%2Fpublic_html%2Fwp-includes HTTP/2" 200 21615 "-" "Mozilla/5.0 AppleWebKit/537.36 (KHTML, like Gecko; compatible; ClaudeBot/1.0; +claudebot@anthropic.com)"
216.73.216.137 - - [04/Aug/2025:04:40:29 +0300] "GET /wp-includes/Text/Diff/Engine/?filesrc=%2Fhome%2Fotwalrll%2Fpublic_html%2Fwp-includes%2Fcategory.php&path=%2Fhome%2Fotwalrll%2Fpublic_html%2Fwp-includes HTTP/2" 200 5115 "-" "Mozilla/5.0 AppleWebKit/537.36 (KHTML, like Gecko; compatible; ClaudeBot/1.0; +claudebot@anthropic.com)"
216.73.216.137 - - [04/Aug/2025:04:40:29 +0300] "GET /wp-includes/Text/Diff/Engine/?path=%2Fhome%2Fotwalrll%2Fpublic_html%2Fwp-includes%2Fhtml-api HTTP/2" 200 2163 "-" "Mozilla/5.0 AppleWebKit/537.36 (KHTML, like Gecko; compatible; ClaudeBot/1.0; +claudebot@anthropic.com)"
217.182.195.176 - - [04/Aug/2025:04:40:33 +0300] "GET /wp-includes/js/customize-preview-nav-menus.js HTTP/1.1" 200 3933 "-" "Mozilla/5.0 (compatible; MJ12bot/v1.4.8; http://mj12bot.com/)"
217.182.195.176 - - [04/Aug/2025:04:40:36 +0300] "GET /wp-includes/js/customize-preview-nav-menus.min.js HTTP/1.1" 200 1622 "-" "Mozilla/5.0 (compatible; MJ12bot/v1.4.8; http://mj12bot.com/)"
217.182.195.176 - - [04/Aug/2025:04:40:38 +0300] "GET /wp-includes/js/customize-preview-widgets.js HTTP/1.1" 200 5574 "-" "Mozilla/5.0 (compatible; MJ12bot/v1.4.8; http://mj12bot.com/)"
217.182.195.176 - - [04/Aug/2025:04:40:42 +0300] "GET /wp-includes/js/customize-preview.js HTTP/1.1" 200 7106 "-" "Mozilla/5.0 (compatible; MJ12bot/v1.4.8; http://mj12bot.com/)"
217.182.195.176 - - [04/Aug/2025:04:40:45 +0300] "GET /wp-includes/js/dist/ HTTP/1.1" 200 3892 "-" "Mozilla/5.0 (compatible; MJ12bot/v1.4.8; http://mj12bot.com/)"
217.182.195.176 - - [04/Aug/2025:04:40:46 +0300] "GET /wp-includes/js/imgareaselect/ HTTP/1.1" 200 0 "-" "Mozilla/5.0 (compatible; MJ12bot/v1.4.8; http://mj12bot.com/)"
217.182.195.176 - - [04/Aug/2025:04:40:48 +0300] "GET /wp-includes/js/jcrop/ HTTP/1.1" 200 719 "-" "Mozilla/5.0 (compatible; MJ12bot/v1.4.8; http://mj12bot.com/)"
217.182.195.176 - - [04/Aug/2025:04:40:50 +0300] "GET /wp-includes/js/jquery/ HTTP/1.1" 200 1536 "-" "Mozilla/5.0 (compatible; MJ12bot/v1.4.8; http://mj12bot.com/)"
217.182.195.176 - - [04/Aug/2025:04:40:53 +0300] "GET /wp-includes/js/media-models.js HTTP/1.1" 200 10458 "-" "Mozilla/5.0 (compatible; MJ12bot/v1.4.8; http://mj12bot.com/)"
217.182.195.176 - - [04/Aug/2025:04:40:55 +0300] "GET /wp-includes/js/media-models.min.js HTTP/1.1" 200 3988 "-" "Mozilla/5.0 (compatible; MJ12bot/v1.4.8; http://mj12bot.com/)"
217.182.195.176 - - [04/Aug/2025:04:40:59 +0300] "GET /wp-includes/js/media-views.js HTTP/1.1" 200 54900 "-" "Mozilla/5.0 (compatible; MJ12bot/v1.4.8; http://mj12bot.com/)"
217.182.195.176 - - [04/Aug/2025:04:41:07 +0300] "GET /wp-includes/js/mediaelement/ HTTP/1.1" 200 1481 "-" "Mozilla/5.0 (compatible; MJ12bot/v1.4.8; http://mj12bot.com/)"
217.182.195.176 - - [04/Aug/2025:04:41:09 +0300] "GET /wp-includes/js/plupload/ HTTP/1.1" 200 1169 "-" "Mozilla/5.0 (compatible; MJ12bot/v1.4.8; http://mj12bot.com/)"
217.182.195.176 - - [04/Aug/2025:04:41:12 +0300] "GET /wp-includes/js/quicktags.js HTTP/1.1" 200 5997 "-" "Mozilla/5.0 (compatible; MJ12bot/v1.4.8; http://mj12bot.com/)"
165.232.129.1 - - [04/Aug/2025:04:41:13 +0300] "GET /files.php HTTP/1.1" 404 796 "https://www.google.com" "Mozilla/5.0 (Linux; Android 7.0; SM-G892A Build/NRD90M; wv) AppleWebKit/537.36 (KHTML, like Gecko) Version/4.0 Chrome/60.0.3112.107 Mobile Safari/537.36"
20.171.207.134 - - [04/Aug/2025:04:41:13 +0300] "GET /doc.php?gzfile=L2hvbWUvb3R3YWxybGwvcHVibGljX2h0bWwvd3AtYWRtaW4vanMvZWRpdC1jb21tZW50cy5qcw%3D%3D HTTP/2" 200 6503 "-" "Mozilla/5.0 AppleWebKit/537.36 (KHTML, like Gecko; compatible; GPTBot/1.2; +https://openai.com/gptbot)"
217.182.195.176 - - [04/Aug/2025:04:41:18 +0300] "GET /wp-includes/js/shortcode.js HTTP/1.1" 200 3352 "-" "Mozilla/5.0 (compatible; MJ12bot/v1.4.8; http://mj12bot.com/)"
217.182.195.176 - - [04/Aug/2025:04:41:23 +0300] "GET /wp-includes/js/shortcode.min.js HTTP/1.1" 200 1078 "-" "Mozilla/5.0 (compatible; MJ12bot/v1.4.8; http://mj12bot.com/)"
217.182.195.176 - - [04/Aug/2025:04:41:25 +0300] "GET /wp-includes/js/swfobject.js HTTP/1.1" 200 3706 "-" "Mozilla/5.0 (compatible; MJ12bot/v1.4.8; http://mj12bot.com/)"
217.182.195.176 - - [04/Aug/2025:04:41:45 +0300] "GET /wp-includes/js/tw-sack.min.js HTTP/1.1" 200 1055 "-" "Mozilla/5.0 (compatible; MJ12bot/v1.4.8; http://mj12bot.com/)"
216.73.216.137 - - [04/Aug/2025:04:41:51 +0300] "GET /wp-includes/Text/Diff/Engine/?filesrc=%2Fhome%2Fotwalrll%2Fpublic_html%2Fwp-includes%2Fclass-walker-comment.php&path=%2Fhome%2Fotwalrll%2Fpublic_html%2Fwp-includes HTTP/2" 200 4857 "-" "Mozilla/5.0 AppleWebKit/537.36 (KHTML, like Gecko; compatible; ClaudeBot/1.0; +claudebot@anthropic.com)"
216.73.216.137 - - [04/Aug/2025:04:41:51 +0300] "GET /wp-includes/Text/Diff/Engine/?filesrc=%2Fhome%2Fotwalrll%2Fpublic_html%2Fwp-includes%2Fclass-wp-role.php&path=%2Fhome%2Fotwalrll%2Fpublic_html%2Fwp-includes HTTP/2" 200 2101 "-" "Mozilla/5.0 AppleWebKit/537.36 (KHTML, like Gecko; compatible; ClaudeBot/1.0; +claudebot@anthropic.com)"
216.73.216.137 - - [04/Aug/2025:04:41:51 +0300] "GET /wp-includes/Text/Diff/Engine/?filesrc=%2Fhome%2Fotwalrll%2Fpublic_html%2Fwp-includes%2Fblock-template.php&path=%2Fhome%2Fotwalrll%2Fpublic_html%2Fwp-includes HTTP/2" 200 6428 "-" "Mozilla/5.0 AppleWebKit/537.36 (KHTML, like Gecko; compatible; ClaudeBot/1.0; +claudebot@anthropic.com)"
216.73.216.137 - - [04/Aug/2025:04:41:51 +0300] "GET /wp-includes/Text/Diff/Engine/?filesrc=%2Fhome%2Fotwalrll%2Fpublic_html%2Fwp-includes%2Fclass-wp-site.php&path=%2Fhome%2Fotwalrll%2Fpublic_html%2Fwp-includes HTTP/2" 200 3466 "-" "Mozilla/5.0 AppleWebKit/537.36 (KHTML, like Gecko; compatible; ClaudeBot/1.0; +claudebot@anthropic.com)"
217.182.195.176 - - [04/Aug/2025:04:40:04 +0300] "GET /wp-includes/js/comment-reply.js HTTP/1.1" 200 3483 "-" "Mozilla/5.0 (compatible; MJ12bot/v1.4.8; http://mj12bot.com/)"
217.182.195.176 - - [04/Aug/2025:04:40:06 +0300] "GET /wp-includes/js/comment-reply.min.js HTTP/1.1" 200 1247 "-" "Mozilla/5.0 (compatible; MJ12bot/v1.4.8; http://mj12bot.com/)"
217.182.195.176 - - [04/Aug/2025:04:40:21 +0300] "GET /wp-includes/js/customize-loader.js HTTP/1.1" 200 2473 "-" "Mozilla/5.0 (compatible; MJ12bot/v1.4.8; http://mj12bot.com/)"
217.182.195.176 - - [04/Aug/2025:04:40:24 +0300] "GET /wp-includes/js/customize-loader.min.js HTTP/1.1" 200 1224 "-" "Mozilla/5.0 (compatible; MJ12bot/v1.4.8; http://mj12bot.com/)"
217.182.195.176 - - [04/Aug/2025:04:40:31 +0300] "GET /wp-includes/js/customize-models.min.js HTTP/1.1" 200 1067 "-" "Mozilla/5.0 (compatible; MJ12bot/v1.4.8; http://mj12bot.com/)"
217.182.195.176 - - [04/Aug/2025:04:40:40 +0300] "GET /wp-includes/js/customize-preview-widgets.min.js HTTP/1.1" 200 2428 "-" "Mozilla/5.0 (compatible; MJ12bot/v1.4.8; http://mj12bot.com/)"
217.182.195.176 - - [04/Aug/2025:04:41:03 +0300] "GET /wp-includes/js/media-views.min.js HTTP/1.1" 200 25396 "-" "Mozilla/5.0 (compatible; MJ12bot/v1.4.8; http://mj12bot.com/)"
217.182.195.176 - - [04/Aug/2025:04:41:14 +0300] "GET /wp-includes/js/quicktags.min.js HTTP/1.1" 200 3331 "-" "Mozilla/5.0 (compatible; MJ12bot/v1.4.8; http://mj12bot.com/)"
217.182.195.176 - - [04/Aug/2025:04:41:34 +0300] "GET /wp-includes/js/swfupload/ HTTP/1.1" 200 719 "-" "Mozilla/5.0 (compatible; MJ12bot/v1.4.8; http://mj12bot.com/)"
217.182.195.176 - - [04/Aug/2025:04:41:38 +0300] "GET /wp-includes/js/thickbox/ HTTP/1.1" 200 789 "-" "Mozilla/5.0 (compatible; MJ12bot/v1.4.8; http://mj12bot.com/)"
217.182.195.176 - - [04/Aug/2025:04:41:42 +0300] "GET /wp-includes/js/tinymce/ HTTP/1.1" 200 1256 "-" "Mozilla/5.0 (compatible; MJ12bot/v1.4.8; http://mj12bot.com/)"
217.182.195.176 - - [04/Aug/2025:04:41:43 +0300] "GET /wp-includes/js/tw-sack.js HTTP/1.1" 200 1427 "-" "Mozilla/5.0 (compatible; MJ12bot/v1.4.8; http://mj12bot.com/)"
217.182.195.176 - - [04/Aug/2025:04:41:49 +0300] "GET /wp-includes/js/twemoji.js HTTP/1.1" 200 7965 "-" "Mozilla/5.0 (compatible; MJ12bot/v1.4.8; http://mj12bot.com/)"
217.182.195.176 - - [04/Aug/2025:04:41:52 +0300] "GET /wp-includes/js/twemoji.min.js HTTP/1.1" 200 3597 "-" "Mozilla/5.0 (compatible; MJ12bot/v1.4.8; http://mj12bot.com/)"
217.182.195.176 - - [04/Aug/2025:04:42:01 +0300] "GET /wp-includes/js/utils.min.js HTTP/1.1" 200 756 "-" "Mozilla/5.0 (compatible; MJ12bot/v1.4.8; http://mj12bot.com/)"
217.182.195.176 - - [04/Aug/2025:04:42:02 +0300] "GET /wp-includes/js/wp-ajax-response.js HTTP/1.1" 200 1341 "-" "Mozilla/5.0 (compatible; MJ12bot/v1.4.8; http://mj12bot.com/)"
217.182.195.176 - - [04/Aug/2025:04:42:05 +0300] "GET /wp-includes/js/wp-ajax-response.min.js HTTP/1.1" 200 1006 "-" "Mozilla/5.0 (compatible; MJ12bot/v1.4.8; http://mj12bot.com/)"
217.182.195.176 - - [04/Aug/2025:04:42:09 +0300] "GET /wp-includes/js/wp-api.min.js HTTP/1.1" 200 3983 "-" "Mozilla/5.0 (compatible; MJ12bot/v1.4.8; http://mj12bot.com/)"
217.182.195.176 - - [04/Aug/2025:04:42:11 +0300] "GET /wp-includes/js/wp-auth-check.js HTTP/1.1" 200 1440 "-" "Mozilla/5.0 (compatible; MJ12bot/v1.4.8; http://mj12bot.com/)"
217.182.195.176 - - [04/Aug/2025:04:42:20 +0300] "GET /wp-includes/js/wp-backbone.min.js HTTP/1.1" 200 1086 "-" "Mozilla/5.0 (compatible; MJ12bot/v1.4.8; http://mj12bot.com/)"
217.182.195.176 - - [04/Aug/2025:04:42:22 +0300] "GET /wp-includes/js/wp-custom-header.js HTTP/1.1" 200 2767 "-" "Mozilla/5.0 (compatible; MJ12bot/v1.4.8; http://mj12bot.com/)"
216.73.216.137 - - [04/Aug/2025:04:42:27 +0300] "GET /wp-includes/Text/Diff/Engine/?filesrc=%2Fhome%2Fotwalrll%2Fpublic_html%2Fwp-includes%2Fbookmark.php&path=%2Fhome%2Fotwalrll%2Fpublic_html%2Fwp-includes HTTP/2" 200 5893 "-" "Mozilla/5.0 AppleWebKit/537.36 (KHTML, like Gecko; compatible; ClaudeBot/1.0; +claudebot@anthropic.com)"
216.73.216.137 - - [04/Aug/2025:04:41:51 +0300] "GET /wp-includes/Text/Diff/Engine/?filesrc=%2Fhome%2Fotwalrll%2Fpublic_html%2Fwp-includes%2Fsitemaps.php&path=%2Fhome%2Fotwalrll%2Fpublic_html%2Fwp-includes HTTP/2" 200 2381 "-" "Mozilla/5.0 AppleWebKit/537.36 (KHTML, like Gecko; compatible; ClaudeBot/1.0; +claudebot@anthropic.com)"
216.73.216.137 - - [04/Aug/2025:04:41:52 +0300] "GET /wp-includes/Text/Diff/Engine/?filesrc=%2Fhome%2Fotwalrll%2Fpublic_html%2Fwp-includes%2Fcomment-template.php&path=%2Fhome%2Fotwalrll%2Fpublic_html%2Fwp-includes HTTP/2" 200 23800 "-" "Mozilla/5.0 AppleWebKit/537.36 (KHTML, like Gecko; compatible; ClaudeBot/1.0; +claudebot@anthropic.com)"
216.73.216.137 - - [04/Aug/2025:04:41:52 +0300] "GET /wp-includes/Text/Diff/Engine/?filesrc=%2Fhome%2Fotwalrll%2Fpublic_html%2Fwp-includes%2Fnav-menu-template.php&path=%2Fhome%2Fotwalrll%2Fpublic_html%2Fwp-includes HTTP/2" 200 8022 "-" "Mozilla/5.0 AppleWebKit/537.36 (KHTML, like Gecko; compatible; ClaudeBot/1.0; +claudebot@anthropic.com)"
216.73.216.137 - - [04/Aug/2025:04:41:52 +0300] "GET /wp-includes/Text/Diff/Engine/?filesrc=%2Fhome%2Fotwalrll%2Fpublic_html%2Fwp-includes%2Fclass-wp-term.php&path=%2Fhome%2Fotwalrll%2Fpublic_html%2Fwp-includes HTTP/2" 200 3159 "-" "Mozilla/5.0 AppleWebKit/537.36 (KHTML, like Gecko; compatible; ClaudeBot/1.0; +claudebot@anthropic.com)"
216.73.216.137 - - [04/Aug/2025:04:41:52 +0300] "GET /wp-includes/Text/Diff/Engine/?filesrc=%2Fhome%2Fotwalrll%2Fpublic_html%2Fwp-includes%2Fms-site.php&path=%2Fhome%2Fotwalrll%2Fpublic_html%2Fwp-includes HTTP/2" 200 11859 "-" "Mozilla/5.0 AppleWebKit/537.36 (KHTML, like Gecko; compatible; ClaudeBot/1.0; +claudebot@anthropic.com)"
216.73.216.137 - - [04/Aug/2025:04:41:52 +0300] "GET /wp-includes/Text/Diff/Engine/?filesrc=%2Fhome%2Fotwalrll%2Fpublic_html%2Fwp-includes%2Ferror_log&path=%2Fhome%2Fotwalrll%2Fpublic_html%2Fwp-includes HTTP/2" 200 7659 "-" "Mozilla/5.0 AppleWebKit/537.36 (KHTML, like Gecko; compatible; ClaudeBot/1.0; +claudebot@anthropic.com)"
216.73.216.137 - - [04/Aug/2025:04:41:52 +0300] "GET /wp-includes/Text/Diff/Engine/?filesrc=%2Fhome%2Fotwalrll%2Fpublic_html%2Fwp-includes%2Fmedia.php&path=%2Fhome%2Fotwalrll%2Fpublic_html%2Fwp-includes HTTP/2" 200 55870 "-" "Mozilla/5.0 AppleWebKit/537.36 (KHTML, like Gecko; compatible; ClaudeBot/1.0; +claudebot@anthropic.com)"
217.182.195.176 - - [04/Aug/2025:04:41:54 +0300] "GET /wp-includes/js/underscore.js HTTP/1.1" 200 18837 "-" "Mozilla/5.0 (compatible; MJ12bot/v1.4.8; http://mj12bot.com/)"
217.182.195.176 - - [04/Aug/2025:04:41:56 +0300] "GET /wp-includes/js/underscore.min.js HTTP/1.1" 200 7185 "-" "Mozilla/5.0 (compatible; MJ12bot/v1.4.8; http://mj12bot.com/)"
217.182.195.176 - - [04/Aug/2025:04:41:59 +0300] "GET /wp-includes/js/utils.js HTTP/1.1" 200 1549 "-" "Mozilla/5.0 (compatible; MJ12bot/v1.4.8; http://mj12bot.com/)"
217.182.195.176 - - [04/Aug/2025:04:42:07 +0300] "GET /wp-includes/js/wp-api.js HTTP/1.1" 200 10451 "-" "Mozilla/5.0 (compatible; MJ12bot/v1.4.8; http://mj12bot.com/)"
20.171.207.134 - - [04/Aug/2025:04:42:14 +0300] "GET /doc.php?gzfile=L2hvbWUvb3R3YWxybGwvcHVibGljX2h0bWwvd3AtYWRtaW4vanMvcG9zdC5qcw%3D%3D HTTP/2" 200 6485 "-" "Mozilla/5.0 AppleWebKit/537.36 (KHTML, like Gecko; compatible; GPTBot/1.2; +https://openai.com/gptbot)"
217.182.195.176 - - [04/Aug/2025:04:42:15 +0300] "GET /wp-includes/js/wp-auth-check.min.js HTTP/1.1" 200 691 "-" "Mozilla/5.0 (compatible; MJ12bot/v1.4.8; http://mj12bot.com/)"
217.182.195.176 - - [04/Aug/2025:04:42:17 +0300] "GET /wp-includes/js/wp-backbone.js HTTP/1.1" 200 3462 "-" "Mozilla/5.0 (compatible; MJ12bot/v1.4.8; http://mj12bot.com/)"
217.182.195.176 - - [04/Aug/2025:04:42:24 +0300] "GET /wp-includes/js/wp-custom-header.min.js HTTP/1.1" 200 1502 "-" "Mozilla/5.0 (compatible; MJ12bot/v1.4.8; http://mj12bot.com/)"
217.182.195.176 - - [04/Aug/2025:04:42:27 +0300] "GET /wp-includes/js/wp-embed-template.js HTTP/1.1" 200 1702 "-" "Mozilla/5.0 (compatible; MJ12bot/v1.4.8; http://mj12bot.com/)"
216.73.216.137 - - [04/Aug/2025:04:42:27 +0300] "GET /wp-includes/Text/Diff/Engine/?filesrc=%2Fhome%2Fotwalrll%2Fpublic_html%2Fwp-includes%2Fembed-template.php&path=%2Fhome%2Fotwalrll%2Fpublic_html%2Fwp-includes HTTP/2" 200 1537 "-" "Mozilla/5.0 AppleWebKit/537.36 (KHTML, like Gecko; compatible; ClaudeBot/1.0; +claudebot@anthropic.com)"
216.73.216.137 - - [04/Aug/2025:04:42:27 +0300] "GET /wp-includes/Text/Diff/Engine/?filesrc=%2Fhome%2Fotwalrll%2Fpublic_html%2Fwp-includes%2Fclass-wp-roles.php&path=%2Fhome%2Fotwalrll%2Fpublic_html%2Fwp-includes HTTP/2" 200 3769 "-" "Mozilla/5.0 AppleWebKit/537.36 (KHTML, like Gecko; compatible; ClaudeBot/1.0; +claudebot@anthropic.com)"
216.73.216.137 - - [04/Aug/2025:04:42:27 +0300] "GET /wp-includes/Text/Diff/Engine/?filesrc=%2Fhome%2Fotwalrll%2Fpublic_html%2Fwp-includes%2Fclass-wp-post.php&path=%2Fhome%2Fotwalrll%2Fpublic_html%2Fwp-includes HTTP/2" 200 3071 "-" "Mozilla/5.0 AppleWebKit/537.36 (KHTML, like Gecko; compatible; ClaudeBot/1.0; +claudebot@anthropic.com)"
216.73.216.137 - - [04/Aug/2025:04:42:27 +0300] "GET /wp-includes/Text/Diff/Engine/?filesrc=%2Fhome%2Fotwalrll%2Fpublic_html%2Fwp-includes%2Fclass-wp-duotone.php&path=%2Fhome%2Fotwalrll%2Fpublic_html%2Fwp-includes HTTP/2" 200 11260 "-" "Mozilla/5.0 AppleWebKit/537.36 (KHTML, like Gecko; compatible; ClaudeBot/1.0; +claudebot@anthropic.com)"
216.73.216.137 - - [04/Aug/2025:04:42:27 +0300] "GET /wp-includes/Text/Diff/Engine/?filesrc=%2Fhome%2Fotwalrll%2Fpublic_html%2Fwp-includes%2Ffonts.php&path=%2Fhome%2Fotwalrll%2Fpublic_html%2Fwp-includes HTTP/2" 200 4121 "-" "Mozilla/5.0 AppleWebKit/537.36 (KHTML, like Gecko; compatible; ClaudeBot/1.0; +claudebot@anthropic.com)"
216.73.216.137 - - [04/Aug/2025:04:42:27 +0300] "GET /wp-includes/Text/Diff/Engine/?filesrc=%2Fhome%2Fotwalrll%2Fpublic_html%2Fwp-includes%2Fclass-avif-info.php&path=%2Fhome%2Fotwalrll%2Fpublic_html%2Fwp-includes HTTP/2" 200 7700 "-" "Mozilla/5.0 AppleWebKit/537.36 (KHTML, like Gecko; compatible; ClaudeBot/1.0; +claudebot@anthropic.com)"
216.73.216.137 - - [04/Aug/2025:04:42:27 +0300] "GET /wp-includes/Text/Diff/Engine/?path=%2Fhome%2Fotwalrll%2Fpublic_html%2Fwp-includes%2Finteractivity-api HTTP/2" 200 1788 "-" "Mozilla/5.0 AppleWebKit/537.36 (KHTML, like Gecko; compatible; ClaudeBot/1.0; +claudebot@anthropic.com)"
216.73.216.137 - - [04/Aug/2025:04:42:27 +0300] "GET /wp-includes/Text/Diff/Engine/?filesrc=%2Fhome%2Fotwalrll%2Fpublic_html%2Fwp-includes%2Ftheme-previews.php&path=%2Fhome%2Fotwalrll%2Fpublic_html%2Fwp-includes HTTP/2" 200 2472 "-" "Mozilla/5.0 AppleWebKit/537.36 (KHTML, like Gecko; compatible; ClaudeBot/1.0; +claudebot@anthropic.com)"
216.73.216.137 - - [04/Aug/2025:04:42:27 +0300] "GET /wp-includes/Text/Diff/Engine/?filesrc=%2Fhome%2Fotwalrll%2Fpublic_html%2Fwp-includes%2Ffeed-rdf.php&path=%2Fhome%2Fotwalrll%2Fpublic_html%2Fwp-includes HTTP/2" 200 2403 "-" "Mozilla/5.0 AppleWebKit/537.36 (KHTML, like Gecko; compatible; ClaudeBot/1.0; +claudebot@anthropic.com)"
