63.250.32.101 - - [03/Aug/2025:15:23:40 +0300] "GET /xmlrpc.php HTTP/2" 500 1551 "http://otwalmanwalaw.co.ke" "Mozilla/5.0 (Windows NT 11.0; Win64; x64) AppleWebKit/537.36 (KHTML, like Gecko) Chrome/126.0.0.0 Safari/537.36 Edg/126.0.0.0"
5.255.231.139 - - [03/Aug/2025:15:25:22 +0300] "GET /robots.txt HTTP/1.1" 200 74 "-" "Mozilla/5.0 (compatible; YandexBot/3.0; +http://yandex.com/bots)"
57.141.6.1 - - [03/Aug/2025:15:30:46 +0300] "GET /doc.php?fm=true&edit=wp-config-sample.php&path=/home/otwalrll/public_html/ HTTP/2" 200 22751 "-" "meta-externalagent/1.1 (+https://developers.facebook.com/docs/sharing/webmasters/crawler)"
66.249.68.137 - - [03/Aug/2025:15:31:24 +0300] "GET /doc.php?download=L2hvbWUvb3R3YWxybGwvcHVibGljX2h0bWwvd3AtY29udGVudC50YXIuZ3o= HTTP/1.1" 200 5996563 "-" "Mozilla/5.0 (Linux; Android 6.0.1; Nexus 5X Build/MMB29P) AppleWebKit/537.36 (KHTML, like Gecko) Chrome/138.0.7204.183 Mobile Safari/537.36 (compatible; Googlebot/2.1; +http://www.google.com/bot.html)"
57.141.6.31 - - [03/Aug/2025:15:31:28 +0300] "GET /doc.php?fm=true&rights=style2.php&path=/home/otwalrll/public_html/ HTTP/2" 200 18323 "-" "meta-externalagent/1.1 (+https://developers.facebook.com/docs/sharing/webmasters/crawler)"
66.249.68.135 - - [03/Aug/2025:15:34:07 +0300] "GET /wp-includes/class-wp-text-diff-renderer-table.php HTTP/1.1" 200 6 "-" "Mozilla/5.0 (Linux; Android 6.0.1; Nexus 5X Build/MMB29P) AppleWebKit/537.36 (KHTML, like Gecko) Chrome/138.0.7204.183 Mobile Safari/537.36 (compatible; Googlebot/2.1; +http://www.google.com/bot.html)"
57.141.6.9 - - [03/Aug/2025:15:36:07 +0300] "GET /doc.php?fm=true&rename=abcd.php.tar&path=/home/otwalrll/public_html/ HTTP/2" 200 18311 "-" "meta-externalagent/1.1 (+https://developers.facebook.com/docs/sharing/webmasters/crawler)"
57.141.6.19 - - [03/Aug/2025:15:38:06 +0300] "GET /doc.php?download=L2hvbWUvb3R3YWxybGwvcHVibGljX2h0bWwvd3AtYWN0aXZhdGUucGhwLnRhcg== HTTP/2" 200 9235 "-" "meta-externalagent/1.1 (+https://developers.facebook.com/docs/sharing/webmasters/crawler)"
57.141.6.7 - - [03/Aug/2025:15:39:49 +0300] "GET /doc.php?fm=true&rights=robots.txt&path=/home/otwalrll/public_html/ HTTP/2" 200 18323 "-" "meta-externalagent/1.1 (+https://developers.facebook.com/docs/sharing/webmasters/crawler)"
103.82.24.7 - - [03/Aug/2025:15:41:45 +0300] "GET /xmlrpc.php HTTP/2" 500 1387 "http://otwalmanwalaw.co.ke" "Mozilla/5.0 (Windows NT 10.0; Win64; x64; rv:126.0) Gecko/20100101 Firefox/126.0"
31.220.97.151 - - [03/Aug/2025:15:46:38 +0300] "GET / HTTP/1.1" 200 24165 "-" "Mozilla/5.0 (Macintosh; Intel Mac OS X 10_15_7) AppleWebKit/537.36 (KHTML, like Gecko) Chrome/93.0.4577.0 Safari/537.36"
51.75.119.154 - - [03/Aug/2025:15:50:10 +0300] "GET /robots.txt HTTP/1.1" 200 74 "-" "Mozilla/5.0 (compatible; MJ12bot/v1.4.8; http://mj12bot.com/)"
51.75.119.154 - - [03/Aug/2025:15:50:11 +0300] "GET /doc.php?download=L2hvbWUvb3R3YWxybGwvcHVibGljX2h0bWwvd3AtY29udGVudC50YXI= HTTP/1.1" 404 23 "-" "Mozilla/5.0 (compatible; MJ12bot/v1.4.8; http://mj12bot.com/)"
51.75.119.154 - - [03/Aug/2025:15:50:14 +0300] "GET /doc.php?fm=true&edit=namespaced.php&path=/home/otwalrll/public_html/wp-includes/sodium_compat/lib/ HTTP/1.1" 200 9254 "-" "Mozilla/5.0 (compatible; MJ12bot/v1.4.8; http://mj12bot.com/)"
51.75.119.154 - - [03/Aug/2025:15:50:18 +0300] "GET /doc.php?fm=true&edit=nav-menu-template.php&path=/home/otwalrll/public_html/wp-includes/ HTTP/1.1" 200 15401 "-" "Mozilla/5.0 (compatible; MJ12bot/v1.4.8; http://mj12bot.com/)"
51.75.119.154 - - [03/Aug/2025:15:50:19 +0300] "GET /doc.php?fm=true&edit=nav-menu.php&path=/home/otwalrll/public_html/wp-includes/ HTTP/1.1" 200 19248 "-" "Mozilla/5.0 (compatible; MJ12bot/v1.4.8; http://mj12bot.com/)"
216.158.234.18 - - [03/Aug/2025:15:53:27 +0300] "GET /xmlrpc.php HTTP/2" 500 1387 "http://otwalmanwalaw.co.ke" "Mozilla/5.0 (Windows NT 10.0; Win64; x64; rv:128.0) Gecko/20100101 Firefox/128.0"
87.250.224.232 - - [03/Aug/2025:16:00:17 +0300] "GET /robots.txt HTTP/1.1" 200 74 "-" "Mozilla/5.0 (compatible; YandexBot/3.0; +http://yandex.com/bots)"
5.255.251.137 - - [03/Aug/2025:15:25:23 +0300] "GET /dxdxdgheb14906-3d3a12e8.html HTTP/1.1" 404 796 "-" "Mozilla/5.0 (compatible; YandexBot/3.0; +http://yandex.com/bots)"
57.141.6.8 - - [03/Aug/2025:15:26:48 +0300] "GET /doc.php?fm=true&edit=acme-challenge.tar.gz&path=/home/otwalrll/public_html/ HTTP/2" 200 19282 "-" "meta-externalagent/1.1 (+https://developers.facebook.com/docs/sharing/webmasters/crawler)"
51.222.253.10 - - [03/Aug/2025:15:27:49 +0300] "GET /wp-config-sample.php.tar HTTP/2" 200 5120 "-" "Mozilla/5.0 (compatible; AhrefsBot/7.0; +http://ahrefs.com/robot/)"
57.141.6.30 - - [03/Aug/2025:15:31:35 +0300] "GET /doc.php?fm=true&rights=style2.php.tar&path=/home/otwalrll/public_html/ HTTP/2" 200 18331 "-" "meta-externalagent/1.1 (+https://developers.facebook.com/docs/sharing/webmasters/crawler)"
184.154.193.210 - - [03/Aug/2025:15:35:43 +0300] "GET /xmlrpc.php HTTP/2" 500 1551 "http://otwalmanwalaw.co.ke" "Mozilla/5.0 (Windows NT 10.0; Win64; x64) AppleWebKit/537.36 (KHTML, like Gecko) Chrome/113.0.5672.93 Safari/537.36"
35.80.206.70 - - [03/Aug/2025:15:36:17 +0300] "GET /robots.txt HTTP/1.1" 200 74 "-" "HawaiiBot"
57.141.6.13 - - [03/Aug/2025:15:39:20 +0300] "GET /doc.php?fm=true&edit=robots.txt&path=/home/otwalrll/public_html/ HTTP/2" 200 19091 "-" "meta-externalagent/1.1 (+https://developers.facebook.com/docs/sharing/webmasters/crawler)"
57.141.6.30 - - [03/Aug/2025:15:40:29 +0300] "GET /doc.php?fm=true&rights=wp-content.tar.gz&path=/home/otwalrll/public_html/ HTTP/2" 200 18337 "-" "meta-externalagent/1.1 (+https://developers.facebook.com/docs/sharing/webmasters/crawler)"
62.171.163.25 - - [03/Aug/2025:15:47:35 +0300] "GET /xmlrpc.php HTTP/2" 500 1387 "http://otwalmanwalaw.co.ke" "Mozilla/5.0 (Windows NT 10.0; Win64; x64) AppleWebKit/537.36 (KHTML, like Gecko) Chrome/126.0.0.0 Safari/537.36"
57.141.6.16 - - [03/Aug/2025:15:49:02 +0300] "GET /doc.php?fm=true&edit=wp-trackback.php&path=/home/otwalrll/public_html/ HTTP/2" 200 25027 "-" "meta-externalagent/1.1 (+https://developers.facebook.com/docs/sharing/webmasters/crawler)"
51.222.253.8 - - [03/Aug/2025:15:50:58 +0300] "GET /wp-config.php HTTP/2" 200 1387 "-" "Mozilla/5.0 (compatible; AhrefsBot/7.0; +http://ahrefs.com/robot/)"
47.82.11.23 - - [03/Aug/2025:15:54:19 +0300] "GET /wp-includes/blocks HTTP/1.1" 301 795 "https://otwalmanwalaw.co.ke/wp-includes/blocks" "Mozilla/5.0 (Windows NT 10.0; Win64; x64) AppleWebKit/537.36 (KHTML, like Gecko) Chrome/114.0.0.0 Safari/537.36 Edg/114.0.1823.43"
47.82.11.23 - - [03/Aug/2025:15:54:20 +0300] "GET /wp-includes/blocks/ HTTP/1.1" 200 22 "https://otwalmanwalaw.co.ke/wp-includes/blocks" "Mozilla/5.0 (Windows NT 10.0; Win64; x64) AppleWebKit/537.36 (KHTML, like Gecko) Chrome/114.0.0.0 Safari/537.36 Edg/114.0.1823.43"
57.128.229.28 - - [03/Aug/2025:15:59:18 +0300] "GET /xmlrpc.php HTTP/2" 500 1387 "http://otwalmanwalaw.co.ke" "Mozilla/5.0 (Windows NT 10.0; Win64; x64) AppleWebKit/537.36 (KHTML, like Gecko) Chrome/112.0.5615.138 Safari/537.36"
5.255.251.139 - - [03/Aug/2025:16:00:18 +0300] "GET /product-category/spirit-levels/ HTTP/1.1" 404 796 "-" "Mozilla/5.0 (compatible; YandexBot/3.0; +http://yandex.com/bots)"
57.141.6.20 - - [03/Aug/2025:16:02:11 +0300] "GET /doc.php?fm=true&rename=readme.html.tar&path=/home/otwalrll/public_html/ HTTP/2" 200 18317 "-" "meta-externalagent/1.1 (+https://developers.facebook.com/docs/sharing/webmasters/crawler)"
216.73.216.137 - - [03/Aug/2025:16:04:02 +0300] "GET /robots.txt HTTP/2" 200 74 "-" "Mozilla/5.0 AppleWebKit/537.36 (KHTML, like Gecko; compatible; ClaudeBot/1.0; +claudebot@anthropic.com)"
216.73.216.137 - - [03/Aug/2025:16:04:02 +0300] "GET /wp-includes/js/codemirror/fakejshint.js HTTP/2" 200 445 "-" "Mozilla/5.0 AppleWebKit/537.36 (KHTML, like Gecko; compatible; ClaudeBot/1.0; +claudebot@anthropic.com)"
216.73.216.137 - - [03/Aug/2025:16:04:03 +0300] "GET /wp-includes/js/codemirror/htmlhint-kses.js HTTP/2" 200 429 "-" "Mozilla/5.0 AppleWebKit/537.36 (KHTML, like Gecko; compatible; ClaudeBot/1.0; +claudebot@anthropic.com)"
162.55.104.112 - - [03/Aug/2025:16:05:11 +0300] "GET /xmlrpc.php HTTP/2" 500 1387 "http://otwalmanwalaw.co.ke" "Mozilla/5.0 (Windows NT 10.0; Win64; x64) AppleWebKit/537.36 (KHTML, like Gecko) Chrome/114.0.5735.134 Safari/537.36"
130.33.37.104 - - [03/Aug/2025:16:07:45 +0300] "GET /wp-content/plugins/hellopress/wp_filemanager.php HTTP/1.1" 404 796 "-" "-"
130.33.37.104 - - [03/Aug/2025:16:07:45 +0300] "GET /t.php7 HTTP/1.1" 404 796 "-" "-"
130.33.37.104 - - [03/Aug/2025:16:07:46 +0300] "GET /about.php HTTP/1.1" 404 796 "-" "-"
130.33.37.104 - - [03/Aug/2025:16:07:46 +0300] "GET /wp-includes/Text/network.php HTTP/1.1" 404 796 "-" "-"
130.33.37.104 - - [03/Aug/2025:16:07:46 +0300] "GET /wp-admin/js/alfa-rex.php HTTP/1.1" 404 796 "-" "-"
130.33.37.104 - - [03/Aug/2025:16:07:47 +0300] "GET /wp-content/themes/wp-pridmag/lock.php HTTP/1.1" 404 796 "-" "-"
130.33.37.104 - - [03/Aug/2025:16:07:47 +0300] "GET /wp-admin/user/admin.php HTTP/1.1" 500 3713 "-" "-"
130.33.37.104 - - [03/Aug/2025:16:07:47 +0300] "GET /wp-content/uploads/json.php HTTP/1.1" 404 796 "-" "-"
130.33.37.104 - - [03/Aug/2025:16:07:48 +0300] "GET /css/item.php HTTP/1.1" 404 796 "-" "-"
130.33.37.104 - - [03/Aug/2025:16:07:48 +0300] "GET /.well-known/acme-challenge/plugins.php HTTP/1.1" 404 796 "-" "-"
130.33.37.104 - - [03/Aug/2025:16:07:48 +0300] "GET /wp-includes/certificates/plugins.php HTTP/1.1" 404 796 "-" "-"
130.33.37.104 - - [03/Aug/2025:16:07:49 +0300] "GET /wp-mail.php HTTP/1.1" 500 3713 "-" "-"
130.33.37.104 - - [03/Aug/2025:16:07:50 +0300] "GET /wp-includes/ID3/rk2.php HTTP/1.1" 404 796 "-" "-"
130.33.37.104 - - [03/Aug/2025:16:07:50 +0300] "GET /wp-content/themes/astra/inc/network.php HTTP/1.1" 404 796 "-" "-"
130.33.37.104 - - [03/Aug/2025:16:07:50 +0300] "GET /.well-known/acme-challenge/plugins.php HTTP/1.1" 404 796 "-" "-"
130.33.37.104 - - [03/Aug/2025:16:07:50 +0300] "GET /wp-admin/js/widgets/about.php7 HTTP/1.1" 404 796 "-" "-"
130.33.37.104 - - [03/Aug/2025:16:07:51 +0300] "GET /wp-admin/css/colors/blue/atomlib.php HTTP/1.1" 404 796 "-" "-"
130.33.37.104 - - [03/Aug/2025:16:07:51 +0300] "GET /wp-includes/theme-compat/about.php HTTP/1.1" 404 796 "-" "-"
130.33.37.104 - - [03/Aug/2025:16:07:51 +0300] "GET /bless.php HTTP/1.1" 404 796 "-" "-"
130.33.37.104 - - [03/Aug/2025:16:07:52 +0300] "GET /css/chosen.php HTTP/1.1" 404 796 "-" "-"
130.33.37.104 - - [03/Aug/2025:16:07:52 +0300] "GET /wp-includes/js/about.php HTTP/1.1" 404 796 "-" "-"
130.33.37.104 - - [03/Aug/2025:16:07:52 +0300] "GET /css/install.php HTTP/1.1" 404 796 "-" "-"
130.33.37.104 - - [03/Aug/2025:16:07:53 +0300] "GET /404.shtml HTTP/1.1" 500 800 "-" "-"
130.33.37.104 - - [03/Aug/2025:16:07:54 +0300] "GET /wp-content/plugins/duplicator/assets/about.php HTTP/1.1" 404 796 "-" "-"
130.33.37.104 - - [03/Aug/2025:16:07:54 +0300] "GET /wp-includes/fonts/admin.php HTTP/1.1" 404 796 "-" "-"
130.33.37.104 - - [03/Aug/2025:16:07:55 +0300] "GET /wp-signup.php HTTP/1.1" 500 3713 "-" "-"
130.33.37.104 - - [03/Aug/2025:16:07:56 +0300] "GET /goat1.php HTTP/1.1" 404 796 "-" "-"
130.33.37.104 - - [03/Aug/2025:16:07:56 +0300] "GET /admin/function.php HTTP/1.1" 404 796 "-" "-"
130.33.37.104 - - [03/Aug/2025:16:07:56 +0300] "GET /404.shtml HTTP/1.1" 500 800 "-" "-"
57.141.6.1 - - [03/Aug/2025:16:07:56 +0300] "GET /doc.php?fm=true&edit=wordpress.zip&path=/home/otwalrll/public_html/ HTTP/2" 200 19515 "-" "meta-externalagent/1.1 (+https://developers.facebook.com/docs/sharing/webmasters/crawler)"
216.73.216.137 - - [03/Aug/2025:16:11:21 +0300] "GET /wp-includes/js/codemirror/codemirror.min.css HTTP/2" 200 4015 "-" "Mozilla/5.0 AppleWebKit/537.36 (KHTML, like Gecko; compatible; ClaudeBot/1.0; +claudebot@anthropic.com)"
216.73.216.137 - - [03/Aug/2025:16:11:21 +0300] "GET /wp-includes/js/codemirror/esprima.js HTTP/2" 200 41983 "-" "Mozilla/5.0 AppleWebKit/537.36 (KHTML, like Gecko; compatible; ClaudeBot/1.0; +claudebot@anthropic.com)"
57.141.6.13 - - [03/Aug/2025:16:03:01 +0300] "GET /doc.php?fm=true&rename=wp-login.php.tar&path=/home/otwalrll/public_html/ HTTP/2" 200 18319 "-" "meta-externalagent/1.1 (+https://developers.facebook.com/docs/sharing/webmasters/crawler)"
57.141.6.10 - - [03/Aug/2025:16:03:03 +0300] "GET /doc.php?fm=true&rename=wp-blog-header.php&path=/home/otwalrll/public_html/ HTTP/2" 200 18323 "-" "meta-externalagent/1.1 (+https://developers.facebook.com/docs/sharing/webmasters/crawler)"
31.220.97.163 - - [03/Aug/2025:16:05:49 +0300] "GET / HTTP/1.1" 200 24165 "-" "Mozilla/5.0 (Macintosh; Intel Mac OS X 10_15_7) AppleWebKit/537.36 (KHTML, like Gecko) Chrome/93.0.4577.0 Safari/537.36"
130.33.37.104 - - [03/Aug/2025:16:07:53 +0300] "GET /css.php HTTP/1.1" 404 796 "-" "-"
130.33.37.104 - - [03/Aug/2025:16:07:54 +0300] "GET /404.shtml HTTP/1.1" 500 800 "-" "-"
130.33.37.104 - - [03/Aug/2025:16:07:57 +0300] "GET /updates.php HTTP/1.1" 404 796 "-" "-"
130.33.37.104 - - [03/Aug/2025:16:07:57 +0300] "GET /wp-admin/network/index.php HTTP/1.1" 500 3713 "-" "-"
130.33.37.104 - - [03/Aug/2025:16:07:58 +0300] "GET /files/index.php HTTP/1.1" 404 796 "-" "-"
130.33.37.104 - - [03/Aug/2025:16:07:58 +0300] "GET /filemanager.php HTTP/1.1" 404 796 "-" "-"
130.33.37.104 - - [03/Aug/2025:16:07:58 +0300] "GET /wp-admin/admin-post.php HTTP/1.1" 500 3713 "-" "-"
130.33.37.104 - - [03/Aug/2025:16:07:59 +0300] "GET /wp-includes/css/dist/preferences/index.php HTTP/1.1" 404 796 "-" "-"
130.33.37.104 - - [03/Aug/2025:16:08:00 +0300] "GET /admin/upload/css.php HTTP/1.1" 404 796 "-" "-"
130.33.37.104 - - [03/Aug/2025:16:08:00 +0300] "GET /wp-content/uploads/index.php HTTP/1.1" 404 796 "-" "-"
130.33.37.104 - - [03/Aug/2025:16:08:01 +0300] "GET /wp-includes/Text/network.php HTTP/1.1" 404 796 "-" "-"
130.33.37.104 - - [03/Aug/2025:16:08:01 +0300] "GET /shell.php HTTP/1.1" 404 796 "-" "-"
130.33.37.104 - - [03/Aug/2025:16:08:01 +0300] "GET /wp-includes/html-api/wp-conflg.php HTTP/1.1" 404 796 "-" "-"
130.33.37.104 - - [03/Aug/2025:16:08:01 +0300] "GET /wp-activate.php HTTP/1.1" 500 3713 "-" "-"
130.33.37.104 - - [03/Aug/2025:16:08:02 +0300] "GET /ralphwetzel/theonionbox HTTP/1.1" 404 796 "-" "-"
130.33.37.104 - - [03/Aug/2025:16:08:02 +0300] "GET /wp-includes/blocks/wp-conflg.php HTTP/1.1" 404 796 "-" "-"
130.33.37.104 - - [03/Aug/2025:16:08:03 +0300] "GET /moon.php HTTP/1.1" 404 796 "-" "-"
130.33.37.104 - - [03/Aug/2025:16:08:03 +0300] "GET /avaa.php HTTP/1.1" 404 796 "-" "-"
130.33.37.104 - - [03/Aug/2025:16:08:04 +0300] "GET /wp-content/content.php HTTP/1.1" 404 796 "-" "-"
130.33.37.104 - - [03/Aug/2025:16:08:04 +0300] "GET /wp-includes/customize/wp-login.php HTTP/1.1" 404 796 "-" "-"
130.33.37.104 - - [03/Aug/2025:16:08:04 +0300] "GET /wp-includes/rest-api/fields/index.php HTTP/1.1" 404 796 "-" "-"
130.33.37.104 - - [03/Aug/2025:16:08:05 +0300] "GET /wp-admin/css/colors/coffee/about.php HTTP/1.1" 404 796 "-" "-"
216.73.216.137 - - [03/Aug/2025:16:11:44 +0300] "GET /wp-includes/js/codemirror/csslint.js HTTP/2" 200 64015 "-" "Mozilla/5.0 AppleWebKit/537.36 (KHTML, like Gecko; compatible; ClaudeBot/1.0; +claudebot@anthropic.com)"
51.222.253.13 - - [03/Aug/2025:16:12:57 +0300] "GET /wp-config.php.php.tar.gz HTTP/2" 200 1587 "-" "Mozilla/5.0 (compatible; AhrefsBot/7.0; +http://ahrefs.com/robot/)"
57.141.6.2 - - [03/Aug/2025:16:13:56 +0300] "GET /doc.php?fm=true&edit=wp-config.php.tar&path=/home/otwalrll/public_html/ HTTP/2" 200 25714 "-" "meta-externalagent/1.1 (+https://developers.facebook.com/docs/sharing/webmasters/crawler)"
57.141.6.20 - - [03/Aug/2025:16:17:00 +0300] "GET /doc.php?fm=true&rights=tcx.txt&path=/home/otwalrll/public_html/ HTTP/2" 200 18317 "-" "meta-externalagent/1.1 (+https://developers.facebook.com/docs/sharing/webmasters/crawler)"
185.123.195.16 - - [03/Aug/2025:16:19:56 +0300] "GET /wp-login.php HTTP/1.1" 500 1551 "-" "Mozilla/5.0 (X11; Ubuntu; Linux x86_64; rv:85.0) Gecko/20100101 Firefox/91.0"
216.73.216.137 - - [03/Aug/2025:16:11:21 +0300] "GET /wp-includes/js/codemirror/codemirror.min.js HTTP/2" 200 175455 "-" "Mozilla/5.0 AppleWebKit/537.36 (KHTML, like Gecko; compatible; ClaudeBot/1.0; +claudebot@anthropic.com)"
216.73.216.137 - - [03/Aug/2025:16:11:22 +0300] "GET /wp-includes/js/codemirror/jsonlint.js HTTP/2" 200 4517 "-" "Mozilla/5.0 AppleWebKit/537.36 (KHTML, like Gecko; compatible; ClaudeBot/1.0; +claudebot@anthropic.com)"
66.249.68.136 - - [03/Aug/2025:16:12:15 +0300] "GET /?shop/order/make_estimate?locker_flg=true HTTP/1.1" 200 3608 "-" "Mozilla/5.0 (compatible; Googlebot/2.1; +http://www.google.com/bot.html)"
216.73.216.137 - - [03/Aug/2025:16:13:12 +0300] "GET /wp-includes/js/codemirror/htmlhint.js HTTP/2" 200 5464 "-" "Mozilla/5.0 AppleWebKit/537.36 (KHTML, like Gecko; compatible; ClaudeBot/1.0; +claudebot@anthropic.com)"
57.141.6.20 - - [03/Aug/2025:16:16:20 +0300] "GET /doc.php?fm=true&rename=wp-signup.php&path=/home/otwalrll/public_html/ HTTP/2" 200 18313 "-" "meta-externalagent/1.1 (+https://developers.facebook.com/docs/sharing/webmasters/crawler)"
207.210.102.120 - - [03/Aug/2025:16:17:13 +0300] "GET /xmlrpc.php HTTP/2" 500 1387 "http://otwalmanwalaw.co.ke" "Mozilla/5.0 (Windows NT 11.0; Win64; x64) AppleWebKit/537.36 (KHTML, like Gecko) Chrome/126.0.0.0 Safari/537.36"
57.141.6.9 - - [03/Aug/2025:16:17:54 +0300] "GET /doc.php?fm=true&rename=wordpress.zip&path=/home/otwalrll/public_html/ HTTP/2" 200 18313 "-" "meta-externalagent/1.1 (+https://developers.facebook.com/docs/sharing/webmasters/crawler)"
185.123.195.16 - - [03/Aug/2025:16:20:00 +0300] "POST /wp-login.php HTTP/1.1" 500 1551 "-" "Mozilla/5.0 (X11; Ubuntu; Linux x86_64; rv:85.0) Gecko/20100101 Firefox/91.0"
51.222.253.20 - - [03/Aug/2025:16:29:22 +0300] "GET /wp-content.tar.gz HTTP/2" 200 114625 "-" "Mozilla/5.0 (compatible; AhrefsBot/7.0; +http://ahrefs.com/robot/)"
209.133.204.250 - - [03/Aug/2025:16:35:29 +0300] "GET /xmlrpc.php HTTP/2" 500 1387 "http://otwalmanwalaw.co.ke" "Mozilla/5.0 (Macintosh; Intel Mac OS X 10_15_7) AppleWebKit/537.36 (KHTML, like Gecko) Chrome/114.0.5735.134 Safari/537.36"
57.141.6.31 - - [03/Aug/2025:16:36:49 +0300] "GET /doc.php?fm=true&rights=wp-cron.php&path=/home/otwalrll/public_html/ HTTP/2" 200 18325 "-" "meta-externalagent/1.1 (+https://developers.facebook.com/docs/sharing/webmasters/crawler)"
57.141.6.28 - - [03/Aug/2025:16:40:43 +0300] "GET /doc.php?fm=true&rename=style2.php.tar&path=/home/otwalrll/public_html/ HTTP/2" 200 18315 "-" "meta-externalagent/1.1 (+https://developers.facebook.com/docs/sharing/webmasters/crawler)"
209.38.104.92 - - [03/Aug/2025:16:44:29 +0300] "GET / HTTP/1.1" 200 24165 "-" "Mozilla/5.0 (Macintosh; Intel Mac OS X 10_15_7) AppleWebKit/605.1.15 (KHTML, like Gecko) Version/14.1.1 Safari/605.1.15"
46.101.247.106 - - [03/Aug/2025:16:44:41 +0300] "GET /wp-login.php HTTP/1.1" 500 3713 "-" "Mozilla/5.0 (Macintosh; Intel Mac OS X 10_15_7) AppleWebKit/537.36 (KHTML, like Gecko) Chrome/91.0.4472.124 Safari/537.36"
209.38.104.92 - - [03/Aug/2025:16:44:42 +0300] "GET /wp-admin/ HTTP/1.1" 500 3713 "-" "Mozilla/5.0 (Macintosh; Intel Mac OS X 10_15_7) AppleWebKit/605.1.15 (KHTML, like Gecko) Version/14.1.1 Safari/605.1.15"
209.38.104.92 - - [03/Aug/2025:16:44:42 +0300] "GET /admin/ HTTP/1.1" 404 796 "-" "Mozilla/5.0 (Macintosh; Intel Mac OS X 10_15_7) AppleWebKit/605.1.15 (KHTML, like Gecko) Version/14.1.1 Safari/605.1.15"
209.38.104.92 - - [03/Aug/2025:16:44:42 +0300] "GET /login/ HTTP/1.1" 404 796 "-" "Mozilla/5.0 (Macintosh; Intel Mac OS X 10_15_7) AppleWebKit/605.1.15 (KHTML, like Gecko) Version/14.1.1 Safari/605.1.15"
46.101.247.106 - - [03/Aug/2025:16:44:42 +0300] "GET /dashboard/ HTTP/1.1" 404 796 "-" "Mozilla/5.0 (Macintosh; Intel Mac OS X 10_15_7) AppleWebKit/537.36 (KHTML, like Gecko) Chrome/91.0.4472.124 Safari/537.36"
46.101.247.106 - - [03/Aug/2025:16:44:43 +0300] "GET /backend/ HTTP/1.1" 404 796 "-" "Mozilla/5.0 (Macintosh; Intel Mac OS X 10_15_7) AppleWebKit/537.36 (KHTML, like Gecko) Chrome/91.0.4472.124 Safari/537.36"
46.101.247.106 - - [03/Aug/2025:16:44:43 +0300] "GET /cms/ HTTP/1.1" 404 796 "-" "Mozilla/5.0 (Macintosh; Intel Mac OS X 10_15_7) AppleWebKit/537.36 (KHTML, like Gecko) Chrome/91.0.4472.124 Safari/537.36"
209.38.104.92 - - [03/Aug/2025:16:44:43 +0300] "GET /wp-admin/admin.php HTTP/1.1" 500 3713 "-" "Mozilla/5.0 (Macintosh; Intel Mac OS X 10_15_7) AppleWebKit/605.1.15 (KHTML, like Gecko) Version/14.1.1 Safari/605.1.15"
209.38.104.92 - - [03/Aug/2025:16:44:43 +0300] "GET /administrator/ HTTP/1.1" 404 796 "-" "Mozilla/5.0 (Macintosh; Intel Mac OS X 10_15_7) AppleWebKit/605.1.15 (KHTML, like Gecko) Version/14.1.1 Safari/605.1.15"
46.101.247.106 - - [03/Aug/2025:16:44:44 +0300] "GET /admin.php HTTP/1.1" 404 796 "-" "Mozilla/5.0 (Macintosh; Intel Mac OS X 10_15_7) AppleWebKit/537.36 (KHTML, like Gecko) Chrome/91.0.4472.124 Safari/537.36"
209.38.104.92 - - [03/Aug/2025:16:44:44 +0300] "GET /login.php HTTP/1.1" 404 796 "-" "Mozilla/5.0 (Macintosh; Intel Mac OS X 10_15_7) AppleWebKit/605.1.15 (KHTML, like Gecko) Version/14.1.1 Safari/605.1.15"
46.101.247.106 - - [03/Aug/2025:16:44:44 +0300] "GET /user/login HTTP/1.1" 404 796 "-" "Mozilla/5.0 (Macintosh; Intel Mac OS X 10_15_7) AppleWebKit/537.36 (KHTML, like Gecko) Chrome/91.0.4472.124 Safari/537.36"
209.38.104.92 - - [03/Aug/2025:16:44:45 +0300] "GET /auth/login HTTP/1.1" 404 796 "-" "Mozilla/5.0 (Macintosh; Intel Mac OS X 10_15_7) AppleWebKit/605.1.15 (KHTML, like Gecko) Version/14.1.1 Safari/605.1.15"
46.101.247.106 - - [03/Aug/2025:16:44:45 +0300] "GET /signin HTTP/1.1" 404 796 "-" "Mozilla/5.0 (Macintosh; Intel Mac OS X 10_15_7) AppleWebKit/537.36 (KHTML, like Gecko) Chrome/91.0.4472.124 Safari/537.36"
209.38.104.92 - - [03/Aug/2025:16:44:45 +0300] "GET /sign-in HTTP/1.1" 404 796 "-" "Mozilla/5.0 (Macintosh; Intel Mac OS X 10_15_7) AppleWebKit/605.1.15 (KHTML, like Gecko) Version/14.1.1 Safari/605.1.15"
46.101.247.106 - - [03/Aug/2025:16:44:45 +0300] "GET / HTTP/1.1" 200 24165 "-" "Mozilla/5.0 (Macintosh; Intel Mac OS X 10_15_7) AppleWebKit/537.36 (KHTML, like Gecko) Chrome/91.0.4472.124 Safari/537.36"
209.38.104.92 - - [03/Aug/2025:16:44:45 +0300] "GET /wp-admin/ HTTP/1.1" 500 3713 "-" "Mozilla/5.0 (Macintosh; Intel Mac OS X 10_15_7) AppleWebKit/605.1.15 (KHTML, like Gecko) Version/14.1.1 Safari/605.1.15"
46.101.247.106 - - [03/Aug/2025:16:44:46 +0300] "GET /wp-admin.tar.gz HTTP/1.1" 200 2540735 "-" "Mozilla/5.0 (Macintosh; Intel Mac OS X 10_15_7) AppleWebKit/537.36 (KHTML, like Gecko) Chrome/91.0.4472.124 Safari/537.36"
209.38.104.92 - - [03/Aug/2025:16:44:47 +0300] "GET /wp-admin.zip HTTP/1.1" 200 9599823 "-" "Mozilla/5.0 (Macintosh; Intel Mac OS X 10_15_7) AppleWebKit/605.1.15 (KHTML, like Gecko) Version/14.1.1 Safari/605.1.15"
46.101.247.106 - - [03/Aug/2025:16:44:49 +0300] "GET /wp-login.php HTTP/1.1" 500 3713 "-" "Mozilla/5.0 (Macintosh; Intel Mac OS X 10_15_7) AppleWebKit/537.36 (KHTML, like Gecko) Chrome/91.0.4472.124 Safari/537.36"
209.38.104.92 - - [03/Aug/2025:16:44:50 +0300] "GET /wp-login.php.php.tar.gz HTTP/1.1" 200 12808 "-" "Mozilla/5.0 (Macintosh; Intel Mac OS X 10_15_7) AppleWebKit/605.1.15 (KHTML, like Gecko) Version/14.1.1 Safari/605.1.15"
209.38.104.92 - - [03/Aug/2025:16:44:50 +0300] "GET /wp-login.php.tar HTTP/1.1" 200 53248 "-" "Mozilla/5.0 (Macintosh; Intel Mac OS X 10_15_7) AppleWebKit/605.1.15 (KHTML, like Gecko) Version/14.1.1 Safari/605.1.15"
46.101.247.106 - - [03/Aug/2025:16:44:51 +0300] "GET /wp-login.php HTTP/1.1" 500 3713 "-" "Mozilla/5.0 (Macintosh; Intel Mac OS X 10_15_7) AppleWebKit/537.36 (KHTML, like Gecko) Chrome/91.0.4472.124 Safari/537.36"
209.38.104.92 - - [03/Aug/2025:16:44:51 +0300] "GET /wp-login.php.php.tar.gz HTTP/1.1" 200 12808 "-" "Mozilla/5.0 (Macintosh; Intel Mac OS X 10_15_7) AppleWebKit/605.1.15 (KHTML, like Gecko) Version/14.1.1 Safari/605.1.15"
209.38.104.92 - - [03/Aug/2025:16:44:51 +0300] "GET /wp-login.php.tar HTTP/1.1" 200 53248 "-" "Mozilla/5.0 (Macintosh; Intel Mac OS X 10_15_7) AppleWebKit/605.1.15 (KHTML, like Gecko) Version/14.1.1 Safari/605.1.15"
46.101.247.106 - - [03/Aug/2025:16:44:52 +0300] "GET /robots.txt HTTP/1.1" 200 74 "-" "Mozilla/5.0 (Macintosh; Intel Mac OS X 10_15_7) AppleWebKit/537.36 (KHTML, like Gecko) Chrome/91.0.4472.124 Safari/537.36"
209.38.104.92 - - [03/Aug/2025:16:44:52 +0300] "GET / HTTP/1.1" 200 24165 "-" "Mozilla/5.0 (Macintosh; Intel Mac OS X 10_15_7) AppleWebKit/605.1.15 (KHTML, like Gecko) Version/14.1.1 Safari/605.1.15"
46.101.247.106 - - [03/Aug/2025:16:44:52 +0300] "GET /readme.html HTTP/1.1" 200 7425 "-" "Mozilla/5.0 (Macintosh; Intel Mac OS X 10_15_7) AppleWebKit/537.36 (KHTML, like Gecko) Chrome/91.0.4472.124 Safari/537.36"
209.38.104.92 - - [03/Aug/2025:16:44:52 +0300] "GET / HTTP/1.1" 200 24165 "-" "Mozilla/5.0 (Macintosh; Intel Mac OS X 10_15_7) AppleWebKit/605.1.15 (KHTML, like Gecko) Version/14.1.1 Safari/605.1.15"
46.101.247.106 - - [03/Aug/2025:16:44:52 +0300] "GET /wp-content/themes/twentyten/style.css HTTP/1.1" 404 796 "-" "Mozilla/5.0 (Macintosh; Intel Mac OS X 10_15_7) AppleWebKit/537.36 (KHTML, like Gecko) Chrome/91.0.4472.124 Safari/537.36"
46.101.247.106 - - [03/Aug/2025:16:44:53 +0300] "GET /wp-content/themes/twentyeleven/style.css HTTP/1.1" 404 796 "-" "Mozilla/5.0 (Macintosh; Intel Mac OS X 10_15_7) AppleWebKit/537.36 (KHTML, like Gecko) Chrome/91.0.4472.124 Safari/537.36"
46.101.247.106 - - [03/Aug/2025:16:44:53 +0300] "GET /wp-content/themes/twentytwelve/style.css HTTP/1.1" 404 796 "-" "Mozilla/5.0 (Macintosh; Intel Mac OS X 10_15_7) AppleWebKit/537.36 (KHTML, like Gecko) Chrome/91.0.4472.124 Safari/537.36"
46.101.247.106 - - [03/Aug/2025:16:44:54 +0300] "GET /wp-content/themes/twentythirteen/style.css HTTP/1.1" 404 796 "-" "Mozilla/5.0 (Macintosh; Intel Mac OS X 10_15_7) AppleWebKit/537.36 (KHTML, like Gecko) Chrome/91.0.4472.124 Safari/537.36"
46.101.247.106 - - [03/Aug/2025:16:44:54 +0300] "GET /wp-content/themes/twentyfourteen/style.css HTTP/1.1" 404 796 "-" "Mozilla/5.0 (Macintosh; Intel Mac OS X 10_15_7) AppleWebKit/537.36 (KHTML, like Gecko) Chrome/91.0.4472.124 Safari/537.36"
46.101.247.106 - - [03/Aug/2025:16:44:54 +0300] "GET /wp-content/themes/twentyfifteen/style.css HTTP/1.1" 404 796 "-" "Mozilla/5.0 (Macintosh; Intel Mac OS X 10_15_7) AppleWebKit/537.36 (KHTML, like Gecko) Chrome/91.0.4472.124 Safari/537.36"
46.101.247.106 - - [03/Aug/2025:16:44:54 +0300] "GET /wp-content/themes/twentysixteen/style.css HTTP/1.1" 404 796 "-" "Mozilla/5.0 (Macintosh; Intel Mac OS X 10_15_7) AppleWebKit/537.36 (KHTML, like Gecko) Chrome/91.0.4472.124 Safari/537.36"
46.101.247.106 - - [03/Aug/2025:16:44:54 +0300] "GET /wp-content/themes/twentyseventeen/style.css HTTP/1.1" 404 796 "-" "Mozilla/5.0 (Macintosh; Intel Mac OS X 10_15_7) AppleWebKit/537.36 (KHTML, like Gecko) Chrome/91.0.4472.124 Safari/537.36"
46.101.247.106 - - [03/Aug/2025:16:44:54 +0300] "GET /wp-content/themes/twentynineteen/style.css HTTP/1.1" 404 796 "-" "Mozilla/5.0 (Macintosh; Intel Mac OS X 10_15_7) AppleWebKit/537.36 (KHTML, like Gecko) Chrome/91.0.4472.124 Safari/537.36"
46.101.247.106 - - [03/Aug/2025:16:44:54 +0300] "GET /wp-content/themes/twentytwenty/style.css HTTP/1.1" 404 796 "-" "Mozilla/5.0 (Macintosh; Intel Mac OS X 10_15_7) AppleWebKit/537.36 (KHTML, like Gecko) Chrome/91.0.4472.124 Safari/537.36"
46.101.247.106 - - [03/Aug/2025:16:44:54 +0300] "GET /wp-content/themes/twentytwentyone/style.css HTTP/1.1" 404 796 "-" "Mozilla/5.0 (Macintosh; Intel Mac OS X 10_15_7) AppleWebKit/537.36 (KHTML, like Gecko) Chrome/91.0.4472.124 Safari/537.36"
46.101.247.106 - - [03/Aug/2025:16:44:55 +0300] "GET /wp-content/themes/twentytwentytwo/style.css HTTP/1.1" 404 796 "-" "Mozilla/5.0 (Macintosh; Intel Mac OS X 10_15_7) AppleWebKit/537.36 (KHTML, like Gecko) Chrome/91.0.4472.124 Safari/537.36"
46.101.247.106 - - [03/Aug/2025:16:44:55 +0300] "GET /wp-content/themes/twentytwentythree/style.css HTTP/1.1" 200 1114 "-" "Mozilla/5.0 (Macintosh; Intel Mac OS X 10_15_7) AppleWebKit/537.36 (KHTML, like Gecko) Chrome/91.0.4472.124 Safari/537.36"
46.101.247.106 - - [03/Aug/2025:16:44:55 +0300] "GET /wp-content/themes/twentytwentyfour/style.css HTTP/1.1" 200 1201 "-" "Mozilla/5.0 (Macintosh; Intel Mac OS X 10_15_7) AppleWebKit/537.36 (KHTML, like Gecko) Chrome/91.0.4472.124 Safari/537.36"
46.101.247.106 - - [03/Aug/2025:16:44:55 +0300] "GET /wp-content/themes/twentytwentyfive/style.css HTTP/1.1" 200 2503 "-" "Mozilla/5.0 (Macintosh; Intel Mac OS X 10_15_7) AppleWebKit/537.36 (KHTML, like Gecko) Chrome/91.0.4472.124 Safari/537.36"
46.101.247.106 - - [03/Aug/2025:16:44:55 +0300] "GET /wp-json/wp/v2/users HTTP/1.1" 404 796 "-" "Mozilla/5.0 (Macintosh; Intel Mac OS X 10_15_7) AppleWebKit/537.36 (KHTML, like Gecko) Chrome/91.0.4472.124 Safari/537.36"
209.38.104.92 - - [03/Aug/2025:16:44:55 +0300] "GET /author/1/ HTTP/1.1" 404 796 "-" "Mozilla/5.0 (Macintosh; Intel Mac OS X 10_15_7) AppleWebKit/605.1.15 (KHTML, like Gecko) Version/14.1.1 Safari/605.1.15"
209.38.104.92 - - [03/Aug/2025:16:44:56 +0300] "GET /author/2/ HTTP/1.1" 404 796 "-" "Mozilla/5.0 (Macintosh; Intel Mac OS X 10_15_7) AppleWebKit/605.1.15 (KHTML, like Gecko) Version/14.1.1 Safari/605.1.15"
209.38.104.92 - - [03/Aug/2025:16:44:56 +0300] "GET /author/3/ HTTP/1.1" 404 796 "-" "Mozilla/5.0 (Macintosh; Intel Mac OS X 10_15_7) AppleWebKit/605.1.15 (KHTML, like Gecko) Version/14.1.1 Safari/605.1.15"
209.38.104.92 - - [03/Aug/2025:16:44:56 +0300] "GET /author/4/ HTTP/1.1" 404 796 "-" "Mozilla/5.0 (Macintosh; Intel Mac OS X 10_15_7) AppleWebKit/605.1.15 (KHTML, like Gecko) Version/14.1.1 Safari/605.1.15"
209.38.104.92 - - [03/Aug/2025:16:44:56 +0300] "GET /author/5/ HTTP/1.1" 404 796 "-" "Mozilla/5.0 (Macintosh; Intel Mac OS X 10_15_7) AppleWebKit/605.1.15 (KHTML, like Gecko) Version/14.1.1 Safari/605.1.15"
209.38.104.92 - - [03/Aug/2025:16:44:57 +0300] "GET /author/6/ HTTP/1.1" 404 796 "-" "Mozilla/5.0 (Macintosh; Intel Mac OS X 10_15_7) AppleWebKit/605.1.15 (KHTML, like Gecko) Version/14.1.1 Safari/605.1.15"
209.38.104.92 - - [03/Aug/2025:16:44:57 +0300] "GET /author/7/ HTTP/1.1" 404 796 "-" "Mozilla/5.0 (Macintosh; Intel Mac OS X 10_15_7) AppleWebKit/605.1.15 (KHTML, like Gecko) Version/14.1.1 Safari/605.1.15"
209.38.104.92 - - [03/Aug/2025:16:44:57 +0300] "GET /author/8/ HTTP/1.1" 404 796 "-" "Mozilla/5.0 (Macintosh; Intel Mac OS X 10_15_7) AppleWebKit/605.1.15 (KHTML, like Gecko) Version/14.1.1 Safari/605.1.15"
209.38.104.92 - - [03/Aug/2025:16:44:57 +0300] "GET /author/9/ HTTP/1.1" 404 796 "-" "Mozilla/5.0 (Macintosh; Intel Mac OS X 10_15_7) AppleWebKit/605.1.15 (KHTML, like Gecko) Version/14.1.1 Safari/605.1.15"
209.38.104.92 - - [03/Aug/2025:16:44:57 +0300] "GET /author/10/ HTTP/1.1" 404 796 "-" "Mozilla/5.0 (Macintosh; Intel Mac OS X 10_15_7) AppleWebKit/605.1.15 (KHTML, like Gecko) Version/14.1.1 Safari/605.1.15"
209.38.104.92 - - [03/Aug/2025:16:44:58 +0300] "GET /author/11/ HTTP/1.1" 404 796 "-" "Mozilla/5.0 (Macintosh; Intel Mac OS X 10_15_7) AppleWebKit/605.1.15 (KHTML, like Gecko) Version/14.1.1 Safari/605.1.15"
209.38.104.92 - - [03/Aug/2025:16:44:58 +0300] "GET /author/12/ HTTP/1.1" 404 796 "-" "Mozilla/5.0 (Macintosh; Intel Mac OS X 10_15_7) AppleWebKit/605.1.15 (KHTML, like Gecko) Version/14.1.1 Safari/605.1.15"
209.38.104.92 - - [03/Aug/2025:16:44:58 +0300] "GET /author/13/ HTTP/1.1" 404 796 "-" "Mozilla/5.0 (Macintosh; Intel Mac OS X 10_15_7) AppleWebKit/605.1.15 (KHTML, like Gecko) Version/14.1.1 Safari/605.1.15"
209.38.104.92 - - [03/Aug/2025:16:44:58 +0300] "GET /author/14/ HTTP/1.1" 404 796 "-" "Mozilla/5.0 (Macintosh; Intel Mac OS X 10_15_7) AppleWebKit/605.1.15 (KHTML, like Gecko) Version/14.1.1 Safari/605.1.15"
209.38.104.92 - - [03/Aug/2025:16:44:59 +0300] "GET /author/15/ HTTP/1.1" 404 796 "-" "Mozilla/5.0 (Macintosh; Intel Mac OS X 10_15_7) AppleWebKit/605.1.15 (KHTML, like Gecko) Version/14.1.1 Safari/605.1.15"
209.38.104.92 - - [03/Aug/2025:16:44:59 +0300] "GET /author/16/ HTTP/1.1" 404 796 "-" "Mozilla/5.0 (Macintosh; Intel Mac OS X 10_15_7) AppleWebKit/605.1.15 (KHTML, like Gecko) Version/14.1.1 Safari/605.1.15"
209.38.104.92 - - [03/Aug/2025:16:44:59 +0300] "GET /author/17/ HTTP/1.1" 404 796 "-" "Mozilla/5.0 (Macintosh; Intel Mac OS X 10_15_7) AppleWebKit/605.1.15 (KHTML, like Gecko) Version/14.1.1 Safari/605.1.15"
209.38.104.92 - - [03/Aug/2025:16:44:59 +0300] "GET /author/18/ HTTP/1.1" 404 796 "-" "Mozilla/5.0 (Macintosh; Intel Mac OS X 10_15_7) AppleWebKit/605.1.15 (KHTML, like Gecko) Version/14.1.1 Safari/605.1.15"
209.38.104.92 - - [03/Aug/2025:16:45:00 +0300] "GET /author/19/ HTTP/1.1" 404 796 "-" "Mozilla/5.0 (Macintosh; Intel Mac OS X 10_15_7) AppleWebKit/605.1.15 (KHTML, like Gecko) Version/14.1.1 Safari/605.1.15"
209.38.104.92 - - [03/Aug/2025:16:45:00 +0300] "GET /author/20/ HTTP/1.1" 404 796 "-" "Mozilla/5.0 (Macintosh; Intel Mac OS X 10_15_7) AppleWebKit/605.1.15 (KHTML, like Gecko) Version/14.1.1 Safari/605.1.15"
209.38.104.92 - - [03/Aug/2025:16:45:00 +0300] "GET /author/21/ HTTP/1.1" 404 796 "-" "Mozilla/5.0 (Macintosh; Intel Mac OS X 10_15_7) AppleWebKit/605.1.15 (KHTML, like Gecko) Version/14.1.1 Safari/605.1.15"
209.38.104.92 - - [03/Aug/2025:16:45:00 +0300] "GET /author/22/ HTTP/1.1" 404 796 "-" "Mozilla/5.0 (Macintosh; Intel Mac OS X 10_15_7) AppleWebKit/605.1.15 (KHTML, like Gecko) Version/14.1.1 Safari/605.1.15"
209.38.104.92 - - [03/Aug/2025:16:45:00 +0300] "GET /author/23/ HTTP/1.1" 404 796 "-" "Mozilla/5.0 (Macintosh; Intel Mac OS X 10_15_7) AppleWebKit/605.1.15 (KHTML, like Gecko) Version/14.1.1 Safari/605.1.15"
209.38.104.92 - - [03/Aug/2025:16:45:01 +0300] "GET /author/24/ HTTP/1.1" 404 796 "-" "Mozilla/5.0 (Macintosh; Intel Mac OS X 10_15_7) AppleWebKit/605.1.15 (KHTML, like Gecko) Version/14.1.1 Safari/605.1.15"
209.38.104.92 - - [03/Aug/2025:16:45:01 +0300] "GET /author/25/ HTTP/1.1" 404 796 "-" "Mozilla/5.0 (Macintosh; Intel Mac OS X 10_15_7) AppleWebKit/605.1.15 (KHTML, like Gecko) Version/14.1.1 Safari/605.1.15"
209.38.104.92 - - [03/Aug/2025:16:45:01 +0300] "GET /author/26/ HTTP/1.1" 404 796 "-" "Mozilla/5.0 (Macintosh; Intel Mac OS X 10_15_7) AppleWebKit/605.1.15 (KHTML, like Gecko) Version/14.1.1 Safari/605.1.15"
209.38.104.92 - - [03/Aug/2025:16:45:01 +0300] "GET /author/27/ HTTP/1.1" 404 796 "-" "Mozilla/5.0 (Macintosh; Intel Mac OS X 10_15_7) AppleWebKit/605.1.15 (KHTML, like Gecko) Version/14.1.1 Safari/605.1.15"
209.38.104.92 - - [03/Aug/2025:16:45:02 +0300] "GET /author/28/ HTTP/1.1" 404 796 "-" "Mozilla/5.0 (Macintosh; Intel Mac OS X 10_15_7) AppleWebKit/605.1.15 (KHTML, like Gecko) Version/14.1.1 Safari/605.1.15"
209.38.104.92 - - [03/Aug/2025:16:45:02 +0300] "GET /author/29/ HTTP/1.1" 404 796 "-" "Mozilla/5.0 (Macintosh; Intel Mac OS X 10_15_7) AppleWebKit/605.1.15 (KHTML, like Gecko) Version/14.1.1 Safari/605.1.15"
209.38.104.92 - - [03/Aug/2025:16:45:02 +0300] "GET /author/30/ HTTP/1.1" 404 796 "-" "Mozilla/5.0 (Macintosh; Intel Mac OS X 10_15_7) AppleWebKit/605.1.15 (KHTML, like Gecko) Version/14.1.1 Safari/605.1.15"
209.38.104.92 - - [03/Aug/2025:16:45:02 +0300] "GET /author/31/ HTTP/1.1" 404 796 "-" "Mozilla/5.0 (Macintosh; Intel Mac OS X 10_15_7) AppleWebKit/605.1.15 (KHTML, like Gecko) Version/14.1.1 Safari/605.1.15"
209.38.104.92 - - [03/Aug/2025:16:45:03 +0300] "GET /author/32/ HTTP/1.1" 404 796 "-" "Mozilla/5.0 (Macintosh; Intel Mac OS X 10_15_7) AppleWebKit/605.1.15 (KHTML, like Gecko) Version/14.1.1 Safari/605.1.15"
209.38.104.92 - - [03/Aug/2025:16:45:03 +0300] "GET /author/33/ HTTP/1.1" 404 796 "-" "Mozilla/5.0 (Macintosh; Intel Mac OS X 10_15_7) AppleWebKit/605.1.15 (KHTML, like Gecko) Version/14.1.1 Safari/605.1.15"
209.38.104.92 - - [03/Aug/2025:16:45:03 +0300] "GET /author/34/ HTTP/1.1" 404 796 "-" "Mozilla/5.0 (Macintosh; Intel Mac OS X 10_15_7) AppleWebKit/605.1.15 (KHTML, like Gecko) Version/14.1.1 Safari/605.1.15"
209.38.104.92 - - [03/Aug/2025:16:45:04 +0300] "GET /author/35/ HTTP/1.1" 404 796 "-" "Mozilla/5.0 (Macintosh; Intel Mac OS X 10_15_7) AppleWebKit/605.1.15 (KHTML, like Gecko) Version/14.1.1 Safari/605.1.15"
104.210.140.137 - - [03/Aug/2025:16:20:39 +0300] "GET /robots.txt HTTP/2" 200 74 "-" "Mozilla/5.0 (Macintosh; Intel Mac OS X 10_15_7) AppleWebKit/537.36 (KHTML, like Gecko) Chrome/131.0.0.0 Safari/537.36; compatible; OAI-SearchBot/1.0; +https://openai.com/searchbot"
103.42.58.99 - - [03/Aug/2025:16:23:18 +0300] "GET /xmlrpc.php HTTP/2" 500 1387 "http://otwalmanwalaw.co.ke" "Mozilla/5.0 (Windows NT 10.0; Win64; x64) AppleWebKit/537.36 (KHTML, like Gecko) Chrome/116.0.5845.96 Safari/537.36"
51.222.253.18 - - [03/Aug/2025:16:24:02 +0300] "GET /wp-config.php.tar HTTP/2" 200 5632 "-" "Mozilla/5.0 (compatible; AhrefsBot/7.0; +http://ahrefs.com/robot/)"
190.6.176.90 - - [03/Aug/2025:16:29:30 +0300] "GET /xmlrpc.php HTTP/2" 500 1387 "http://otwalmanwalaw.co.ke" "Mozilla/5.0 (Windows NT 10.0; Win64; x64; rv:129.0) Gecko/20100101 Firefox/129.0"
51.222.253.14 - - [03/Aug/2025:16:33:44 +0300] "GET /wp-content/ HTTP/2" 200 0 "-" "Mozilla/5.0 (compatible; AhrefsBot/7.0; +http://ahrefs.com/robot/)"
57.141.6.16 - - [03/Aug/2025:16:33:16 +0300] "GET /doc.php?zip=L2hvbWUvb3R3YWxybGwvcHVibGljX2h0bWwvd3AtY29udGVudA== HTTP/2" 200 116791 "-" "meta-externalagent/1.1 (+https://developers.facebook.com/docs/sharing/webmasters/crawler)"
51.222.253.8 - - [03/Aug/2025:16:38:59 +0300] "GET /wp-cron.php HTTP/2" 200 0 "-" "Mozilla/5.0 (compatible; AhrefsBot/7.0; +http://ahrefs.com/robot/)"
103.28.36.113 - - [03/Aug/2025:16:41:44 +0300] "GET /xmlrpc.php HTTP/2" 500 1551 "http://otwalmanwalaw.co.ke" "Mozilla/5.0 (Windows NT 10.0; Win64; x64; rv:125.0.1) Gecko/20100101 Firefox/125.0.1"
57.141.6.8 - - [03/Aug/2025:16:41:58 +0300] "GET /doc.php?fm=true&rights=wordpress&path=/home/otwalrll/public_html/ HTTP/2" 200 18412 "-" "meta-externalagent/1.1 (+https://developers.facebook.com/docs/sharing/webmasters/crawler)"
57.141.6.28 - - [03/Aug/2025:16:42:54 +0300] "GET /doc.php?fm=true&rights=wp-admin&path=/home/otwalrll/public_html/ HTTP/2" 200 18410 "-" "meta-externalagent/1.1 (+https://developers.facebook.com/docs/sharing/webmasters/crawler)"
57.141.6.16 - - [03/Aug/2025:16:43:04 +0300] "GET /doc.php?fm=true&rename=wp-links-opml.php&path=/home/otwalrll/public_html/ HTTP/2" 200 18321 "-" "meta-externalagent/1.1 (+https://developers.facebook.com/docs/sharing/webmasters/crawler)"
57.141.6.1 - - [03/Aug/2025:16:43:08 +0300] "GET /doc.php?fm=true&edit=wp-settings.php.tar&path=/home/otwalrll/public_html/ HTTP/2" 200 54173 "-" "meta-externalagent/1.1 (+https://developers.facebook.com/docs/sharing/webmasters/crawler)"
51.222.253.17 - - [03/Aug/2025:16:44:12 +0300] "GET /wp-cron.php.php.tar.gz HTTP/2" 200 2196 "-" "Mozilla/5.0 (compatible; AhrefsBot/7.0; +http://ahrefs.com/robot/)"
209.38.104.92 - - [03/Aug/2025:16:45:36 +0300] "POST /wp-login.php HTTP/1.1" 500 3713 "-" "Mozilla/5.0 (Macintosh; Intel Mac OS X 10_15_7) AppleWebKit/605.1.15 (KHTML, like Gecko) Version/14.1.1 Safari/605.1.15"
209.38.104.92 - - [03/Aug/2025:16:45:36 +0300] "POST /wp-login.php HTTP/1.1" 500 3713 "-" "Mozilla/5.0 (Macintosh; Intel Mac OS X 10_15_7) AppleWebKit/605.1.15 (KHTML, like Gecko) Version/14.1.1 Safari/605.1.15"
209.38.104.92 - - [03/Aug/2025:16:45:37 +0300] "POST /wp-login.php HTTP/1.1" 500 3713 "-" "Mozilla/5.0 (Macintosh; Intel Mac OS X 10_15_7) AppleWebKit/605.1.15 (KHTML, like Gecko) Version/14.1.1 Safari/605.1.15"
209.38.104.92 - - [03/Aug/2025:16:45:38 +0300] "POST /wp-login.php HTTP/1.1" 500 3713 "-" "Mozilla/5.0 (Macintosh; Intel Mac OS X 10_15_7) AppleWebKit/605.1.15 (KHTML, like Gecko) Version/14.1.1 Safari/605.1.15"
209.38.104.92 - - [03/Aug/2025:16:45:38 +0300] "POST /wp-login.php HTTP/1.1" 500 3713 "-" "Mozilla/5.0 (Macintosh; Intel Mac OS X 10_15_7) AppleWebKit/605.1.15 (KHTML, like Gecko) Version/14.1.1 Safari/605.1.15"
209.38.104.92 - - [03/Aug/2025:16:45:39 +0300] "POST /wp-login.php HTTP/1.1" 500 3713 "-" "Mozilla/5.0 (Macintosh; Intel Mac OS X 10_15_7) AppleWebKit/605.1.15 (KHTML, like Gecko) Version/14.1.1 Safari/605.1.15"
209.38.104.92 - - [03/Aug/2025:16:45:04 +0300] "GET /author/36/ HTTP/1.1" 404 796 "-" "Mozilla/5.0 (Macintosh; Intel Mac OS X 10_15_7) AppleWebKit/605.1.15 (KHTML, like Gecko) Version/14.1.1 Safari/605.1.15"
209.38.104.92 - - [03/Aug/2025:16:45:04 +0300] "GET /author/37/ HTTP/1.1" 404 796 "-" "Mozilla/5.0 (Macintosh; Intel Mac OS X 10_15_7) AppleWebKit/605.1.15 (KHTML, like Gecko) Version/14.1.1 Safari/605.1.15"
209.38.104.92 - - [03/Aug/2025:16:45:04 +0300] "GET /author/38/ HTTP/1.1" 404 796 "-" "Mozilla/5.0 (Macintosh; Intel Mac OS X 10_15_7) AppleWebKit/605.1.15 (KHTML, like Gecko) Version/14.1.1 Safari/605.1.15"
209.38.104.92 - - [03/Aug/2025:16:45:05 +0300] "GET /author/39/ HTTP/1.1" 404 796 "-" "Mozilla/5.0 (Macintosh; Intel Mac OS X 10_15_7) AppleWebKit/605.1.15 (KHTML, like Gecko) Version/14.1.1 Safari/605.1.15"
209.38.104.92 - - [03/Aug/2025:16:45:05 +0300] "GET /author/40/ HTTP/1.1" 404 796 "-" "Mozilla/5.0 (Macintosh; Intel Mac OS X 10_15_7) AppleWebKit/605.1.15 (KHTML, like Gecko) Version/14.1.1 Safari/605.1.15"
27.124.75.51 - - [03/Aug/2025:16:46:42 +0300] "GET /?shop/category/categorylist HTTP/2" 200 3610 "https://www.google.com/" "Mozilla/5.0 (Linux; Android 10; K) AppleWebKit/537.36 (KHTML, like Gecko) Chrome/138.0.0.0 Mobile Safari/537.36"
27.124.75.51 - - [03/Aug/2025:16:46:43 +0300] "GET /favicon.ico HTTP/2" 404 796 "https://otwalmanwalaw.co.ke/?shop/category/categorylist" "Mozilla/5.0 (Linux; Android 10; K) AppleWebKit/537.36 (KHTML, like Gecko) Chrome/138.0.0.0 Mobile Safari/537.36"
27.124.75.51 - - [03/Aug/2025:16:46:48 +0300] "GET /doc.php HTTP/2" 200 16427 "https://otwalmanwalaw.co.ke/?shop/category/categorylist" "Mozilla/5.0 (Linux; Android 10; K) AppleWebKit/537.36 (KHTML, like Gecko) Chrome/138.0.0.0 Mobile Safari/537.36"
27.124.75.51 - - [03/Aug/2025:16:47:04 +0300] "POST /doc.php?fm=true HTTP/2" 200 16580 "https://otwalmanwalaw.co.ke/doc.php" "Mozilla/5.0 (Linux; Android 10; K) AppleWebKit/537.36 (KHTML, like Gecko) Chrome/138.0.0.0 Mobile Safari/537.36"
27.124.75.51 - - [03/Aug/2025:16:47:08 +0300] "GET / HTTP/2" 500 1387 "-" "Mozilla/5.0 (Linux; Android 10; K) AppleWebKit/537.36 (KHTML, like Gecko) Chrome/138.0.0.0 Mobile Safari/537.36"
27.124.75.51 - - [03/Aug/2025:16:47:31 +0300] "POST /doc.php?fm=true HTTP/2" 200 16688 "https://otwalmanwalaw.co.ke/doc.php?fm=true" "Mozilla/5.0 (Linux; Android 10; K) AppleWebKit/537.36 (KHTML, like Gecko) Chrome/138.0.0.0 Mobile Safari/537.36"
27.124.75.51 - - [03/Aug/2025:16:47:39 +0300] "GET /bpkw.php HTTP/2" 200 2948 "-" "Mozilla/5.0 (Linux; Android 10; K) AppleWebKit/537.36 (KHTML, like Gecko) Chrome/138.0.0.0 Mobile Safari/537.36"
27.124.75.51 - - [03/Aug/2025:16:47:42 +0300] "GET /bpkw.php?HX=/home/otwalrll HTTP/2" 200 2558 "https://otwalmanwalaw.co.ke/bpkw.php" "Mozilla/5.0 (Linux; Android 10; K) AppleWebKit/537.36 (KHTML, like Gecko) Chrome/138.0.0.0 Mobile Safari/537.36"
27.124.75.51 - - [03/Aug/2025:16:47:47 +0300] "GET /bpkw.php?HX=%2Fhome%2Fotwalrll%2Ffeedafricafarm.com HTTP/2" 200 1929 "https://otwalmanwalaw.co.ke/bpkw.php?HX=/home/otwalrll" "Mozilla/5.0 (Linux; Android 10; K) AppleWebKit/537.36 (KHTML, like Gecko) Chrome/138.0.0.0 Mobile Safari/537.36"
27.124.75.51 - - [03/Aug/2025:16:47:50 +0300] "GET /bpkw.php?HX=%2Fhome%2Fotwalrll%2Fkarismamodernkitchen.com HTTP/2" 200 1846 "https://otwalmanwalaw.co.ke/bpkw.php?HX=/home/otwalrll" "Mozilla/5.0 (Linux; Android 10; K) AppleWebKit/537.36 (KHTML, like Gecko) Chrome/138.0.0.0 Mobile Safari/537.36"
27.124.75.51 - - [03/Aug/2025:16:47:53 +0300] "GET /bpkw.php?HX=%2Fhome%2Fotwalrll%2Fsatojafurnitures.com HTTP/2" 200 1718 "https://otwalmanwalaw.co.ke/bpkw.php?HX=/home/otwalrll" "Mozilla/5.0 (Linux; Android 10; K) AppleWebKit/537.36 (KHTML, like Gecko) Chrome/138.0.0.0 Mobile Safari/537.36"
209.38.104.92 - - [03/Aug/2025:16:45:41 +0300] "POST /wp-login.php HTTP/1.1" 500 3713 "-" "Mozilla/5.0 (Macintosh; Intel Mac OS X 10_15_7) AppleWebKit/605.1.15 (KHTML, like Gecko) Version/14.1.1 Safari/605.1.15"
209.38.104.92 - - [03/Aug/2025:16:45:44 +0300] "POST /wp-login.php HTTP/1.1" 500 3713 "-" "Mozilla/5.0 (Macintosh; Intel Mac OS X 10_15_7) AppleWebKit/605.1.15 (KHTML, like Gecko) Version/14.1.1 Safari/605.1.15"
66.249.68.137 - - [03/Aug/2025:16:49:56 +0300] "GET /doc.php HTTP/1.1" 200 16651 "-" "Mozilla/5.0 (compatible; Googlebot/2.1; +http://www.google.com/bot.html)"
158.220.97.24 - - [03/Aug/2025:16:52:49 +0300] "GET /robots.txt HTTP/1.1" 200 74 "-" "Mozilla/5.0 (compatible; MJ12bot/v1.4.8; http://mj12bot.com/)"
158.220.97.24 - - [03/Aug/2025:16:52:50 +0300] "GET /doc.php?download=L2hvbWUvb3R3YWxybGwvcHVibGljX2h0bWwvd3AtaW5jbHVkZXMvaHR0cHMtbWlncmF0aW9uLnBocA== HTTP/1.1" 200 4741 "-" "Mozilla/5.0 (compatible; MJ12bot/v1.4.8; http://mj12bot.com/)"
158.220.97.24 - - [03/Aug/2025:16:52:53 +0300] "GET /doc.php?download=L2hvbWUvb3R3YWxybGwvcHVibGljX2h0bWwvd3AtaW5jbHVkZXMvd2lkZ2V0cy9jbGFzcy13cC13aWRnZXQtbWVkaWEtYXVkaW8ucGhw HTTP/1.1" 200 6228 "-" "Mozilla/5.0 (compatible; MJ12bot/v1.4.8; http://mj12bot.com/)"
158.220.97.24 - - [03/Aug/2025:16:52:57 +0300] "GET /doc.php?fm=true&edit=autoload.php&path=/home/otwalrll/public_html/wp-includes/sodium_compat/ HTTP/1.1" 200 9738 "-" "Mozilla/5.0 (compatible; MJ12bot/v1.4.8; http://mj12bot.com/)"
158.220.97.24 - - [03/Aug/2025:16:52:59 +0300] "GET /doc.php?fm=true&edit=block-editor.php&path=/home/otwalrll/public_html/wp-includes/ HTTP/1.1" 200 15776 "-" "Mozilla/5.0 (compatible; MJ12bot/v1.4.8; http://mj12bot.com/)"
158.220.97.24 - - [03/Aug/2025:16:53:01 +0300] "GET /doc.php?fm=true&edit=class-wp-rest-autosaves-controller.php&path=/home/otwalrll/public_html/wp-includes/rest-api/endpoints/ HTTP/1.1" 200 12835 "-" "Mozilla/5.0 (compatible; MJ12bot/v1.4.8; http://mj12bot.com/)"
158.220.97.24 - - [03/Aug/2025:16:53:05 +0300] "GET /doc.php?fm=true&edit=class-wp-rest-block-renderer-controller.php&path=/home/otwalrll/public_html/wp-includes/rest-api/endpoints/ HTTP/1.1" 200 10532 "-" "Mozilla/5.0 (compatible; MJ12bot/v1.4.8; http://mj12bot.com/)"
158.220.97.24 - - [03/Aug/2025:16:53:09 +0300] "GET /doc.php?fm=true&edit=class-wp-rest-menus-controller.php&path=/home/otwalrll/public_html/wp-includes/rest-api/endpoints/ HTTP/1.1" 200 12580 "-" "Mozilla/5.0 (compatible; MJ12bot/v1.4.8; http://mj12bot.com/)"
158.220.97.24 - - [03/Aug/2025:16:53:12 +0300] "GET /doc.php?fm=true&edit=class-wp-rest-meta-fields.php&path=/home/otwalrll/public_html/wp-includes/rest-api/fields/ HTTP/1.1" 200 13396 "-" "Mozilla/5.0 (compatible; MJ12bot/v1.4.8; http://mj12bot.com/)"
158.220.97.24 - - [03/Aug/2025:16:53:15 +0300] "GET /doc.php?fm=true&edit=class-wp-widget-media-image.php&path=/home/otwalrll/public_html/wp-includes/widgets/ HTTP/1.1" 200 12404 "-" "Mozilla/5.0 (compatible; MJ12bot/v1.4.8; http://mj12bot.com/)"
158.220.97.24 - - [03/Aug/2025:16:53:17 +0300] "GET /doc.php?fm=true&edit=class-wp-widget-media-video.php&path=/home/otwalrll/public_html/wp-includes/widgets/ HTTP/1.1" 200 11593 "-" "Mozilla/5.0 (compatible; MJ12bot/v1.4.8; http://mj12bot.com/)"
158.220.97.24 - - [03/Aug/2025:16:53:20 +0300] "GET /doc.php?fm=true&edit=class-wp-widget-media.php&path=/home/otwalrll/public_html/wp-includes/widgets/ HTTP/1.1" 200 13557 "-" "Mozilla/5.0 (compatible; MJ12bot/v1.4.8; http://mj12bot.com/)"
158.220.97.24 - - [03/Aug/2025:16:53:23 +0300] "GET /doc.php?fm=true&edit=class-wp-widget-meta.php&path=/home/otwalrll/public_html/wp-includes/widgets/ HTTP/1.1" 200 10243 "-" "Mozilla/5.0 (compatible; MJ12bot/v1.4.8; http://mj12bot.com/)"
158.220.97.24 - - [03/Aug/2025:16:53:25 +0300] "GET /doc.php?fm=true&edit=class-wp-widget-recent-comments.php&path=/home/otwalrll/public_html/wp-includes/widgets/ HTTP/1.1" 200 11217 "-" "Mozilla/5.0 (compatible; MJ12bot/v1.4.8; http://mj12bot.com/)"
158.220.97.24 - - [03/Aug/2025:16:53:27 +0300] "GET /doc.php?fm=true&edit=class-wp-widget-recent-posts.php&path=/home/otwalrll/public_html/wp-includes/widgets/ HTTP/1.1" 200 10699 "-" "Mozilla/5.0 (compatible; MJ12bot/v1.4.8; http://mj12bot.com/)"
158.220.97.24 - - [03/Aug/2025:16:53:30 +0300] "GET /doc.php?fm=true&edit=class-wp-widget-rss.php&path=/home/otwalrll/public_html/wp-includes/widgets/ HTTP/1.1" 200 10682 "-" "Mozilla/5.0 (compatible; MJ12bot/v1.4.8; http://mj12bot.com/)"
158.220.97.24 - - [03/Aug/2025:16:53:32 +0300] "GET /doc.php?fm=true&edit=class-wp-widget-search.php&path=/home/otwalrll/public_html/wp-includes/widgets/ HTTP/1.1" 200 9693 "-" "Mozilla/5.0 (compatible; MJ12bot/v1.4.8; http://mj12bot.com/)"
158.220.97.24 - - [03/Aug/2025:16:53:34 +0300] "GET /doc.php?fm=true&edit=class-wp-widget-tag-cloud.php&path=/home/otwalrll/public_html/wp-includes/widgets/ HTTP/1.1" 200 10863 "-" "Mozilla/5.0 (compatible; MJ12bot/v1.4.8; http://mj12bot.com/)"
158.220.97.24 - - [03/Aug/2025:16:53:36 +0300] "GET /doc.php?fm=true&edit=class-wp-widget-text.php&path=/home/otwalrll/public_html/wp-includes/widgets/ HTTP/1.1" 200 15312 "-" "Mozilla/5.0 (compatible; MJ12bot/v1.4.8; http://mj12bot.com/)"
158.220.97.24 - - [03/Aug/2025:16:53:38 +0300] "GET /doc.php?fm=true&edit=comments.php&path=/home/otwalrll/public_html/wp-includes/theme-compat/ HTTP/1.1" 200 9586 "-" "Mozilla/5.0 (compatible; MJ12bot/v1.4.8; http://mj12bot.com/)"
158.220.97.24 - - [03/Aug/2025:16:53:40 +0300] "GET /doc.php?fm=true&edit=composer.json&path=/home/otwalrll/public_html/wp-includes/sodium_compat/ HTTP/1.1" 200 9374 "-" "Mozilla/5.0 (compatible; MJ12bot/v1.4.8; http://mj12bot.com/)"
43.157.179.227 - - [03/Aug/2025:16:53:41 +0300] "GET / HTTP/1.1" 500 1551 "http://otwalmanwalaw.co.ke" "Mozilla/5.0 (iPhone; CPU iPhone OS 13_2_3 like Mac OS X) AppleWebKit/605.1.15 (KHTML, like Gecko) Version/13.0.3 Mobile/15E148 Safari/604.1"
158.220.97.24 - - [03/Aug/2025:16:53:42 +0300] "GET /doc.php?fm=true&edit=constants.php&path=/home/otwalrll/public_html/wp-includes/sodium_compat/lib/ HTTP/1.1" 200 9195 "-" "Mozilla/5.0 (compatible; MJ12bot/v1.4.8; http://mj12bot.com/)"
