216.73.216.137 - - [04/Aug/2025:02:14:16 +0300] "GET /wp-includes/sodium_compat/src/Core/Base64/ HTTP/2" 200 673 "https://otwalmanwalaw.co.ke/wp-includes/sodium_compat/src/Core/Base64" "Mozilla/5.0 AppleWebKit/537.36 (KHTML, like Gecko; compatible; ClaudeBot/1.0; +claudebot@anthropic.com)"
216.73.216.137 - - [04/Aug/2025:02:14:16 +0300] "GET /wp-includes/sodium_compat/src/Core/Curve25519.php HTTP/2" 500 0 "-" "Mozilla/5.0 AppleWebKit/537.36 (KHTML, like Gecko; compatible; ClaudeBot/1.0; +claudebot@anthropic.com)"
20.171.207.134 - - [04/Aug/2025:02:15:28 +0300] "GET /doc.php?edit=nav-menus.css&fm=true&path=%2Fhome%2Fotwalrll%2Fpublic_html%2Fwp-admin%2Fcss%2F HTTP/2" 200 13091 "-" "Mozilla/5.0 AppleWebKit/537.36 (KHTML, like Gecko; compatible; GPTBot/1.2; +https://openai.com/gptbot)"
216.73.216.137 - - [04/Aug/2025:02:15:36 +0300] "GET /wp-includes/sodium_compat/src/Core/X25519.php HTTP/2" 500 0 "-" "Mozilla/5.0 AppleWebKit/537.36 (KHTML, like Gecko; compatible; ClaudeBot/1.0; +claudebot@anthropic.com)"
216.73.216.137 - - [04/Aug/2025:02:15:36 +0300] "GET /wp-includes/sodium_compat/src/Core32/ChaCha20.php HTTP/2" 500 0 "-" "Mozilla/5.0 AppleWebKit/537.36 (KHTML, like Gecko; compatible; ClaudeBot/1.0; +claudebot@anthropic.com)"
20.171.207.134 - - [04/Aug/2025:02:10:05 +0300] "GET /doc.php?fm=true&path=%2Fhome%2Fotwalrll%2Fpublic_html%2Fwp-admin%2Fcss%2F&rights=deprecated-media-rtl.min.css HTTP/2" 200 8391 "-" "Mozilla/5.0 AppleWebKit/537.36 (KHTML, like Gecko; compatible; GPTBot/1.2; +https://openai.com/gptbot)"
20.171.207.134 - - [04/Aug/2025:02:11:09 +0300] "GET /doc.php?gzfile=L2hvbWUvb3R3YWxybGwvcHVibGljX2h0bWwvd3AtYWRtaW4vanMvdGFncy5qcw%3D%3D HTTP/2" 200 6503 "-" "Mozilla/5.0 AppleWebKit/537.36 (KHTML, like Gecko; compatible; GPTBot/1.2; +https://openai.com/gptbot)"
216.73.216.137 - - [04/Aug/2025:02:12:39 +0300] "GET /wp-includes/sodium_compat/src/Core/Poly1305 HTTP/2" 301 795 "-" "Mozilla/5.0 AppleWebKit/537.36 (KHTML, like Gecko; compatible; ClaudeBot/1.0; +claudebot@anthropic.com)"
216.73.216.137 - - [04/Aug/2025:02:12:39 +0300] "GET /wp-includes/sodium_compat/src/Core/Poly1305/ HTTP/2" 200 702 "https://otwalmanwalaw.co.ke/wp-includes/sodium_compat/src/Core/Poly1305" "Mozilla/5.0 AppleWebKit/537.36 (KHTML, like Gecko; compatible; ClaudeBot/1.0; +claudebot@anthropic.com)"
216.73.216.137 - - [04/Aug/2025:02:12:39 +0300] "GET /wp-includes/sodium_compat/src/Core/HChaCha20.php HTTP/2" 500 0 "-" "Mozilla/5.0 AppleWebKit/537.36 (KHTML, like Gecko; compatible; ClaudeBot/1.0; +claudebot@anthropic.com)"
216.73.216.137 - - [04/Aug/2025:02:12:39 +0300] "GET /wp-includes/sodium_compat/src/Core/HSalsa20.php HTTP/2" 500 0 "-" "Mozilla/5.0 AppleWebKit/537.36 (KHTML, like Gecko; compatible; ClaudeBot/1.0; +claudebot@anthropic.com)"
20.171.207.134 - - [04/Aug/2025:02:14:23 +0300] "GET /doc.php?download=L2hvbWUvb3R3YWxybGwvcHVibGljX2h0bWwvd3AtYWRtaW4vY3NzL2NvZGUtZWRpdG9yLXJ0bC5taW4uY3Nz HTTP/2" 200 1458 "-" "Mozilla/5.0 AppleWebKit/537.36 (KHTML, like Gecko; compatible; GPTBot/1.2; +https://openai.com/gptbot)"
216.73.216.137 - - [04/Aug/2025:02:16:05 +0300] "GET /wp-includes/sodium_compat/src/Core32/BLAKE2b.php HTTP/2" 500 0 "-" "Mozilla/5.0 AppleWebKit/537.36 (KHTML, like Gecko; compatible; ClaudeBot/1.0; +claudebot@anthropic.com)"
216.73.216.137 - - [04/Aug/2025:02:16:05 +0300] "GET /wp-includes/sodium_compat/src/Core/Ed25519.php HTTP/2" 500 0 "-" "Mozilla/5.0 AppleWebKit/537.36 (KHTML, like Gecko; compatible; ClaudeBot/1.0; +claudebot@anthropic.com)"
216.73.216.137 - - [04/Aug/2025:02:16:06 +0300] "GET /wp-includes/sodium_compat/src/Core/ChaCha20 HTTP/2" 301 795 "-" "Mozilla/5.0 AppleWebKit/537.36 (KHTML, like Gecko; compatible; ClaudeBot/1.0; +claudebot@anthropic.com)"
216.73.216.137 - - [04/Aug/2025:02:16:06 +0300] "GET /wp-includes/sodium_compat/src/Core/ChaCha20/ HTTP/2" 200 747 "https://otwalmanwalaw.co.ke/wp-includes/sodium_compat/src/Core/ChaCha20" "Mozilla/5.0 AppleWebKit/537.36 (KHTML, like Gecko; compatible; ClaudeBot/1.0; +claudebot@anthropic.com)"
20.171.207.134 - - [04/Aug/2025:02:16:31 +0300] "GET /doc.php?gzfile=L2hvbWUvb3R3YWxybGwvcHVibGljX2h0bWwvd3AtYWRtaW4vY3NzL2Zvcm1zLmNzcw%3D%3D HTTP/2" 200 6503 "-" "Mozilla/5.0 AppleWebKit/537.36 (KHTML, like Gecko; compatible; GPTBot/1.2; +https://openai.com/gptbot)"
20.171.207.134 - - [04/Aug/2025:02:17:32 +0300] "GET /doc.php?edit=install.min.css&fm=true&path=%2Fhome%2Fotwalrll%2Fpublic_html%2Fwp-admin%2Fcss%2F HTTP/2" 200 10333 "-" "Mozilla/5.0 AppleWebKit/537.36 (KHTML, like Gecko; compatible; GPTBot/1.2; +https://openai.com/gptbot)"
20.171.207.134 - - [04/Aug/2025:02:18:38 +0300] "GET /doc.php?download=L2hvbWUvb3R3YWxybGwvcHVibGljX2h0bWwvd3AtYWRtaW4vY3NzL3RoZW1lcy5taW4uY3Nz HTTP/2" 200 32923 "-" "Mozilla/5.0 AppleWebKit/537.36 (KHTML, like Gecko; compatible; GPTBot/1.2; +https://openai.com/gptbot)"
216.73.216.137 - - [04/Aug/2025:02:19:22 +0300] "GET /wp-includes/sodium_compat/src/Core/AEGIS HTTP/2" 301 795 "-" "Mozilla/5.0 AppleWebKit/537.36 (KHTML, like Gecko; compatible; ClaudeBot/1.0; +claudebot@anthropic.com)"
216.73.216.137 - - [04/Aug/2025:02:15:36 +0300] "GET /wp-includes/sodium_compat/src/Core32/SecretStream HTTP/2" 301 795 "-" "Mozilla/5.0 AppleWebKit/537.36 (KHTML, like Gecko; compatible; ClaudeBot/1.0; +claudebot@anthropic.com)"
216.73.216.137 - - [04/Aug/2025:02:15:36 +0300] "GET /wp-includes/sodium_compat/src/Core32/SecretStream/ HTTP/2" 200 653 "https://otwalmanwalaw.co.ke/wp-includes/sodium_compat/src/Core32/SecretStream" "Mozilla/5.0 AppleWebKit/537.36 (KHTML, like Gecko; compatible; ClaudeBot/1.0; +claudebot@anthropic.com)"
216.73.216.137 - - [04/Aug/2025:02:17:45 +0300] "GET /wp-includes/sodium_compat/src/Core32/Salsa20.php HTTP/2" 500 0 "-" "Mozilla/5.0 AppleWebKit/537.36 (KHTML, like Gecko; compatible; ClaudeBot/1.0; +claudebot@anthropic.com)"
216.73.216.137 - - [04/Aug/2025:02:17:45 +0300] "GET /wp-includes/sodium_compat/src/Core/AES HTTP/2" 301 795 "-" "Mozilla/5.0 AppleWebKit/537.36 (KHTML, like Gecko; compatible; ClaudeBot/1.0; +claudebot@anthropic.com)"
216.73.216.137 - - [04/Aug/2025:02:17:46 +0300] "GET /wp-includes/sodium_compat/src/Core/AES/ HTTP/2" 200 705 "https://otwalmanwalaw.co.ke/wp-includes/sodium_compat/src/Core/AES" "Mozilla/5.0 AppleWebKit/537.36 (KHTML, like Gecko; compatible; ClaudeBot/1.0; +claudebot@anthropic.com)"
216.73.216.137 - - [04/Aug/2025:02:17:46 +0300] "GET /wp-includes/sodium_compat/src/Core32/Poly1305.php HTTP/2" 500 0 "-" "Mozilla/5.0 AppleWebKit/537.36 (KHTML, like Gecko; compatible; ClaudeBot/1.0; +claudebot@anthropic.com)"
20.171.207.134 - - [04/Aug/2025:02:20:44 +0300] "GET /doc.php?download=L2hvbWUvb3R3YWxybGwvcHVibGljX2h0bWwvd3AtYWRtaW4vY3NzL2xpc3QtdGFibGVzLXJ0bC5taW4uY3Nz HTTP/2" 200 35725 "-" "Mozilla/5.0 AppleWebKit/537.36 (KHTML, like Gecko; compatible; GPTBot/1.2; +https://openai.com/gptbot)"
216.73.216.137 - - [04/Aug/2025:02:20:57 +0300] "GET /wp-includes/sodium_compat/src/Core32/HSalsa20.php HTTP/2" 500 0 "-" "Mozilla/5.0 AppleWebKit/537.36 (KHTML, like Gecko; compatible; ClaudeBot/1.0; +claudebot@anthropic.com)"
216.73.216.137 - - [04/Aug/2025:02:20:58 +0300] "GET /wp-includes/sodium_compat/src/Core/Curve25519 HTTP/2" 301 795 "-" "Mozilla/5.0 AppleWebKit/537.36 (KHTML, like Gecko; compatible; ClaudeBot/1.0; +claudebot@anthropic.com)"
216.73.216.137 - - [04/Aug/2025:02:20:58 +0300] "GET /wp-includes/sodium_compat/src/Core/Curve25519/ HTTP/2" 200 792 "https://otwalmanwalaw.co.ke/wp-includes/sodium_compat/src/Core/Curve25519" "Mozilla/5.0 AppleWebKit/537.36 (KHTML, like Gecko; compatible; ClaudeBot/1.0; +claudebot@anthropic.com)"
20.171.207.134 - - [04/Aug/2025:02:21:45 +0300] "GET /doc.php?download=L2hvbWUvb3R3YWxybGwvcHVibGljX2h0bWwvd3AtYWRtaW4vY3NzL2N1c3RvbWl6ZS1uYXYtbWVudXMuY3Nz HTTP/2" 200 22170 "-" "Mozilla/5.0 AppleWebKit/537.36 (KHTML, like Gecko; compatible; GPTBot/1.2; +https://openai.com/gptbot)"
20.171.207.134 - - [04/Aug/2025:02:23:55 +0300] "GET /doc.php?download=L2hvbWUvb3R3YWxybGwvcHVibGljX2h0bWwvd3AtYWRtaW4vY3NzL3JldmlzaW9ucy5taW4uY3Nz HTTP/2" 200 8733 "-" "Mozilla/5.0 AppleWebKit/537.36 (KHTML, like Gecko; compatible; GPTBot/1.2; +https://openai.com/gptbot)"
216.73.216.137 - - [04/Aug/2025:02:24:18 +0300] "GET /wp-includes/sodium_compat/src/Core/Ristretto255.php HTTP/2" 500 0 "-" "Mozilla/5.0 AppleWebKit/537.36 (KHTML, like Gecko; compatible; ClaudeBot/1.0; +claudebot@anthropic.com)"
216.73.216.137 - - [04/Aug/2025:02:24:18 +0300] "GET /wp-includes/sodium_compat/src/Core32/Curve25519.php HTTP/2" 500 0 "-" "Mozilla/5.0 AppleWebKit/537.36 (KHTML, like Gecko; compatible; ClaudeBot/1.0; +claudebot@anthropic.com)"
20.171.207.134 - - [04/Aug/2025:02:24:56 +0300] "GET /doc.php?download=L2hvbWUvb3R3YWxybGwvcHVibGljX2h0bWwvd3AtYWRtaW4vY3NzL2NvbW1vbi5taW4uY3Nz HTTP/2" 200 58989 "-" "Mozilla/5.0 AppleWebKit/537.36 (KHTML, like Gecko; compatible; GPTBot/1.2; +https://openai.com/gptbot)"
20.171.207.134 - - [04/Aug/2025:02:26:05 +0300] "GET /doc.php?download=L2hvbWUvb3R3YWxybGwvcHVibGljX2h0bWwvd3AtYWRtaW4vY3NzL3dwLWFkbWluLXJ0bC5taW4uY3Nz HTTP/2" 200 569 "-" "Mozilla/5.0 AppleWebKit/537.36 (KHTML, like Gecko; compatible; GPTBot/1.2; +https://openai.com/gptbot)"
212.147.5.172 - - [04/Aug/2025:02:26:22 +0300] "GET /wp-login.php HTTP/1.1" 500 1551 "-" "Mozilla/5.0 (X11; Ubuntu; Linux x86_64; rv:85.0) Gecko/20100101 Firefox/91.0"
20.171.207.134 - - [04/Aug/2025:02:26:58 +0300] "GET /doc.php?download=L2hvbWUvb3R3YWxybGwvcHVibGljX2h0bWwvd3AtYWRtaW4vY3NzL2NvbG9yLXBpY2tlci1ydGwuY3Nz HTTP/2" 200 3891 "-" "Mozilla/5.0 AppleWebKit/537.36 (KHTML, like Gecko; compatible; GPTBot/1.2; +https://openai.com/gptbot)"
216.73.216.137 - - [04/Aug/2025:02:27:27 +0300] "GET /wp-includes/sodium_compat/src/Core32/ChaCha20 HTTP/2" 301 795 "-" "Mozilla/5.0 AppleWebKit/537.36 (KHTML, like Gecko; compatible; ClaudeBot/1.0; +claudebot@anthropic.com)"
216.73.216.137 - - [04/Aug/2025:02:27:27 +0300] "GET /wp-includes/sodium_compat/src/Core32/X25519.php HTTP/2" 500 0 "-" "Mozilla/5.0 AppleWebKit/537.36 (KHTML, like Gecko; compatible; ClaudeBot/1.0; +claudebot@anthropic.com)"
216.73.216.137 - - [04/Aug/2025:02:27:27 +0300] "GET /wp-includes/sodium_compat/src/Core32/ChaCha20/ HTTP/2" 200 749 "https://otwalmanwalaw.co.ke/wp-includes/sodium_compat/src/Core32/ChaCha20" "Mozilla/5.0 AppleWebKit/537.36 (KHTML, like Gecko; compatible; ClaudeBot/1.0; +claudebot@anthropic.com)"
20.171.207.134 - - [04/Aug/2025:02:28:04 +0300] "GET /doc.php?download=L2hvbWUvb3R3YWxybGwvcHVibGljX2h0bWwvd3AtYWRtaW4vY3NzL2NvbG9yLXBpY2tlci5taW4uY3Nz HTTP/2" 200 3145 "-" "Mozilla/5.0 AppleWebKit/537.36 (KHTML, like Gecko; compatible; GPTBot/1.2; +https://openai.com/gptbot)"
216.73.216.137 - - [04/Aug/2025:02:28:58 +0300] "GET /wp-includes/sodium_compat/src/Core32/Curve25519 HTTP/2" 301 795 "-" "Mozilla/5.0 AppleWebKit/537.36 (KHTML, like Gecko; compatible; ClaudeBot/1.0; +claudebot@anthropic.com)"
216.73.216.137 - - [04/Aug/2025:02:28:58 +0300] "GET /wp-includes/sodium_compat/src/Core32/Curve25519/ HTTP/2" 200 794 "https://otwalmanwalaw.co.ke/wp-includes/sodium_compat/src/Core32/Curve25519" "Mozilla/5.0 AppleWebKit/537.36 (KHTML, like Gecko; compatible; ClaudeBot/1.0; +claudebot@anthropic.com)"
216.73.216.137 - - [04/Aug/2025:02:28:58 +0300] "GET /wp-includes/sodium_compat/src/Core32/Ed25519.php HTTP/2" 500 0 "-" "Mozilla/5.0 AppleWebKit/537.36 (KHTML, like Gecko; compatible; ClaudeBot/1.0; +claudebot@anthropic.com)"
20.171.207.134 - - [04/Aug/2025:02:29:06 +0300] "GET /doc.php?download=L2hvbWUvb3R3YWxybGwvcHVibGljX2h0bWwvd3AtYWRtaW4vY3NzL3NpdGUtaWNvbi1ydGwuY3Nz HTTP/2" 200 4666 "-" "Mozilla/5.0 AppleWebKit/537.36 (KHTML, like Gecko; compatible; GPTBot/1.2; +https://openai.com/gptbot)"
20.171.207.134 - - [04/Aug/2025:02:30:06 +0300] "GET /doc.php?download=L2hvbWUvb3R3YWxybGwvcHVibGljX2h0bWwvd3AtYWRtaW4vY3NzL3dpZGdldHMuY3Nz HTTP/2" 200 17649 "-" "Mozilla/5.0 AppleWebKit/537.36 (KHTML, like Gecko; compatible; GPTBot/1.2; +https://openai.com/gptbot)"
216.73.216.137 - - [04/Aug/2025:02:30:19 +0300] "GET /wp-includes/sodium_compat/src/Core32/error_log HTTP/2" 403 787 "-" "Mozilla/5.0 AppleWebKit/537.36 (KHTML, like Gecko; compatible; ClaudeBot/1.0; +claudebot@anthropic.com)"
216.73.216.137 - - [04/Aug/2025:02:30:19 +0300] "GET /wp-includes/sodium_compat/src/Core/XChaCha20.php HTTP/2" 500 0 "-" "Mozilla/5.0 AppleWebKit/537.36 (KHTML, like Gecko; compatible; ClaudeBot/1.0; +claudebot@anthropic.com)"
216.73.216.137 - - [04/Aug/2025:02:30:20 +0300] "GET /wp-includes/sodium_compat/src/Core/Salsa20.php HTTP/2" 500 0 "-" "Mozilla/5.0 AppleWebKit/537.36 (KHTML, like Gecko; compatible; ClaudeBot/1.0; +claudebot@anthropic.com)"
216.73.216.137 - - [04/Aug/2025:02:31:16 +0300] "GET /wp-includes/sodium_compat/src/Core/BLAKE2b.php HTTP/2" 500 0 "-" "Mozilla/5.0 AppleWebKit/537.36 (KHTML, like Gecko; compatible; ClaudeBot/1.0; +claudebot@anthropic.com)"
216.73.216.137 - - [04/Aug/2025:02:31:16 +0300] "GET /wp-includes/sodium_compat/src/Core/AES.php HTTP/2" 500 0 "-" "Mozilla/5.0 AppleWebKit/537.36 (KHTML, like Gecko; compatible; ClaudeBot/1.0; +claudebot@anthropic.com)"
216.73.216.137 - - [04/Aug/2025:02:31:17 +0300] "GET /wp-includes/sodium_compat/src/Core/ChaCha20.php HTTP/2" 500 0 "-" "Mozilla/5.0 AppleWebKit/537.36 (KHTML, like Gecko; compatible; ClaudeBot/1.0; +claudebot@anthropic.com)"
20.171.207.134 - - [04/Aug/2025:02:32:15 +0300] "GET /doc.php?download=L2hvbWUvb3R3YWxybGwvcHVibGljX2h0bWwvd3AtYWRtaW4vY3NzL2Rhc2hib2FyZC5taW4uY3Nz HTTP/2" 200 22687 "-" "Mozilla/5.0 AppleWebKit/537.36 (KHTML, like Gecko; compatible; GPTBot/1.2; +https://openai.com/gptbot)"
216.73.216.137 - - [04/Aug/2025:02:32:44 +0300] "GET /wp-includes/js/jquery/ui/button.js HTTP/2" 200 3225 "-" "Mozilla/5.0 AppleWebKit/537.36 (KHTML, like Gecko; compatible; ClaudeBot/1.0; +claudebot@anthropic.com)"
216.73.216.137 - - [04/Aug/2025:02:32:44 +0300] "GET /wp-includes/js/jquery/ui/autocomplete.js HTTP/2" 200 5171 "-" "Mozilla/5.0 AppleWebKit/537.36 (KHTML, like Gecko; compatible; ClaudeBot/1.0; +claudebot@anthropic.com)"
216.73.216.137 - - [04/Aug/2025:02:32:45 +0300] "GET /wp-includes/js/jquery/ui/selectmenu.js HTTP/2" 200 4488 "-" "Mozilla/5.0 AppleWebKit/537.36 (KHTML, like Gecko; compatible; ClaudeBot/1.0; +claudebot@anthropic.com)"
216.73.216.137 - - [04/Aug/2025:02:32:45 +0300] "GET /wp-includes/js/jquery/ui/effect-explode.js HTTP/2" 200 1174 "-" "Mozilla/5.0 AppleWebKit/537.36 (KHTML, like Gecko; compatible; ClaudeBot/1.0; +claudebot@anthropic.com)"
216.73.216.137 - - [04/Aug/2025:02:33:25 +0300] "GET /wp-includes/js/jquery/ui/effect-drop.js HTTP/2" 200 673 "-" "Mozilla/5.0 AppleWebKit/537.36 (KHTML, like Gecko; compatible; ClaudeBot/1.0; +claudebot@anthropic.com)"
216.73.216.137 - - [04/Aug/2025:02:33:26 +0300] "GET /wp-includes/js/jquery/ui/checkboxradio.js HTTP/2" 200 2176 "-" "Mozilla/5.0 AppleWebKit/537.36 (KHTML, like Gecko; compatible; ClaudeBot/1.0; +claudebot@anthropic.com)"
216.73.216.137 - - [04/Aug/2025:02:33:27 +0300] "GET /wp-includes/js/jquery/ui/dialog.js HTTP/2" 200 6325 "-" "Mozilla/5.0 AppleWebKit/537.36 (KHTML, like Gecko; compatible; ClaudeBot/1.0; +claudebot@anthropic.com)"
216.73.216.137 - - [04/Aug/2025:02:33:27 +0300] "GET /wp-includes/js/jquery/ui/tooltip.js HTTP/2" 200 4328 "-" "Mozilla/5.0 AppleWebKit/537.36 (KHTML, like Gecko; compatible; ClaudeBot/1.0; +claudebot@anthropic.com)"
20.171.207.134 - - [04/Aug/2025:02:34:24 +0300] "GET /doc.php?download=L2hvbWUvb3R3YWxybGwvcHVibGljX2h0bWwvd3AtYWRtaW4vY3NzL3RoZW1lcy1ydGwuY3Nz HTTP/2" 200 42123 "-" "Mozilla/5.0 AppleWebKit/537.36 (KHTML, like Gecko; compatible; GPTBot/1.2; +https://openai.com/gptbot)"
216.73.216.137 - - [04/Aug/2025:02:35:03 +0300] "GET /wp-includes/js/jquery/ui/effect-fold.js HTTP/2" 200 834 "-" "Mozilla/5.0 AppleWebKit/537.36 (KHTML, like Gecko; compatible; ClaudeBot/1.0; +claudebot@anthropic.com)"
216.73.216.137 - - [04/Aug/2025:02:35:03 +0300] "GET /wp-includes/js/jquery/ui/selectable.js HTTP/2" 200 1909 "-" "Mozilla/5.0 AppleWebKit/537.36 (KHTML, like Gecko; compatible; ClaudeBot/1.0; +claudebot@anthropic.com)"
216.73.216.137 - - [04/Aug/2025:02:35:03 +0300] "GET /wp-includes/js/jquery/ui/effect-explode.min.js HTTP/2" 200 600 "-" "Mozilla/5.0 AppleWebKit/537.36 (KHTML, like Gecko; compatible; ClaudeBot/1.0; +claudebot@anthropic.com)"
216.73.216.137 - - [04/Aug/2025:02:35:04 +0300] "GET /wp-includes/js/jquery/ui/effect-fade.js HTTP/2" 200 465 "-" "Mozilla/5.0 AppleWebKit/537.36 (KHTML, like Gecko; compatible; ClaudeBot/1.0; +claudebot@anthropic.com)"
20.171.207.134 - - [04/Aug/2025:02:35:27 +0300] "GET /doc.php?download=L2hvbWUvb3R3YWxybGwvcHVibGljX2h0bWwvd3AtYWRtaW4vY3NzL2FkbWluLW1lbnUuY3Nz HTTP/2" 200 18665 "-" "Mozilla/5.0 AppleWebKit/537.36 (KHTML, like Gecko; compatible; GPTBot/1.2; +https://openai.com/gptbot)"
216.73.216.137 - - [04/Aug/2025:02:19:22 +0300] "GET /wp-includes/sodium_compat/src/Core/AEGIS/ HTTP/2" 200 679 "https://otwalmanwalaw.co.ke/wp-includes/sodium_compat/src/Core/AEGIS" "Mozilla/5.0 AppleWebKit/537.36 (KHTML, like Gecko; compatible; ClaudeBot/1.0; +claudebot@anthropic.com)"
216.73.216.137 - - [04/Aug/2025:02:19:22 +0300] "GET /wp-includes/sodium_compat/src/Core32/XChaCha20.php HTTP/2" 500 0 "-" "Mozilla/5.0 AppleWebKit/537.36 (KHTML, like Gecko; compatible; ClaudeBot/1.0; +claudebot@anthropic.com)"
216.73.216.137 - - [04/Aug/2025:02:19:23 +0300] "GET /wp-includes/sodium_compat/src/Core/AEGIS256.php HTTP/2" 500 0 "-" "Mozilla/5.0 AppleWebKit/537.36 (KHTML, like Gecko; compatible; ClaudeBot/1.0; +claudebot@anthropic.com)"
20.171.207.134 - - [04/Aug/2025:02:19:39 +0300] "GET /doc.php?download=L2hvbWUvb3R3YWxybGwvcHVibGljX2h0bWwvd3AtYWRtaW4vY3NzL2Zvcm1zLXJ0bC5taW4uY3Nz HTTP/2" 200 28466 "-" "Mozilla/5.0 AppleWebKit/537.36 (KHTML, like Gecko; compatible; GPTBot/1.2; +https://openai.com/gptbot)"
216.73.216.137 - - [04/Aug/2025:02:22:35 +0300] "GET /wp-includes/sodium_compat/src/Core/AEGIS128L.php HTTP/2" 500 0 "-" "Mozilla/5.0 AppleWebKit/537.36 (KHTML, like Gecko; compatible; ClaudeBot/1.0; +claudebot@anthropic.com)"
216.73.216.137 - - [04/Aug/2025:02:22:36 +0300] "GET /wp-includes/sodium_compat/src/Core32/HChaCha20.php HTTP/2" 500 0 "-" "Mozilla/5.0 AppleWebKit/537.36 (KHTML, like Gecko; compatible; ClaudeBot/1.0; +claudebot@anthropic.com)"
20.171.207.134 - - [04/Aug/2025:02:22:51 +0300] "GET /doc.php?download=L2hvbWUvb3R3YWxybGwvcHVibGljX2h0bWwvd3AtYWRtaW4vY3NzL3NpdGUtaGVhbHRoLXJ0bC5taW4uY3Nz HTTP/2" 200 5299 "-" "Mozilla/5.0 AppleWebKit/537.36 (KHTML, like Gecko; compatible; GPTBot/1.2; +https://openai.com/gptbot)"
68.218.88.48 - - [04/Aug/2025:02:24:35 +0300] "GET /wp-content/plugins/hellopress/wp_filemanager.php HTTP/1.1" 404 796 "-" "-"
68.218.88.48 - - [04/Aug/2025:02:24:37 +0300] "GET /akcc.php HTTP/1.1" 404 796 "-" "-"
68.218.88.48 - - [04/Aug/2025:02:24:38 +0300] "GET /ms-load.php HTTP/1.1" 404 796 "-" "-"
216.73.216.137 - - [04/Aug/2025:02:26:00 +0300] "GET /wp-includes/sodium_compat/src/Core32/Poly1305 HTTP/2" 301 795 "-" "Mozilla/5.0 AppleWebKit/537.36 (KHTML, like Gecko; compatible; ClaudeBot/1.0; +claudebot@anthropic.com)"
216.73.216.137 - - [04/Aug/2025:02:26:00 +0300] "GET /wp-includes/sodium_compat/src/Core32/XSalsa20.php HTTP/2" 500 0 "-" "Mozilla/5.0 AppleWebKit/537.36 (KHTML, like Gecko; compatible; ClaudeBot/1.0; +claudebot@anthropic.com)"
216.73.216.137 - - [04/Aug/2025:02:26:01 +0300] "GET /wp-includes/sodium_compat/src/Core32/Poly1305/ HTTP/2" 200 707 "https://otwalmanwalaw.co.ke/wp-includes/sodium_compat/src/Core32/Poly1305" "Mozilla/5.0 AppleWebKit/537.36 (KHTML, like Gecko; compatible; ClaudeBot/1.0; +claudebot@anthropic.com)"
212.147.5.172 - - [04/Aug/2025:02:26:22 +0300] "POST /wp-login.php HTTP/1.1" 500 1551 "-" "Mozilla/5.0 (X11; Ubuntu; Linux x86_64; rv:85.0) Gecko/20100101 Firefox/91.0"
20.171.207.134 - - [04/Aug/2025:02:31:10 +0300] "GET /doc.php?download=L2hvbWUvb3R3YWxybGwvcHVibGljX2h0bWwvd3AtYWRtaW4vY3NzL2ZhcmJ0YXN0aWMuY3Nz HTTP/2" 200 630 "-" "Mozilla/5.0 AppleWebKit/537.36 (KHTML, like Gecko; compatible; GPTBot/1.2; +https://openai.com/gptbot)"
20.171.207.134 - - [04/Aug/2025:02:33:20 +0300] "GET /doc.php?download=L2hvbWUvb3R3YWxybGwvcHVibGljX2h0bWwvd3AtYWRtaW4vY3NzL2xvZ2luLXJ0bC5taW4uY3Nz HTTP/2" 200 6401 "-" "Mozilla/5.0 AppleWebKit/537.36 (KHTML, like Gecko; compatible; GPTBot/1.2; +https://openai.com/gptbot)"
20.171.207.134 - - [04/Aug/2025:02:36:31 +0300] "GET /doc.php?download=L2hvbWUvb3R3YWxybGwvcHVibGljX2h0bWwvd3AtYWRtaW4vY3NzL21lZGlhLXJ0bC5taW4uY3Nz HTTP/2" 200 21818 "-" "Mozilla/5.0 AppleWebKit/537.36 (KHTML, like Gecko; compatible; GPTBot/1.2; +https://openai.com/gptbot)"
216.73.216.137 - - [04/Aug/2025:02:37:07 +0300] "GET /wp-includes/js/jquery/ui/effect-blind.js HTTP/2" 200 670 "-" "Mozilla/5.0 AppleWebKit/537.36 (KHTML, like Gecko; compatible; ClaudeBot/1.0; +claudebot@anthropic.com)"
216.73.216.137 - - [04/Aug/2025:02:39:24 +0300] "GET /wp-includes/js/jquery/ui/effect-clip.js HTTP/2" 200 627 "-" "Mozilla/5.0 AppleWebKit/537.36 (KHTML, like Gecko; compatible; ClaudeBot/1.0; +claudebot@anthropic.com)"
216.73.216.137 - - [04/Aug/2025:02:39:24 +0300] "GET /wp-includes/js/jquery/ui/resizable.js HTTP/2" 200 7317 "-" "Mozilla/5.0 AppleWebKit/537.36 (KHTML, like Gecko; compatible; ClaudeBot/1.0; +claudebot@anthropic.com)"
216.73.216.137 - - [04/Aug/2025:02:39:24 +0300] "GET /wp-includes/js/jquery/ui/effect-scale.js HTTP/2" 200 615 "-" "Mozilla/5.0 AppleWebKit/537.36 (KHTML, like Gecko; compatible; ClaudeBot/1.0; +claudebot@anthropic.com)"
216.73.216.137 - - [04/Aug/2025:02:39:25 +0300] "GET /wp-includes/js/jquery/ui/effect-shake.js HTTP/2" 200 717 "-" "Mozilla/5.0 AppleWebKit/537.36 (KHTML, like Gecko; compatible; ClaudeBot/1.0; +claudebot@anthropic.com)"
216.73.216.137 - - [04/Aug/2025:02:40:03 +0300] "GET /wp-includes/js/jquery/ui/button.min.js HTTP/2" 200 1830 "-" "Mozilla/5.0 AppleWebKit/537.36 (KHTML, like Gecko; compatible; ClaudeBot/1.0; +claudebot@anthropic.com)"
216.73.216.137 - - [04/Aug/2025:02:40:05 +0300] "GET /wp-includes/js/jquery/ui/autocomplete.min.js HTTP/2" 200 2715 "-" "Mozilla/5.0 AppleWebKit/537.36 (KHTML, like Gecko; compatible; ClaudeBot/1.0; +claudebot@anthropic.com)"
216.73.216.137 - - [04/Aug/2025:02:40:04 +0300] "GET /wp-includes/js/jquery/ui/accordion.js HTTP/2" 200 4349 "-" "Mozilla/5.0 AppleWebKit/537.36 (KHTML, like Gecko; compatible; ClaudeBot/1.0; +claudebot@anthropic.com)"
216.73.216.137 - - [04/Aug/2025:02:40:07 +0300] "GET /wp-includes/js/jquery/ui/effect-pulsate.js HTTP/2" 200 671 "-" "Mozilla/5.0 AppleWebKit/537.36 (KHTML, like Gecko; compatible; ClaudeBot/1.0; +claudebot@anthropic.com)"
216.73.216.137 - - [04/Aug/2025:02:41:36 +0300] "GET /wp-includes/js/jquery/ui/selectmenu.min.js HTTP/2" 200 2853 "-" "Mozilla/5.0 AppleWebKit/537.36 (KHTML, like Gecko; compatible; ClaudeBot/1.0; +claudebot@anthropic.com)"
216.73.216.137 - - [04/Aug/2025:02:41:36 +0300] "GET /wp-includes/js/jquery/ui/tooltip.min.js HTTP/2" 200 2019 "-" "Mozilla/5.0 AppleWebKit/537.36 (KHTML, like Gecko; compatible; ClaudeBot/1.0; +claudebot@anthropic.com)"
216.73.216.137 - - [04/Aug/2025:02:41:37 +0300] "GET /wp-includes/js/jquery/ui/effect-transfer.js HTTP/2" 200 420 "-" "Mozilla/5.0 AppleWebKit/537.36 (KHTML, like Gecko; compatible; ClaudeBot/1.0; +claudebot@anthropic.com)"
216.73.216.137 - - [04/Aug/2025:02:41:37 +0300] "GET /wp-includes/js/jquery/ui/slider.js HTTP/2" 200 4753 "-" "Mozilla/5.0 AppleWebKit/537.36 (KHTML, like Gecko; compatible; ClaudeBot/1.0; +claudebot@anthropic.com)"
216.73.216.137 - - [04/Aug/2025:02:42:25 +0300] "GET /wp-includes/js/jquery/ui/effect-puff.js HTTP/2" 200 482 "-" "Mozilla/5.0 AppleWebKit/537.36 (KHTML, like Gecko; compatible; ClaudeBot/1.0; +claudebot@anthropic.com)"
216.73.216.137 - - [04/Aug/2025:02:42:25 +0300] "GET /wp-includes/js/jquery/ui/sortable.js HTTP/2" 200 11329 "-" "Mozilla/5.0 AppleWebKit/537.36 (KHTML, like Gecko; compatible; ClaudeBot/1.0; +claudebot@anthropic.com)"
216.73.216.137 - - [04/Aug/2025:02:42:26 +0300] "GET /wp-includes/js/jquery/ui/checkboxradio.min.js HTTP/2" 200 1296 "-" "Mozilla/5.0 AppleWebKit/537.36 (KHTML, like Gecko; compatible; ClaudeBot/1.0; +claudebot@anthropic.com)"
216.73.216.137 - - [04/Aug/2025:02:42:27 +0300] "GET /wp-includes/js/jquery/ui/dialog.min.js HTTP/2" 200 3660 "-" "Mozilla/5.0 AppleWebKit/537.36 (KHTML, like Gecko; compatible; ClaudeBot/1.0; +claudebot@anthropic.com)"
216.73.216.137 - - [04/Aug/2025:02:44:10 +0300] "GET /wp-includes/js/jquery/ui/effect-scale.min.js HTTP/2" 200 382 "-" "Mozilla/5.0 AppleWebKit/537.36 (KHTML, like Gecko; compatible; ClaudeBot/1.0; +claudebot@anthropic.com)"
216.73.216.137 - - [04/Aug/2025:02:44:10 +0300] "GET /wp-includes/js/jquery/ui/effect-blind.min.js HTTP/2" 200 453 "-" "Mozilla/5.0 AppleWebKit/537.36 (KHTML, like Gecko; compatible; ClaudeBot/1.0; +claudebot@anthropic.com)"
216.73.216.137 - - [04/Aug/2025:02:35:52 +0300] "GET /wp-includes/js/jquery/ui/effect-size.js HTTP/2" 200 1568 "-" "Mozilla/5.0 AppleWebKit/537.36 (KHTML, like Gecko; compatible; ClaudeBot/1.0; +claudebot@anthropic.com)"
216.73.216.137 - - [04/Aug/2025:02:35:52 +0300] "GET /wp-includes/js/jquery/ui/progressbar.js HTTP/2" 200 1301 "-" "Mozilla/5.0 AppleWebKit/537.36 (KHTML, like Gecko; compatible; ClaudeBot/1.0; +claudebot@anthropic.com)"
216.73.216.137 - - [04/Aug/2025:02:35:53 +0300] "GET /wp-includes/js/jquery/ui/core.js HTTP/2" 200 12968 "-" "Mozilla/5.0 AppleWebKit/537.36 (KHTML, like Gecko; compatible; ClaudeBot/1.0; +claudebot@anthropic.com)"
216.73.216.137 - - [04/Aug/2025:02:35:53 +0300] "GET /wp-includes/js/jquery/ui/effect-slide.js HTTP/2" 200 804 "-" "Mozilla/5.0 AppleWebKit/537.36 (KHTML, like Gecko; compatible; ClaudeBot/1.0; +claudebot@anthropic.com)"
20.171.207.134 - - [04/Aug/2025:02:37:37 +0300] "GET /doc.php?download=L2hvbWUvb3R3YWxybGwvcHVibGljX2h0bWwvd3AtYWRtaW4vY3NzL3NpdGUtaWNvbi5taW4uY3Nz HTTP/2" 200 3956 "-" "Mozilla/5.0 AppleWebKit/537.36 (KHTML, like Gecko; compatible; GPTBot/1.2; +https://openai.com/gptbot)"
20.171.207.134 - - [04/Aug/2025:02:38:37 +0300] "GET /doc.php?download=L2hvbWUvb3R3YWxybGwvcHVibGljX2h0bWwvd3AtYWRtaW4vY3NzL2Fib3V0LXJ0bC5taW4uY3Nz HTTP/2" 200 21791 "-" "Mozilla/5.0 AppleWebKit/537.36 (KHTML, like Gecko; compatible; GPTBot/1.2; +https://openai.com/gptbot)"
20.171.207.134 - - [04/Aug/2025:02:39:41 +0300] "GET /doc.php?download=L2hvbWUvb3R3YWxybGwvcHVibGljX2h0bWwvd3AtYWRtaW4vanMvYXBwbGljYXRpb24tcGFzc3dvcmRzLmpz HTTP/2" 200 6413 "-" "Mozilla/5.0 AppleWebKit/537.36 (KHTML, like Gecko; compatible; GPTBot/1.2; +https://openai.com/gptbot)"
20.171.207.134 - - [04/Aug/2025:02:40:43 +0300] "GET /doc.php?download=L2hvbWUvb3R3YWxybGwvcHVibGljX2h0bWwvd3AtYWRtaW4vanMvcGx1Z2luLWluc3RhbGwubWluLmpz HTTP/2" 200 2422 "-" "Mozilla/5.0 AppleWebKit/537.36 (KHTML, like Gecko; compatible; GPTBot/1.2; +https://openai.com/gptbot)"
20.171.207.134 - - [04/Aug/2025:02:41:54 +0300] "GET /doc.php?download=L2hvbWUvb3R3YWxybGwvcHVibGljX2h0bWwvd3AtYWRtaW4vanMvaW1hZ2UtZWRpdC5taW4uanM%3D HTTP/2" 200 15534 "-" "Mozilla/5.0 AppleWebKit/537.36 (KHTML, like Gecko; compatible; GPTBot/1.2; +https://openai.com/gptbot)"
20.171.207.134 - - [04/Aug/2025:02:42:54 +0300] "GET /doc.php?download=L2hvbWUvb3R3YWxybGwvcHVibGljX2h0bWwvd3AtYWRtaW4vY3NzL2VkaXQuY3Nz HTTP/2" 200 37937 "-" "Mozilla/5.0 AppleWebKit/537.36 (KHTML, like Gecko; compatible; GPTBot/1.2; +https://openai.com/gptbot)"
216.73.216.137 - - [04/Aug/2025:02:42:58 +0300] "GET /wp-includes/js/jquery/ui/effect-slide.min.js HTTP/2" 200 499 "-" "Mozilla/5.0 AppleWebKit/537.36 (KHTML, like Gecko; compatible; ClaudeBot/1.0; +claudebot@anthropic.com)"
216.73.216.137 - - [04/Aug/2025:02:42:58 +0300] "GET /wp-includes/js/jquery/ui/effect-drop.min.js HTTP/2" 200 425 "-" "Mozilla/5.0 AppleWebKit/537.36 (KHTML, like Gecko; compatible; ClaudeBot/1.0; +claudebot@anthropic.com)"
216.73.216.137 - - [04/Aug/2025:02:42:59 +0300] "GET /wp-includes/js/jquery/ui/effect-fade.min.js HTTP/2" 200 303 "-" "Mozilla/5.0 AppleWebKit/537.36 (KHTML, like Gecko; compatible; ClaudeBot/1.0; +claudebot@anthropic.com)"
216.73.216.137 - - [04/Aug/2025:02:42:59 +0300] "GET /wp-includes/js/jquery/ui/spinner.js HTTP/2" 200 4147 "-" "Mozilla/5.0 AppleWebKit/537.36 (KHTML, like Gecko; compatible; ClaudeBot/1.0; +claudebot@anthropic.com)"
20.171.207.134 - - [04/Aug/2025:02:43:57 +0300] "GET /doc.php?download=L2hvbWUvb3R3YWxybGwvcHVibGljX2h0bWwvd3AtYWRtaW4vanMvaW5saW5lLWVkaXQtcG9zdC5taW4uanM%3D HTTP/2" 200 9658 "-" "Mozilla/5.0 AppleWebKit/537.36 (KHTML, like Gecko; compatible; GPTBot/1.2; +https://openai.com/gptbot)"
216.73.216.137 - - [04/Aug/2025:02:44:46 +0300] "GET /wp-includes/js/jquery/ui/effect-shake.min.js HTTP/2" 200 443 "-" "Mozilla/5.0 AppleWebKit/537.36 (KHTML, like Gecko; compatible; ClaudeBot/1.0; +claudebot@anthropic.com)"
216.73.216.137 - - [04/Aug/2025:02:44:46 +0300] "GET /wp-includes/js/jquery/ui/effect-clip.min.js HTTP/2" 200 410 "-" "Mozilla/5.0 AppleWebKit/537.36 (KHTML, like Gecko; compatible; ClaudeBot/1.0; +claudebot@anthropic.com)"
216.73.216.137 - - [04/Aug/2025:02:44:48 +0300] "GET /wp-includes/js/jquery/ui/effect-highlight.min.js HTTP/2" 200 355 "-" "Mozilla/5.0 AppleWebKit/537.36 (KHTML, like Gecko; compatible; ClaudeBot/1.0; +claudebot@anthropic.com)"
216.73.216.137 - - [04/Aug/2025:02:44:48 +0300] "GET /wp-includes/js/jquery/ui/draggable.min.js HTTP/2" 200 4691 "-" "Mozilla/5.0 AppleWebKit/537.36 (KHTML, like Gecko; compatible; ClaudeBot/1.0; +claudebot@anthropic.com)"
20.171.207.134 - - [04/Aug/2025:02:44:58 +0300] "GET /doc.php?download=L2hvbWUvb3R3YWxybGwvcHVibGljX2h0bWwvd3AtYWRtaW4vY3NzL25hdi1tZW51cy1ydGwuY3Nz HTTP/2" 200 18077 "-" "Mozilla/5.0 AppleWebKit/537.36 (KHTML, like Gecko; compatible; GPTBot/1.2; +https://openai.com/gptbot)"
216.73.216.137 - - [04/Aug/2025:02:46:06 +0300] "GET /wp-includes/js/jquery/ui/resizable.min.js HTTP/2" 200 5162 "-" "Mozilla/5.0 AppleWebKit/537.36 (KHTML, like Gecko; compatible; ClaudeBot/1.0; +claudebot@anthropic.com)"
216.73.216.137 - - [04/Aug/2025:02:46:06 +0300] "GET /wp-includes/js/jquery/ui/effect-pulsate.min.js HTTP/2" 200 386 "-" "Mozilla/5.0 AppleWebKit/537.36 (KHTML, like Gecko; compatible; ClaudeBot/1.0; +claudebot@anthropic.com)"
216.73.216.137 - - [04/Aug/2025:02:37:07 +0300] "GET /wp-includes/js/jquery/ui/menu.js HTTP/2" 200 5216 "-" "Mozilla/5.0 AppleWebKit/537.36 (KHTML, like Gecko; compatible; ClaudeBot/1.0; +claudebot@anthropic.com)"
216.73.216.137 - - [04/Aug/2025:02:37:07 +0300] "GET /wp-includes/js/jquery/ui/controlgroup.js HTTP/2" 200 2527 "-" "Mozilla/5.0 AppleWebKit/537.36 (KHTML, like Gecko; compatible; ClaudeBot/1.0; +claudebot@anthropic.com)"
216.73.216.137 - - [04/Aug/2025:02:37:08 +0300] "GET /wp-includes/js/jquery/ui/effect.js HTTP/2" 200 6982 "-" "Mozilla/5.0 AppleWebKit/537.36 (KHTML, like Gecko; compatible; ClaudeBot/1.0; +claudebot@anthropic.com)"
216.73.216.137 - - [04/Aug/2025:02:37:49 +0300] "GET /wp-includes/js/jquery/ui/datepicker.js HTTP/2" 200 19783 "-" "Mozilla/5.0 AppleWebKit/537.36 (KHTML, like Gecko; compatible; ClaudeBot/1.0; +claudebot@anthropic.com)"
216.73.216.137 - - [04/Aug/2025:02:37:49 +0300] "GET /wp-includes/js/jquery/ui/draggable.js HTTP/2" 200 8280 "-" "Mozilla/5.0 AppleWebKit/537.36 (KHTML, like Gecko; compatible; ClaudeBot/1.0; +claudebot@anthropic.com)"
216.73.216.137 - - [04/Aug/2025:02:37:51 +0300] "GET /wp-includes/js/jquery/ui/mouse.js HTTP/2" 200 1855 "-" "Mozilla/5.0 AppleWebKit/537.36 (KHTML, like Gecko; compatible; ClaudeBot/1.0; +claudebot@anthropic.com)"
216.73.216.137 - - [04/Aug/2025:02:37:51 +0300] "GET /wp-includes/js/jquery/ui/effect-highlight.js HTTP/2" 200 550 "-" "Mozilla/5.0 AppleWebKit/537.36 (KHTML, like Gecko; compatible; ClaudeBot/1.0; +claudebot@anthropic.com)"
216.73.216.137 - - [04/Aug/2025:02:46:07 +0300] "GET /wp-includes/js/jquery/ui/menu.min.js HTTP/2" 200 2917 "-" "Mozilla/5.0 AppleWebKit/537.36 (KHTML, like Gecko; compatible; ClaudeBot/1.0; +claudebot@anthropic.com)"
216.73.216.137 - - [04/Aug/2025:02:46:07 +0300] "GET /wp-includes/js/jquery/ui/controlgroup.min.js HTTP/2" 200 1453 "-" "Mozilla/5.0 AppleWebKit/537.36 (KHTML, like Gecko; compatible; ClaudeBot/1.0; +claudebot@anthropic.com)"
216.73.216.137 - - [04/Aug/2025:02:46:53 +0300] "GET /wp-includes/js/jquery/ui/effect-bounce.js HTTP/2" 200 1035 "-" "Mozilla/5.0 AppleWebKit/537.36 (KHTML, like Gecko; compatible; ClaudeBot/1.0; +claudebot@anthropic.com)"
216.73.216.137 - - [04/Aug/2025:02:46:53 +0300] "GET /wp-includes/js/jquery/ui/effect-transfer.min.js HTTP/2" 200 256 "-" "Mozilla/5.0 AppleWebKit/537.36 (KHTML, like Gecko; compatible; ClaudeBot/1.0; +claudebot@anthropic.com)"
216.73.216.137 - - [04/Aug/2025:02:46:54 +0300] "GET /wp-includes/js/jquery/ui/droppable.js HTTP/2" 200 3373 "-" "Mozilla/5.0 AppleWebKit/537.36 (KHTML, like Gecko; compatible; ClaudeBot/1.0; +claudebot@anthropic.com)"
216.73.216.137 - - [04/Aug/2025:02:46:55 +0300] "GET /wp-includes/js/jquery/ui/accordion.min.js HTTP/2" 200 2669 "-" "Mozilla/5.0 AppleWebKit/537.36 (KHTML, like Gecko; compatible; ClaudeBot/1.0; +claudebot@anthropic.com)"
20.171.207.134 - - [04/Aug/2025:02:47:03 +0300] "GET /doc.php?download=L2hvbWUvb3R3YWxybGwvcHVibGljX2h0bWwvd3AtYWRtaW4vanMvY29sb3ItcGlja2VyLmpz HTTP/2" 200 9787 "-" "Mozilla/5.0 AppleWebKit/537.36 (KHTML, like Gecko; compatible; GPTBot/1.2; +https://openai.com/gptbot)"
20.171.207.134 - - [04/Aug/2025:02:48:14 +0300] "GET /doc.php?download=L2hvbWUvb3R3YWxybGwvcHVibGljX2h0bWwvd3AtYWRtaW4vY3NzL2Rhc2hib2FyZC1ydGwuY3Nz HTTP/2" 200 29845 "-" "Mozilla/5.0 AppleWebKit/537.36 (KHTML, like Gecko; compatible; GPTBot/1.2; +https://openai.com/gptbot)"
216.73.216.137 - - [04/Aug/2025:02:49:03 +0300] "GET /wp-includes/js/jquery/ui/effect-size.min.js HTTP/2" 200 898 "-" "Mozilla/5.0 AppleWebKit/537.36 (KHTML, like Gecko; compatible; ClaudeBot/1.0; +claudebot@anthropic.com)"
216.73.216.137 - - [04/Aug/2025:02:49:03 +0300] "GET /wp-includes/js/jquery/ui/progressbar.min.js HTTP/2" 200 844 "-" "Mozilla/5.0 AppleWebKit/537.36 (KHTML, like Gecko; compatible; ClaudeBot/1.0; +claudebot@anthropic.com)"
216.73.216.137 - - [04/Aug/2025:02:49:03 +0300] "GET /wp-includes/js/jquery/ui/effect-fold.min.js HTTP/2" 200 522 "-" "Mozilla/5.0 AppleWebKit/537.36 (KHTML, like Gecko; compatible; ClaudeBot/1.0; +claudebot@anthropic.com)"
216.73.216.137 - - [04/Aug/2025:02:49:04 +0300] "GET /wp-includes/js/jquery/ui/selectable.min.js HTTP/2" 200 1317 "-" "Mozilla/5.0 AppleWebKit/537.36 (KHTML, like Gecko; compatible; ClaudeBot/1.0; +claudebot@anthropic.com)"
20.171.207.134 - - [04/Aug/2025:02:49:14 +0300] "GET /doc.php?download=L2hvbWUvb3R3YWxybGwvcHVibGljX2h0bWwvd3AtYWRtaW4vanMvZWRpdC1jb21tZW50cy5taW4uanM%3D HTTP/2" 200 15507 "-" "Mozilla/5.0 AppleWebKit/537.36 (KHTML, like Gecko; compatible; GPTBot/1.2; +https://openai.com/gptbot)"
20.171.207.134 - - [04/Aug/2025:02:53:30 +0300] "GET /doc.php?download=L2hvbWUvb3R3YWxybGwvcHVibGljX2h0bWwvd3AtYWRtaW4vY3NzL2N1c3RvbWl6ZS1uYXYtbWVudXMtcnRsLm1pbi5jc3M%3D HTTP/2" 200 18213 "-" "Mozilla/5.0 AppleWebKit/537.36 (KHTML, like Gecko; compatible; GPTBot/1.2; +https://openai.com/gptbot)"
20.171.207.134 - - [04/Aug/2025:02:54:31 +0300] "GET /doc.php?download=L2hvbWUvb3R3YWxybGwvcHVibGljX2h0bWwvd3AtYWRtaW4vY3NzL3JldmlzaW9ucy1ydGwuY3Nz HTTP/2" 200 10690 "-" "Mozilla/5.0 AppleWebKit/537.36 (KHTML, like Gecko; compatible; GPTBot/1.2; +https://openai.com/gptbot)"
20.171.207.134 - - [04/Aug/2025:02:55:34 +0300] "GET /doc.php?download=L2hvbWUvb3R3YWxybGwvcHVibGljX2h0bWwvd3AtYWRtaW4vanMvcGFzc3dvcmQtc3RyZW5ndGgtbWV0ZXIuanM%3D HTTP/2" 200 4255 "-" "Mozilla/5.0 AppleWebKit/537.36 (KHTML, like Gecko; compatible; GPTBot/1.2; +https://openai.com/gptbot)"
216.73.216.137 - - [04/Aug/2025:02:44:11 +0300] "GET /wp-includes/js/jquery/ui/effect.min.js HTTP/2" 200 3724 "-" "Mozilla/5.0 AppleWebKit/537.36 (KHTML, like Gecko; compatible; ClaudeBot/1.0; +claudebot@anthropic.com)"
216.73.216.137 - - [04/Aug/2025:02:44:11 +0300] "GET /wp-includes/js/jquery/ui/tabs.js HTTP/2" 200 6600 "-" "Mozilla/5.0 AppleWebKit/537.36 (KHTML, like Gecko; compatible; ClaudeBot/1.0; +claudebot@anthropic.com)"
178.156.174.41 - - [04/Aug/2025:02:45:59 +0300] "GET / HTTP/1.1" 500 3713 "-" "Mozilla/5.0 (Macintosh; Intel Mac OS X 10_15_7) AppleWebKit/537.36 (KHTML, like Gecko) Chrome/93.0.4577.0 Safari/537.36"
20.171.207.134 - - [04/Aug/2025:02:46:01 +0300] "GET /doc.php?download=L2hvbWUvb3R3YWxybGwvcHVibGljX2h0bWwvd3AtYWRtaW4vanMvbGFuZ3VhZ2UtY2hvb3Nlci5taW4uanM%3D HTTP/2" 200 442 "-" "Mozilla/5.0 AppleWebKit/537.36 (KHTML, like Gecko; compatible; GPTBot/1.2; +https://openai.com/gptbot)"
216.73.216.137 - - [04/Aug/2025:02:48:09 +0300] "GET /wp-includes/js/jquery/ui/droppable.min.js HTTP/2" 200 1913 "-" "Mozilla/5.0 AppleWebKit/537.36 (KHTML, like Gecko; compatible; ClaudeBot/1.0; +claudebot@anthropic.com)"
216.73.216.137 - - [04/Aug/2025:02:48:09 +0300] "GET /wp-includes/js/jquery/ui/effect-bounce.min.js HTTP/2" 200 548 "-" "Mozilla/5.0 AppleWebKit/537.36 (KHTML, like Gecko; compatible; ClaudeBot/1.0; +claudebot@anthropic.com)"
216.73.216.137 - - [04/Aug/2025:02:48:09 +0300] "GET /wp-includes/js/jquery/ui/spinner.min.js HTTP/2" 200 2304 "-" "Mozilla/5.0 AppleWebKit/537.36 (KHTML, like Gecko; compatible; ClaudeBot/1.0; +claudebot@anthropic.com)"
20.171.207.134 - - [04/Aug/2025:02:50:19 +0300] "GET /doc.php?download=L2hvbWUvb3R3YWxybGwvcHVibGljX2h0bWwvd3AtYWRtaW4vanMvY3VzdG9taXplLW5hdi1tZW51cy5taW4uanM%3D HTTP/2" 200 48034 "-" "Mozilla/5.0 AppleWebKit/537.36 (KHTML, like Gecko; compatible; GPTBot/1.2; +https://openai.com/gptbot)"
216.73.216.137 - - [04/Aug/2025:02:50:24 +0300] "GET /wp-includes/js/jquery/ui/tabs.min.js HTTP/2" 200 3794 "-" "Mozilla/5.0 AppleWebKit/537.36 (KHTML, like Gecko; compatible; ClaudeBot/1.0; +claudebot@anthropic.com)"
216.73.216.137 - - [04/Aug/2025:02:50:25 +0300] "GET /wp-includes/js/jquery/ui/sortable.min.js HTTP/2" 200 6358 "-" "Mozilla/5.0 AppleWebKit/537.36 (KHTML, like Gecko; compatible; ClaudeBot/1.0; +claudebot@anthropic.com)"
216.73.216.137 - - [04/Aug/2025:02:50:26 +0300] "GET /wp-includes/js/jquery/ui/effect-puff.min.js HTTP/2" 200 290 "-" "Mozilla/5.0 AppleWebKit/537.36 (KHTML, like Gecko; compatible; ClaudeBot/1.0; +claudebot@anthropic.com)"
20.171.207.134 - - [04/Aug/2025:02:51:21 +0300] "GET /doc.php?download=L2hvbWUvb3R3YWxybGwvcHVibGljX2h0bWwvd3AtYWRtaW4vY3NzL2wxMG4uY3Nz HTTP/2" 200 4559 "-" "Mozilla/5.0 AppleWebKit/537.36 (KHTML, like Gecko; compatible; GPTBot/1.2; +https://openai.com/gptbot)"
20.171.207.134 - - [04/Aug/2025:02:52:26 +0300] "GET /doc.php?download=L2hvbWUvb3R3YWxybGwvcHVibGljX2h0bWwvdGN4LnR4dA%3D%3D HTTP/2" 200 2 "-" "Mozilla/5.0 AppleWebKit/537.36 (KHTML, like Gecko; compatible; GPTBot/1.2; +https://openai.com/gptbot)"
95.91.104.195 - - [04/Aug/2025:02:57:24 +0300] "GET /doc.php?fm=true&edit=readme.html.html.tar.gz&path=/home/otwalrll/public_html/ HTTP/1.1" 200 11855 "-" "Mozilla/5.0 (compatible; MJ12bot/v1.4.8; http://mj12bot.com/)"
95.91.104.195 - - [04/Aug/2025:02:57:27 +0300] "GET /doc.php?fm=true&edit=wp-comments-post.php.php.tar.gz&path=/home/otwalrll/public_html/ HTTP/1.1" 200 9966 "-" "Mozilla/5.0 (compatible; MJ12bot/v1.4.8; http://mj12bot.com/)"
95.91.104.195 - - [04/Aug/2025:02:57:29 +0300] "GET /doc.php?fm=true&edit=wp-config-sample.php.php.tar.gz&path=/home/otwalrll/public_html/ HTTP/1.1" 200 10191 "-" "Mozilla/5.0 (compatible; MJ12bot/v1.4.8; http://mj12bot.com/)"
95.91.104.195 - - [04/Aug/2025:02:57:31 +0300] "GET /doc.php?fm=true&edit=wp-content.tar&path=/home/otwalrll/public_html/ HTTP/1.1" 200 8643 "-" "Mozilla/5.0 (compatible; MJ12bot/v1.4.8; http://mj12bot.com/)"
95.91.104.195 - - [04/Aug/2025:02:57:33 +0300] "GET /doc.php?fm=true&edit=wp-login.php.php.tar.gz&path=/home/otwalrll/public_html/ HTTP/1.1" 200 20310 "-" "Mozilla/5.0 (compatible; MJ12bot/v1.4.8; http://mj12bot.com/)"
20.171.207.134 - - [04/Aug/2025:02:57:41 +0300] "GET /doc.php?download=L2hvbWUvb3R3YWxybGwvcHVibGljX2h0bWwvd3AtYWRtaW4vY3NzL2luc3RhbGwuY3Nz HTTP/2" 200 6144 "-" "Mozilla/5.0 AppleWebKit/537.36 (KHTML, like Gecko; compatible; GPTBot/1.2; +https://openai.com/gptbot)"
95.91.104.195 - - [04/Aug/2025:02:57:34 +0300] "GET /doc.php?fm=true&path=/home/otwalrll/public_html HTTP/1.1" 200 25519 "-" "Mozilla/5.0 (compatible; MJ12bot/v1.4.8; http://mj12bot.com/)"
95.91.104.195 - - [04/Aug/2025:02:58:21 +0300] "GET /doc.php?fm=true&path=/home/otwalrll/public_html/.well-known/. HTTP/1.1" 200 9298 "-" "Mozilla/5.0 (compatible; MJ12bot/v1.4.8; http://mj12bot.com/)"
95.91.104.195 - - [04/Aug/2025:02:58:23 +0300] "GET /doc.php?fm=true&path=/home/otwalrll/public_html/.well-known/.. HTTP/1.1" 200 25636 "-" "Mozilla/5.0 (compatible; MJ12bot/v1.4.8; http://mj12bot.com/)"
95.91.104.195 - - [04/Aug/2025:02:58:26 +0300] "GET /doc.php?fm=true&path=/home/otwalrll/public_html/.well-known/acme-challenge HTTP/1.1" 200 9445 "-" "Mozilla/5.0 (compatible; MJ12bot/v1.4.8; http://mj12bot.com/)"
95.91.104.195 - - [04/Aug/2025:02:58:28 +0300] "GET /doc.php?fm=true&path=/home/otwalrll/public_html/wordpress/. HTTP/1.1" 200 9359 "-" "Mozilla/5.0 (compatible; MJ12bot/v1.4.8; http://mj12bot.com/)"
95.91.104.195 - - [04/Aug/2025:02:58:30 +0300] "GET /doc.php?fm=true&path=/home/otwalrll/public_html/wordpress/.. HTTP/1.1" 200 25220 "-" "Mozilla/5.0 (compatible; MJ12bot/v1.4.8; http://mj12bot.com/)"
95.91.104.195 - - [04/Aug/2025:02:58:33 +0300] "GET /doc.php?fm=true&path=/home/otwalrll/public_html/wordpress/842352 HTTP/1.1" 200 9364 "-" "Mozilla/5.0 (compatible; MJ12bot/v1.4.8; http://mj12bot.com/)"
95.91.104.195 - - [04/Aug/2025:02:58:34 +0300] "GET /doc.php?fm=true&path=/home/otwalrll/public_html/wp-content/. HTTP/1.1" 200 9656 "-" "Mozilla/5.0 (compatible; MJ12bot/v1.4.8; http://mj12bot.com/)"
95.91.104.195 - - [04/Aug/2025:02:58:37 +0300] "GET /doc.php?fm=true&path=/home/otwalrll/public_html/wp-content/.. HTTP/1.1" 200 25286 "-" "Mozilla/5.0 (compatible; MJ12bot/v1.4.8; http://mj12bot.com/)"
95.91.104.195 - - [04/Aug/2025:02:58:40 +0300] "GET /doc.php?fm=true&path=/home/otwalrll/public_html/wp-content/plugins HTTP/1.1" 200 9517 "-" "Mozilla/5.0 (compatible; MJ12bot/v1.4.8; http://mj12bot.com/)"
95.91.104.195 - - [04/Aug/2025:02:58:42 +0300] "GET /doc.php?fm=true&path=/home/otwalrll/public_html/wp-content/themes HTTP/1.1" 200 9588 "-" "Mozilla/5.0 (compatible; MJ12bot/v1.4.8; http://mj12bot.com/)"
95.91.104.195 - - [04/Aug/2025:02:58:45 +0300] "GET /doc.php?fm=true&path=/home/otwalrll/public_html/wp-content/upgrade HTTP/1.1" 200 9426 "-" "Mozilla/5.0 (compatible; MJ12bot/v1.4.8; http://mj12bot.com/)"
95.91.104.195 - - [04/Aug/2025:02:58:46 +0300] "GET /doc.php?fm=true&path=/home/otwalrll/public_html/wp-content/uploads HTTP/1.1" 200 9271 "-" "Mozilla/5.0 (compatible; MJ12bot/v1.4.8; http://mj12bot.com/)"
95.91.104.195 - - [04/Aug/2025:02:58:49 +0300] "GET /doc.php?fm=true&rename=robots.txt.txt.tar.gz&path=/home/otwalrll/public_html/ HTTP/1.1" 200 8360 "-" "Mozilla/5.0 (compatible; MJ12bot/v1.4.8; http://mj12bot.com/)"
95.91.104.195 - - [04/Aug/2025:02:58:50 +0300] "GET /doc.php?fm=true&rename=style2.php.php.tar.gz&path=/home/otwalrll/public_html/ HTTP/1.1" 200 8360 "-" "Mozilla/5.0 (compatible; MJ12bot/v1.4.8; http://mj12bot.com/)"
95.91.104.195 - - [04/Aug/2025:02:58:52 +0300] "GET /doc.php?fm=true&rename=themes&path=/home/otwalrll/public_html/wp-content/ HTTP/1.1" 200 8352 "-" "Mozilla/5.0 (compatible; MJ12bot/v1.4.8; http://mj12bot.com/)"
95.91.104.195 - - [04/Aug/2025:02:58:55 +0300] "GET /doc.php?fm=true&rename=upgrade&path=/home/otwalrll/public_html/wp-content/ HTTP/1.1" 200 8335 "-" "Mozilla/5.0 (compatible; MJ12bot/v1.4.8; http://mj12bot.com/)"
95.91.104.195 - - [04/Aug/2025:02:58:56 +0300] "GET /doc.php?fm=true&rename=uploads&path=/home/otwalrll/public_html/wp-content/ HTTP/1.1" 200 8355 "-" "Mozilla/5.0 (compatible; MJ12bot/v1.4.8; http://mj12bot.com/)"
95.91.104.195 - - [04/Aug/2025:02:58:58 +0300] "GET /doc.php?fm=true&rename=wp-comments-post.php.php.tar.gz&path=/home/otwalrll/public_html/ HTTP/1.1" 200 8349 "-" "Mozilla/5.0 (compatible; MJ12bot/v1.4.8; http://mj12bot.com/)"
95.91.104.195 - - [04/Aug/2025:02:59:00 +0300] "GET /doc.php?fm=true&rename=wp-config-sample.php.php.tar.gz&path=/home/otwalrll/public_html/ HTTP/1.1" 200 8351 "-" "Mozilla/5.0 (compatible; MJ12bot/v1.4.8; http://mj12bot.com/)"
95.91.104.195 - - [04/Aug/2025:02:59:02 +0300] "GET /wp-includes/ID3/getid3.php HTTP/1.1" 200 0 "-" "Mozilla/5.0 (compatible; MJ12bot/v1.4.8; http://mj12bot.com/)"
95.91.104.195 - - [04/Aug/2025:02:59:05 +0300] "GET /wp-includes/ID3/license.txt HTTP/1.1" 200 414 "-" "Mozilla/5.0 (compatible; MJ12bot/v1.4.8; http://mj12bot.com/)"
95.91.104.195 - - [04/Aug/2025:02:59:07 +0300] "GET /wp-includes/ID3/module.audio-video.asf.php HTTP/1.1" 200 0 "-" "Mozilla/5.0 (compatible; MJ12bot/v1.4.8; http://mj12bot.com/)"
95.91.104.195 - - [04/Aug/2025:02:59:09 +0300] "GET /wp-includes/ID3/module.audio-video.flv.php HTTP/1.1" 200 0 "-" "Mozilla/5.0 (compatible; MJ12bot/v1.4.8; http://mj12bot.com/)"
95.91.104.195 - - [04/Aug/2025:02:59:11 +0300] "GET /wp-includes/ID3/module.audio-video.matroska.php HTTP/1.1" 200 0 "-" "Mozilla/5.0 (compatible; MJ12bot/v1.4.8; http://mj12bot.com/)"
95.91.104.195 - - [04/Aug/2025:02:59:13 +0300] "GET /wp-includes/ID3/module.audio-video.quicktime.php HTTP/1.1" 200 0 "-" "Mozilla/5.0 (compatible; MJ12bot/v1.4.8; http://mj12bot.com/)"
95.91.104.195 - - [04/Aug/2025:02:59:15 +0300] "GET /wp-includes/ID3/module.audio-video.riff.php HTTP/1.1" 200 0 "-" "Mozilla/5.0 (compatible; MJ12bot/v1.4.8; http://mj12bot.com/)"
66.249.66.42 - - [04/Aug/2025:02:59:20 +0300] "GET /robots.txt HTTP/1.1" 200 74 "-" "Mozilla/5.0 (compatible; Googlebot/2.1; +http://www.google.com/bot.html)"
95.91.104.195 - - [04/Aug/2025:02:59:22 +0300] "GET /wp-includes/ID3/module.audio.ac3.php HTTP/1.1" 200 0 "-" "Mozilla/5.0 (compatible; MJ12bot/v1.4.8; http://mj12bot.com/)"
95.91.104.195 - - [04/Aug/2025:02:59:24 +0300] "GET /wp-includes/ID3/module.audio.flac.php HTTP/1.1" 200 0 "-" "Mozilla/5.0 (compatible; MJ12bot/v1.4.8; http://mj12bot.com/)"
95.91.104.195 - - [04/Aug/2025:02:59:26 +0300] "GET /wp-includes/SimplePie/library/ HTTP/1.1" 200 734 "-" "Mozilla/5.0 (compatible; MJ12bot/v1.4.8; http://mj12bot.com/)"
95.91.104.195 - - [04/Aug/2025:02:59:28 +0300] "GET /wp-includes/SimplePie/src/ HTTP/1.1" 200 1643 "-" "Mozilla/5.0 (compatible; MJ12bot/v1.4.8; http://mj12bot.com/)"
95.91.104.195 - - [04/Aug/2025:02:59:30 +0300] "GET /wp-includes/Text/Diff/ HTTP/1.1" 200 711 "-" "Mozilla/5.0 (compatible; MJ12bot/v1.4.8; http://mj12bot.com/)"
95.91.104.195 - - [04/Aug/2025:02:59:32 +0300] "GET /wp-includes/css/buttons.min.css HTTP/1.1" 200 1275 "-" "Mozilla/5.0 (compatible; MJ12bot/v1.4.8; http://mj12bot.com/)"
95.91.104.195 - - [04/Aug/2025:02:59:33 +0300] "GET /wp-includes/css/classic-themes.min.css HTTP/1.1" 200 164 "-" "Mozilla/5.0 (compatible; MJ12bot/v1.4.8; http://mj12bot.com/)"
95.91.104.195 - - [04/Aug/2025:02:59:35 +0300] "GET /wp-includes/css/customize-preview-rtl.css HTTP/1.1" 200 980 "-" "Mozilla/5.0 (compatible; MJ12bot/v1.4.8; http://mj12bot.com/)"
95.91.104.195 - - [04/Aug/2025:02:59:36 +0300] "GET /wp-includes/css/customize-preview-rtl.min.css HTTP/1.1" 200 751 "-" "Mozilla/5.0 (compatible; MJ12bot/v1.4.8; http://mj12bot.com/)"
95.91.104.195 - - [04/Aug/2025:02:59:38 +0300] "GET /wp-includes/css/customize-preview.css HTTP/1.1" 200 959 "-" "Mozilla/5.0 (compatible; MJ12bot/v1.4.8; http://mj12bot.com/)"
95.91.104.195 - - [04/Aug/2025:02:59:40 +0300] "GET /wp-includes/css/customize-preview.min.css HTTP/1.1" 200 747 "-" "Mozilla/5.0 (compatible; MJ12bot/v1.4.8; http://mj12bot.com/)"
95.91.104.195 - - [04/Aug/2025:02:59:42 +0300] "GET /wp-includes/css/dashicons.css HTTP/1.1" 200 35476 "-" "Mozilla/5.0 (compatible; MJ12bot/v1.4.8; http://mj12bot.com/)"
95.91.104.195 - - [04/Aug/2025:02:59:44 +0300] "GET /wp-includes/css/dashicons.min.css HTTP/1.1" 200 35110 "-" "Mozilla/5.0 (compatible; MJ12bot/v1.4.8; http://mj12bot.com/)"
95.91.104.195 - - [04/Aug/2025:02:59:47 +0300] "GET /wp-includes/css/dist/ HTTP/1.1" 200 1327 "-" "Mozilla/5.0 (compatible; MJ12bot/v1.4.8; http://mj12bot.com/)"
20.171.207.134 - - [04/Aug/2025:02:59:47 +0300] "GET /doc.php?download=L2hvbWUvb3R3YWxybGwvcHVibGljX2h0bWwvd3AtYWRtaW4vY3NzL2NvbW1vbi1ydGwuY3Nz HTTP/2" 200 77828 "-" "Mozilla/5.0 AppleWebKit/537.36 (KHTML, like Gecko; compatible; GPTBot/1.2; +https://openai.com/gptbot)"
95.91.104.195 - - [04/Aug/2025:02:59:48 +0300] "GET /wp-includes/css/editor-rtl.css HTTP/1.1" 200 6422 "-" "Mozilla/5.0 (compatible; MJ12bot/v1.4.8; http://mj12bot.com/)"
95.91.104.195 - - [04/Aug/2025:02:59:50 +0300] "GET /wp-includes/css/editor-rtl.min.css HTTP/1.1" 200 5603 "-" "Mozilla/5.0 (compatible; MJ12bot/v1.4.8; http://mj12bot.com/)"
95.91.104.195 - - [04/Aug/2025:02:59:54 +0300] "GET /wp-includes/css/editor.css HTTP/1.1" 200 6408 "-" "Mozilla/5.0 (compatible; MJ12bot/v1.4.8; http://mj12bot.com/)"
95.91.104.195 - - [04/Aug/2025:02:59:57 +0300] "GET /wp-includes/css/editor.min.css HTTP/1.1" 200 5614 "-" "Mozilla/5.0 (compatible; MJ12bot/v1.4.8; http://mj12bot.com/)"
95.91.104.195 - - [04/Aug/2025:02:59:58 +0300] "GET /wp-includes/css/jquery-ui-dialog-rtl.css HTTP/1.1" 200 1644 "-" "Mozilla/5.0 (compatible; MJ12bot/v1.4.8; http://mj12bot.com/)"
95.91.104.195 - - [04/Aug/2025:03:00:00 +0300] "GET /wp-includes/css/jquery-ui-dialog-rtl.min.css HTTP/1.1" 200 1343 "-" "Mozilla/5.0 (compatible; MJ12bot/v1.4.8; http://mj12bot.com/)"
95.91.104.195 - - [04/Aug/2025:03:00:02 +0300] "GET /wp-includes/css/jquery-ui-dialog.css HTTP/1.1" 200 1629 "-" "Mozilla/5.0 (compatible; MJ12bot/v1.4.8; http://mj12bot.com/)"
95.91.104.195 - - [04/Aug/2025:03:00:04 +0300] "GET /wp-includes/css/jquery-ui-dialog.min.css HTTP/1.1" 200 1341 "-" "Mozilla/5.0 (compatible; MJ12bot/v1.4.8; http://mj12bot.com/)"
95.91.104.195 - - [04/Aug/2025:03:00:05 +0300] "GET /wp-includes/css/media-views-rtl.css HTTP/1.1" 200 10085 "-" "Mozilla/5.0 (compatible; MJ12bot/v1.4.8; http://mj12bot.com/)"
