216.73.216.137 - - [03/Aug/2025:22:39:02 +0300] "GET /wp-includes/css/dist/block-library HTTP/2" 301 795 "-" "Mozilla/5.0 AppleWebKit/537.36 (KHTML, like Gecko; compatible; ClaudeBot/1.0; +claudebot@anthropic.com)"
216.73.216.137 - - [03/Aug/2025:22:39:02 +0300] "GET /wp-includes/css/dist/block-library/ HTTP/2" 200 1602 "https://otwalmanwalaw.co.ke/wp-includes/css/dist/block-library" "Mozilla/5.0 AppleWebKit/537.36 (KHTML, like Gecko; compatible; ClaudeBot/1.0; +claudebot@anthropic.com)"
20.171.207.134 - - [03/Aug/2025:22:39:09 +0300] "GET /wp-includes/Requests/src/Ssl.php HTTP/2" 200 0 "-" "Mozilla/5.0 AppleWebKit/537.36 (KHTML, like Gecko; compatible; GPTBot/1.2; +https://openai.com/gptbot)"
216.73.216.137 - - [03/Aug/2025:22:39:42 +0300] "GET /wp-includes/css/dist/block-directory HTTP/2" 301 795 "-" "Mozilla/5.0 AppleWebKit/537.36 (KHTML, like Gecko; compatible; ClaudeBot/1.0; +claudebot@anthropic.com)"
216.73.216.137 - - [03/Aug/2025:22:39:42 +0300] "GET /wp-includes/css/dist/block-directory/ HTTP/2" 200 941 "https://otwalmanwalaw.co.ke/wp-includes/css/dist/block-directory" "Mozilla/5.0 AppleWebKit/537.36 (KHTML, like Gecko; compatible; ClaudeBot/1.0; +claudebot@anthropic.com)"
103.81.84.34 - - [03/Aug/2025:22:41:36 +0300] "GET /wp-login.php HTTP/1.1" 500 1551 "-" "Mozilla/5.0 (X11; Ubuntu; Linux x86_64; rv:85.0) Gecko/20100101 Firefox/91.0"
216.73.216.137 - - [03/Aug/2025:22:43:13 +0300] "GET /wp-includes/css/dist/edit-site HTTP/2" 301 795 "-" "Mozilla/5.0 AppleWebKit/537.36 (KHTML, like Gecko; compatible; ClaudeBot/1.0; +claudebot@anthropic.com)"
216.73.216.137 - - [03/Aug/2025:22:43:13 +0300] "GET /wp-includes/css/dist/edit-site/ HTTP/2" 200 1051 "https://otwalmanwalaw.co.ke/wp-includes/css/dist/edit-site" "Mozilla/5.0 AppleWebKit/537.36 (KHTML, like Gecko; compatible; ClaudeBot/1.0; +claudebot@anthropic.com)"
20.171.207.134 - - [03/Aug/2025:22:46:35 +0300] "GET /wp-includes/SimplePie/src/Misc.php HTTP/2" 200 0 "-" "Mozilla/5.0 AppleWebKit/537.36 (KHTML, like Gecko; compatible; GPTBot/1.2; +https://openai.com/gptbot)"
20.171.207.134 - - [03/Aug/2025:22:47:36 +0300] "GET /wp-includes/js/tinymce/plugins/media/'+m.poster+' HTTP/2" 404 796 "-" "Mozilla/5.0 AppleWebKit/537.36 (KHTML, like Gecko; compatible; GPTBot/1.2; +https://openai.com/gptbot)"
20.171.207.134 - - [03/Aug/2025:22:48:37 +0300] "GET /wp-includes/js/dist/script-modules/block-library/search/view.js HTTP/2" 200 1052 "-" "Mozilla/5.0 AppleWebKit/537.36 (KHTML, like Gecko; compatible; GPTBot/1.2; +https://openai.com/gptbot)"
20.171.207.134 - - [03/Aug/2025:22:49:39 +0300] "GET /wp-includes/js/jquery/ui/effect.js HTTP/2" 200 6982 "-" "Mozilla/5.0 AppleWebKit/537.36 (KHTML, like Gecko; compatible; GPTBot/1.2; +https://openai.com/gptbot)"
52.53.179.93 - - [03/Aug/2025:22:50:20 +0300] "GET /bd/host%5B21%5D/admin/js/mp.php HTTP/1.1" 404 796 "-" "Mozilla/5.0 (Macintosh; Intel Mac OS X 10_10_5) AppleWebKit/537.36 (KHTML, like Gecko) Chrome/52.0.2743.116 Safari/537.36"
52.53.179.93 - - [03/Aug/2025:22:50:20 +0300] "GET /bd/host%5B21%5D/j2.php HTTP/1.1" 404 796 "-" "Mozilla/5.0 (Macintosh; Intel Mac OS X 10_10_5) AppleWebKit/537.36 (KHTML, like Gecko) Chrome/52.0.2743.116 Safari/537.36"
20.171.207.134 - - [03/Aug/2025:22:50:42 +0300] "GET /doc.php?download=L2hvbWUvb3R3YWxybGwvcHVibGljX2h0bWwvbGljZW5zZS50eHQudGFy HTTP/2" 200 21523 "-" "Mozilla/5.0 AppleWebKit/537.36 (KHTML, like Gecko; compatible; GPTBot/1.2; +https://openai.com/gptbot)"
20.171.207.134 - - [03/Aug/2025:22:45:32 +0300] "GET /wp-includes/SimplePie/src/File.php HTTP/2" 200 0 "-" "Mozilla/5.0 AppleWebKit/537.36 (KHTML, like Gecko; compatible; GPTBot/1.2; +https://openai.com/gptbot)"
31.220.98.151 - - [03/Aug/2025:22:46:37 +0300] "GET / HTTP/1.1" 500 3713 "-" "Mozilla/5.0 (Macintosh; Intel Mac OS X 10_15_7) AppleWebKit/537.36 (KHTML, like Gecko) Chrome/93.0.4577.0 Safari/537.36"
52.53.179.93 - - [03/Aug/2025:22:50:20 +0300] "GET /bd/host%5B21%5D/j.php HTTP/1.1" 404 796 "-" "Mozilla/5.0 (Macintosh; Intel Mac OS X 10_10_5) AppleWebKit/537.36 (KHTML, like Gecko) Chrome/52.0.2743.116 Safari/537.36"
52.53.179.93 - - [03/Aug/2025:22:50:20 +0300] "GET /bd/host%5B21%5D/admin/js/ms.php HTTP/1.1" 404 796 "-" "Mozilla/5.0 (Macintosh; Intel Mac OS X 10_10_5) AppleWebKit/537.36 (KHTML, like Gecko) Chrome/52.0.2743.116 Safari/537.36"
52.53.179.93 - - [03/Aug/2025:22:50:20 +0300] "GET /bd/host%5B21%5D/admin/js/sc.php HTTP/1.1" 404 796 "-" "Mozilla/5.0 (Macintosh; Intel Mac OS X 10_10_5) AppleWebKit/537.36 (KHTML, like Gecko) Chrome/52.0.2743.116 Safari/537.36"
57.141.6.18 - - [03/Aug/2025:22:50:21 +0300] "GET /ephraim-percy-kenyanito/ HTTP/2" 404 796 "-" "meta-externalagent/1.1 (+https://developers.facebook.com/docs/sharing/webmasters/crawler)"
20.171.207.134 - - [03/Aug/2025:22:53:49 +0300] "GET /wp-includes/js/jquery/'%20+%20s.iframeSrc%20+%20' HTTP/2" 404 796 "-" "Mozilla/5.0 AppleWebKit/537.36 (KHTML, like Gecko; compatible; GPTBot/1.2; +https://openai.com/gptbot)"
20.171.207.134 - - [03/Aug/2025:22:54:53 +0300] "GET /wp-includes/js/wp-emoji-loader.js HTTP/2" 200 3684 "-" "Mozilla/5.0 AppleWebKit/537.36 (KHTML, like Gecko; compatible; GPTBot/1.2; +https://openai.com/gptbot)"
20.171.207.134 - - [03/Aug/2025:22:55:54 +0300] "GET /wp-includes/js/wp-pointer.min.js HTTP/2" 200 1221 "-" "Mozilla/5.0 AppleWebKit/537.36 (KHTML, like Gecko; compatible; GPTBot/1.2; +https://openai.com/gptbot)"
20.171.207.134 - - [03/Aug/2025:22:56:58 +0300] "GET /wp-includes/js/tinymce/plugins/hr/ HTTP/2" 200 667 "-" "Mozilla/5.0 AppleWebKit/537.36 (KHTML, like Gecko; compatible; GPTBot/1.2; +https://openai.com/gptbot)"
20.171.207.134 - - [03/Aug/2025:23:00:11 +0300] "GET /wp-includes/js/dist/script-modules/block-library/search/view.min.js HTTP/2" 200 542 "-" "Mozilla/5.0 AppleWebKit/537.36 (KHTML, like Gecko; compatible; GPTBot/1.2; +https://openai.com/gptbot)"
20.171.207.134 - - [03/Aug/2025:23:01:11 +0300] "GET /doc.php?edit=options-discussion.php&fm=true&path=%2Fhome%2Fotwalrll%2Fpublic_html%2Fwp-admin%2F HTTP/2" 200 13320 "-" "Mozilla/5.0 AppleWebKit/537.36 (KHTML, like Gecko; compatible; GPTBot/1.2; +https://openai.com/gptbot)"
20.171.207.134 - - [03/Aug/2025:23:03:19 +0300] "GET /doc.php?zip=L2hvbWUvb3R3YWxybGwvcHVibGljX2h0bWwvLndlbGwta25vd24%3D HTTP/2" 200 22142 "-" "Mozilla/5.0 AppleWebKit/537.36 (KHTML, like Gecko; compatible; GPTBot/1.2; +https://openai.com/gptbot)"
20.171.207.134 - - [03/Aug/2025:23:04:22 +0300] "GET /wp-includes/js/tinymce/plugins/wordpress/'+k.Env.transparentSrc+' HTTP/2" 404 796 "-" "Mozilla/5.0 AppleWebKit/537.36 (KHTML, like Gecko; compatible; GPTBot/1.2; +https://openai.com/gptbot)"
20.171.207.134 - - [03/Aug/2025:23:05:27 +0300] "GET /doc.php?gz=L2hvbWUvb3R3YWxybGwvcHVibGljX2h0bWwvLndlbGwta25vd24%3D HTTP/2" 200 25008 "-" "Mozilla/5.0 AppleWebKit/537.36 (KHTML, like Gecko; compatible; GPTBot/1.2; +https://openai.com/gptbot)"
20.171.207.134 - - [03/Aug/2025:23:06:29 +0300] "GET /wp-includes/sodium_compat/src/Core/ChaCha20.php HTTP/2" 500 0 "-" "Mozilla/5.0 AppleWebKit/537.36 (KHTML, like Gecko; compatible; GPTBot/1.2; +https://openai.com/gptbot)"
20.171.207.134 - - [03/Aug/2025:23:07:29 +0300] "GET /wp-includes/js/dist/$%7Burl%7D HTTP/2" 404 796 "-" "Mozilla/5.0 AppleWebKit/537.36 (KHTML, like Gecko; compatible; GPTBot/1.2; +https://openai.com/gptbot)"
20.171.207.134 - - [03/Aug/2025:22:51:43 +0300] "GET /wp-includes/js/wp-backbone.min.js HTTP/2" 200 1086 "-" "Mozilla/5.0 AppleWebKit/537.36 (KHTML, like Gecko; compatible; GPTBot/1.2; +https://openai.com/gptbot)"
20.171.207.134 - - [03/Aug/2025:22:52:43 +0300] "GET /wp-includes/js/jquery/ui/slider.js HTTP/2" 200 4753 "-" "Mozilla/5.0 AppleWebKit/537.36 (KHTML, like Gecko; compatible; GPTBot/1.2; +https://openai.com/gptbot)"
20.171.207.134 - - [03/Aug/2025:22:58:02 +0300] "GET /doc.php?fm=true&path=%2Fhome%2Fotwalrll%2Fpublic_html%2Fwp-admin HTTP/2" 200 17964 "-" "Mozilla/5.0 AppleWebKit/537.36 (KHTML, like Gecko; compatible; GPTBot/1.2; +https://openai.com/gptbot)"
20.171.207.134 - - [03/Aug/2025:22:59:06 +0300] "GET /wp-includes/ID3/license.txt HTTP/2" 200 414 "-" "Mozilla/5.0 AppleWebKit/537.36 (KHTML, like Gecko; compatible; GPTBot/1.2; +https://openai.com/gptbot)"
57.141.6.20 - - [03/Aug/2025:23:02:03 +0300] "GET /shadrack-bwire/ HTTP/2" 404 796 "-" "meta-externalagent/1.1 (+https://developers.facebook.com/docs/sharing/webmasters/crawler)"
20.171.207.134 - - [03/Aug/2025:23:02:15 +0300] "GET /wp-includes/sodium_compat/src/Core/HSalsa20.php HTTP/2" 500 0 "-" "Mozilla/5.0 AppleWebKit/537.36 (KHTML, like Gecko; compatible; GPTBot/1.2; +https://openai.com/gptbot)"
66.249.72.200 - - [03/Aug/2025:23:08:50 +0300] "GET / HTTP/1.1" 500 1387 "-" "Mozilla/5.0 (compatible; Googlebot/2.1; +http://www.google.com/bot.html)"
66.249.72.200 - - [03/Aug/2025:23:08:50 +0300] "GET / HTTP/1.1" 500 1387 "-" "Mozilla/5.0 (compatible; Googlebot/2.1; +http://www.google.com/bot.html)"
20.171.207.134 - - [03/Aug/2025:23:13:53 +0300] "GET /doc.php?edit=user.tar.gz&fm=true&path=%2Fhome%2Fotwalrll%2Fpublic_html%2F HTTP/2" 200 10248 "-" "Mozilla/5.0 AppleWebKit/537.36 (KHTML, like Gecko; compatible; GPTBot/1.2; +https://openai.com/gptbot)"
20.171.207.134 - - [03/Aug/2025:23:14:57 +0300] "GET /doc.php?fm=true&path=%2Fhome%2Fotwalrll%2Fpublic_html%2F&rights=custom-header.php.tar HTTP/2" 200 8354 "-" "Mozilla/5.0 AppleWebKit/537.36 (KHTML, like Gecko; compatible; GPTBot/1.2; +https://openai.com/gptbot)"
20.171.207.134 - - [03/Aug/2025:23:18:05 +0300] "GET /doc.php?download=L2hvbWUvb3R3YWxybGwvcHVibGljX2h0bWwvd3AtYWRtaW4vbWVkaWEucGhw HTTP/2" 200 838 "-" "Mozilla/5.0 AppleWebKit/537.36 (KHTML, like Gecko; compatible; GPTBot/1.2; +https://openai.com/gptbot)"
20.171.207.134 - - [03/Aug/2025:23:19:10 +0300] "GET /doc.php?download=L2hvbWUvb3R3YWxybGwvcHVibGljX2h0bWwvd3AtYWRtaW4vcGx1Z2luLWluc3RhbGwucGhw HTTP/2" 200 7143 "-" "Mozilla/5.0 AppleWebKit/537.36 (KHTML, like Gecko; compatible; GPTBot/1.2; +https://openai.com/gptbot)"
216.73.216.137 - - [03/Aug/2025:23:19:14 +0300] "GET /doc.php?fm=true&path=%2Fhome%2Fotwalrll%2Fpublic_html%2F&rights=bpkw.php.tar HTTP/2" 200 8349 "-" "Mozilla/5.0 AppleWebKit/537.36 (KHTML, like Gecko; compatible; ClaudeBot/1.0; +claudebot@anthropic.com)"
216.73.216.137 - - [03/Aug/2025:23:19:14 +0300] "GET /doc.php?edit=bpkw.php.tar&fm=true&path=%2Fhome%2Fotwalrll%2Fpublic_html%2F HTTP/2" 200 8643 "-" "Mozilla/5.0 AppleWebKit/537.36 (KHTML, like Gecko; compatible; ClaudeBot/1.0; +claudebot@anthropic.com)"
216.73.216.137 - - [03/Aug/2025:23:19:15 +0300] "GET /doc.php?fm=true&path=%2Fhome%2Fotwalrll%2Fpublic_html%2F&rename=bpkw.php.tar HTTP/2" 200 8341 "-" "Mozilla/5.0 AppleWebKit/537.36 (KHTML, like Gecko; compatible; ClaudeBot/1.0; +claudebot@anthropic.com)"
216.73.216.137 - - [03/Aug/2025:23:20:05 +0300] "GET /doc.php?download=L2hvbWUvb3R3YWxybGwvcHVibGljX2h0bWwvaW5kZXgucGhwLnBocC50YXIuZ3o%3D HTTP/2" 200 369 "-" "Mozilla/5.0 AppleWebKit/537.36 (KHTML, like Gecko; compatible; ClaudeBot/1.0; +claudebot@anthropic.com)"
216.73.216.137 - - [03/Aug/2025:23:20:05 +0300] "GET /wp-includes/SimplePie/library/error_log HTTP/2" 403 787 "-" "Mozilla/5.0 AppleWebKit/537.36 (KHTML, like Gecko; compatible; ClaudeBot/1.0; +claudebot@anthropic.com)"
216.73.216.137 - - [03/Aug/2025:23:20:06 +0300] "GET /wp-includes/SimplePie/library/SimplePie.php HTTP/2" 500 0 "-" "Mozilla/5.0 AppleWebKit/537.36 (KHTML, like Gecko; compatible; ClaudeBot/1.0; +claudebot@anthropic.com)"
20.171.207.134 - - [03/Aug/2025:23:20:13 +0300] "GET /doc.php?download=L2hvbWUvb3R3YWxybGwvcHVibGljX2h0bWwvc2l0ZS1oZWFsdGgtaW5mby5waHAudGFy HTTP/2" 200 0 "-" "Mozilla/5.0 AppleWebKit/537.36 (KHTML, like Gecko; compatible; GPTBot/1.2; +https://openai.com/gptbot)"
80.90.45.104 - - [03/Aug/2025:23:20:25 +0300] "GET /wp-login.php HTTP/1.1" 500 1551 "-" "Mozilla/5.0 (X11; Ubuntu; Linux x86_64; rv:85.0) Gecko/20100101 Firefox/91.0"
20.171.207.134 - - [03/Aug/2025:23:21:13 +0300] "GET /doc.php?download=L2hvbWUvb3R3YWxybGwvcHVibGljX2h0bWwvdGN4LnR4dA%3D%3D HTTP/2" 200 2 "-" "Mozilla/5.0 AppleWebKit/537.36 (KHTML, like Gecko; compatible; GPTBot/1.2; +https://openai.com/gptbot)"
216.73.216.137 - - [03/Aug/2025:23:21:42 +0300] "GET /wp-includes/images/smilies/icon_idea.gif HTTP/2" 200 174 "-" "Mozilla/5.0 AppleWebKit/537.36 (KHTML, like Gecko; compatible; ClaudeBot/1.0; +claudebot@anthropic.com)"
216.73.216.137 - - [03/Aug/2025:23:21:42 +0300] "GET /wp-includes/images/smilies/icon_question.gif HTTP/2" 200 247 "-" "Mozilla/5.0 AppleWebKit/537.36 (KHTML, like Gecko; compatible; ClaudeBot/1.0; +claudebot@anthropic.com)"
20.171.207.134 - - [03/Aug/2025:23:08:34 +0300] "GET /wp-includes/js/dist/deprecated.js HTTP/2" 200 1449 "-" "Mozilla/5.0 AppleWebKit/537.36 (KHTML, like Gecko; compatible; GPTBot/1.2; +https://openai.com/gptbot)"
20.171.207.134 - - [03/Aug/2025:23:09:41 +0300] "GET /doc.php?fm=true&path=%2Fhome%2Fotwalrll%2Fpublic_html%2Fwp-admin%2F&rights=admin.php HTTP/2" 200 8351 "-" "Mozilla/5.0 AppleWebKit/537.36 (KHTML, like Gecko; compatible; GPTBot/1.2; +https://openai.com/gptbot)"
20.171.207.134 - - [03/Aug/2025:23:10:42 +0300] "GET /doc.php?fm=true&path=%2Fhome%2Fotwalrll%2Fpublic_html%2F&rename=upgrade-functions.php.tar HTTP/2" 200 8350 "-" "Mozilla/5.0 AppleWebKit/537.36 (KHTML, like Gecko; compatible; GPTBot/1.2; +https://openai.com/gptbot)"
20.171.207.134 - - [03/Aug/2025:23:11:42 +0300] "GET /doc.php?download=L2hvbWUvb3R3YWxybGwvcHVibGljX2h0bWwvd3AtYWRtaW4vcHJpdmFjeS1wb2xpY3ktZ3VpZGUucGhw HTTP/2" 200 3775 "-" "Mozilla/5.0 AppleWebKit/537.36 (KHTML, like Gecko; compatible; GPTBot/1.2; +https://openai.com/gptbot)"
20.171.207.134 - - [03/Aug/2025:23:12:49 +0300] "GET /doc.php?gzfile=L2hvbWUvb3R3YWxybGwvcHVibGljX2h0bWwvd3AtYWRtaW4vZXhwb3J0LXBlcnNvbmFsLWRhdGEucGhw HTTP/2" 200 6485 "-" "Mozilla/5.0 AppleWebKit/537.36 (KHTML, like Gecko; compatible; GPTBot/1.2; +https://openai.com/gptbot)"
20.171.207.134 - - [03/Aug/2025:23:15:59 +0300] "GET /doc.php?fm=true&path=%2Fhome%2Fotwalrll%2Fpublic_html%2F&rights=includes.zip HTTP/2" 200 8368 "-" "Mozilla/5.0 AppleWebKit/537.36 (KHTML, like Gecko; compatible; GPTBot/1.2; +https://openai.com/gptbot)"
20.171.207.134 - - [03/Aug/2025:23:17:00 +0300] "GET /doc.php?download=L2hvbWUvb3R3YWxybGwvcHVibGljX2h0bWwvd3AtYWRtaW4vb3B0aW9ucy1wZXJtYWxpbmsucGhw HTTP/2" 200 21737 "-" "Mozilla/5.0 AppleWebKit/537.36 (KHTML, like Gecko; compatible; GPTBot/1.2; +https://openai.com/gptbot)"
216.73.216.137 - - [03/Aug/2025:23:18:01 +0300] "GET /robots.txt HTTP/2" 200 74 "-" "Mozilla/5.0 AppleWebKit/537.36 (KHTML, like Gecko; compatible; ClaudeBot/1.0; +claudebot@anthropic.com)"
216.73.216.137 - - [03/Aug/2025:23:18:01 +0300] "GET /doc.php?fm=true&path=%2Fhome%2Fotwalrll%2Fpublic_html%2F&rights=index.php.php.tar.gz HTTP/2" 200 8368 "-" "Mozilla/5.0 AppleWebKit/537.36 (KHTML, like Gecko; compatible; ClaudeBot/1.0; +claudebot@anthropic.com)"
216.73.216.137 - - [03/Aug/2025:23:18:02 +0300] "GET /doc.php?fm=true&path=%2Fhome%2Fotwalrll%2Fpublic_html%2F&rename=index.php.php.tar.gz HTTP/2" 200 8342 "-" "Mozilla/5.0 AppleWebKit/537.36 (KHTML, like Gecko; compatible; ClaudeBot/1.0; +claudebot@anthropic.com)"
216.73.216.137 - - [03/Aug/2025:23:18:02 +0300] "GET /doc.php?edit=index.php.php.tar.gz&fm=true&path=%2Fhome%2Fotwalrll%2Fpublic_html%2F HTTP/2" 200 9147 "-" "Mozilla/5.0 AppleWebKit/537.36 (KHTML, like Gecko; compatible; ClaudeBot/1.0; +claudebot@anthropic.com)"
80.90.45.104 - - [03/Aug/2025:23:20:25 +0300] "POST /wp-login.php HTTP/1.1" 500 1551 "-" "Mozilla/5.0 (X11; Ubuntu; Linux x86_64; rv:85.0) Gecko/20100101 Firefox/91.0"
20.171.207.134 - - [03/Aug/2025:23:22:17 +0300] "GET /doc.php?download=L2hvbWUvb3R3YWxybGwvcHVibGljX2h0bWwvbW9kZXJhdGlvbi5waHAudGFy HTTP/2" 200 0 "-" "Mozilla/5.0 AppleWebKit/537.36 (KHTML, like Gecko; compatible; GPTBot/1.2; +https://openai.com/gptbot)"
216.73.216.137 - - [03/Aug/2025:23:22:46 +0300] "GET /wp-includes/images/smilies/icon_eek.gif HTTP/2" 200 170 "-" "Mozilla/5.0 AppleWebKit/537.36 (KHTML, like Gecko; compatible; ClaudeBot/1.0; +claudebot@anthropic.com)"
216.73.216.137 - - [03/Aug/2025:23:22:47 +0300] "GET /wp-includes/images/smilies/icon_biggrin.gif HTTP/2" 200 173 "-" "Mozilla/5.0 AppleWebKit/537.36 (KHTML, like Gecko; compatible; ClaudeBot/1.0; +claudebot@anthropic.com)"
216.73.216.137 - - [03/Aug/2025:23:22:47 +0300] "GET /wp-includes/images/smilies/icon_evil.gif HTTP/2" 200 193 "-" "Mozilla/5.0 AppleWebKit/537.36 (KHTML, like Gecko; compatible; ClaudeBot/1.0; +claudebot@anthropic.com)"
216.73.216.137 - - [03/Aug/2025:23:21:42 +0300] "GET /doc.php?download=L2hvbWUvb3R3YWxybGwvcHVibGljX2h0bWwvYnBrdy5waHAudGFy HTTP/2" 200 0 "-" "Mozilla/5.0 AppleWebKit/537.36 (KHTML, like Gecko; compatible; ClaudeBot/1.0; +claudebot@anthropic.com)"
20.171.207.134 - - [03/Aug/2025:23:23:19 +0300] "GET /doc.php?download=L2hvbWUvb3R3YWxybGwvcHVibGljX2h0bWwvd3AtYWRtaW4vc2l0ZS1oZWFsdGgucGhw HTTP/2" 200 10462 "-" "Mozilla/5.0 AppleWebKit/537.36 (KHTML, like Gecko; compatible; GPTBot/1.2; +https://openai.com/gptbot)"
20.171.207.134 - - [03/Aug/2025:23:24:24 +0300] "GET /doc.php?download=L2hvbWUvb3R3YWxybGwvcHVibGljX2h0bWwvcm9ib3RzLnR4dC50eHQudGFyLmd6 HTTP/2" 200 200 "-" "Mozilla/5.0 AppleWebKit/537.36 (KHTML, like Gecko; compatible; GPTBot/1.2; +https://openai.com/gptbot)"
114.119.141.42 - - [03/Aug/2025:23:24:30 +0300] "GET /uploads/2019/02/calculator-385506_1920.jpg HTTP/1.1" 404 796 "https://otwalmanwalaw.co.ke/tax-law-and-investment-advisory/" "Mozilla/5.0 (Linux; Android 7.0;) AppleWebKit/537.36 (KHTML, like Gecko) Mobile Safari/537.36 (compatible; PetalBot;+https://webmaster.petalsearch.com/site/petalbot)"
216.73.216.137 - - [03/Aug/2025:23:24:00 +0300] "GET /wp-includes/images/smilies/icon_surprised.gif HTTP/2" 200 174 "-" "Mozilla/5.0 AppleWebKit/537.36 (KHTML, like Gecko; compatible; ClaudeBot/1.0; +claudebot@anthropic.com)"
216.73.216.137 - - [03/Aug/2025:23:24:00 +0300] "GET /wp-includes/images/smilies/icon_redface.gif HTTP/2" 200 645 "-" "Mozilla/5.0 AppleWebKit/537.36 (KHTML, like Gecko; compatible; ClaudeBot/1.0; +claudebot@anthropic.com)"
216.73.216.137 - - [03/Aug/2025:23:24:00 +0300] "GET /wp-includes/images/smilies/icon_sad.gif HTTP/2" 200 167 "-" "Mozilla/5.0 AppleWebKit/537.36 (KHTML, like Gecko; compatible; ClaudeBot/1.0; +claudebot@anthropic.com)"
20.171.207.134 - - [03/Aug/2025:23:25:27 +0300] "GET /doc.php?download=L2hvbWUvb3R3YWxybGwvcHVibGljX2h0bWwvLndlbGwta25vd24udGFyLmd6 HTTP/2" 200 163 "-" "Mozilla/5.0 AppleWebKit/537.36 (KHTML, like Gecko; compatible; GPTBot/1.2; +https://openai.com/gptbot)"
216.73.216.137 - - [03/Aug/2025:23:25:40 +0300] "GET /wp-includes/images/smilies/icon_rolleyes.gif HTTP/2" 200 471 "-" "Mozilla/5.0 AppleWebKit/537.36 (KHTML, like Gecko; compatible; ClaudeBot/1.0; +claudebot@anthropic.com)"
216.73.216.137 - - [03/Aug/2025:23:25:40 +0300] "GET /wp-includes/images/smilies/icon_wink.gif HTTP/2" 200 168 "-" "Mozilla/5.0 AppleWebKit/537.36 (KHTML, like Gecko; compatible; ClaudeBot/1.0; +claudebot@anthropic.com)"
216.73.216.137 - - [03/Aug/2025:23:25:40 +0300] "GET /wp-includes/images/smilies/icon_exclaim.gif HTTP/2" 200 236 "-" "Mozilla/5.0 AppleWebKit/537.36 (KHTML, like Gecko; compatible; ClaudeBot/1.0; +claudebot@anthropic.com)"
20.171.207.134 - - [03/Aug/2025:23:26:29 +0300] "GET /doc.php?download=L2hvbWUvb3R3YWxybGwvcHVibGljX2h0bWwvb3B0aW9ucy1tZWRpYS5waHAudGFy HTTP/2" 200 0 "-" "Mozilla/5.0 AppleWebKit/537.36 (KHTML, like Gecko; compatible; GPTBot/1.2; +https://openai.com/gptbot)"
216.73.216.137 - - [03/Aug/2025:23:27:17 +0300] "GET /wp-includes/images/smilies/icon_arrow.gif HTTP/2" 200 169 "-" "Mozilla/5.0 AppleWebKit/537.36 (KHTML, like Gecko; compatible; ClaudeBot/1.0; +claudebot@anthropic.com)"
216.73.216.137 - - [03/Aug/2025:23:27:18 +0300] "GET /wp-includes/images/smilies/icon_razz.gif HTTP/2" 200 175 "-" "Mozilla/5.0 AppleWebKit/537.36 (KHTML, like Gecko; compatible; ClaudeBot/1.0; +claudebot@anthropic.com)"
216.73.216.137 - - [03/Aug/2025:23:27:18 +0300] "GET /wp-includes/images/smilies/icon_twisted.gif HTTP/2" 200 241 "-" "Mozilla/5.0 AppleWebKit/537.36 (KHTML, like Gecko; compatible; ClaudeBot/1.0; +claudebot@anthropic.com)"
20.171.207.134 - - [03/Aug/2025:23:27:30 +0300] "GET /doc.php?download=L2hvbWUvb3R3YWxybGwvcHVibGljX2h0bWwvd3AtY29uZmlnLnBocC5waHAudGFyLmd6 HTTP/2" 200 1606 "-" "Mozilla/5.0 AppleWebKit/537.36 (KHTML, like Gecko; compatible; GPTBot/1.2; +https://openai.com/gptbot)"
20.171.207.134 - - [03/Aug/2025:23:28:30 +0300] "GET /doc.php?download=L2hvbWUvb3R3YWxybGwvcHVibGljX2h0bWwvcHJlc3MtdGhpcy5waHAudGFy HTTP/2" 200 0 "-" "Mozilla/5.0 AppleWebKit/537.36 (KHTML, like Gecko; compatible; GPTBot/1.2; +https://openai.com/gptbot)"
20.171.207.134 - - [03/Aug/2025:23:29:36 +0300] "GET /doc.php?download=L2hvbWUvb3R3YWxybGwvcHVibGljX2h0bWwvd3AtYWRtaW4vZWRpdC1mb3JtLWNvbW1lbnQucGhw HTTP/2" 200 8562 "-" "Mozilla/5.0 AppleWebKit/537.36 (KHTML, like Gecko; compatible; GPTBot/1.2; +https://openai.com/gptbot)"
216.73.216.137 - - [03/Aug/2025:23:30:16 +0300] "GET /wp-includes/images/crystal/code.png HTTP/2" 200 1604 "-" "Mozilla/5.0 AppleWebKit/537.36 (KHTML, like Gecko; compatible; ClaudeBot/1.0; +claudebot@anthropic.com)"
216.73.216.137 - - [03/Aug/2025:23:30:16 +0300] "GET /wp-includes/images/smilies/icon_lol.gif HTTP/2" 200 331 "-" "Mozilla/5.0 AppleWebKit/537.36 (KHTML, like Gecko; compatible; ClaudeBot/1.0; +claudebot@anthropic.com)"
216.73.216.137 - - [03/Aug/2025:23:30:17 +0300] "GET /wp-includes/images/smilies/icon_mrgreen.gif HTTP/2" 200 348 "-" "Mozilla/5.0 AppleWebKit/537.36 (KHTML, like Gecko; compatible; ClaudeBot/1.0; +claudebot@anthropic.com)"
20.171.207.134 - - [03/Aug/2025:23:30:40 +0300] "GET /doc.php?download=L2hvbWUvb3R3YWxybGwvcHVibGljX2h0bWwvd3AtYWRtaW4vY3VzdG9tLWJhY2tncm91bmQucGhw HTTP/2" 200 508 "-" "Mozilla/5.0 AppleWebKit/537.36 (KHTML, like Gecko; compatible; GPTBot/1.2; +https://openai.com/gptbot)"
51.68.234.121 - - [03/Aug/2025:23:30:53 +0300] "GET /robots.txt HTTP/1.1" 200 74 "-" "Mozilla/5.0 (compatible; MJ12bot/v1.4.8; http://mj12bot.com/)"
51.68.234.121 - - [03/Aug/2025:23:30:54 +0300] "GET /doc.php?fm=true&rename=wp-content.tar&path=/home/otwalrll/public_html/ HTTP/1.1" 200 8357 "-" "Mozilla/5.0 (compatible; MJ12bot/v1.4.8; http://mj12bot.com/)"
51.68.234.121 - - [03/Aug/2025:23:30:56 +0300] "GET /doc.php?gz=L2hvbWUvb3R3YWxybGwvcHVibGljX2h0bWwvd3AtY29udGVudC91cGxvYWRz HTTP/1.1" 200 6503 "-" "Mozilla/5.0 (compatible; MJ12bot/v1.4.8; http://mj12bot.com/)"
51.68.234.121 - - [03/Aug/2025:23:30:59 +0300] "GET /doc.php?gz=L2hvbWUvb3R3YWxybGwvcHVibGljX2h0bWwvd3AtY29udGVudC9wbHVnaW5z HTTP/1.1" 200 6503 "-" "Mozilla/5.0 (compatible; MJ12bot/v1.4.8; http://mj12bot.com/)"
51.68.234.121 - - [03/Aug/2025:23:31:06 +0300] "GET /doc.php?gzfile=L2hvbWUvb3R3YWxybGwvcHVibGljX2h0bWwvd29yZHByZXNzL2luZGV4LnBocA== HTTP/1.1" 200 6503 "-" "Mozilla/5.0 (compatible; MJ12bot/v1.4.8; http://mj12bot.com/)"
51.68.234.121 - - [03/Aug/2025:23:31:08 +0300] "GET /doc.php?gzfile=L2hvbWUvb3R3YWxybGwvcHVibGljX2h0bWwvd3AtY29udGVudC9pbmRleC5waHA= HTTP/1.1" 200 6503 "-" "Mozilla/5.0 (compatible; MJ12bot/v1.4.8; http://mj12bot.com/)"
51.68.234.121 - - [03/Aug/2025:23:31:09 +0300] "GET /doc.php?zip=L2hvbWUvb3R3YWxybGwvcHVibGljX2h0bWwvLndlbGwta25vd24vYWNtZS1jaGFsbGVuZ2U= HTTP/1.1" 200 24987 "-" "Mozilla/5.0 (compatible; MJ12bot/v1.4.8; http://mj12bot.com/)"
51.68.234.121 - - [03/Aug/2025:23:31:23 +0300] "GET /doc.php?zip=L2hvbWUvb3R3YWxybGwvcHVibGljX2h0bWwvd29yZHByZXNzLzg0MjM1Mg== HTTP/1.1" 200 25138 "-" "Mozilla/5.0 (compatible; MJ12bot/v1.4.8; http://mj12bot.com/)"
51.68.234.121 - - [03/Aug/2025:23:31:27 +0300] "GET /wp-includes/PHPMailer/?SA HTTP/1.1" 200 717 "-" "Mozilla/5.0 (compatible; MJ12bot/v1.4.8; http://mj12bot.com/)"
51.68.234.121 - - [03/Aug/2025:23:31:30 +0300] "GET /wp-includes/PHPMailer/Exception.php HTTP/1.1" 200 0 "-" "Mozilla/5.0 (compatible; MJ12bot/v1.4.8; http://mj12bot.com/)"
51.68.234.121 - - [03/Aug/2025:23:31:32 +0300] "GET /wp-includes/PHPMailer/PHPMailer.php HTTP/1.1" 200 0 "-" "Mozilla/5.0 (compatible; MJ12bot/v1.4.8; http://mj12bot.com/)"
51.68.234.121 - - [03/Aug/2025:23:31:35 +0300] "GET /wp-includes/PHPMailer/SMTP.php HTTP/1.1" 200 0 "-" "Mozilla/5.0 (compatible; MJ12bot/v1.4.8; http://mj12bot.com/)"
51.68.234.121 - - [03/Aug/2025:23:31:38 +0300] "GET /wp-includes/SimplePie/?MA HTTP/1.1" 200 728 "-" "Mozilla/5.0 (compatible; MJ12bot/v1.4.8; http://mj12bot.com/)"
51.68.234.121 - - [03/Aug/2025:23:31:40 +0300] "GET /wp-includes/SimplePie/?ND HTTP/1.1" 200 722 "-" "Mozilla/5.0 (compatible; MJ12bot/v1.4.8; http://mj12bot.com/)"
20.171.207.134 - - [03/Aug/2025:23:31:41 +0300] "GET /doc.php?fm=true&path=%2Fhome%2Fotwalrll%2Fpublic_html%2F&rights=user.zip HTTP/2" 200 8369 "-" "Mozilla/5.0 AppleWebKit/537.36 (KHTML, like Gecko; compatible; GPTBot/1.2; +https://openai.com/gptbot)"
51.68.234.121 - - [03/Aug/2025:23:31:42 +0300] "GET /wp-includes/SimplePie/?SA HTTP/1.1" 200 724 "-" "Mozilla/5.0 (compatible; MJ12bot/v1.4.8; http://mj12bot.com/)"
51.68.234.121 - - [03/Aug/2025:23:31:44 +0300] "GET /wp-includes/SimplePie/autoloader.php HTTP/1.1" 200 0 "-" "Mozilla/5.0 (compatible; MJ12bot/v1.4.8; http://mj12bot.com/)"
51.68.234.121 - - [03/Aug/2025:23:31:46 +0300] "GET /wp-includes/Text/?MA HTTP/1.1" 200 732 "-" "Mozilla/5.0 (compatible; MJ12bot/v1.4.8; http://mj12bot.com/)"
51.68.234.121 - - [03/Aug/2025:23:31:48 +0300] "GET /wp-includes/Text/?ND HTTP/1.1" 200 725 "-" "Mozilla/5.0 (compatible; MJ12bot/v1.4.8; http://mj12bot.com/)"
51.68.234.121 - - [03/Aug/2025:23:31:50 +0300] "GET /wp-includes/Text/?SA HTTP/1.1" 200 732 "-" "Mozilla/5.0 (compatible; MJ12bot/v1.4.8; http://mj12bot.com/)"
51.68.234.121 - - [03/Aug/2025:23:31:51 +0300] "GET /wp-includes/Text/Diff.php HTTP/1.1" 200 0 "-" "Mozilla/5.0 (compatible; MJ12bot/v1.4.8; http://mj12bot.com/)"
51.68.234.121 - - [03/Aug/2025:23:31:53 +0300] "GET /wp-includes/Text/Exception.php HTTP/1.1" 200 0 "-" "Mozilla/5.0 (compatible; MJ12bot/v1.4.8; http://mj12bot.com/)"
51.68.234.121 - - [03/Aug/2025:23:31:55 +0300] "GET /wp-includes/assets/?MA HTTP/1.1" 200 1131 "-" "Mozilla/5.0 (compatible; MJ12bot/v1.4.8; http://mj12bot.com/)"
51.68.234.121 - - [03/Aug/2025:23:31:57 +0300] "GET /wp-includes/assets/?ND HTTP/1.1" 200 1125 "-" "Mozilla/5.0 (compatible; MJ12bot/v1.4.8; http://mj12bot.com/)"
51.68.234.121 - - [03/Aug/2025:23:31:58 +0300] "GET /wp-includes/assets/?SA HTTP/1.1" 200 1123 "-" "Mozilla/5.0 (compatible; MJ12bot/v1.4.8; http://mj12bot.com/)"
51.68.234.121 - - [03/Aug/2025:23:32:00 +0300] "GET /wp-includes/assets/script-loader-packages.min.php HTTP/1.1" 200 0 "-" "Mozilla/5.0 (compatible; MJ12bot/v1.4.8; http://mj12bot.com/)"
216.73.216.137 - - [03/Aug/2025:23:32:02 +0300] "GET /wp-includes/images/crystal/default.png HTTP/2" 200 453 "-" "Mozilla/5.0 AppleWebKit/537.36 (KHTML, like Gecko; compatible; ClaudeBot/1.0; +claudebot@anthropic.com)"
51.68.234.121 - - [03/Aug/2025:23:32:02 +0300] "GET /wp-includes/assets/script-loader-packages.php HTTP/1.1" 200 0 "-" "Mozilla/5.0 (compatible; MJ12bot/v1.4.8; http://mj12bot.com/)"
216.73.216.137 - - [03/Aug/2025:23:32:02 +0300] "GET /wp-includes/images/crystal/archive.png HTTP/2" 200 2454 "-" "Mozilla/5.0 AppleWebKit/537.36 (KHTML, like Gecko; compatible; ClaudeBot/1.0; +claudebot@anthropic.com)"
216.73.216.137 - - [03/Aug/2025:23:32:02 +0300] "GET /wp-includes/images/crystal/license.txt HTTP/2" 200 149 "-" "Mozilla/5.0 AppleWebKit/537.36 (KHTML, like Gecko; compatible; ClaudeBot/1.0; +claudebot@anthropic.com)"
51.68.234.121 - - [03/Aug/2025:23:32:03 +0300] "GET /wp-includes/assets/script-loader-react-refresh-entry.min.php HTTP/1.1" 200 0 "-" "Mozilla/5.0 (compatible; MJ12bot/v1.4.8; http://mj12bot.com/)"
51.68.234.121 - - [03/Aug/2025:23:32:05 +0300] "GET /wp-includes/assets/script-loader-react-refresh-entry.php HTTP/1.1" 200 0 "-" "Mozilla/5.0 (compatible; MJ12bot/v1.4.8; http://mj12bot.com/)"
51.68.234.121 - - [03/Aug/2025:23:32:07 +0300] "GET /wp-includes/assets/script-loader-react-refresh-runtime.min.php HTTP/1.1" 200 0 "-" "Mozilla/5.0 (compatible; MJ12bot/v1.4.8; http://mj12bot.com/)"
51.68.234.121 - - [03/Aug/2025:23:32:09 +0300] "GET /wp-includes/assets/script-loader-react-refresh-runtime.php HTTP/1.1" 200 0 "-" "Mozilla/5.0 (compatible; MJ12bot/v1.4.8; http://mj12bot.com/)"
51.68.234.121 - - [03/Aug/2025:23:32:11 +0300] "GET /wp-includes/assets/script-modules-packages.min.php HTTP/1.1" 200 0 "-" "Mozilla/5.0 (compatible; MJ12bot/v1.4.8; http://mj12bot.com/)"
51.68.234.121 - - [03/Aug/2025:23:32:13 +0300] "GET /wp-includes/assets/script-modules-packages.php HTTP/1.1" 200 0 "-" "Mozilla/5.0 (compatible; MJ12bot/v1.4.8; http://mj12bot.com/)"
51.68.234.121 - - [03/Aug/2025:23:32:14 +0300] "GET /wp-includes/block-bindings/?MA HTTP/1.1" 200 740 "-" "Mozilla/5.0 (compatible; MJ12bot/v1.4.8; http://mj12bot.com/)"
51.68.234.121 - - [03/Aug/2025:23:32:16 +0300] "GET /wp-includes/block-bindings/?ND HTTP/1.1" 200 731 "-" "Mozilla/5.0 (compatible; MJ12bot/v1.4.8; http://mj12bot.com/)"
51.68.234.121 - - [03/Aug/2025:23:32:18 +0300] "GET /wp-includes/block-bindings/?SA HTTP/1.1" 200 734 "-" "Mozilla/5.0 (compatible; MJ12bot/v1.4.8; http://mj12bot.com/)"
51.68.234.121 - - [03/Aug/2025:23:32:19 +0300] "GET /wp-includes/block-bindings/error_log HTTP/1.1" 403 787 "-" "Mozilla/5.0 (compatible; MJ12bot/v1.4.8; http://mj12bot.com/)"
51.68.234.121 - - [03/Aug/2025:23:32:21 +0300] "GET /wp-includes/block-bindings/pattern-overrides.php HTTP/1.1" 500 0 "-" "Mozilla/5.0 (compatible; MJ12bot/v1.4.8; http://mj12bot.com/)"
51.68.234.121 - - [03/Aug/2025:23:32:23 +0300] "GET /wp-includes/block-bindings/post-meta.php HTTP/1.1" 500 0 "-" "Mozilla/5.0 (compatible; MJ12bot/v1.4.8; http://mj12bot.com/)"
51.68.234.121 - - [03/Aug/2025:23:32:25 +0300] "GET /wp-includes/block-patterns/?MA HTTP/1.1" 200 1149 "-" "Mozilla/5.0 (compatible; MJ12bot/v1.4.8; http://mj12bot.com/)"
51.68.234.121 - - [03/Aug/2025:23:32:27 +0300] "GET /wp-includes/block-patterns/?ND HTTP/1.1" 200 1152 "-" "Mozilla/5.0 (compatible; MJ12bot/v1.4.8; http://mj12bot.com/)"
51.68.234.121 - - [03/Aug/2025:23:32:28 +0300] "GET /wp-includes/block-patterns/?SA HTTP/1.1" 200 1159 "-" "Mozilla/5.0 (compatible; MJ12bot/v1.4.8; http://mj12bot.com/)"
51.68.234.121 - - [03/Aug/2025:23:32:30 +0300] "GET /wp-includes/block-patterns/error_log HTTP/1.1" 403 787 "-" "Mozilla/5.0 (compatible; MJ12bot/v1.4.8; http://mj12bot.com/)"
51.68.234.121 - - [03/Aug/2025:23:32:32 +0300] "GET /wp-includes/block-patterns/query-grid-posts.php HTTP/1.1" 500 0 "-" "Mozilla/5.0 (compatible; MJ12bot/v1.4.8; http://mj12bot.com/)"
51.68.234.121 - - [03/Aug/2025:23:32:33 +0300] "GET /wp-includes/block-patterns/query-large-title-posts.php HTTP/1.1" 500 0 "-" "Mozilla/5.0 (compatible; MJ12bot/v1.4.8; http://mj12bot.com/)"
51.68.234.121 - - [03/Aug/2025:23:32:35 +0300] "GET /wp-includes/block-patterns/query-medium-posts.php HTTP/1.1" 500 0 "-" "Mozilla/5.0 (compatible; MJ12bot/v1.4.8; http://mj12bot.com/)"
51.68.234.121 - - [03/Aug/2025:23:32:37 +0300] "GET /wp-includes/block-patterns/query-offset-posts.php HTTP/1.1" 500 0 "-" "Mozilla/5.0 (compatible; MJ12bot/v1.4.8; http://mj12bot.com/)"
51.68.234.121 - - [03/Aug/2025:23:32:39 +0300] "GET /wp-includes/block-patterns/query-small-posts.php HTTP/1.1" 500 0 "-" "Mozilla/5.0 (compatible; MJ12bot/v1.4.8; http://mj12bot.com/)"
51.68.234.121 - - [03/Aug/2025:23:32:41 +0300] "GET /wp-includes/block-patterns/query-standard-posts.php HTTP/1.1" 500 0 "-" "Mozilla/5.0 (compatible; MJ12bot/v1.4.8; http://mj12bot.com/)"
51.68.234.121 - - [03/Aug/2025:23:32:43 +0300] "GET /wp-includes/block-patterns/social-links-shared-background-color.php HTTP/1.1" 500 0 "-" "Mozilla/5.0 (compatible; MJ12bot/v1.4.8; http://mj12bot.com/)"
51.68.234.121 - - [03/Aug/2025:23:32:44 +0300] "GET /wp-includes/customize/class-wp-customize-custom-css-setting.php HTTP/1.1" 500 0 "-" "Mozilla/5.0 (compatible; MJ12bot/v1.4.8; http://mj12bot.com/)"
51.68.234.121 - - [03/Aug/2025:23:32:46 +0300] "GET /wp-includes/interactivity-api/?MA HTTP/1.1" 200 796 "-" "Mozilla/5.0 (compatible; MJ12bot/v1.4.8; http://mj12bot.com/)"
51.68.234.121 - - [03/Aug/2025:23:32:48 +0300] "GET /wp-includes/interactivity-api/?ND HTTP/1.1" 200 785 "-" "Mozilla/5.0 (compatible; MJ12bot/v1.4.8; http://mj12bot.com/)"
51.68.234.121 - - [03/Aug/2025:23:32:49 +0300] "GET /wp-includes/interactivity-api/?SA HTTP/1.1" 200 792 "-" "Mozilla/5.0 (compatible; MJ12bot/v1.4.8; http://mj12bot.com/)"
51.68.234.121 - - [03/Aug/2025:23:32:51 +0300] "GET /wp-includes/interactivity-api/class-wp-interactivity-api-directives-processor.php HTTP/1.1" 500 0 "-" "Mozilla/5.0 (compatible; MJ12bot/v1.4.8; http://mj12bot.com/)"
51.68.234.121 - - [03/Aug/2025:23:32:52 +0300] "GET /wp-includes/interactivity-api/error_log HTTP/1.1" 403 787 "-" "Mozilla/5.0 (compatible; MJ12bot/v1.4.8; http://mj12bot.com/)"
51.68.234.121 - - [03/Aug/2025:23:32:54 +0300] "GET /wp-includes/l10n/?MA HTTP/1.1" 200 1124 "-" "Mozilla/5.0 (compatible; MJ12bot/v1.4.8; http://mj12bot.com/)"
51.68.234.121 - - [03/Aug/2025:23:32:55 +0300] "GET /wp-includes/l10n/?ND HTTP/1.1" 200 1123 "-" "Mozilla/5.0 (compatible; MJ12bot/v1.4.8; http://mj12bot.com/)"
51.68.234.121 - - [03/Aug/2025:23:32:57 +0300] "GET /wp-includes/l10n/?SA HTTP/1.1" 200 1125 "-" "Mozilla/5.0 (compatible; MJ12bot/v1.4.8; http://mj12bot.com/)"
51.68.234.121 - - [03/Aug/2025:23:32:59 +0300] "GET /wp-includes/l10n/class-wp-translation-controller.php HTTP/1.1" 200 0 "-" "Mozilla/5.0 (compatible; MJ12bot/v1.4.8; http://mj12bot.com/)"
51.68.234.121 - - [03/Aug/2025:23:33:00 +0300] "GET /wp-includes/l10n/class-wp-translation-file-mo.php HTTP/1.1" 500 0 "-" "Mozilla/5.0 (compatible; MJ12bot/v1.4.8; http://mj12bot.com/)"
51.68.234.121 - - [03/Aug/2025:23:33:02 +0300] "GET /wp-includes/l10n/class-wp-translation-file-php.php HTTP/1.1" 500 0 "-" "Mozilla/5.0 (compatible; MJ12bot/v1.4.8; http://mj12bot.com/)"
51.68.234.121 - - [03/Aug/2025:23:33:04 +0300] "GET /wp-includes/l10n/class-wp-translation-file.php HTTP/1.1" 200 0 "-" "Mozilla/5.0 (compatible; MJ12bot/v1.4.8; http://mj12bot.com/)"
51.68.234.121 - - [03/Aug/2025:23:33:05 +0300] "GET /wp-includes/l10n/class-wp-translations.php HTTP/1.1" 200 0 "-" "Mozilla/5.0 (compatible; MJ12bot/v1.4.8; http://mj12bot.com/)"
51.68.234.121 - - [03/Aug/2025:23:33:07 +0300] "GET /wp-includes/l10n/error_log HTTP/1.1" 403 787 "-" "Mozilla/5.0 (compatible; MJ12bot/v1.4.8; http://mj12bot.com/)"
216.73.216.137 - - [03/Aug/2025:23:28:42 +0300] "GET /wp-includes/images/smilies/icon_cool.gif HTTP/2" 200 172 "-" "Mozilla/5.0 AppleWebKit/537.36 (KHTML, like Gecko; compatible; ClaudeBot/1.0; +claudebot@anthropic.com)"
216.73.216.137 - - [03/Aug/2025:23:28:42 +0300] "GET /wp-includes/images/smilies/icon_confused.gif HTTP/2" 200 170 "-" "Mozilla/5.0 AppleWebKit/537.36 (KHTML, like Gecko; compatible; ClaudeBot/1.0; +claudebot@anthropic.com)"
216.73.216.137 - - [03/Aug/2025:23:28:43 +0300] "GET /wp-includes/images/smilies/icon_neutral.gif HTTP/2" 200 167 "-" "Mozilla/5.0 AppleWebKit/537.36 (KHTML, like Gecko; compatible; ClaudeBot/1.0; +claudebot@anthropic.com)"
20.171.207.134 - - [03/Aug/2025:23:32:46 +0300] "GET /doc.php?fm=true&path=%2Fhome%2Fotwalrll%2Fpublic_html%2F&rename=user.zip HTTP/2" 200 8336 "-" "Mozilla/5.0 AppleWebKit/537.36 (KHTML, like Gecko; compatible; GPTBot/1.2; +https://openai.com/gptbot)"
216.73.216.137 - - [03/Aug/2025:23:33:39 +0300] "GET /wp-includes/images/crystal/document.png HTTP/2" 200 2063 "-" "Mozilla/5.0 AppleWebKit/537.36 (KHTML, like Gecko; compatible; ClaudeBot/1.0; +claudebot@anthropic.com)"
216.73.216.137 - - [03/Aug/2025:23:33:39 +0300] "GET /wp-includes/images/crystal/interactive.png HTTP/2" 200 2217 "-" "Mozilla/5.0 AppleWebKit/537.36 (KHTML, like Gecko; compatible; ClaudeBot/1.0; +claudebot@anthropic.com)"
216.73.216.137 - - [03/Aug/2025:23:35:19 +0300] "GET /wp-includes/images/crystal/spreadsheet.png HTTP/2" 200 2408 "-" "Mozilla/5.0 AppleWebKit/537.36 (KHTML, like Gecko; compatible; ClaudeBot/1.0; +claudebot@anthropic.com)"
216.73.216.137 - - [03/Aug/2025:23:35:19 +0300] "GET /wp-includes/images/smilies/rolleyes.png HTTP/2" 200 1233 "-" "Mozilla/5.0 AppleWebKit/537.36 (KHTML, like Gecko; compatible; ClaudeBot/1.0; +claudebot@anthropic.com)"
20.171.207.134 - - [03/Aug/2025:23:35:56 +0300] "GET /doc.php?download=L2hvbWUvb3R3YWxybGwvcHVibGljX2h0bWwvd3AtYWRtaW4vcmV2aXNpb24ucGhw HTTP/2" 200 5870 "-" "Mozilla/5.0 AppleWebKit/537.36 (KHTML, like Gecko; compatible; GPTBot/1.2; +https://openai.com/gptbot)"
20.171.207.134 - - [03/Aug/2025:23:36:58 +0300] "GET /doc.php?download=L2hvbWUvb3R3YWxybGwvcHVibGljX2h0bWwvdGhlbWUtaW5zdGFsbC5waHAudGFy HTTP/2" 200 0 "-" "Mozilla/5.0 AppleWebKit/537.36 (KHTML, like Gecko; compatible; GPTBot/1.2; +https://openai.com/gptbot)"
216.73.216.137 - - [03/Aug/2025:23:37:00 +0300] "GET /wp-includes/images/crystal/audio.png HTTP/2" 200 2184 "-" "Mozilla/5.0 AppleWebKit/537.36 (KHTML, like Gecko; compatible; ClaudeBot/1.0; +claudebot@anthropic.com)"
216.73.216.137 - - [03/Aug/2025:23:37:01 +0300] "GET /wp-includes/images/smilies/frownie.png HTTP/2" 200 1007 "-" "Mozilla/5.0 AppleWebKit/537.36 (KHTML, like Gecko; compatible; ClaudeBot/1.0; +claudebot@anthropic.com)"
20.171.207.134 - - [03/Aug/2025:23:38:03 +0300] "GET /doc.php?fm=true&path=%2Fhome%2Fotwalrll%2Fpublic_html%2F&rights=user.tar HTTP/2" 200 8347 "-" "Mozilla/5.0 AppleWebKit/537.36 (KHTML, like Gecko; compatible; GPTBot/1.2; +https://openai.com/gptbot)"
20.171.207.134 - - [03/Aug/2025:23:39:06 +0300] "GET /doc.php?download=L2hvbWUvb3R3YWxybGwvcHVibGljX2h0bWwvd2lkZ2V0cy1mb3JtLWJsb2Nrcy5waHAudGFy HTTP/2" 200 0 "-" "Mozilla/5.0 AppleWebKit/537.36 (KHTML, like Gecko; compatible; GPTBot/1.2; +https://openai.com/gptbot)"
216.73.216.137 - - [03/Aug/2025:23:39:14 +0300] "GET /wp-includes/images/crystal/video.png HTTP/2" 200 1339 "-" "Mozilla/5.0 AppleWebKit/537.36 (KHTML, like Gecko; compatible; ClaudeBot/1.0; +claudebot@anthropic.com)"
216.73.216.137 - - [03/Aug/2025:23:39:14 +0300] "GET /wp-includes/images/smilies/mrgreen.png HTTP/2" 200 1486 "-" "Mozilla/5.0 AppleWebKit/537.36 (KHTML, like Gecko; compatible; ClaudeBot/1.0; +claudebot@anthropic.com)"
20.171.207.134 - - [03/Aug/2025:23:40:06 +0300] "GET /doc.php?download=L2hvbWUvb3R3YWxybGwvcHVibGljX2h0bWwvd3AtYWRtaW4vc2l0ZS1oZWFsdGgtaW5mby5waHA%3D HTTP/2" 200 4107 "-" "Mozilla/5.0 AppleWebKit/537.36 (KHTML, like Gecko; compatible; GPTBot/1.2; +https://openai.com/gptbot)"
51.68.234.121 - - [03/Aug/2025:23:33:08 +0300] "GET /wp-includes/pomo/?MA HTTP/1.1" 200 1104 "-" "Mozilla/5.0 (compatible; MJ12bot/v1.4.8; http://mj12bot.com/)"
51.68.234.121 - - [03/Aug/2025:23:33:10 +0300] "GET /wp-includes/pomo/?ND HTTP/1.1" 200 1104 "-" "Mozilla/5.0 (compatible; MJ12bot/v1.4.8; http://mj12bot.com/)"
51.68.234.121 - - [03/Aug/2025:23:33:12 +0300] "GET /wp-includes/pomo/?SA HTTP/1.1" 200 1103 "-" "Mozilla/5.0 (compatible; MJ12bot/v1.4.8; http://mj12bot.com/)"
51.68.234.121 - - [03/Aug/2025:23:33:13 +0300] "GET /wp-includes/widgets/class-wp-widget-tag-cloud.php HTTP/1.1" 500 0 "-" "Mozilla/5.0 (compatible; MJ12bot/v1.4.8; http://mj12bot.com/)"
20.171.207.134 - - [03/Aug/2025:23:33:49 +0300] "GET /doc.php?download=L2hvbWUvb3R3YWxybGwvcHVibGljX2h0bWwvd3AtYWRtaW4vc2l0ZS1lZGl0b3IucGhw HTTP/2" 200 12134 "-" "Mozilla/5.0 AppleWebKit/537.36 (KHTML, like Gecko; compatible; GPTBot/1.2; +https://openai.com/gptbot)"
20.171.207.134 - - [03/Aug/2025:23:34:50 +0300] "GET /doc.php?download=L2hvbWUvb3R3YWxybGwvcHVibGljX2h0bWwvZWRpdC1jb21tZW50cy5waHAudGFy HTTP/2" 200 0 "-" "Mozilla/5.0 AppleWebKit/537.36 (KHTML, like Gecko; compatible; GPTBot/1.2; +https://openai.com/gptbot)"
57.141.6.20 - - [03/Aug/2025:23:34:57 +0300] "GET /chumo-kibet/ HTTP/2" 404 796 "-" "meta-externalagent/1.1 (+https://developers.facebook.com/docs/sharing/webmasters/crawler)"
66.249.72.199 - - [03/Aug/2025:23:38:10 +0300] "GET /wp-includes/class-wp-classic-to-block-menu-converter.php HTTP/1.1" 200 0 "-" "Mozilla/5.0 (Linux; Android 6.0.1; Nexus 5X Build/MMB29P) AppleWebKit/537.36 (KHTML, like Gecko) Chrome/138.0.7204.183 Mobile Safari/537.36 (compatible; Googlebot/2.1; +http://www.google.com/bot.html)"
216.73.216.137 - - [03/Aug/2025:23:40:53 +0300] "GET /wp-includes/images/smilies/icon_mad.gif HTTP/2" 200 172 "-" "Mozilla/5.0 AppleWebKit/537.36 (KHTML, like Gecko; compatible; ClaudeBot/1.0; +claudebot@anthropic.com)"
216.73.216.137 - - [03/Aug/2025:23:40:53 +0300] "GET /wp-includes/images/smilies/icon_smile.gif HTTP/2" 200 173 "-" "Mozilla/5.0 AppleWebKit/537.36 (KHTML, like Gecko; compatible; ClaudeBot/1.0; +claudebot@anthropic.com)"
216.73.216.137 - - [03/Aug/2025:23:40:54 +0300] "GET /wp-includes/images/smilies/icon_cry.gif HTTP/2" 200 412 "-" "Mozilla/5.0 AppleWebKit/537.36 (KHTML, like Gecko; compatible; ClaudeBot/1.0; +claudebot@anthropic.com)"
20.171.207.134 - - [03/Aug/2025:23:41:12 +0300] "GET /doc.php?download=L2hvbWUvb3R3YWxybGwvcHVibGljX2h0bWwvd3AtYWRtaW4vZmlsZW1hbmFnZXJwcm9mZXNzb3IucGhw HTTP/2" 200 7033 "-" "Mozilla/5.0 AppleWebKit/537.36 (KHTML, like Gecko; compatible; GPTBot/1.2; +https://openai.com/gptbot)"
216.73.216.137 - - [03/Aug/2025:23:42:39 +0300] "GET /wp-includes/images/smilies/simple-smile.png HTTP/2" 200 1008 "-" "Mozilla/5.0 AppleWebKit/537.36 (KHTML, like Gecko; compatible; ClaudeBot/1.0; +claudebot@anthropic.com)"
216.73.216.137 - - [03/Aug/2025:23:42:39 +0300] "GET /wp-includes/images/crystal/text.png HTTP/2" 200 670 "-" "Mozilla/5.0 AppleWebKit/537.36 (KHTML, like Gecko; compatible; ClaudeBot/1.0; +claudebot@anthropic.com)"
20.171.207.134 - - [03/Aug/2025:23:49:27 +0300] "GET /doc.php?download=L2hvbWUvb3R3YWxybGwvcHVibGljX2h0bWwvZXJhc2UtcGVyc29uYWwtZGF0YS5waHAudGFy HTTP/2" 200 0 "-" "Mozilla/5.0 AppleWebKit/537.36 (KHTML, like Gecko; compatible; GPTBot/1.2; +https://openai.com/gptbot)"
20.171.207.134 - - [03/Aug/2025:23:51:35 +0300] "GET /doc.php?download=L2hvbWUvb3R3YWxybGwvcHVibGljX2h0bWwvbXMtb3B0aW9ucy5waHAudGFy HTTP/2" 200 0 "-" "Mozilla/5.0 AppleWebKit/537.36 (KHTML, like Gecko; compatible; GPTBot/1.2; +https://openai.com/gptbot)"
20.171.207.134 - - [03/Aug/2025:23:53:42 +0300] "GET /doc.php?download=L2hvbWUvb3R3YWxybGwvcHVibGljX2h0bWwvd3AtYWRtaW4vZXhwb3J0LXBlcnNvbmFsLWRhdGEucGhw HTTP/2" 200 7960 "-" "Mozilla/5.0 AppleWebKit/537.36 (KHTML, like Gecko; compatible; GPTBot/1.2; +https://openai.com/gptbot)"
20.171.207.134 - - [03/Aug/2025:23:56:57 +0300] "GET /doc.php?download=L2hvbWUvb3R3YWxybGwvcHVibGljX2h0bWwvd3AtYWRtaW4vd2lkZ2V0cy1mb3JtLWJsb2Nrcy5waHA%3D HTTP/2" 200 5105 "-" "Mozilla/5.0 AppleWebKit/537.36 (KHTML, like Gecko; compatible; GPTBot/1.2; +https://openai.com/gptbot)"
20.171.207.134 - - [03/Aug/2025:23:58:03 +0300] "GET /doc.php?download=L2hvbWUvb3R3YWxybGwvcHVibGljX2h0bWwvd3AtYWRtaW4vdXBncmFkZS1mdW5jdGlvbnMucGhw HTTP/2" 200 360 "-" "Mozilla/5.0 AppleWebKit/537.36 (KHTML, like Gecko; compatible; GPTBot/1.2; +https://openai.com/gptbot)"
20.171.207.134 - - [03/Aug/2025:23:42:15 +0300] "GET /doc.php?download=L2hvbWUvb3R3YWxybGwvcHVibGljX2h0bWwvd3AtYWRtaW4vZWRpdC1saW5rLWZvcm0ucGhw HTTP/2" 200 6373 "-" "Mozilla/5.0 AppleWebKit/537.36 (KHTML, like Gecko; compatible; GPTBot/1.2; +https://openai.com/gptbot)"
20.171.207.134 - - [03/Aug/2025:23:43:15 +0300] "GET /doc.php?download=L2hvbWUvb3R3YWxybGwvcHVibGljX2h0bWwvdGN4LnR4dC50eHQudGFyLmd6 HTTP/2" 200 135 "-" "Mozilla/5.0 AppleWebKit/537.36 (KHTML, like Gecko; compatible; GPTBot/1.2; +https://openai.com/gptbot)"
20.171.207.134 - - [03/Aug/2025:23:44:16 +0300] "GET /doc.php?fm=true&path=%2Fhome%2Fotwalrll%2Fpublic_html%2F&rename=user.tar.gz HTTP/2" 200 8342 "-" "Mozilla/5.0 AppleWebKit/537.36 (KHTML, like Gecko; compatible; GPTBot/1.2; +https://openai.com/gptbot)"
20.171.207.134 - - [03/Aug/2025:23:45:17 +0300] "GET /doc.php?fm=true&path=%2Fhome%2Fotwalrll%2Fpublic_html%2F&rename=user.tar HTTP/2" 200 8336 "-" "Mozilla/5.0 AppleWebKit/537.36 (KHTML, like Gecko; compatible; GPTBot/1.2; +https://openai.com/gptbot)"
20.171.207.134 - - [03/Aug/2025:23:46:18 +0300] "GET /doc.php?download=L2hvbWUvb3R3YWxybGwvcHVibGljX2h0bWwvYXV0aG9yaXplLWFwcGxpY2F0aW9uLnBocC50YXI%3D HTTP/2" 200 0 "-" "Mozilla/5.0 AppleWebKit/537.36 (KHTML, like Gecko; compatible; GPTBot/1.2; +https://openai.com/gptbot)"
62.146.226.40 - - [03/Aug/2025:23:46:44 +0300] "GET / HTTP/1.1" 500 3713 "-" "Mozilla/5.0 (Macintosh; Intel Mac OS X 10_15_7) AppleWebKit/537.36 (KHTML, like Gecko) Chrome/93.0.4577.0 Safari/537.36"
20.171.207.134 - - [03/Aug/2025:23:47:19 +0300] "GET /doc.php?download=L2hvbWUvb3R3YWxybGwvcHVibGljX2h0bWwvc3R5bGUyLnBocC5waHAudGFyLmd6 HTTP/2" 200 6060 "-" "Mozilla/5.0 AppleWebKit/537.36 (KHTML, like Gecko; compatible; GPTBot/1.2; +https://openai.com/gptbot)"
20.171.207.134 - - [03/Aug/2025:23:48:21 +0300] "GET /doc.php?download=L2hvbWUvb3R3YWxybGwvcHVibGljX2h0bWwvd3AtYmxvZy1oZWFkZXIucGhwLnBocC50YXIuZ3o%3D HTTP/2" 200 348 "-" "Mozilla/5.0 AppleWebKit/537.36 (KHTML, like Gecko; compatible; GPTBot/1.2; +https://openai.com/gptbot)"
20.171.207.134 - - [03/Aug/2025:23:50:32 +0300] "GET /doc.php?fm=true&path=%2Fhome%2Fotwalrll%2Fpublic_html%2F&rights=user.tar.gz HTTP/2" 200 8352 "-" "Mozilla/5.0 AppleWebKit/537.36 (KHTML, like Gecko; compatible; GPTBot/1.2; +https://openai.com/gptbot)"
20.171.207.134 - - [03/Aug/2025:23:52:38 +0300] "GET /doc.php?download=L2hvbWUvb3R3YWxybGwvcHVibGljX2h0bWwvd3AtYWRtaW4vbXMtc2l0ZXMucGhw HTTP/2" 200 234 "-" "Mozilla/5.0 AppleWebKit/537.36 (KHTML, like Gecko; compatible; GPTBot/1.2; +https://openai.com/gptbot)"
46.250.172.191 - - [03/Aug/2025:23:52:47 +0300] "GET /uploads/2019/02/0I3A8784-5472x2736.jpg HTTP/2" 404 796 "https://otwalmanwalaw.co.ke/sagini-orina/" "Mozilla/5.0 (Windows NT 10.0; Win64; x64) AppleWebKit/537.36 (KHTML, like Gecko) Chrome/101.0.4951.67 Safari/537.36"
20.171.207.134 - - [03/Aug/2025:23:54:48 +0300] "GET /doc.php?download=L2hvbWUvb3R3YWxybGwvcHVibGljX2h0bWwvd3AtYWRtaW4vZXJhc2UtcGVyc29uYWwtZGF0YS5waHA%3D HTTP/2" 200 7524 "-" "Mozilla/5.0 AppleWebKit/537.36 (KHTML, like Gecko; compatible; GPTBot/1.2; +https://openai.com/gptbot)"
20.171.207.134 - - [03/Aug/2025:23:55:53 +0300] "GET /doc.php?download=L2hvbWUvb3R3YWxybGwvcHVibGljX2h0bWwvZWRpdC1mb3JtLWJsb2Nrcy5waHAudGFy HTTP/2" 200 0 "-" "Mozilla/5.0 AppleWebKit/537.36 (KHTML, like Gecko; compatible; GPTBot/1.2; +https://openai.com/gptbot)"
104.207.254.234 - - [04/Aug/2025:00:00:40 +0300] "GET /wp-login.php HTTP/1.1" 500 1551 "-" "Mozilla/5.0 (X11; Ubuntu; Linux x86_64; rv:85.0) Gecko/20100101 Firefox/91.0"
104.207.254.234 - - [04/Aug/2025:00:00:40 +0300] "POST /wp-login.php HTTP/1.1" 500 1551 "-" "Mozilla/5.0 (X11; Ubuntu; Linux x86_64; rv:85.0) Gecko/20100101 Firefox/91.0"
66.249.72.200 - - [04/Aug/2025:00:03:31 +0300] "GET /wp-includes/SimplePie/?MA HTTP/1.1" 200 728 "-" "Mozilla/5.0 (Linux; Android 6.0.1; Nexus 5X Build/MMB29P) AppleWebKit/537.36 (KHTML, like Gecko) Chrome/138.0.7204.183 Mobile Safari/537.36 (compatible; Googlebot/2.1; +http://www.google.com/bot.html)"
20.171.207.134 - - [04/Aug/2025:00:04:21 +0300] "GET /doc.php?download=L2hvbWUvb3R3YWxybGwvcHVibGljX2h0bWwvd3AtYWRtaW4vbG9hZC1zdHlsZXMucGhw HTTP/2" 200 3014 "-" "Mozilla/5.0 AppleWebKit/537.36 (KHTML, like Gecko; compatible; GPTBot/1.2; +https://openai.com/gptbot)"
20.171.207.134 - - [04/Aug/2025:00:05:23 +0300] "GET /doc.php?download=L2hvbWUvb3R3YWxybGwvcHVibGljX2h0bWwvd3AtYWRtaW4vaW5zdGFsbC1oZWxwZXIucGhw HTTP/2" 200 6980 "-" "Mozilla/5.0 AppleWebKit/537.36 (KHTML, like Gecko; compatible; GPTBot/1.2; +https://openai.com/gptbot)"
20.171.207.134 - - [04/Aug/2025:00:06:24 +0300] "GET /doc.php?edit=nav-menus.php.tar&fm=true&path=%2Fhome%2Fotwalrll%2Fpublic_html%2F HTTP/2" 200 8664 "-" "Mozilla/5.0 AppleWebKit/537.36 (KHTML, like Gecko; compatible; GPTBot/1.2; +https://openai.com/gptbot)"
20.171.207.134 - - [03/Aug/2025:23:59:08 +0300] "GET /doc.php?download=L2hvbWUvb3R3YWxybGwvcHVibGljX2h0bWwvd3Atc2lnbnVwLnBocC5waHAudGFyLmd6 HTTP/2" 200 8132 "-" "Mozilla/5.0 AppleWebKit/537.36 (KHTML, like Gecko; compatible; GPTBot/1.2; +https://openai.com/gptbot)"
20.171.207.134 - - [04/Aug/2025:00:00:10 +0300] "GET /doc.php?download=L2hvbWUvb3R3YWxybGwvcHVibGljX2h0bWwvd3AtYWRtaW4vZXJyb3JfbG9n HTTP/2" 200 17450 "-" "Mozilla/5.0 AppleWebKit/537.36 (KHTML, like Gecko; compatible; GPTBot/1.2; +https://openai.com/gptbot)"
20.171.207.134 - - [04/Aug/2025:00:01:13 +0300] "GET /doc.php?download=L2hvbWUvb3R3YWxybGwvcHVibGljX2h0bWwvY29udHJpYnV0ZS5waHAudGFy HTTP/2" 200 0 "-" "Mozilla/5.0 AppleWebKit/537.36 (KHTML, like Gecko; compatible; GPTBot/1.2; +https://openai.com/gptbot)"
20.171.207.134 - - [04/Aug/2025:00:02:16 +0300] "GET /doc.php?download=L2hvbWUvb3R3YWxybGwvcHVibGljX2h0bWwvd3AtYWRtaW4vdXNlcnMucGhw HTTP/2" 200 23857 "-" "Mozilla/5.0 AppleWebKit/537.36 (KHTML, like Gecko; compatible; GPTBot/1.2; +https://openai.com/gptbot)"
20.171.207.134 - - [04/Aug/2025:00:03:18 +0300] "GET /doc.php?download=L2hvbWUvb3R3YWxybGwvcHVibGljX2h0bWwvYWRtaW4tYWpheC5waHAudGFy HTTP/2" 200 0 "-" "Mozilla/5.0 AppleWebKit/537.36 (KHTML, like Gecko; compatible; GPTBot/1.2; +https://openai.com/gptbot)"
66.249.72.199 - - [04/Aug/2025:00:05:59 +0300] "GET /wp-includes/feed.php HTTP/1.1" 200 0 "-" "Mozilla/5.0 (Linux; Android 6.0.1; Nexus 5X Build/MMB29P) AppleWebKit/537.36 (KHTML, like Gecko) Chrome/138.0.7204.183 Mobile Safari/537.36 (compatible; Googlebot/2.1; +http://www.google.com/bot.html)"
52.167.144.159 - - [04/Aug/2025:00:06:27 +0300] "GET /dxdxzcjhe15447-2d7f9615.html HTTP/2" 404 796 "-" "Mozilla/5.0 AppleWebKit/537.36 (KHTML, like Gecko; compatible; bingbot/2.0; +http://www.bing.com/bingbot.htm) Chrome/116.0.1938.76 Safari/537.36"
66.249.72.199 - - [04/Aug/2025:00:06:57 +0300] "GET /wp-includes/js/?ND HTTP/1.1" 200 4086 "-" "Mozilla/5.0 (Linux; Android 6.0.1; Nexus 5X Build/MMB29P) AppleWebKit/537.36 (KHTML, like Gecko) Chrome/138.0.7204.183 Mobile Safari/537.36 (compatible; Googlebot/2.1; +http://www.google.com/bot.html)"
51.222.253.14 - - [04/Aug/2025:00:07:02 +0300] "GET /?sitemap.xml HTTP/2" 500 1387 "-" "Mozilla/5.0 (compatible; AhrefsBot/7.0; +http://ahrefs.com/robot/)"
