66.249.69.199 - - [04/Aug/2025:15:54:54 +0300] "GET /shopdetail/12786495/ HTTP/1.1" 200 18294 "-" "Mozilla/5.0 (Linux; Android 6.0.1; Nexus 5X Build/MMB29P) AppleWebKit/537.36 (KHTML, like Gecko) Chrome/138.0.7204.183 Mobile Safari/537.36 (compatible; GoogleOther)"
66.249.69.198 - - [04/Aug/2025:15:54:54 +0300] "GET /shopdetail/30405817/ HTTP/1.1" 200 17851 "-" "Mozilla/5.0 (Linux; Android 6.0.1; Nexus 5X Build/MMB29P) AppleWebKit/537.36 (KHTML, like Gecko) Chrome/138.0.7204.183 Mobile Safari/537.36 (compatible; GoogleOther)"
66.249.69.198 - - [04/Aug/2025:15:54:55 +0300] "GET /shopdetail/11129539/ HTTP/1.1" 200 18808 "-" "Mozilla/5.0 (Linux; Android 6.0.1; Nexus 5X Build/MMB29P) AppleWebKit/537.36 (KHTML, like Gecko) Chrome/138.0.7204.183 Mobile Safari/537.36 (compatible; GoogleOther)"
66.249.69.200 - - [04/Aug/2025:15:54:56 +0300] "GET /shopdetail/27934639/ HTTP/1.1" 200 17120 "-" "Mozilla/5.0 (Linux; Android 6.0.1; Nexus 5X Build/MMB29P) AppleWebKit/537.36 (KHTML, like Gecko) Chrome/138.0.7204.183 Mobile Safari/537.36 (compatible; GoogleOther)"
66.249.69.198 - - [04/Aug/2025:15:54:56 +0300] "GET /shopdetail/17714651/ HTTP/1.1" 200 18664 "-" "Mozilla/5.0 (Linux; Android 6.0.1; Nexus 5X Build/MMB29P) AppleWebKit/537.36 (KHTML, like Gecko) Chrome/138.0.7204.183 Mobile Safari/537.36 (compatible; GoogleOther)"
66.249.69.192 - - [04/Aug/2025:15:54:58 +0300] "GET /shopdetail/20620839/ HTTP/1.1" 200 18159 "-" "Mozilla/5.0 (Linux; Android 6.0.1; Nexus 5X Build/MMB29P) AppleWebKit/537.36 (KHTML, like Gecko) Chrome/138.0.7204.183 Mobile Safari/537.36 (compatible; GoogleOther)"
66.249.69.192 - - [04/Aug/2025:15:54:58 +0300] "GET /shopdetail/8816573/ HTTP/1.1" 200 18105 "-" "Mozilla/5.0 (Linux; Android 6.0.1; Nexus 5X Build/MMB29P) AppleWebKit/537.36 (KHTML, like Gecko) Chrome/138.0.7204.183 Mobile Safari/537.36 (compatible; GoogleOther)"
66.249.69.198 - - [04/Aug/2025:15:54:59 +0300] "GET /shopdetail/7337151/ HTTP/1.1" 200 18111 "-" "Mozilla/5.0 (Linux; Android 6.0.1; Nexus 5X Build/MMB29P) AppleWebKit/537.36 (KHTML, like Gecko) Chrome/138.0.7204.183 Mobile Safari/537.36 (compatible; GoogleOther)"
66.249.69.198 - - [04/Aug/2025:15:55:00 +0300] "GET /shopdetail/14184539/ HTTP/1.1" 200 18361 "-" "Mozilla/5.0 (Linux; Android 6.0.1; Nexus 5X Build/MMB29P) AppleWebKit/537.36 (KHTML, like Gecko) Chrome/138.0.7204.183 Mobile Safari/537.36 (compatible; GoogleOther)"
66.249.69.200 - - [04/Aug/2025:15:55:00 +0300] "GET /shopdetail/4598651/ HTTP/1.1" 200 18458 "-" "Mozilla/5.0 (Linux; Android 6.0.1; Nexus 5X Build/MMB29P) AppleWebKit/537.36 (KHTML, like Gecko) Chrome/138.0.7204.183 Mobile Safari/537.36 (compatible; GoogleOther)"
66.249.69.192 - - [04/Aug/2025:15:55:01 +0300] "GET /shopdetail/28788117/ HTTP/1.1" 200 18185 "-" "Mozilla/5.0 (Linux; Android 6.0.1; Nexus 5X Build/MMB29P) AppleWebKit/537.36 (KHTML, like Gecko) Chrome/138.0.7204.183 Mobile Safari/537.36 (compatible; GoogleOther)"
66.249.69.192 - - [04/Aug/2025:15:55:01 +0300] "GET /shopdetail/19633584/ HTTP/1.1" 200 18585 "-" "Mozilla/5.0 (Linux; Android 6.0.1; Nexus 5X Build/MMB29P) AppleWebKit/537.36 (KHTML, like Gecko) Chrome/138.0.7204.183 Mobile Safari/537.36 (compatible; GoogleOther)"
66.249.69.192 - - [04/Aug/2025:15:55:02 +0300] "GET /shopdetail/18531551/ HTTP/1.1" 200 19027 "-" "Mozilla/5.0 (Linux; Android 6.0.1; Nexus 5X Build/MMB29P) AppleWebKit/537.36 (KHTML, like Gecko) Chrome/138.0.7204.183 Mobile Safari/537.36 (compatible; GoogleOther)"
66.249.69.200 - - [04/Aug/2025:15:55:02 +0300] "GET /shopdetail/30647239/ HTTP/1.1" 200 17463 "-" "Mozilla/5.0 (Linux; Android 6.0.1; Nexus 5X Build/MMB29P) AppleWebKit/537.36 (KHTML, like Gecko) Chrome/138.0.7204.183 Mobile Safari/537.36 (compatible; GoogleOther)"
66.249.69.198 - - [04/Aug/2025:15:55:02 +0300] "GET /shopdetail/22106139/ HTTP/1.1" 200 18059 "-" "Mozilla/5.0 (Linux; Android 6.0.1; Nexus 5X Build/MMB29P) AppleWebKit/537.36 (KHTML, like Gecko) Chrome/138.0.7204.183 Mobile Safari/537.36 (compatible; GoogleOther)"
66.249.69.198 - - [04/Aug/2025:15:55:02 +0300] "GET /shopdetail/1788328/ HTTP/1.1" 200 17867 "-" "Mozilla/5.0 (Linux; Android 6.0.1; Nexus 5X Build/MMB29P) AppleWebKit/537.36 (KHTML, like Gecko) Chrome/138.0.7204.183 Mobile Safari/537.36 (compatible; GoogleOther)"
66.249.69.199 - - [04/Aug/2025:15:54:55 +0300] "GET /shopdetail/28235051/ HTTP/1.1" 200 17288 "-" "Mozilla/5.0 (Linux; Android 6.0.1; Nexus 5X Build/MMB29P) AppleWebKit/537.36 (KHTML, like Gecko) Chrome/138.0.7204.183 Mobile Safari/537.36 (compatible; GoogleOther)"
66.249.69.199 - - [04/Aug/2025:15:54:56 +0300] "GET /shopdetail/6834139/ HTTP/1.1" 200 17251 "-" "Mozilla/5.0 (Linux; Android 6.0.1; Nexus 5X Build/MMB29P) AppleWebKit/537.36 (KHTML, like Gecko) Chrome/138.0.7204.183 Mobile Safari/537.36 (compatible; GoogleOther)"
66.249.69.199 - - [04/Aug/2025:15:54:57 +0300] "GET /shopdetail/16459017/ HTTP/1.1" 200 17652 "-" "Mozilla/5.0 (Linux; Android 6.0.1; Nexus 5X Build/MMB29P) AppleWebKit/537.36 (KHTML, like Gecko) Chrome/138.0.7204.183 Mobile Safari/537.36 (compatible; GoogleOther)"
66.249.69.193 - - [04/Aug/2025:15:54:57 +0300] "GET /shopdetail/19353884/ HTTP/1.1" 200 17178 "-" "Mozilla/5.0 (Linux; Android 6.0.1; Nexus 5X Build/MMB29P) AppleWebKit/537.36 (KHTML, like Gecko) Chrome/138.0.7204.183 Mobile Safari/537.36 (compatible; GoogleOther)"
66.249.69.199 - - [04/Aug/2025:15:54:57 +0300] "GET /shopdetail/25589284/ HTTP/1.1" 200 18360 "-" "Mozilla/5.0 (Linux; Android 6.0.1; Nexus 5X Build/MMB29P) AppleWebKit/537.36 (KHTML, like Gecko) Chrome/138.0.7204.183 Mobile Safari/537.36 (compatible; GoogleOther)"
66.249.69.199 - - [04/Aug/2025:15:54:58 +0300] "POST /get-message-notify HTTP/1.1" 200 17492 "https://karismamodernkitchen.com/shopdetail/31038217/" "Mozilla/5.0 (Linux; Android 6.0.1; Nexus 5X Build/MMB29P) AppleWebKit/537.36 (KHTML, like Gecko) Chrome/137.0.7151.119 Mobile Safari/537.36 (compatible; Googlebot/2.1; +http://www.google.com/bot.html)"
66.249.69.193 - - [04/Aug/2025:15:54:58 +0300] "GET /shopdetail/7713539/ HTTP/1.1" 200 17728 "-" "Mozilla/5.0 (Linux; Android 6.0.1; Nexus 5X Build/MMB29P) AppleWebKit/537.36 (KHTML, like Gecko) Chrome/138.0.7204.183 Mobile Safari/537.36 (compatible; GoogleOther)"
66.249.69.193 - - [04/Aug/2025:15:54:59 +0300] "GET /shopdetail/9936462/ HTTP/1.1" 200 17819 "-" "Mozilla/5.0 (Linux; Android 6.0.1; Nexus 5X Build/MMB29P) AppleWebKit/537.36 (KHTML, like Gecko) Chrome/138.0.7204.183 Mobile Safari/537.36 (compatible; GoogleOther)"
66.249.69.193 - - [04/Aug/2025:15:54:59 +0300] "GET /shopdetail/10833762/ HTTP/1.1" 200 18023 "-" "Mozilla/5.0 (Linux; Android 6.0.1; Nexus 5X Build/MMB29P) AppleWebKit/537.36 (KHTML, like Gecko) Chrome/138.0.7204.183 Mobile Safari/537.36 (compatible; GoogleOther)"
66.249.69.199 - - [04/Aug/2025:15:55:00 +0300] "GET /shopdetail/9076839/ HTTP/1.1" 200 18215 "-" "Mozilla/5.0 (Linux; Android 6.0.1; Nexus 5X Build/MMB29P) AppleWebKit/537.36 (KHTML, like Gecko) Chrome/138.0.7204.183 Mobile Safari/537.36 (compatible; GoogleOther)"
66.249.69.193 - - [04/Aug/2025:15:55:00 +0300] "GET /shopdetail/30842639/ HTTP/1.1" 200 18241 "-" "Mozilla/5.0 (Linux; Android 6.0.1; Nexus 5X Build/MMB29P) AppleWebKit/537.36 (KHTML, like Gecko) Chrome/138.0.7204.183 Mobile Safari/537.36 (compatible; GoogleOther)"
66.249.69.199 - - [04/Aug/2025:15:55:01 +0300] "GET /shopdetail/9722584/ HTTP/1.1" 200 18343 "-" "Mozilla/5.0 (Linux; Android 6.0.1; Nexus 5X Build/MMB29P) AppleWebKit/537.36 (KHTML, like Gecko) Chrome/138.0.7204.183 Mobile Safari/537.36 (compatible; GoogleOther)"
66.249.69.199 - - [04/Aug/2025:15:55:05 +0300] "GET /shopdetail/2582184/ HTTP/1.1" 200 19162 "-" "Mozilla/5.0 (Linux; Android 6.0.1; Nexus 5X Build/MMB29P) AppleWebKit/537.36 (KHTML, like Gecko) Chrome/138.0.7204.183 Mobile Safari/537.36 (compatible; GoogleOther)"
66.249.69.199 - - [04/Aug/2025:15:55:06 +0300] "GET /shopdetail/11475640/ HTTP/1.1" 200 18132 "-" "Mozilla/5.0 (Linux; Android 6.0.1; Nexus 5X Build/MMB29P) AppleWebKit/537.36 (KHTML, like Gecko) Chrome/138.0.7204.183 Mobile Safari/537.36 (compatible; GoogleOther)"
66.249.69.199 - - [04/Aug/2025:15:55:07 +0300] "GET /shopdetail/19524728/ HTTP/1.1" 200 17815 "-" "Mozilla/5.0 (Linux; Android 6.0.1; Nexus 5X Build/MMB29P) AppleWebKit/537.36 (KHTML, like Gecko) Chrome/138.0.7204.183 Mobile Safari/537.36 (compatible; GoogleOther)"
66.249.69.198 - - [04/Aug/2025:15:55:02 +0300] "GET /shopdetail/11419684/ HTTP/1.1" 200 18159 "-" "Mozilla/5.0 (Linux; Android 6.0.1; Nexus 5X Build/MMB29P) AppleWebKit/537.36 (KHTML, like Gecko) Chrome/138.0.7204.183 Mobile Safari/537.36 (compatible; GoogleOther)"
66.249.69.192 - - [04/Aug/2025:15:55:03 +0300] "GET /shopdetail/22841406/ HTTP/1.1" 200 19001 "-" "Mozilla/5.0 (Linux; Android 6.0.1; Nexus 5X Build/MMB29P) AppleWebKit/537.36 (KHTML, like Gecko) Chrome/138.0.7204.183 Mobile Safari/537.36 (compatible; GoogleOther)"
66.249.69.198 - - [04/Aug/2025:15:55:03 +0300] "GET /shopdetail/10670962/ HTTP/1.1" 200 18040 "-" "Mozilla/5.0 (Linux; Android 6.0.1; Nexus 5X Build/MMB29P) AppleWebKit/537.36 (KHTML, like Gecko) Chrome/138.0.7204.183 Mobile Safari/537.36 (compatible; GoogleOther)"
66.249.69.192 - - [04/Aug/2025:15:55:03 +0300] "GET /shopdetail/22387262/ HTTP/1.1" 200 18436 "-" "Mozilla/5.0 (Linux; Android 6.0.1; Nexus 5X Build/MMB29P) AppleWebKit/537.36 (KHTML, like Gecko) Chrome/138.0.7204.183 Mobile Safari/537.36 (compatible; GoogleOther)"
66.249.69.200 - - [04/Aug/2025:15:55:04 +0300] "GET /shopdetail/7960640/ HTTP/1.1" 200 18246 "-" "Mozilla/5.0 (Linux; Android 6.0.1; Nexus 5X Build/MMB29P) AppleWebKit/537.36 (KHTML, like Gecko) Chrome/138.0.7204.183 Mobile Safari/537.36 (compatible; GoogleOther)"
66.249.69.200 - - [04/Aug/2025:15:55:04 +0300] "GET /shopdetail/13192973/ HTTP/1.1" 200 17861 "-" "Mozilla/5.0 (Linux; Android 6.0.1; Nexus 5X Build/MMB29P) AppleWebKit/537.36 (KHTML, like Gecko) Chrome/138.0.7204.183 Mobile Safari/537.36 (compatible; GoogleOther)"
66.249.69.200 - - [04/Aug/2025:15:55:04 +0300] "GET /shopdetail/15219917/ HTTP/1.1" 200 17810 "-" "Mozilla/5.0 (Linux; Android 6.0.1; Nexus 5X Build/MMB29P) AppleWebKit/537.36 (KHTML, like Gecko) Chrome/138.0.7204.183 Mobile Safari/537.36 (compatible; GoogleOther)"
66.249.69.192 - - [04/Aug/2025:15:55:05 +0300] "GET /shopdetail/7892828/ HTTP/1.1" 200 18374 "-" "Mozilla/5.0 (Linux; Android 6.0.1; Nexus 5X Build/MMB29P) AppleWebKit/537.36 (KHTML, like Gecko) Chrome/138.0.7204.183 Mobile Safari/537.36 (compatible; GoogleOther)"
66.249.69.200 - - [04/Aug/2025:15:55:06 +0300] "GET /shopdetail/4502517/ HTTP/1.1" 200 19183 "-" "Mozilla/5.0 (Linux; Android 6.0.1; Nexus 5X Build/MMB29P) AppleWebKit/537.36 (KHTML, like Gecko) Chrome/138.0.7204.183 Mobile Safari/537.36 (compatible; GoogleOther)"
66.249.69.198 - - [04/Aug/2025:15:55:06 +0300] "GET /shopdetail/18019284/ HTTP/1.1" 200 18720 "-" "Mozilla/5.0 (Linux; Android 6.0.1; Nexus 5X Build/MMB29P) AppleWebKit/537.36 (KHTML, like Gecko) Chrome/138.0.7204.183 Mobile Safari/537.36 (compatible; GoogleOther)"
66.249.69.198 - - [04/Aug/2025:15:55:06 +0300] "GET /shopdetail/20445573/ HTTP/1.1" 200 18458 "-" "Mozilla/5.0 (Linux; Android 6.0.1; Nexus 5X Build/MMB29P) AppleWebKit/537.36 (KHTML, like Gecko) Chrome/138.0.7204.183 Mobile Safari/537.36 (compatible; GoogleOther)"
66.249.69.200 - - [04/Aug/2025:15:55:06 +0300] "GET /shopdetail/22169073/ HTTP/1.1" 200 17995 "-" "Mozilla/5.0 (Linux; Android 6.0.1; Nexus 5X Build/MMB29P) AppleWebKit/537.36 (KHTML, like Gecko) Chrome/138.0.7204.183 Mobile Safari/537.36 (compatible; GoogleOther)"
66.249.69.200 - - [04/Aug/2025:15:55:07 +0300] "GET /shopdetail/3205251/ HTTP/1.1" 200 18994 "-" "Mozilla/5.0 (Linux; Android 6.0.1; Nexus 5X Build/MMB29P) AppleWebKit/537.36 (KHTML, like Gecko) Chrome/138.0.7204.183 Mobile Safari/537.36 (compatible; GoogleOther)"
66.249.69.198 - - [04/Aug/2025:15:55:08 +0300] "GET /shopdetail/5962284/ HTTP/1.1" 200 17914 "-" "Mozilla/5.0 (Linux; Android 6.0.1; Nexus 5X Build/MMB29P) AppleWebKit/537.36 (KHTML, like Gecko) Chrome/138.0.7204.183 Mobile Safari/537.36 (compatible; GoogleOther)"
66.249.69.198 - - [04/Aug/2025:15:55:08 +0300] "GET /shopdetail/13630917/ HTTP/1.1" 200 18720 "-" "Mozilla/5.0 (Linux; Android 6.0.1; Nexus 5X Build/MMB29P) AppleWebKit/537.36 (KHTML, like Gecko) Chrome/138.0.7204.183 Mobile Safari/537.36 (compatible; GoogleOther)"
66.249.69.200 - - [04/Aug/2025:15:55:09 +0300] "GET /shopdetail/16150762/ HTTP/1.1" 200 18338 "-" "Mozilla/5.0 (Linux; Android 6.0.1; Nexus 5X Build/MMB29P) AppleWebKit/537.36 (KHTML, like Gecko) Chrome/138.0.7204.183 Mobile Safari/537.36 (compatible; GoogleOther)"
66.249.69.200 - - [04/Aug/2025:15:55:10 +0300] "GET /shopdetail/1992139/ HTTP/1.1" 200 17617 "-" "Mozilla/5.0 (Linux; Android 6.0.1; Nexus 5X Build/MMB29P) AppleWebKit/537.36 (KHTML, like Gecko) Chrome/138.0.7204.183 Mobile Safari/537.36 (compatible; GoogleOther)"
66.249.69.198 - - [04/Aug/2025:15:55:10 +0300] "GET /shopdetail/17475095/ HTTP/1.1" 200 17868 "-" "Mozilla/5.0 (Linux; Android 6.0.1; Nexus 5X Build/MMB29P) AppleWebKit/537.36 (KHTML, like Gecko) Chrome/138.0.7204.183 Mobile Safari/537.36 (compatible; GoogleOther)"
66.249.69.198 - - [04/Aug/2025:15:55:10 +0300] "GET /shopdetail/12880706/ HTTP/1.1" 200 18822 "-" "Mozilla/5.0 (Linux; Android 6.0.1; Nexus 5X Build/MMB29P) AppleWebKit/537.36 (KHTML, like Gecko) Chrome/138.0.7204.183 Mobile Safari/537.36 (compatible; GoogleOther)"
66.249.69.198 - - [04/Aug/2025:15:55:11 +0300] "GET /shopdetail/4545173/ HTTP/1.1" 200 19022 "-" "Mozilla/5.0 (Linux; Android 6.0.1; Nexus 5X Build/MMB29P) AppleWebKit/537.36 (KHTML, like Gecko) Chrome/138.0.7204.183 Mobile Safari/537.36 (compatible; GoogleOther)"
66.249.69.198 - - [04/Aug/2025:15:55:11 +0300] "GET /shopdetail/4911795/ HTTP/1.1" 200 18884 "-" "Mozilla/5.0 (Linux; Android 6.0.1; Nexus 5X Build/MMB29P) AppleWebKit/537.36 (KHTML, like Gecko) Chrome/138.0.7204.183 Mobile Safari/537.36 (compatible; GoogleOther)"
66.249.69.200 - - [04/Aug/2025:15:55:11 +0300] "GET /shopdetail/2519706/ HTTP/1.1" 200 18326 "-" "Mozilla/5.0 (Linux; Android 6.0.1; Nexus 5X Build/MMB29P) AppleWebKit/537.36 (KHTML, like Gecko) Chrome/138.0.7204.183 Mobile Safari/537.36 (compatible; GoogleOther)"
66.249.69.198 - - [04/Aug/2025:15:55:12 +0300] "GET /shopdetail/25827528/ HTTP/1.1" 200 17318 "-" "Mozilla/5.0 (Linux; Android 6.0.1; Nexus 5X Build/MMB29P) AppleWebKit/537.36 (KHTML, like Gecko) Chrome/138.0.7204.183 Mobile Safari/537.36 (compatible; GoogleOther)"
66.249.69.200 - - [04/Aug/2025:15:55:14 +0300] "GET /shopdetail/4704906/ HTTP/1.1" 200 17429 "-" "Mozilla/5.0 (Linux; Android 6.0.1; Nexus 5X Build/MMB29P) AppleWebKit/537.36 (KHTML, like Gecko) Chrome/138.0.7204.183 Mobile Safari/537.36 (compatible; GoogleOther)"
66.249.69.199 - - [04/Aug/2025:15:55:14 +0300] "GET /shopdetail/13673240/ HTTP/1.1" 200 17275 "-" "Mozilla/5.0 (Linux; Android 6.0.1; Nexus 5X Build/MMB29P) AppleWebKit/537.36 (KHTML, like Gecko) Chrome/138.0.7204.183 Mobile Safari/537.36 (compatible; GoogleOther)"
66.249.69.199 - - [04/Aug/2025:15:55:15 +0300] "GET /shopdetail/22337995/ HTTP/1.1" 200 18514 "-" "Mozilla/5.0 (Linux; Android 6.0.1; Nexus 5X Build/MMB29P) AppleWebKit/537.36 (KHTML, like Gecko) Chrome/138.0.7204.183 Mobile Safari/537.36 (compatible; GoogleOther)"
66.249.69.200 - - [04/Aug/2025:15:55:16 +0300] "GET /shopdetail/15096917/ HTTP/1.1" 200 18203 "-" "Mozilla/5.0 (Linux; Android 6.0.1; Nexus 5X Build/MMB29P) AppleWebKit/537.36 (KHTML, like Gecko) Chrome/138.0.7204.183 Mobile Safari/537.36 (compatible; GoogleOther)"
66.249.69.200 - - [04/Aug/2025:15:55:16 +0300] "GET /shopdetail/15829728/ HTTP/1.1" 200 17466 "-" "Mozilla/5.0 (Linux; Android 6.0.1; Nexus 5X Build/MMB29P) AppleWebKit/537.36 (KHTML, like Gecko) Chrome/138.0.7204.183 Mobile Safari/537.36 (compatible; GoogleOther)"
66.249.69.199 - - [04/Aug/2025:15:55:16 +0300] "GET /shopdetail/10624706/ HTTP/1.1" 200 18141 "-" "Mozilla/5.0 (Linux; Android 6.0.1; Nexus 5X Build/MMB29P) AppleWebKit/537.36 (KHTML, like Gecko) Chrome/138.0.7204.183 Mobile Safari/537.36 (compatible; GoogleOther)"
66.249.69.192 - - [04/Aug/2025:15:55:17 +0300] "GET /shopdetail/27588906/ HTTP/1.1" 200 18171 "-" "Mozilla/5.0 (Linux; Android 6.0.1; Nexus 5X Build/MMB29P) AppleWebKit/537.36 (KHTML, like Gecko) Chrome/138.0.7204.183 Mobile Safari/537.36 (compatible; GoogleOther)"
66.249.69.199 - - [04/Aug/2025:15:55:08 +0300] "GET /shopdetail/29799584/ HTTP/1.1" 200 18879 "-" "Mozilla/5.0 (Linux; Android 6.0.1; Nexus 5X Build/MMB29P) AppleWebKit/537.36 (KHTML, like Gecko) Chrome/138.0.7204.183 Mobile Safari/537.36 (compatible; GoogleOther)"
66.249.69.199 - - [04/Aug/2025:15:55:08 +0300] "GET /shopdetail/9656539/ HTTP/1.1" 200 18551 "-" "Mozilla/5.0 (Linux; Android 6.0.1; Nexus 5X Build/MMB29P) AppleWebKit/537.36 (KHTML, like Gecko) Chrome/138.0.7204.183 Mobile Safari/537.36 (compatible; GoogleOther)"
66.249.69.199 - - [04/Aug/2025:15:55:08 +0300] "GET /shopdetail/10216484/ HTTP/1.1" 200 18075 "-" "Mozilla/5.0 (Linux; Android 6.0.1; Nexus 5X Build/MMB29P) AppleWebKit/537.36 (KHTML, like Gecko) Chrome/138.0.7204.183 Mobile Safari/537.36 (compatible; GoogleOther)"
66.249.69.198 - - [04/Aug/2025:15:55:09 +0300] "GET /shopdetail/25482384/ HTTP/1.1" 200 18827 "-" "Mozilla/5.0 (Linux; Android 6.0.1; Nexus 5X Build/MMB29P) AppleWebKit/537.36 (KHTML, like Gecko) Chrome/138.0.7204.183 Mobile Safari/537.36 (compatible; Googlebot/2.1; +http://www.google.com/bot.html)"
66.249.69.199 - - [04/Aug/2025:15:55:09 +0300] "GET /shopdetail/20568984/ HTTP/1.1" 200 17161 "-" "Mozilla/5.0 (Linux; Android 6.0.1; Nexus 5X Build/MMB29P) AppleWebKit/537.36 (KHTML, like Gecko) Chrome/138.0.7204.183 Mobile Safari/537.36 (compatible; GoogleOther)"
66.249.69.199 - - [04/Aug/2025:15:55:09 +0300] "GET /shopdetail/15203495/ HTTP/1.1" 200 19179 "-" "Mozilla/5.0 (Linux; Android 6.0.1; Nexus 5X Build/MMB29P) AppleWebKit/537.36 (KHTML, like Gecko) Chrome/138.0.7204.183 Mobile Safari/537.36 (compatible; GoogleOther)"
66.249.69.199 - - [04/Aug/2025:15:55:09 +0300] "GET /shopdetail/31018484/ HTTP/1.1" 200 18722 "-" "Mozilla/5.0 (Linux; Android 6.0.1; Nexus 5X Build/MMB29P) AppleWebKit/537.36 (KHTML, like Gecko) Chrome/138.0.7204.183 Mobile Safari/537.36 (compatible; GoogleOther)"
66.249.69.200 - - [04/Aug/2025:15:55:09 +0300] "GET /shopdetail/25482384/ HTTP/1.1" 200 18827 "-" "Mozilla/5.0 (Linux; Android 6.0.1; Nexus 5X Build/MMB29P) AppleWebKit/537.36 (KHTML, like Gecko) Chrome/138.0.7204.183 Mobile Safari/537.36 (compatible; Googlebot/2.1; +http://www.google.com/bot.html)"
66.249.69.200 - - [04/Aug/2025:15:55:09 +0300] "GET /shopdetail/5130884/ HTTP/1.1" 200 17846 "-" "Mozilla/5.0 (compatible; Googlebot/2.1; +http://www.google.com/bot.html)"
66.249.69.199 - - [04/Aug/2025:15:55:10 +0300] "GET /shopdetail/28932784/ HTTP/1.1" 200 19167 "-" "Mozilla/5.0 (Linux; Android 6.0.1; Nexus 5X Build/MMB29P) AppleWebKit/537.36 (KHTML, like Gecko) Chrome/138.0.7204.183 Mobile Safari/537.36 (compatible; GoogleOther)"
66.249.69.200 - - [04/Aug/2025:15:55:11 +0300] "GET /shopdetail/5130884/ HTTP/1.1" 200 17846 "-" "Mozilla/5.0 (compatible; Googlebot/2.1; +http://www.google.com/bot.html)"
66.249.69.199 - - [04/Aug/2025:15:55:11 +0300] "GET /shopdetail/7777840/ HTTP/1.1" 200 19285 "-" "Mozilla/5.0 (Linux; Android 6.0.1; Nexus 5X Build/MMB29P) AppleWebKit/537.36 (KHTML, like Gecko) Chrome/138.0.7204.183 Mobile Safari/537.36 (compatible; GoogleOther)"
66.249.69.200 - - [04/Aug/2025:15:55:11 +0300] "GET /shopdetail/26026440/ HTTP/1.1" 200 18005 "-" "Mozilla/5.0 (compatible; Googlebot/2.1; +http://www.google.com/bot.html)"
66.249.69.199 - - [04/Aug/2025:15:55:12 +0300] "GET /shopdetail/7734284/ HTTP/1.1" 200 17504 "-" "Mozilla/5.0 (Linux; Android 6.0.1; Nexus 5X Build/MMB29P) AppleWebKit/537.36 (KHTML, like Gecko) Chrome/138.0.7204.183 Mobile Safari/537.36 (compatible; GoogleOther)"
66.249.69.199 - - [04/Aug/2025:15:55:12 +0300] "GET /shopdetail/23606484/ HTTP/1.1" 200 17774 "-" "Mozilla/5.0 (Linux; Android 6.0.1; Nexus 5X Build/MMB29P) AppleWebKit/537.36 (KHTML, like Gecko) Chrome/138.0.7204.183 Mobile Safari/537.36 (compatible; GoogleOther)"
66.249.69.199 - - [04/Aug/2025:15:55:12 +0300] "GET /shopdetail/23048651/ HTTP/1.1" 200 18144 "-" "Mozilla/5.0 (Linux; Android 6.0.1; Nexus 5X Build/MMB29P) AppleWebKit/537.36 (KHTML, like Gecko) Chrome/138.0.7204.183 Mobile Safari/537.36 (compatible; GoogleOther)"
54.36.148.54 - - [04/Aug/2025:15:55:17 +0300] "GET /product-tag/storage-rack/ HTTP/2" 403 0 "-" "Mozilla/5.0 (compatible; AhrefsBot/7.0; +http://ahrefs.com/robot/)"
66.249.69.199 - - [04/Aug/2025:15:55:17 +0300] "GET /shopdetail/17889039/ HTTP/1.1" 200 17769 "-" "Mozilla/5.0 (Linux; Android 6.0.1; Nexus 5X Build/MMB29P) AppleWebKit/537.36 (KHTML, like Gecko) Chrome/138.0.7204.183 Mobile Safari/537.36 (compatible; GoogleOther)"
66.249.69.192 - - [04/Aug/2025:15:55:20 +0300] "GET /shopdetail/15934339/ HTTP/1.1" 200 18109 "-" "Mozilla/5.0 (Linux; Android 6.0.1; Nexus 5X Build/MMB29P) AppleWebKit/537.36 (KHTML, like Gecko) Chrome/138.0.7204.183 Mobile Safari/537.36 (compatible; GoogleOther)"
66.249.69.199 - - [04/Aug/2025:15:55:21 +0300] "GET /shopdetail/9658273/ HTTP/1.1" 200 18098 "-" "Mozilla/5.0 (Linux; Android 6.0.1; Nexus 5X Build/MMB29P) AppleWebKit/537.36 (KHTML, like Gecko) Chrome/138.0.7204.183 Mobile Safari/537.36 (compatible; GoogleOther)"
66.249.69.192 - - [04/Aug/2025:15:55:22 +0300] "GET /shopdetail/14677006/ HTTP/1.1" 200 18574 "-" "Mozilla/5.0 (Linux; Android 6.0.1; Nexus 5X Build/MMB29P) AppleWebKit/537.36 (KHTML, like Gecko) Chrome/138.0.7204.183 Mobile Safari/537.36 (compatible; GoogleOther)"
66.249.69.200 - - [04/Aug/2025:15:55:22 +0300] "GET /shopdetail/15984973/ HTTP/1.1" 200 17673 "-" "Mozilla/5.0 (Linux; Android 6.0.1; Nexus 5X Build/MMB29P) AppleWebKit/537.36 (KHTML, like Gecko) Chrome/138.0.7204.183 Mobile Safari/537.36 (compatible; GoogleOther)"
66.249.69.200 - - [04/Aug/2025:15:55:27 +0300] "GET /shopdetail/18061884/ HTTP/1.1" 200 18648 "-" "Mozilla/5.0 (Linux; Android 6.0.1; Nexus 5X Build/MMB29P) AppleWebKit/537.36 (KHTML, like Gecko) Chrome/138.0.7204.183 Mobile Safari/537.36 (compatible; GoogleOther)"
66.249.69.193 - - [04/Aug/2025:15:55:27 +0300] "GET /shopdetail/24251362/ HTTP/1.1" 200 18317 "-" "Mozilla/5.0 (Linux; Android 6.0.1; Nexus 5X Build/MMB29P) AppleWebKit/537.36 (KHTML, like Gecko) Chrome/138.0.7204.183 Mobile Safari/537.36 (compatible; GoogleOther)"
66.249.69.200 - - [04/Aug/2025:15:55:30 +0300] "GET /shopdetail/30193906/ HTTP/1.1" 200 19211 "-" "Mozilla/5.0 (Linux; Android 6.0.1; Nexus 5X Build/MMB29P) AppleWebKit/537.36 (KHTML, like Gecko) Chrome/138.0.7204.183 Mobile Safari/537.36 (compatible; GoogleOther)"
57.141.6.21 - - [04/Aug/2025:15:55:28 +0300] "GET /shopdetail/10193228/ HTTP/2" 404 131462 "-" "meta-externalagent/1.1 (+https://developers.facebook.com/docs/sharing/webmasters/crawler)"
66.249.69.192 - - [04/Aug/2025:15:55:35 +0300] "POST /get-message-notify HTTP/1.1" 200 17545 "https://karismamodernkitchen.com/shopdetail/15934339/" "Mozilla/5.0 (Linux; Android 6.0.1; Nexus 5X Build/MMB29P) AppleWebKit/537.36 (KHTML, like Gecko) Chrome/137.0.7151.119 Mobile Safari/537.36 (compatible; Googlebot/2.1; +http://www.google.com/bot.html)"
66.249.69.200 - - [04/Aug/2025:15:55:45 +0300] "GET /shopdetail/10311739/ HTTP/1.1" 200 17801 "-" "Mozilla/5.0 (Linux; Android 6.0.1; Nexus 5X Build/MMB29P) AppleWebKit/537.36 (KHTML, like Gecko) Chrome/138.0.7204.183 Mobile Safari/537.36 (compatible; GoogleOther)"
66.249.69.194 - - [04/Aug/2025:15:55:46 +0300] "POST /get-message-notify HTTP/1.1" 200 17492 "https://karismamodernkitchen.com/shopdetail/17475095/" "Mozilla/5.0 (Linux; Android 6.0.1; Nexus 5X Build/MMB29P) AppleWebKit/537.36 (KHTML, like Gecko) Chrome/137.0.7151.119 Mobile Safari/537.36 (compatible; Googlebot/2.1; +http://www.google.com/bot.html)"
66.249.69.199 - - [04/Aug/2025:15:55:55 +0300] "POST /get-message-notify HTTP/1.1" 200 17492 "https://karismamodernkitchen.com/shopdetail/16150762/" "Mozilla/5.0 (Linux; Android 6.0.1; Nexus 5X Build/MMB29P) AppleWebKit/537.36 (KHTML, like Gecko) Chrome/137.0.7151.119 Mobile Safari/537.36 (compatible; Googlebot/2.1; +http://www.google.com/bot.html)"
66.249.69.193 - - [04/Aug/2025:15:55:17 +0300] "GET /shopdetail/31024039/ HTTP/1.1" 200 17767 "-" "Mozilla/5.0 (Linux; Android 6.0.1; Nexus 5X Build/MMB29P) AppleWebKit/537.36 (KHTML, like Gecko) Chrome/138.0.7204.183 Mobile Safari/537.36 (compatible; GoogleOther)"
66.249.69.200 - - [04/Aug/2025:15:55:17 +0300] "POST /get-message-notify HTTP/1.1" 200 17492 "https://karismamodernkitchen.com/shopdetail/13630917/" "Mozilla/5.0 (Linux; Android 6.0.1; Nexus 5X Build/MMB29P) AppleWebKit/537.36 (KHTML, like Gecko) Chrome/137.0.7151.119 Mobile Safari/537.36 (compatible; Googlebot/2.1; +http://www.google.com/bot.html)"
66.249.69.192 - - [04/Aug/2025:15:55:22 +0300] "GET /shopdetail/13505317/ HTTP/1.1" 200 18143 "-" "Mozilla/5.0 (Linux; Android 6.0.1; Nexus 5X Build/MMB29P) AppleWebKit/537.36 (KHTML, like Gecko) Chrome/138.0.7204.183 Mobile Safari/537.36 (compatible; GoogleOther)"
66.249.69.193 - - [04/Aug/2025:15:55:55 +0300] "GET /shopdetail/8153106/ HTTP/1.1" 200 18450 "-" "Mozilla/5.0 (Linux; Android 6.0.1; Nexus 5X Build/MMB29P) AppleWebKit/537.36 (KHTML, like Gecko) Chrome/138.0.7204.183 Mobile Safari/537.36 (compatible; GoogleOther)"
66.249.69.198 - - [04/Aug/2025:15:55:55 +0300] "GET /shopdetail/18157428/ HTTP/1.1" 200 17694 "-" "Mozilla/5.0 (Linux; Android 6.0.1; Nexus 5X Build/MMB29P) AppleWebKit/537.36 (KHTML, like Gecko) Chrome/138.0.7204.183 Mobile Safari/537.36 (compatible; GoogleOther)"
66.249.69.192 - - [04/Aug/2025:15:55:59 +0300] "GET /shopdetail/13682328/ HTTP/1.1" 200 18199 "-" "Mozilla/5.0 (Linux; Android 6.0.1; Nexus 5X Build/MMB29P) AppleWebKit/537.36 (KHTML, like Gecko) Chrome/138.0.7204.183 Mobile Safari/537.36 (compatible; Googlebot/2.1; +http://www.google.com/bot.html)"
66.249.69.199 - - [04/Aug/2025:15:55:59 +0300] "GET /shopdetail/1388084/ HTTP/1.1" 200 18571 "-" "Mozilla/5.0 (Linux; Android 6.0.1; Nexus 5X Build/MMB29P) AppleWebKit/537.36 (KHTML, like Gecko) Chrome/138.0.7204.183 Mobile Safari/537.36 (compatible; GoogleOther)"
40.77.167.65 - - [04/Aug/2025:15:55:59 +0300] "GET /safe_search/config?return_url=%2Fproduct%2Fdetail%2F87273333 HTTP/2" 200 17598 "-" "Mozilla/5.0 AppleWebKit/537.36 (KHTML, like Gecko; compatible; bingbot/2.0; +http://www.bing.com/bingbot.htm) Chrome/116.0.1938.76 Safari/537.36"
66.249.69.198 - - [04/Aug/2025:15:56:00 +0300] "GET /shopdetail/7079384/ HTTP/1.1" 200 17671 "-" "Mozilla/5.0 (Linux; Android 6.0.1; Nexus 5X Build/MMB29P) AppleWebKit/537.36 (KHTML, like Gecko) Chrome/138.0.7204.183 Mobile Safari/537.36 (compatible; GoogleOther)"
66.249.69.199 - - [04/Aug/2025:15:56:06 +0300] "GET /shopdetail/4410606/ HTTP/1.1" 200 18225 "-" "Mozilla/5.0 (Linux; Android 6.0.1; Nexus 5X Build/MMB29P) AppleWebKit/537.36 (KHTML, like Gecko) Chrome/138.0.7204.183 Mobile Safari/537.36 (compatible; GoogleOther)"
66.249.69.199 - - [04/Aug/2025:15:56:06 +0300] "GET /shopdetail/12978740/ HTTP/1.1" 200 18376 "-" "Mozilla/5.0 (Linux; Android 6.0.1; Nexus 5X Build/MMB29P) AppleWebKit/537.36 (KHTML, like Gecko) Chrome/138.0.7204.183 Mobile Safari/537.36 (compatible; GoogleOther)"
40.77.167.65 - - [04/Aug/2025:15:56:06 +0300] "GET /product-tag/cold-stash/feed/ HTTP/2" 200 18373 "-" "Mozilla/5.0 AppleWebKit/537.36 (KHTML, like Gecko; compatible; bingbot/2.0; +http://www.bing.com/bingbot.htm) Chrome/116.0.1938.76 Safari/537.36"
20.15.133.174 - - [04/Aug/2025:15:56:13 +0300] "GET /shopdetail/14972939/ HTTP/2" 200 18147 "-" "Mozilla/5.0 AppleWebKit/537.36 (KHTML, like Gecko; compatible; bingbot/2.0; +http://www.bing.com/bingbot.htm) Chrome/116.0.1938.76 Safari/537.36"
66.249.69.192 - - [04/Aug/2025:15:56:13 +0300] "GET /shopdetail/16731162/ HTTP/1.1" 200 18230 "-" "Mozilla/5.0 (Linux; Android 6.0.1; Nexus 5X Build/MMB29P) AppleWebKit/537.36 (KHTML, like Gecko) Chrome/138.0.7204.183 Mobile Safari/537.36 (compatible; GoogleOther)"
57.141.6.8 - - [04/Aug/2025:15:56:13 +0300] "GET /shopdetail/11711706/ HTTP/2" 404 131462 "-" "meta-externalagent/1.1 (+https://developers.facebook.com/docs/sharing/webmasters/crawler)"
66.249.69.194 - - [04/Aug/2025:15:55:58 +0300] "POST /get-message-notify HTTP/1.1" 200 17492 "https://karismamodernkitchen.com/shopdetail/9076839/" "Mozilla/5.0 (Linux; Android 6.0.1; Nexus 5X Build/MMB29P) AppleWebKit/537.36 (KHTML, like Gecko) Chrome/137.0.7151.119 Mobile Safari/537.36 (compatible; Googlebot/2.1; +http://www.google.com/bot.html)"
66.249.69.200 - - [04/Aug/2025:15:55:58 +0300] "GET /shopdetail/7828406/ HTTP/1.1" 200 18000 "-" "Mozilla/5.0 (Linux; Android 6.0.1; Nexus 5X Build/MMB29P) AppleWebKit/537.36 (KHTML, like Gecko) Chrome/138.0.7204.183 Mobile Safari/537.36 (compatible; GoogleOther)"
66.249.69.200 - - [04/Aug/2025:15:55:59 +0300] "GET /shopdetail/13814206/ HTTP/1.1" 200 18040 "-" "Mozilla/5.0 (Linux; Android 6.0.1; Nexus 5X Build/MMB29P) AppleWebKit/537.36 (KHTML, like Gecko) Chrome/138.0.7204.183 Mobile Safari/537.36 (compatible; GoogleOther)"
66.249.69.200 - - [04/Aug/2025:15:56:00 +0300] "GET /shopdetail/12694440/ HTTP/1.1" 200 17732 "-" "Mozilla/5.0 (Linux; Android 6.0.1; Nexus 5X Build/MMB29P) AppleWebKit/537.36 (KHTML, like Gecko) Chrome/138.0.7204.183 Mobile Safari/537.36 (compatible; GoogleOther)"
66.249.69.200 - - [04/Aug/2025:15:56:00 +0300] "GET /shopdetail/4365295/ HTTP/1.1" 200 19273 "-" "Mozilla/5.0 (Linux; Android 6.0.1; Nexus 5X Build/MMB29P) AppleWebKit/537.36 (KHTML, like Gecko) Chrome/138.0.7204.183 Mobile Safari/537.36 (compatible; GoogleOther)"
66.249.69.200 - - [04/Aug/2025:15:56:12 +0300] "GET /shopdetail/10229406/ HTTP/1.1" 200 17398 "-" "Mozilla/5.0 (Linux; Android 6.0.1; Nexus 5X Build/MMB29P) AppleWebKit/537.36 (KHTML, like Gecko) Chrome/138.0.7204.183 Mobile Safari/537.36 (compatible; GoogleOther)"
66.249.69.200 - - [04/Aug/2025:15:56:17 +0300] "GET /shopdetail/11052740/ HTTP/1.1" 200 17168 "-" "Mozilla/5.0 (Linux; Android 6.0.1; Nexus 5X Build/MMB29P) AppleWebKit/537.36 (KHTML, like Gecko) Chrome/138.0.7204.183 Mobile Safari/537.36 (compatible; GoogleOther)"
66.249.69.198 - - [04/Aug/2025:15:56:17 +0300] "GET /shopdetail/9201462/ HTTP/1.1" 200 17876 "-" "Mozilla/5.0 (Linux; Android 6.0.1; Nexus 5X Build/MMB29P) AppleWebKit/537.36 (KHTML, like Gecko) Chrome/138.0.7204.183 Mobile Safari/537.36 (compatible; GoogleOther)"
66.249.69.198 - - [04/Aug/2025:15:56:17 +0300] "GET /shopdetail/8074462/ HTTP/1.1" 200 17146 "-" "Mozilla/5.0 (Linux; Android 6.0.1; Nexus 5X Build/MMB29P) AppleWebKit/537.36 (KHTML, like Gecko) Chrome/138.0.7204.183 Mobile Safari/537.36 (compatible; GoogleOther)"
66.249.69.198 - - [04/Aug/2025:15:56:18 +0300] "GET /shopdetail/1677706/ HTTP/1.1" 200 17555 "-" "Mozilla/5.0 (Linux; Android 6.0.1; Nexus 5X Build/MMB29P) AppleWebKit/537.36 (KHTML, like Gecko) Chrome/138.0.7204.183 Mobile Safari/537.36 (compatible; GoogleOther)"
54.36.148.54 - - [04/Aug/2025:15:56:18 +0300] "GET /product-brand/premier/ HTTP/2" 403 0 "-" "Mozilla/5.0 (compatible; AhrefsBot/7.0; +http://ahrefs.com/robot/)"
66.249.69.200 - - [04/Aug/2025:15:56:18 +0300] "GET /shopdetail/4674673/ HTTP/1.1" 200 17984 "-" "Mozilla/5.0 (Linux; Android 6.0.1; Nexus 5X Build/MMB29P) AppleWebKit/537.36 (KHTML, like Gecko) Chrome/138.0.7204.183 Mobile Safari/537.36 (compatible; GoogleOther)"
45.40.50.171 - - [04/Aug/2025:15:56:22 +0300] "GET /shop/page/8/?orderby=rating&add-to-wishlist=4090 HTTP/2" 200 32490 "https://karismamodernkitchen.com/shop/page/8/?orderby=rating&add-to-wishlist=4090" "Mozilla/5.0 (Macintosh; Intel Mac OS X 10_15_7) AppleWebKit/537.36 (KHTML, like Gecko) Chrome/131.0.0.0 Safari/537.36"
196.251.115.239 - - [04/Aug/2025:15:56:40 +0300] "POST /wp-login.php HTTP/1.1" 200 7252 "-" "Mozilla/5.0"
196.251.115.239 - - [04/Aug/2025:15:56:40 +0300] "POST /wp-login.php HTTP/1.1" 200 7248 "-" "Mozilla/5.0"
66.249.69.198 - - [04/Aug/2025:15:56:55 +0300] "GET /shopdetail/9933662/ HTTP/1.1" 200 19110 "-" "Mozilla/5.0 (Linux; Android 6.0.1; Nexus 5X Build/MMB29P) AppleWebKit/537.36 (KHTML, like Gecko) Chrome/138.0.7204.183 Mobile Safari/537.36 (compatible; Googlebot/2.1; +http://www.google.com/bot.html)"
66.249.69.198 - - [04/Aug/2025:15:56:56 +0300] "GET /shopdetail/7223017/ HTTP/1.1" 200 18261 "-" "Mozilla/5.0 (Linux; Android 6.0.1; Nexus 5X Build/MMB29P) AppleWebKit/537.36 (KHTML, like Gecko) Chrome/138.0.7204.183 Mobile Safari/537.36 (compatible; GoogleOther)"
66.249.69.198 - - [04/Aug/2025:15:56:58 +0300] "GET /shopdetail/29129228/ HTTP/1.1" 200 17908 "-" "Mozilla/5.0 (Linux; Android 6.0.1; Nexus 5X Build/MMB29P) AppleWebKit/537.36 (KHTML, like Gecko) Chrome/138.0.7204.183 Mobile Safari/537.36 (compatible; GoogleOther)"
66.249.69.198 - - [04/Aug/2025:15:57:01 +0300] "GET /shopdetail/1775095/ HTTP/1.1" 200 18764 "-" "Mozilla/5.0 (Linux; Android 6.0.1; Nexus 5X Build/MMB29P) AppleWebKit/537.36 (KHTML, like Gecko) Chrome/138.0.7204.183 Mobile Safari/537.36 (compatible; GoogleOther)"
66.249.93.74 - - [04/Aug/2025:15:56:58 +0300] "GET /.well-known/traffic-advice HTTP/1.1" 404 29341 "-" "Chrome Privacy Preserving Prefetch Proxy"
66.249.69.198 - - [04/Aug/2025:15:57:02 +0300] "GET /shopdetail/27088262/ HTTP/1.1" 200 18419 "-" "Mozilla/5.0 (Linux; Android 6.0.1; Nexus 5X Build/MMB29P) AppleWebKit/537.36 (KHTML, like Gecko) Chrome/138.0.7204.183 Mobile Safari/537.36 (compatible; GoogleOther)"
162.120.188.215 - - [04/Aug/2025:15:56:59 +0300] "GET /product-tag/glass-display-cabinet/ HTTP/2" 200 28313 "https://www.google.com/" "Mozilla/5.0 (Linux; Android 10; K) AppleWebKit/537.36 (KHTML, like Gecko) Chrome/138.0.0.0 Mobile Safari/537.36"
66.249.69.198 - - [04/Aug/2025:15:57:04 +0300] "GET /shopdetail/12355851/ HTTP/1.1" 200 17993 "-" "Mozilla/5.0 (Linux; Android 6.0.1; Nexus 5X Build/MMB29P) AppleWebKit/537.36 (KHTML, like Gecko) Chrome/138.0.7204.183 Mobile Safari/537.36 (compatible; GoogleOther)"
66.249.69.198 - - [04/Aug/2025:15:57:04 +0300] "GET /shopdetail/16188884/ HTTP/1.1" 200 17679 "-" "Mozilla/5.0 (Linux; Android 6.0.1; Nexus 5X Build/MMB29P) AppleWebKit/537.36 (KHTML, like Gecko) Chrome/138.0.7204.183 Mobile Safari/537.36 (compatible; GoogleOther)"
66.249.69.198 - - [04/Aug/2025:15:57:04 +0300] "GET /shopdetail/24603417/ HTTP/1.1" 200 18202 "-" "Mozilla/5.0 (Linux; Android 6.0.1; Nexus 5X Build/MMB29P) AppleWebKit/537.36 (KHTML, like Gecko) Chrome/138.0.7204.183 Mobile Safari/537.36 (compatible; GoogleOther)"
66.249.69.198 - - [04/Aug/2025:15:57:04 +0300] "GET /shopdetail/16465751/ HTTP/1.1" 200 18310 "-" "Mozilla/5.0 (Linux; Android 6.0.1; Nexus 5X Build/MMB29P) AppleWebKit/537.36 (KHTML, like Gecko) Chrome/138.0.7204.183 Mobile Safari/537.36 (compatible; GoogleOther)"
66.249.69.198 - - [04/Aug/2025:15:57:05 +0300] "POST /get-message-notify HTTP/1.1" 200 17492 "https://karismamodernkitchen.com/shopdetail/9084195/" "Mozilla/5.0 (Linux; Android 6.0.1; Nexus 5X Build/MMB29P) AppleWebKit/537.36 (KHTML, like Gecko) Chrome/137.0.7151.119 Mobile Safari/537.36 (compatible; Googlebot/2.1; +http://www.google.com/bot.html)"
66.249.69.198 - - [04/Aug/2025:15:57:05 +0300] "GET /shopdetail/5694284/ HTTP/1.1" 200 17801 "-" "Mozilla/5.0 (Linux; Android 6.0.1; Nexus 5X Build/MMB29P) AppleWebKit/537.36 (KHTML, like Gecko) Chrome/138.0.7204.183 Mobile Safari/537.36 (compatible; GoogleOther)"
66.249.69.198 - - [04/Aug/2025:15:57:06 +0300] "GET /shopdetail/1943573/ HTTP/1.1" 200 18048 "-" "Mozilla/5.0 (Linux; Android 6.0.1; Nexus 5X Build/MMB29P) AppleWebKit/537.36 (KHTML, like Gecko) Chrome/138.0.7204.183 Mobile Safari/537.36 (compatible; GoogleOther)"
66.249.69.198 - - [04/Aug/2025:15:57:06 +0300] "GET /shopdetail/30742373/ HTTP/1.1" 200 17216 "-" "Mozilla/5.0 (Linux; Android 6.0.1; Nexus 5X Build/MMB29P) AppleWebKit/537.36 (KHTML, like Gecko) Chrome/138.0.7204.183 Mobile Safari/537.36 (compatible; GoogleOther)"
66.249.69.198 - - [04/Aug/2025:15:57:07 +0300] "GET /shopdetail/18551795/ HTTP/1.1" 200 19284 "-" "Mozilla/5.0 (Linux; Android 6.0.1; Nexus 5X Build/MMB29P) AppleWebKit/537.36 (KHTML, like Gecko) Chrome/138.0.7204.183 Mobile Safari/537.36 (compatible; GoogleOther)"
66.249.69.199 - - [04/Aug/2025:15:56:16 +0300] "GET /shopdetail/9230717/ HTTP/1.1" 200 18844 "-" "Mozilla/5.0 (Linux; Android 6.0.1; Nexus 5X Build/MMB29P) AppleWebKit/537.36 (KHTML, like Gecko) Chrome/138.0.7204.183 Mobile Safari/537.36 (compatible; GoogleOther)"
66.249.73.235 - - [04/Aug/2025:15:56:17 +0300] "GET /shopdetail/15115039/ HTTP/1.1" 200 19177 "-" "Mozilla/5.0 (Linux; Android 6.0.1; Nexus 5X Build/MMB29P) AppleWebKit/537.36 (KHTML, like Gecko) Chrome/138.0.7204.183 Mobile Safari/537.36 (compatible; GoogleOther)"
196.251.115.239 - - [04/Aug/2025:15:56:43 +0300] "POST /wp-login.php HTTP/1.1" 200 7248 "-" "Mozilla/5.0"
66.249.69.199 - - [04/Aug/2025:15:56:58 +0300] "GET /shopdetail/13101462/ HTTP/1.1" 200 18373 "-" "Mozilla/5.0 (Linux; Android 6.0.1; Nexus 5X Build/MMB29P) AppleWebKit/537.36 (KHTML, like Gecko) Chrome/138.0.7204.183 Mobile Safari/537.36 (compatible; GoogleOther)"
66.249.69.199 - - [04/Aug/2025:15:56:59 +0300] "GET /shopdetail/5220339/ HTTP/1.1" 200 18303 "-" "Mozilla/5.0 (Linux; Android 6.0.1; Nexus 5X Build/MMB29P) AppleWebKit/537.36 (KHTML, like Gecko) Chrome/138.0.7204.183 Mobile Safari/537.36 (compatible; GoogleOther)"
66.249.69.199 - - [04/Aug/2025:15:57:00 +0300] "GET /shopdetail/5699340/ HTTP/1.1" 200 17525 "-" "Mozilla/5.0 (Linux; Android 6.0.1; Nexus 5X Build/MMB29P) AppleWebKit/537.36 (KHTML, like Gecko) Chrome/138.0.7204.183 Mobile Safari/537.36 (compatible; GoogleOther)"
57.141.6.21 - - [04/Aug/2025:15:57:04 +0300] "GET /shopdetail/11201117/ HTTP/2" 404 131462 "-" "meta-externalagent/1.1 (+https://developers.facebook.com/docs/sharing/webmasters/crawler)"
66.249.69.199 - - [04/Aug/2025:15:57:08 +0300] "GET /shopdetail/1869162/ HTTP/1.1" 200 18457 "-" "Mozilla/5.0 (Linux; Android 6.0.1; Nexus 5X Build/MMB29P) AppleWebKit/537.36 (KHTML, like Gecko) Chrome/138.0.7204.183 Mobile Safari/537.36 (compatible; GoogleOther)"
66.249.69.199 - - [04/Aug/2025:15:57:08 +0300] "GET /shopdetail/21844351/ HTTP/1.1" 200 18236 "-" "Mozilla/5.0 (Linux; Android 6.0.1; Nexus 5X Build/MMB29P) AppleWebKit/537.36 (KHTML, like Gecko) Chrome/138.0.7204.183 Mobile Safari/537.36 (compatible; GoogleOther)"
66.249.69.199 - - [04/Aug/2025:15:57:09 +0300] "GET /shopdetail/5935317/ HTTP/1.1" 200 18686 "-" "Mozilla/5.0 (Linux; Android 6.0.1; Nexus 5X Build/MMB29P) AppleWebKit/537.36 (KHTML, like Gecko) Chrome/138.0.7204.183 Mobile Safari/537.36 (compatible; GoogleOther)"
66.249.69.199 - - [04/Aug/2025:15:57:09 +0300] "GET /shopdetail/1644339/ HTTP/1.1" 200 18106 "-" "Mozilla/5.0 (Linux; Android 6.0.1; Nexus 5X Build/MMB29P) AppleWebKit/537.36 (KHTML, like Gecko) Chrome/138.0.7204.183 Mobile Safari/537.36 (compatible; GoogleOther)"
66.249.69.199 - - [04/Aug/2025:15:57:09 +0300] "GET /shopdetail/20101651/ HTTP/1.1" 200 18365 "-" "Mozilla/5.0 (Linux; Android 6.0.1; Nexus 5X Build/MMB29P) AppleWebKit/537.36 (KHTML, like Gecko) Chrome/138.0.7204.183 Mobile Safari/537.36 (compatible; GoogleOther)"
66.249.69.199 - - [04/Aug/2025:15:57:10 +0300] "GET /shopdetail/6386617/ HTTP/1.1" 200 18780 "-" "Mozilla/5.0 (Linux; Android 6.0.1; Nexus 5X Build/MMB29P) AppleWebKit/537.36 (KHTML, like Gecko) Chrome/138.0.7204.183 Mobile Safari/537.36 (compatible; GoogleOther)"
66.249.69.199 - - [04/Aug/2025:15:57:12 +0300] "GET /shopdetail/11021973/ HTTP/1.1" 200 17696 "-" "Mozilla/5.0 (Linux; Android 6.0.1; Nexus 5X Build/MMB29P) AppleWebKit/537.36 (KHTML, like Gecko) Chrome/138.0.7204.183 Mobile Safari/537.36 (compatible; GoogleOther)"
66.249.69.199 - - [04/Aug/2025:15:57:15 +0300] "POST /get-message-notify HTTP/1.1" 200 17492 "https://karismamodernkitchen.com/shopdetail/22387262/" "Mozilla/5.0 (Linux; Android 6.0.1; Nexus 5X Build/MMB29P) AppleWebKit/537.36 (KHTML, like Gecko) Chrome/137.0.7151.119 Mobile Safari/537.36 (compatible; Googlebot/2.1; +http://www.google.com/bot.html)"
66.249.69.198 - - [04/Aug/2025:15:57:15 +0300] "GET /shopdetail/4293562/ HTTP/1.1" 200 18621 "-" "Mozilla/5.0 (Linux; Android 6.0.1; Nexus 5X Build/MMB29P) AppleWebKit/537.36 (KHTML, like Gecko) Chrome/138.0.7204.183 Mobile Safari/537.36 (compatible; Googlebot/2.1; +http://www.google.com/bot.html)"
66.249.69.198 - - [04/Aug/2025:15:57:15 +0300] "GET /shopdetail/13173784/ HTTP/1.1" 200 17975 "-" "Mozilla/5.0 (Linux; Android 6.0.1; Nexus 5X Build/MMB29P) AppleWebKit/537.36 (KHTML, like Gecko) Chrome/138.0.7204.183 Mobile Safari/537.36 (compatible; GoogleOther)"
66.249.69.198 - - [04/Aug/2025:15:57:15 +0300] "GET /shopdetail/4646484/ HTTP/1.1" 200 17872 "-" "Mozilla/5.0 (Linux; Android 6.0.1; Nexus 5X Build/MMB29P) AppleWebKit/537.36 (KHTML, like Gecko) Chrome/138.0.7204.183 Mobile Safari/537.36 (compatible; GoogleOther)"
66.249.69.199 - - [04/Aug/2025:15:57:16 +0300] "GET /shopdetail/10945239/ HTTP/1.1" 200 18621 "-" "Mozilla/5.0 (Linux; Android 6.0.1; Nexus 5X Build/MMB29P) AppleWebKit/537.36 (KHTML, like Gecko) Chrome/138.0.7204.183 Mobile Safari/537.36 (compatible; GoogleOther)"
66.249.69.198 - - [04/Aug/2025:15:57:16 +0300] "GET /shopdetail/20554384/ HTTP/1.1" 200 18159 "-" "Mozilla/5.0 (Linux; Android 6.0.1; Nexus 5X Build/MMB29P) AppleWebKit/537.36 (KHTML, like Gecko) Chrome/138.0.7204.183 Mobile Safari/537.36 (compatible; GoogleOther)"
66.249.69.199 - - [04/Aug/2025:15:57:16 +0300] "GET /shopdetail/16874473/ HTTP/1.1" 200 18206 "-" "Mozilla/5.0 (Linux; Android 6.0.1; Nexus 5X Build/MMB29P) AppleWebKit/537.36 (KHTML, like Gecko) Chrome/138.0.7204.183 Mobile Safari/537.36 (compatible; GoogleOther)"
66.249.69.199 - - [04/Aug/2025:15:57:17 +0300] "GET /shopdetail/21721617/ HTTP/1.1" 200 18079 "-" "Mozilla/5.0 (Linux; Android 6.0.1; Nexus 5X Build/MMB29P) AppleWebKit/537.36 (KHTML, like Gecko) Chrome/138.0.7204.183 Mobile Safari/537.36 (compatible; GoogleOther)"
66.249.69.198 - - [04/Aug/2025:15:57:17 +0300] "GET /shopdetail/16572795/ HTTP/1.1" 200 18159 "-" "Mozilla/5.0 (Linux; Android 6.0.1; Nexus 5X Build/MMB29P) AppleWebKit/537.36 (KHTML, like Gecko) Chrome/138.0.7204.183 Mobile Safari/537.36 (compatible; GoogleOther)"
66.249.69.199 - - [04/Aug/2025:15:57:17 +0300] "GET /shopdetail/4117051/ HTTP/1.1" 200 18050 "-" "Mozilla/5.0 (Linux; Android 6.0.1; Nexus 5X Build/MMB29P) AppleWebKit/537.36 (KHTML, like Gecko) Chrome/138.0.7204.183 Mobile Safari/537.36 (compatible; GoogleOther)"
66.249.69.199 - - [04/Aug/2025:15:57:17 +0300] "GET /shopdetail/16607439/ HTTP/1.1" 200 17721 "-" "Mozilla/5.0 (Linux; Android 6.0.1; Nexus 5X Build/MMB29P) AppleWebKit/537.36 (KHTML, like Gecko) Chrome/138.0.7204.183 Mobile Safari/537.36 (compatible; GoogleOther)"
66.249.69.198 - - [04/Aug/2025:15:57:17 +0300] "GET /shopdetail/8542806/ HTTP/1.1" 200 17942 "-" "Mozilla/5.0 (Linux; Android 6.0.1; Nexus 5X Build/MMB29P) AppleWebKit/537.36 (KHTML, like Gecko) Chrome/138.0.7204.183 Mobile Safari/537.36 (compatible; GoogleOther)"
66.249.69.198 - - [04/Aug/2025:15:57:17 +0300] "POST /get-message-notify HTTP/1.1" 200 17492 "https://karismamodernkitchen.com/shopdetail/11021973/" "Mozilla/5.0 (Linux; Android 6.0.1; Nexus 5X Build/MMB29P) AppleWebKit/537.36 (KHTML, like Gecko) Chrome/137.0.7151.119 Mobile Safari/537.36 (compatible; Googlebot/2.1; +http://www.google.com/bot.html)"
66.249.69.198 - - [04/Aug/2025:15:57:17 +0300] "GET /shopdetail/18546451/ HTTP/1.1" 200 19146 "-" "Mozilla/5.0 (Linux; Android 6.0.1; Nexus 5X Build/MMB29P) AppleWebKit/537.36 (KHTML, like Gecko) Chrome/138.0.7204.183 Mobile Safari/537.36 (compatible; GoogleOther)"
66.249.69.198 - - [04/Aug/2025:15:57:17 +0300] "GET /shopdetail/3577984/ HTTP/1.1" 200 17404 "-" "Mozilla/5.0 (Linux; Android 6.0.1; Nexus 5X Build/MMB29P) AppleWebKit/537.36 (KHTML, like Gecko) Chrome/138.0.7204.183 Mobile Safari/537.36 (compatible; GoogleOther)"
66.249.69.198 - - [04/Aug/2025:15:57:18 +0300] "GET /shopdetail/14537839/ HTTP/1.1" 200 18312 "-" "Mozilla/5.0 (Linux; Android 6.0.1; Nexus 5X Build/MMB29P) AppleWebKit/537.36 (KHTML, like Gecko) Chrome/138.0.7204.183 Mobile Safari/537.36 (compatible; GoogleOther)"
66.249.69.198 - - [04/Aug/2025:15:57:18 +0300] "GET /shopdetail/2239440/ HTTP/1.1" 200 17425 "-" "Mozilla/5.0 (Linux; Android 6.0.1; Nexus 5X Build/MMB29P) AppleWebKit/537.36 (KHTML, like Gecko) Chrome/138.0.7204.183 Mobile Safari/537.36 (compatible; GoogleOther)"
66.249.69.199 - - [04/Aug/2025:15:57:18 +0300] "GET /shopdetail/5467717/ HTTP/1.1" 200 18178 "-" "Mozilla/5.0 (Linux; Android 6.0.1; Nexus 5X Build/MMB29P) AppleWebKit/537.36 (KHTML, like Gecko) Chrome/138.0.7204.183 Mobile Safari/537.36 (compatible; GoogleOther)"
66.249.69.199 - - [04/Aug/2025:15:57:18 +0300] "GET /shopdetail/24651762/ HTTP/1.1" 200 17357 "-" "Mozilla/5.0 (Linux; Android 6.0.1; Nexus 5X Build/MMB29P) AppleWebKit/537.36 (KHTML, like Gecko) Chrome/138.0.7204.183 Mobile Safari/537.36 (compatible; GoogleOther)"
66.249.69.198 - - [04/Aug/2025:15:57:18 +0300] "GET /shopdetail/23733473/ HTTP/1.1" 200 18386 "-" "Mozilla/5.0 (Linux; Android 6.0.1; Nexus 5X Build/MMB29P) AppleWebKit/537.36 (KHTML, like Gecko) Chrome/138.0.7204.183 Mobile Safari/537.36 (compatible; GoogleOther)"
66.249.69.199 - - [04/Aug/2025:15:57:19 +0300] "GET /shopdetail/29691039/ HTTP/1.1" 200 18889 "-" "Mozilla/5.0 (Linux; Android 6.0.1; Nexus 5X Build/MMB29P) AppleWebKit/537.36 (KHTML, like Gecko) Chrome/138.0.7204.183 Mobile Safari/537.36 (compatible; GoogleOther)"
66.249.69.192 - - [04/Aug/2025:15:57:19 +0300] "GET /shopdetail/4376728/ HTTP/1.1" 200 17513 "-" "Mozilla/5.0 (Linux; Android 6.0.1; Nexus 5X Build/MMB29P) AppleWebKit/537.36 (KHTML, like Gecko) Chrome/138.0.7204.183 Mobile Safari/537.36 (compatible; GoogleOther)"
66.249.69.198 - - [04/Aug/2025:15:57:19 +0300] "GET /shopdetail/31092095/ HTTP/1.1" 200 17739 "-" "Mozilla/5.0 (Linux; Android 6.0.1; Nexus 5X Build/MMB29P) AppleWebKit/537.36 (KHTML, like Gecko) Chrome/138.0.7204.183 Mobile Safari/537.36 (compatible; GoogleOther)"
66.249.69.200 - - [04/Aug/2025:15:57:20 +0300] "GET /shopdetail/12538317/ HTTP/1.1" 200 17750 "-" "Mozilla/5.0 (Linux; Android 6.0.1; Nexus 5X Build/MMB29P) AppleWebKit/537.36 (KHTML, like Gecko) Chrome/138.0.7204.183 Mobile Safari/537.36 (compatible; GoogleOther)"
66.249.69.198 - - [04/Aug/2025:15:57:20 +0300] "GET /shopdetail/7449762/ HTTP/1.1" 200 18362 "-" "Mozilla/5.0 (Linux; Android 6.0.1; Nexus 5X Build/MMB29P) AppleWebKit/537.36 (KHTML, like Gecko) Chrome/138.0.7204.183 Mobile Safari/537.36 (compatible; GoogleOther)"
66.249.69.199 - - [04/Aug/2025:15:57:20 +0300] "GET /shopdetail/13216784/ HTTP/1.1" 200 18324 "-" "Mozilla/5.0 (Linux; Android 6.0.1; Nexus 5X Build/MMB29P) AppleWebKit/537.36 (KHTML, like Gecko) Chrome/138.0.7204.183 Mobile Safari/537.36 (compatible; GoogleOther)"
66.249.69.198 - - [04/Aug/2025:15:57:20 +0300] "GET /shopdetail/2702128/ HTTP/1.1" 200 19421 "-" "Mozilla/5.0 (Linux; Android 6.0.1; Nexus 5X Build/MMB29P) AppleWebKit/537.36 (KHTML, like Gecko) Chrome/138.0.7204.183 Mobile Safari/537.36 (compatible; GoogleOther)"
66.249.69.198 - - [04/Aug/2025:15:57:20 +0300] "GET /shopdetail/6383751/ HTTP/1.1" 200 18126 "-" "Mozilla/5.0 (Linux; Android 6.0.1; Nexus 5X Build/MMB29P) AppleWebKit/537.36 (KHTML, like Gecko) Chrome/138.0.7204.183 Mobile Safari/537.36 (compatible; GoogleOther)"
66.249.69.198 - - [04/Aug/2025:15:57:21 +0300] "GET /shopdetail/8229895/ HTTP/1.1" 200 18272 "-" "Mozilla/5.0 (Linux; Android 6.0.1; Nexus 5X Build/MMB29P) AppleWebKit/537.36 (KHTML, like Gecko) Chrome/138.0.7204.183 Mobile Safari/537.36 (compatible; GoogleOther)"
66.249.69.199 - - [04/Aug/2025:15:57:21 +0300] "GET /shopdetail/27817428/ HTTP/1.1" 200 17887 "-" "Mozilla/5.0 (Linux; Android 6.0.1; Nexus 5X Build/MMB29P) AppleWebKit/537.36 (KHTML, like Gecko) Chrome/138.0.7204.183 Mobile Safari/537.36 (compatible; GoogleOther)"
66.249.69.198 - - [04/Aug/2025:15:57:07 +0300] "GET /shopdetail/21640851/ HTTP/1.1" 200 17995 "-" "Mozilla/5.0 (Linux; Android 6.0.1; Nexus 5X Build/MMB29P) AppleWebKit/537.36 (KHTML, like Gecko) Chrome/138.0.7204.183 Mobile Safari/537.36 (compatible; GoogleOther)"
66.249.69.198 - - [04/Aug/2025:15:57:08 +0300] "GET /shopdetail/4846639/ HTTP/1.1" 200 17117 "-" "Mozilla/5.0 (Linux; Android 6.0.1; Nexus 5X Build/MMB29P) AppleWebKit/537.36 (KHTML, like Gecko) Chrome/138.0.7204.183 Mobile Safari/537.36 (compatible; GoogleOther)"
66.249.69.198 - - [04/Aug/2025:15:57:08 +0300] "GET /shopdetail/4273739/ HTTP/1.1" 200 18200 "-" "Mozilla/5.0 (Linux; Android 6.0.1; Nexus 5X Build/MMB29P) AppleWebKit/537.36 (KHTML, like Gecko) Chrome/138.0.7204.183 Mobile Safari/537.36 (compatible; GoogleOther)"
66.249.69.198 - - [04/Aug/2025:15:57:09 +0300] "GET /shopdetail/27365839/ HTTP/1.1" 200 18129 "-" "Mozilla/5.0 (Linux; Android 6.0.1; Nexus 5X Build/MMB29P) AppleWebKit/537.36 (KHTML, like Gecko) Chrome/138.0.7204.183 Mobile Safari/537.36 (compatible; GoogleOther)"
66.249.69.198 - - [04/Aug/2025:15:57:10 +0300] "GET /shopdetail/20254895/ HTTP/1.1" 200 17707 "-" "Mozilla/5.0 (Linux; Android 6.0.1; Nexus 5X Build/MMB29P) AppleWebKit/537.36 (KHTML, like Gecko) Chrome/138.0.7204.183 Mobile Safari/537.36 (compatible; GoogleOther)"
66.249.69.199 - - [04/Aug/2025:15:57:14 +0300] "GET /shopdetail/15483751/ HTTP/1.1" 200 18145 "-" "Mozilla/5.0 (Linux; Android 6.0.1; Nexus 5X Build/MMB29P) AppleWebKit/537.36 (KHTML, like Gecko) Chrome/138.0.7204.183 Mobile Safari/537.36 (compatible; Googlebot/2.1; +http://www.google.com/bot.html)"
66.249.69.199 - - [04/Aug/2025:15:57:15 +0300] "GET /shopdetail/16159840/ HTTP/1.1" 200 18161 "-" "Mozilla/5.0 (compatible; Googlebot/2.1; +http://www.google.com/bot.html)"
66.249.69.198 - - [04/Aug/2025:15:57:15 +0300] "GET /shopdetail/11645073/ HTTP/1.1" 200 17795 "-" "Mozilla/5.0 (Linux; Android 6.0.1; Nexus 5X Build/MMB29P) AppleWebKit/537.36 (KHTML, like Gecko) Chrome/138.0.7204.183 Mobile Safari/537.36 (compatible; GoogleOther)"
