66.249.69.193 - - [04/Aug/2025:15:47:56 +0300] "POST /get-message-notify HTTP/1.1" 200 17492 "https://karismamodernkitchen.com/shopdetail/16243195/" "Mozilla/5.0 (Linux; Android 6.0.1; Nexus 5X Build/MMB29P) AppleWebKit/537.36 (KHTML, like Gecko) Chrome/137.0.7151.119 Mobile Safari/537.36 (compatible; Googlebot/2.1; +http://www.google.com/bot.html)"
66.249.69.198 - - [04/Aug/2025:15:47:56 +0300] "GET /shopdetail/11476328/ HTTP/1.1" 200 17464 "-" "Mozilla/5.0 (Linux; Android 6.0.1; Nexus 5X Build/MMB29P) AppleWebKit/537.36 (KHTML, like Gecko) Chrome/138.0.7204.183 Mobile Safari/537.36 (compatible; GoogleOther)"
66.249.69.198 - - [04/Aug/2025:15:47:58 +0300] "GET /shopdetail/11275684/ HTTP/1.1" 200 18181 "-" "Mozilla/5.0 (Linux; Android 6.0.1; Nexus 5X Build/MMB29P) AppleWebKit/537.36 (KHTML, like Gecko) Chrome/138.0.7204.183 Mobile Safari/537.36 (compatible; GoogleOther)"
66.249.69.194 - - [04/Aug/2025:15:47:59 +0300] "GET /shopdetail/10532639/ HTTP/1.1" 200 17691 "-" "Mozilla/5.0 (Linux; Android 6.0.1; Nexus 5X Build/MMB29P) AppleWebKit/537.36 (KHTML, like Gecko) Chrome/138.0.7204.183 Mobile Safari/537.36 (compatible; GoogleOther)"
66.249.69.194 - - [04/Aug/2025:15:48:02 +0300] "GET /shopdetail/3903684/ HTTP/1.1" 200 17777 "-" "Mozilla/5.0 (Linux; Android 6.0.1; Nexus 5X Build/MMB29P) AppleWebKit/537.36 (KHTML, like Gecko) Chrome/138.0.7204.183 Mobile Safari/537.36 (compatible; GoogleOther)"
66.249.69.195 - - [04/Aug/2025:15:48:02 +0300] "GET /shopdetail/24613184/ HTTP/1.1" 200 19325 "-" "Mozilla/5.0 (Linux; Android 6.0.1; Nexus 5X Build/MMB29P) AppleWebKit/537.36 (KHTML, like Gecko) Chrome/138.0.7204.183 Mobile Safari/537.36 (compatible; GoogleOther)"
66.249.69.195 - - [04/Aug/2025:15:48:04 +0300] "GET /shopdetail/29048006/ HTTP/1.1" 200 17422 "-" "Mozilla/5.0 (Linux; Android 6.0.1; Nexus 5X Build/MMB29P) AppleWebKit/537.36 (KHTML, like Gecko) Chrome/138.0.7204.183 Mobile Safari/537.36 (compatible; GoogleOther)"
66.249.69.199 - - [04/Aug/2025:15:48:04 +0300] "GET /shopdetail/19965606/ HTTP/1.1" 200 17140 "-" "Mozilla/5.0 (Linux; Android 6.0.1; Nexus 5X Build/MMB29P) AppleWebKit/537.36 (KHTML, like Gecko) Chrome/138.0.7204.183 Mobile Safari/537.36 (compatible; GoogleOther)"
66.249.69.195 - - [04/Aug/2025:15:48:04 +0300] "GET /shopdetail/13849039/ HTTP/1.1" 200 18530 "-" "Mozilla/5.0 (Linux; Android 6.0.1; Nexus 5X Build/MMB29P) AppleWebKit/537.36 (KHTML, like Gecko) Chrome/138.0.7204.183 Mobile Safari/537.36 (compatible; GoogleOther)"
66.249.69.199 - - [04/Aug/2025:15:48:05 +0300] "GET /shopdetail/7056817/ HTTP/1.1" 200 17356 "-" "Mozilla/5.0 (Linux; Android 6.0.1; Nexus 5X Build/MMB29P) AppleWebKit/537.36 (KHTML, like Gecko) Chrome/138.0.7204.183 Mobile Safari/537.36 (compatible; GoogleOther)"
66.249.69.198 - - [04/Aug/2025:15:48:05 +0300] "GET /shopdetail/6735862/ HTTP/1.1" 200 17895 "-" "Mozilla/5.0 (Linux; Android 6.0.1; Nexus 5X Build/MMB29P) AppleWebKit/537.36 (KHTML, like Gecko) Chrome/138.0.7204.183 Mobile Safari/537.36 (compatible; GoogleOther)"
66.249.69.195 - - [04/Aug/2025:15:48:05 +0300] "GET /shopdetail/20368117/ HTTP/1.1" 200 17644 "-" "Mozilla/5.0 (Linux; Android 6.0.1; Nexus 5X Build/MMB29P) AppleWebKit/537.36 (KHTML, like Gecko) Chrome/138.0.7204.183 Mobile Safari/537.36 (compatible; GoogleOther)"
66.249.69.193 - - [04/Aug/2025:15:48:05 +0300] "POST /get-message-notify HTTP/1.1" 200 17492 "https://karismamodernkitchen.com/shopdetail/30316328/" "Mozilla/5.0 (Linux; Android 6.0.1; Nexus 5X Build/MMB29P) AppleWebKit/537.36 (KHTML, like Gecko) Chrome/137.0.7151.119 Mobile Safari/537.36 (compatible; Googlebot/2.1; +http://www.google.com/bot.html)"
66.249.69.198 - - [04/Aug/2025:15:48:05 +0300] "GET /shopdetail/13400951/ HTTP/1.1" 200 18350 "-" "Mozilla/5.0 (Linux; Android 6.0.1; Nexus 5X Build/MMB29P) AppleWebKit/537.36 (KHTML, like Gecko) Chrome/138.0.7204.183 Mobile Safari/537.36 (compatible; GoogleOther)"
57.141.6.19 - - [04/Aug/2025:15:48:01 +0300] "GET /shopdetail/9169395/ HTTP/2" 404 131458 "-" "meta-externalagent/1.1 (+https://developers.facebook.com/docs/sharing/webmasters/crawler)"
66.249.69.192 - - [04/Aug/2025:15:48:05 +0300] "GET /shopdetail/16421984/ HTTP/1.1" 200 17355 "-" "Mozilla/5.0 (Linux; Android 6.0.1; Nexus 5X Build/MMB29P) AppleWebKit/537.36 (KHTML, like Gecko) Chrome/138.0.7204.183 Mobile Safari/537.36 (compatible; GoogleOther)"
66.249.69.193 - - [04/Aug/2025:15:48:05 +0300] "GET /shopdetail/4574439/ HTTP/1.1" 200 18429 "-" "Mozilla/5.0 (Linux; Android 6.0.1; Nexus 5X Build/MMB29P) AppleWebKit/537.36 (KHTML, like Gecko) Chrome/138.0.7204.183 Mobile Safari/537.36 (compatible; GoogleOther)"
66.249.69.193 - - [04/Aug/2025:15:48:06 +0300] "GET /shopdetail/23720739/ HTTP/1.1" 200 17919 "-" "Mozilla/5.0 (Linux; Android 6.0.1; Nexus 5X Build/MMB29P) AppleWebKit/537.36 (KHTML, like Gecko) Chrome/138.0.7204.183 Mobile Safari/537.36 (compatible; GoogleOther)"
66.249.69.193 - - [04/Aug/2025:15:48:06 +0300] "GET /shopdetail/6610717/ HTTP/1.1" 200 18498 "-" "Mozilla/5.0 (Linux; Android 6.0.1; Nexus 5X Build/MMB29P) AppleWebKit/537.36 (KHTML, like Gecko) Chrome/138.0.7204.183 Mobile Safari/537.36 (compatible; GoogleOther)"
66.249.69.194 - - [04/Aug/2025:15:48:07 +0300] "GET /shopdetail/17580084/ HTTP/1.1" 200 17893 "-" "Mozilla/5.0 (Linux; Android 6.0.1; Nexus 5X Build/MMB29P) AppleWebKit/537.36 (KHTML, like Gecko) Chrome/138.0.7204.183 Mobile Safari/537.36 (compatible; GoogleOther)"
143.42.7.182 - - [04/Aug/2025:15:47:58 +0300] "GET /cart/ HTTP/2" 200 80825 "-" "Mozilla/5.0 (Macintosh; Intel Mac OS X 10_15_3) AppleWebKit/537.36 (KHTML, like Gecko) Chrome/80.0.3987.149 Safari/537.36"
66.249.69.192 - - [04/Aug/2025:15:48:09 +0300] "GET /shopdetail/12273773/ HTTP/1.1" 200 17994 "-" "Mozilla/5.0 (Linux; Android 6.0.1; Nexus 5X Build/MMB29P) AppleWebKit/537.36 (KHTML, like Gecko) Chrome/138.0.7204.183 Mobile Safari/537.36 (compatible; GoogleOther)"
66.249.69.192 - - [04/Aug/2025:15:48:09 +0300] "GET /shopdetail/13820040/ HTTP/1.1" 200 18407 "-" "Mozilla/5.0 (Linux; Android 6.0.1; Nexus 5X Build/MMB29P) AppleWebKit/537.36 (KHTML, like Gecko) Chrome/138.0.7204.183 Mobile Safari/537.36 (compatible; GoogleOther)"
66.249.69.192 - - [04/Aug/2025:15:48:09 +0300] "GET /shopdetail/13693806/ HTTP/1.1" 200 17755 "-" "Mozilla/5.0 (Linux; Android 6.0.1; Nexus 5X Build/MMB29P) AppleWebKit/537.36 (KHTML, like Gecko) Chrome/138.0.7204.183 Mobile Safari/537.36 (compatible; GoogleOther)"
66.249.69.193 - - [04/Aug/2025:15:48:10 +0300] "GET /shopdetail/4431984/ HTTP/1.1" 200 18267 "-" "Mozilla/5.0 (Linux; Android 6.0.1; Nexus 5X Build/MMB29P) AppleWebKit/537.36 (KHTML, like Gecko) Chrome/138.0.7204.183 Mobile Safari/537.36 (compatible; GoogleOther)"
66.249.69.194 - - [04/Aug/2025:15:48:10 +0300] "GET /shopdetail/25129895/ HTTP/1.1" 200 17990 "-" "Mozilla/5.0 (Linux; Android 6.0.1; Nexus 5X Build/MMB29P) AppleWebKit/537.36 (KHTML, like Gecko) Chrome/138.0.7204.183 Mobile Safari/537.36 (compatible; GoogleOther)"
143.42.7.182 - - [04/Aug/2025:15:48:09 +0300] "GET /shop HTTP/2" 301 0 "-" "Mozilla/5.0 (Macintosh; Intel Mac OS X 10_15_3) AppleWebKit/537.36 (KHTML, like Gecko) Chrome/80.0.3987.149 Safari/537.36"
66.249.69.198 - - [04/Aug/2025:15:48:12 +0300] "POST /get-message-notify HTTP/1.1" 200 17492 "https://karismamodernkitchen.com/shopdetail/18990584/" "Mozilla/5.0 (Linux; Android 6.0.1; Nexus 5X Build/MMB29P) AppleWebKit/537.36 (KHTML, like Gecko) Chrome/137.0.7151.119 Mobile Safari/537.36 (compatible; Googlebot/2.1; +http://www.google.com/bot.html)"
66.249.69.192 - - [04/Aug/2025:15:48:12 +0300] "GET /shopdetail/21055628/ HTTP/1.1" 200 18384 "-" "Mozilla/5.0 (Linux; Android 6.0.1; Nexus 5X Build/MMB29P) AppleWebKit/537.36 (KHTML, like Gecko) Chrome/138.0.7204.183 Mobile Safari/537.36 (compatible; GoogleOther)"
66.249.69.199 - - [04/Aug/2025:15:48:06 +0300] "GET /shopdetail/10931440/ HTTP/1.1" 200 18123 "-" "Mozilla/5.0 (Linux; Android 6.0.1; Nexus 5X Build/MMB29P) AppleWebKit/537.36 (KHTML, like Gecko) Chrome/138.0.7204.183 Mobile Safari/537.36 (compatible; GoogleOther)"
66.249.69.199 - - [04/Aug/2025:15:48:06 +0300] "GET /shopdetail/6455862/ HTTP/1.1" 200 18072 "-" "Mozilla/5.0 (Linux; Android 6.0.1; Nexus 5X Build/MMB29P) AppleWebKit/537.36 (KHTML, like Gecko) Chrome/138.0.7204.183 Mobile Safari/537.36 (compatible; GoogleOther)"
66.249.69.199 - - [04/Aug/2025:15:48:07 +0300] "GET /shopdetail/5180462/ HTTP/1.1" 200 18192 "-" "Mozilla/5.0 (Linux; Android 6.0.1; Nexus 5X Build/MMB29P) AppleWebKit/537.36 (KHTML, like Gecko) Chrome/138.0.7204.183 Mobile Safari/537.36 (compatible; GoogleOther)"
66.249.69.199 - - [04/Aug/2025:15:48:07 +0300] "GET /shopdetail/3485306/ HTTP/1.1" 200 18400 "-" "Mozilla/5.0 (Linux; Android 6.0.1; Nexus 5X Build/MMB29P) AppleWebKit/537.36 (KHTML, like Gecko) Chrome/138.0.7204.183 Mobile Safari/537.36 (compatible; GoogleOther)"
66.249.69.193 - - [04/Aug/2025:15:48:08 +0300] "POST /get-message-notify HTTP/1.1" 200 17492 "https://karismamodernkitchen.com/shopdetail/15653051/" "Mozilla/5.0 (Linux; Android 6.0.1; Nexus 5X Build/MMB29P) AppleWebKit/537.36 (KHTML, like Gecko) Chrome/137.0.7151.119 Mobile Safari/537.36 (compatible; Googlebot/2.1; +http://www.google.com/bot.html)"
66.249.69.192 - - [04/Aug/2025:15:48:08 +0300] "POST /get-message-notify HTTP/1.1" 200 17492 "https://karismamodernkitchen.com/shopdetail/4393628/" "Mozilla/5.0 (Linux; Android 6.0.1; Nexus 5X Build/MMB29P) AppleWebKit/537.36 (KHTML, like Gecko) Chrome/137.0.7151.119 Mobile Safari/537.36 (compatible; Googlebot/2.1; +http://www.google.com/bot.html)"
66.249.69.200 - - [04/Aug/2025:15:48:09 +0300] "GET /shopdetail/11917462/ HTTP/1.1" 200 18639 "-" "Mozilla/5.0 (Linux; Android 6.0.1; Nexus 5X Build/MMB29P) AppleWebKit/537.36 (KHTML, like Gecko) Chrome/138.0.7204.183 Mobile Safari/537.36 (compatible; GoogleOther)"
66.249.69.200 - - [04/Aug/2025:15:48:09 +0300] "GET /shopdetail/8075817/ HTTP/1.1" 200 17982 "-" "Mozilla/5.0 (Linux; Android 6.0.1; Nexus 5X Build/MMB29P) AppleWebKit/537.36 (KHTML, like Gecko) Chrome/138.0.7204.183 Mobile Safari/537.36 (compatible; GoogleOther)"
66.249.69.192 - - [04/Aug/2025:15:48:10 +0300] "POST /get-message-notify HTTP/1.1" 200 17492 "https://karismamodernkitchen.com/shopdetail/2798617/" "Mozilla/5.0 (Linux; Android 6.0.1; Nexus 5X Build/MMB29P) AppleWebKit/537.36 (KHTML, like Gecko) Chrome/137.0.7151.119 Mobile Safari/537.36 (compatible; Googlebot/2.1; +http://www.google.com/bot.html)"
66.249.69.199 - - [04/Aug/2025:15:48:12 +0300] "GET /shopdetail/7684395/ HTTP/1.1" 200 18695 "-" "Mozilla/5.0 (Linux; Android 6.0.1; Nexus 5X Build/MMB29P) AppleWebKit/537.36 (KHTML, like Gecko) Chrome/138.0.7204.183 Mobile Safari/537.36 (compatible; GoogleOther)"
66.249.69.200 - - [04/Aug/2025:15:48:12 +0300] "GET /shopdetail/14618384/ HTTP/1.1" 200 18683 "-" "Mozilla/5.0 (Linux; Android 6.0.1; Nexus 5X Build/MMB29P) AppleWebKit/537.36 (KHTML, like Gecko) Chrome/138.0.7204.183 Mobile Safari/537.36 (compatible; GoogleOther)"
66.249.69.193 - - [04/Aug/2025:15:48:12 +0300] "GET /shopdetail/7665451/ HTTP/1.1" 200 17198 "-" "Mozilla/5.0 (Linux; Android 6.0.1; Nexus 5X Build/MMB29P) AppleWebKit/537.36 (KHTML, like Gecko) Chrome/138.0.7204.183 Mobile Safari/537.36 (compatible; GoogleOther)"
66.249.69.200 - - [04/Aug/2025:15:48:13 +0300] "GET /shopdetail/6464262/ HTTP/1.1" 200 18467 "-" "Mozilla/5.0 (Linux; Android 6.0.1; Nexus 5X Build/MMB29P) AppleWebKit/537.36 (KHTML, like Gecko) Chrome/138.0.7204.183 Mobile Safari/537.36 (compatible; GoogleOther)"
66.249.69.198 - - [04/Aug/2025:15:48:14 +0300] "GET /shopdetail/28001017/ HTTP/1.1" 200 19458 "-" "Mozilla/5.0 (Linux; Android 6.0.1; Nexus 5X Build/MMB29P) AppleWebKit/537.36 (KHTML, like Gecko) Chrome/138.0.7204.183 Mobile Safari/537.36 (compatible; GoogleOther)"
66.249.69.193 - - [04/Aug/2025:15:48:12 +0300] "GET /shopdetail/29782673/ HTTP/1.1" 200 18776 "-" "Mozilla/5.0 (Linux; Android 6.0.1; Nexus 5X Build/MMB29P) AppleWebKit/537.36 (KHTML, like Gecko) Chrome/138.0.7204.183 Mobile Safari/537.36 (compatible; GoogleOther)"
66.249.69.192 - - [04/Aug/2025:15:48:13 +0300] "GET /shopdetail/9845928/ HTTP/1.1" 200 18936 "-" "Mozilla/5.0 (Linux; Android 6.0.1; Nexus 5X Build/MMB29P) AppleWebKit/537.36 (KHTML, like Gecko) Chrome/138.0.7204.183 Mobile Safari/537.36 (compatible; GoogleOther)"
66.249.69.192 - - [04/Aug/2025:15:48:13 +0300] "GET /shopdetail/20921306/ HTTP/1.1" 200 17618 "-" "Mozilla/5.0 (Linux; Android 6.0.1; Nexus 5X Build/MMB29P) AppleWebKit/537.36 (KHTML, like Gecko) Chrome/138.0.7204.183 Mobile Safari/537.36 (compatible; GoogleOther)"
66.249.69.192 - - [04/Aug/2025:15:48:14 +0300] "GET /shopdetail/30383995/ HTTP/1.1" 200 18309 "-" "Mozilla/5.0 (Linux; Android 6.0.1; Nexus 5X Build/MMB29P) AppleWebKit/537.36 (KHTML, like Gecko) Chrome/138.0.7204.183 Mobile Safari/537.36 (compatible; GoogleOther)"
66.249.69.192 - - [04/Aug/2025:15:48:14 +0300] "GET /shopdetail/15698973/ HTTP/1.1" 200 18837 "-" "Mozilla/5.0 (Linux; Android 6.0.1; Nexus 5X Build/MMB29P) AppleWebKit/537.36 (KHTML, like Gecko) Chrome/138.0.7204.183 Mobile Safari/537.36 (compatible; GoogleOther)"
66.249.69.198 - - [04/Aug/2025:15:48:14 +0300] "GET /shopdetail/14843495/ HTTP/1.1" 200 17143 "-" "Mozilla/5.0 (Linux; Android 6.0.1; Nexus 5X Build/MMB29P) AppleWebKit/537.36 (KHTML, like Gecko) Chrome/138.0.7204.183 Mobile Safari/537.36 (compatible; GoogleOther)"
66.249.69.198 - - [04/Aug/2025:15:48:14 +0300] "GET /shopdetail/9663217/ HTTP/1.1" 200 18128 "-" "Mozilla/5.0 (Linux; Android 6.0.1; Nexus 5X Build/MMB29P) AppleWebKit/537.36 (KHTML, like Gecko) Chrome/138.0.7204.183 Mobile Safari/537.36 (compatible; GoogleOther)"
66.249.69.198 - - [04/Aug/2025:15:48:16 +0300] "GET /shopdetail/10471773/ HTTP/1.1" 200 18656 "-" "Mozilla/5.0 (Linux; Android 6.0.1; Nexus 5X Build/MMB29P) AppleWebKit/537.36 (KHTML, like Gecko) Chrome/138.0.7204.183 Mobile Safari/537.36 (compatible; GoogleOther)"
66.249.69.192 - - [04/Aug/2025:15:48:17 +0300] "GET /shopdetail/13326939/ HTTP/1.1" 200 17293 "-" "Mozilla/5.0 (Linux; Android 6.0.1; Nexus 5X Build/MMB29P) AppleWebKit/537.36 (KHTML, like Gecko) Chrome/138.0.7204.183 Mobile Safari/537.36 (compatible; GoogleOther)"
66.249.69.192 - - [04/Aug/2025:15:48:18 +0300] "GET /shopdetail/12995073/ HTTP/1.1" 200 17945 "-" "Mozilla/5.0 (Linux; Android 6.0.1; Nexus 5X Build/MMB29P) AppleWebKit/537.36 (KHTML, like Gecko) Chrome/138.0.7204.183 Mobile Safari/537.36 (compatible; GoogleOther)"
66.249.69.192 - - [04/Aug/2025:15:48:18 +0300] "GET /shopdetail/20567762/ HTTP/1.1" 200 18692 "-" "Mozilla/5.0 (Linux; Android 6.0.1; Nexus 5X Build/MMB29P) AppleWebKit/537.36 (KHTML, like Gecko) Chrome/138.0.7204.183 Mobile Safari/537.36 (compatible; GoogleOther)"
66.249.69.192 - - [04/Aug/2025:15:48:18 +0300] "GET /shopdetail/25344273/ HTTP/1.1" 200 18198 "-" "Mozilla/5.0 (Linux; Android 6.0.1; Nexus 5X Build/MMB29P) AppleWebKit/537.36 (KHTML, like Gecko) Chrome/138.0.7204.183 Mobile Safari/537.36 (compatible; GoogleOther)"
66.249.69.198 - - [04/Aug/2025:15:48:18 +0300] "GET /shopdetail/3137751/ HTTP/1.1" 200 17419 "-" "Mozilla/5.0 (Linux; Android 6.0.1; Nexus 5X Build/MMB29P) AppleWebKit/537.36 (KHTML, like Gecko) Chrome/138.0.7204.183 Mobile Safari/537.36 (compatible; GoogleOther)"
66.249.69.192 - - [04/Aug/2025:15:48:18 +0300] "GET /shopdetail/31208173/ HTTP/1.1" 200 18694 "-" "Mozilla/5.0 (Linux; Android 6.0.1; Nexus 5X Build/MMB29P) AppleWebKit/537.36 (KHTML, like Gecko) Chrome/138.0.7204.183 Mobile Safari/537.36 (compatible; GoogleOther)"
66.249.69.198 - - [04/Aug/2025:15:48:18 +0300] "GET /shopdetail/9772339/ HTTP/1.1" 200 18470 "-" "Mozilla/5.0 (Linux; Android 6.0.1; Nexus 5X Build/MMB29P) AppleWebKit/537.36 (KHTML, like Gecko) Chrome/138.0.7204.183 Mobile Safari/537.36 (compatible; GoogleOther)"
66.249.69.198 - - [04/Aug/2025:15:48:14 +0300] "GET /shopdetail/8211017/ HTTP/1.1" 200 18164 "-" "Mozilla/5.0 (Linux; Android 6.0.1; Nexus 5X Build/MMB29P) AppleWebKit/537.36 (KHTML, like Gecko) Chrome/138.0.7204.183 Mobile Safari/537.36 (compatible; GoogleOther)"
66.249.69.200 - - [04/Aug/2025:15:48:15 +0300] "GET /shopdetail/10888017/ HTTP/1.1" 200 17405 "-" "Mozilla/5.0 (Linux; Android 6.0.1; Nexus 5X Build/MMB29P) AppleWebKit/537.36 (KHTML, like Gecko) Chrome/138.0.7204.183 Mobile Safari/537.36 (compatible; GoogleOther)"
66.249.69.200 - - [04/Aug/2025:15:48:15 +0300] "GET /shopdetail/15040040/ HTTP/1.1" 200 18096 "-" "Mozilla/5.0 (Linux; Android 6.0.1; Nexus 5X Build/MMB29P) AppleWebKit/537.36 (KHTML, like Gecko) Chrome/138.0.7204.183 Mobile Safari/537.36 (compatible; GoogleOther)"
66.249.69.199 - - [04/Aug/2025:15:48:15 +0300] "GET /shopdetail/14047440/ HTTP/1.1" 200 17869 "-" "Mozilla/5.0 (Linux; Android 6.0.1; Nexus 5X Build/MMB29P) AppleWebKit/537.36 (KHTML, like Gecko) Chrome/138.0.7204.183 Mobile Safari/537.36 (compatible; GoogleOther)"
66.249.69.200 - - [04/Aug/2025:15:48:16 +0300] "GET /shopdetail/24761695/ HTTP/1.1" 200 17842 "-" "Mozilla/5.0 (Linux; Android 6.0.1; Nexus 5X Build/MMB29P) AppleWebKit/537.36 (KHTML, like Gecko) Chrome/138.0.7204.183 Mobile Safari/537.36 (compatible; GoogleOther)"
66.249.69.200 - - [04/Aug/2025:15:48:16 +0300] "GET /shopdetail/30675795/ HTTP/1.1" 200 18717 "-" "Mozilla/5.0 (Linux; Android 6.0.1; Nexus 5X Build/MMB29P) AppleWebKit/537.36 (KHTML, like Gecko) Chrome/138.0.7204.183 Mobile Safari/537.36 (compatible; GoogleOther)"
66.249.69.198 - - [04/Aug/2025:15:48:16 +0300] "GET /shopdetail/15539517/ HTTP/1.1" 200 18775 "-" "Mozilla/5.0 (Linux; Android 6.0.1; Nexus 5X Build/MMB29P) AppleWebKit/537.36 (KHTML, like Gecko) Chrome/138.0.7204.183 Mobile Safari/537.36 (compatible; GoogleOther)"
66.249.69.200 - - [04/Aug/2025:15:48:16 +0300] "GET /shopdetail/26571506/ HTTP/1.1" 200 18141 "-" "Mozilla/5.0 (Linux; Android 6.0.1; Nexus 5X Build/MMB29P) AppleWebKit/537.36 (KHTML, like Gecko) Chrome/138.0.7204.183 Mobile Safari/537.36 (compatible; GoogleOther)"
66.249.69.200 - - [04/Aug/2025:15:48:17 +0300] "GET /shopdetail/19618795/ HTTP/1.1" 200 18776 "-" "Mozilla/5.0 (Linux; Android 6.0.1; Nexus 5X Build/MMB29P) AppleWebKit/537.36 (KHTML, like Gecko) Chrome/138.0.7204.183 Mobile Safari/537.36 (compatible; GoogleOther)"
66.249.69.199 - - [04/Aug/2025:15:48:17 +0300] "GET /shopdetail/28604573/ HTTP/1.1" 200 17444 "-" "Mozilla/5.0 (Linux; Android 6.0.1; Nexus 5X Build/MMB29P) AppleWebKit/537.36 (KHTML, like Gecko) Chrome/138.0.7204.183 Mobile Safari/537.36 (compatible; GoogleOther)"
66.249.69.200 - - [04/Aug/2025:15:48:19 +0300] "GET /shopdetail/8105328/ HTTP/1.1" 200 18707 "-" "Mozilla/5.0 (Linux; Android 6.0.1; Nexus 5X Build/MMB29P) AppleWebKit/537.36 (KHTML, like Gecko) Chrome/138.0.7204.183 Mobile Safari/537.36 (compatible; GoogleOther)"
66.249.69.200 - - [04/Aug/2025:15:48:21 +0300] "GET /shopdetail/18022439/ HTTP/1.1" 200 17979 "-" "Mozilla/5.0 (Linux; Android 6.0.1; Nexus 5X Build/MMB29P) AppleWebKit/537.36 (KHTML, like Gecko) Chrome/138.0.7204.183 Mobile Safari/537.36 (compatible; GoogleOther)"
66.249.69.193 - - [04/Aug/2025:15:48:23 +0300] "GET /shopdetail/4131884/ HTTP/1.1" 200 18860 "-" "Mozilla/5.0 (compatible; Googlebot/2.1; +http://www.google.com/bot.html)"
66.249.69.192 - - [04/Aug/2025:15:48:24 +0300] "POST /get-message-notify HTTP/1.1" 200 17492 "https://karismamodernkitchen.com/shopdetail/31141784/" "Mozilla/5.0 (Linux; Android 6.0.1; Nexus 5X Build/MMB29P) AppleWebKit/537.36 (KHTML, like Gecko) Chrome/137.0.7151.119 Mobile Safari/537.36 (compatible; Googlebot/2.1; +http://www.google.com/bot.html)"
66.249.69.194 - - [04/Aug/2025:15:48:24 +0300] "GET /shopdetail/30347184/ HTTP/1.1" 200 19333 "-" "Mozilla/5.0 (Linux; Android 6.0.1; Nexus 5X Build/MMB29P) AppleWebKit/537.36 (KHTML, like Gecko) Chrome/138.0.7204.183 Mobile Safari/537.36 (compatible; GoogleOther)"
66.249.69.192 - - [04/Aug/2025:15:48:19 +0300] "GET /shopdetail/4446184/ HTTP/1.1" 200 18105 "-" "Mozilla/5.0 (Linux; Android 6.0.1; Nexus 5X Build/MMB29P) AppleWebKit/537.36 (KHTML, like Gecko) Chrome/138.0.7204.183 Mobile Safari/537.36 (compatible; GoogleOther)"
66.249.69.192 - - [04/Aug/2025:15:48:19 +0300] "GET /shopdetail/11587995/ HTTP/1.1" 200 17827 "-" "Mozilla/5.0 (Linux; Android 6.0.1; Nexus 5X Build/MMB29P) AppleWebKit/537.36 (KHTML, like Gecko) Chrome/138.0.7204.183 Mobile Safari/537.36 (compatible; GoogleOther)"
216.244.91.82 - - [04/Aug/2025:15:48:12 +0300] "GET /shopdetail/4021251/ HTTP/1.1" 404 25616 "-" "-"
66.249.69.192 - - [04/Aug/2025:15:48:19 +0300] "GET /shopdetail/15779651/ HTTP/1.1" 200 18842 "-" "Mozilla/5.0 (Linux; Android 6.0.1; Nexus 5X Build/MMB29P) AppleWebKit/537.36 (KHTML, like Gecko) Chrome/138.0.7204.183 Mobile Safari/537.36 (compatible; GoogleOther)"
143.42.7.182 - - [04/Aug/2025:15:48:12 +0300] "GET /shop/ HTTP/2" 200 34456 "-" "Mozilla/5.0 (Macintosh; Intel Mac OS X 10_15_3) AppleWebKit/537.36 (KHTML, like Gecko) Chrome/80.0.3987.149 Safari/537.36"
124.243.191.222 - - [04/Aug/2025:15:48:14 +0300] "GET /product-brand/caterina/?orderby=price&product_brand=premier HTTP/2" 301 0 "https://karismamodernkitchen.com/product-brand/caterina/?orderby=price&product_brand=premier" "Mozilla/5.0 (Windows NT 10.0; Win64; x64) AppleWebKit/537.36 (KHTML, like Gecko) Chrome/101.0.4951.67 Safari/537.36"
143.42.7.182 - - [04/Aug/2025:15:48:22 +0300] "GET /product/stainless-steel-fridge-single-door HTTP/2" 301 0 "-" "Mozilla/5.0 (Macintosh; Intel Mac OS X 10_15_3) AppleWebKit/537.36 (KHTML, like Gecko) Chrome/80.0.3987.149 Safari/537.36"
66.249.69.199 - - [04/Aug/2025:15:48:24 +0300] "GET /shopdetail/17543262/ HTTP/1.1" 200 18940 "-" "Mozilla/5.0 (Linux; Android 6.0.1; Nexus 5X Build/MMB29P) AppleWebKit/537.36 (KHTML, like Gecko) Chrome/138.0.7204.183 Mobile Safari/537.36 (compatible; GoogleOther)"
66.249.69.200 - - [04/Aug/2025:15:48:25 +0300] "POST /get-message-notify HTTP/1.1" 200 17492 "https://karismamodernkitchen.com/shopdetail/14245317/" "Mozilla/5.0 (Linux; Android 6.0.1; Nexus 5X Build/MMB29P) AppleWebKit/537.36 (KHTML, like Gecko) Chrome/137.0.7151.119 Mobile Safari/537.36 (compatible; Googlebot/2.1; +http://www.google.com/bot.html)"
124.243.191.222 - - [04/Aug/2025:15:48:23 +0300] "GET /product-brand/premier/?orderby=price HTTP/2" 200 35282 "https://karismamodernkitchen.com/product-brand/premier/?orderby=price" "Mozilla/5.0 (Windows NT 10.0; Win64; x64) AppleWebKit/537.36 (KHTML, like Gecko) Chrome/101.0.4951.67 Safari/537.36"
143.42.7.182 - - [04/Aug/2025:15:48:23 +0300] "GET /product/stainless-steel-fridge-single-door/ HTTP/2" 200 32080 "-" "Mozilla/5.0 (Macintosh; Intel Mac OS X 10_15_3) AppleWebKit/537.36 (KHTML, like Gecko) Chrome/80.0.3987.149 Safari/537.36"
143.42.7.182 - - [04/Aug/2025:15:48:30 +0300] "GET /product/stainless-steel-fridge-double-door HTTP/2" 301 0 "-" "Mozilla/5.0 (Macintosh; Intel Mac OS X 10_15_3) AppleWebKit/537.36 (KHTML, like Gecko) Chrome/80.0.3987.149 Safari/537.36"
143.42.7.182 - - [04/Aug/2025:15:48:31 +0300] "GET /product/stainless-steel-fridge-double-door/ HTTP/2" 200 32083 "-" "Mozilla/5.0 (Macintosh; Intel Mac OS X 10_15_3) AppleWebKit/537.36 (KHTML, like Gecko) Chrome/80.0.3987.149 Safari/537.36"
66.249.69.200 - - [04/Aug/2025:15:48:42 +0300] "POST /get-message-notify HTTP/1.1" 200 17545 "https://karismamodernkitchen.com/shopdetail/21055628/" "Mozilla/5.0 (Linux; Android 6.0.1; Nexus 5X Build/MMB29P) AppleWebKit/537.36 (KHTML, like Gecko) Chrome/137.0.7151.119 Mobile Safari/537.36 (compatible; Googlebot/2.1; +http://www.google.com/bot.html)"
143.42.7.182 - - [04/Aug/2025:15:48:41 +0300] "GET /product/imported-meat-chiller-5ft HTTP/2" 301 0 "-" "Mozilla/5.0 (Macintosh; Intel Mac OS X 10_15_3) AppleWebKit/537.36 (KHTML, like Gecko) Chrome/80.0.3987.149 Safari/537.36"
66.249.69.194 - - [04/Aug/2025:15:48:45 +0300] "POST /get-message-notify HTTP/1.1" 200 17492 "https://karismamodernkitchen.com/shopdetail/5625795/" "Mozilla/5.0 (Linux; Android 6.0.1; Nexus 5X Build/MMB29P) AppleWebKit/537.36 (KHTML, like Gecko) Chrome/137.0.7151.119 Mobile Safari/537.36 (compatible; Googlebot/2.1; +http://www.google.com/bot.html)"
143.42.7.182 - - [04/Aug/2025:15:48:43 +0300] "GET /product/imported-meat-chiller-5ft/ HTTP/2" 200 31760 "-" "Mozilla/5.0 (Macintosh; Intel Mac OS X 10_15_3) AppleWebKit/537.36 (KHTML, like Gecko) Chrome/80.0.3987.149 Safari/537.36"
66.249.69.194 - - [04/Aug/2025:15:48:48 +0300] "POST /get-message-notify HTTP/1.1" 200 17545 "https://karismamodernkitchen.com/shopdetail/12030673/" "Mozilla/5.0 (Linux; Android 6.0.1; Nexus 5X Build/MMB29P) AppleWebKit/537.36 (KHTML, like Gecko) Chrome/137.0.7151.119 Mobile Safari/537.36 (compatible; Googlebot/2.1; +http://www.google.com/bot.html)"
66.249.69.199 - - [04/Aug/2025:15:48:48 +0300] "GET /shopdetail/15474051/ HTTP/1.1" 200 18992 "-" "Mozilla/5.0 (Linux; Android 6.0.1; Nexus 5X Build/MMB29P) AppleWebKit/537.36 (KHTML, like Gecko) Chrome/138.0.7204.183 Mobile Safari/537.36 (compatible; GoogleOther)"
66.249.69.198 - - [04/Aug/2025:15:48:50 +0300] "GET /shopdetail/1648684/ HTTP/1.1" 200 17435 "-" "Mozilla/5.0 (Linux; Android 6.0.1; Nexus 5X Build/MMB29P) AppleWebKit/537.36 (KHTML, like Gecko) Chrome/138.0.7204.183 Mobile Safari/537.36 (compatible; GoogleOther)"
66.249.69.199 - - [04/Aug/2025:15:48:50 +0300] "GET /shopdetail/3853439/ HTTP/1.1" 200 17130 "-" "Mozilla/5.0 (Linux; Android 6.0.1; Nexus 5X Build/MMB29P) AppleWebKit/537.36 (KHTML, like Gecko) Chrome/138.0.7204.183 Mobile Safari/537.36 (compatible; GoogleOther)"
143.42.7.182 - - [04/Aug/2025:15:48:48 +0300] "GET /product/bakery-cooling-rack HTTP/2" 301 0 "-" "Mozilla/5.0 (Macintosh; Intel Mac OS X 10_15_3) AppleWebKit/537.36 (KHTML, like Gecko) Chrome/80.0.3987.149 Safari/537.36"
143.42.7.182 - - [04/Aug/2025:15:48:50 +0300] "GET /product/bakery-cooling-rack/ HTTP/2" 200 31569 "-" "Mozilla/5.0 (Macintosh; Intel Mac OS X 10_15_3) AppleWebKit/537.36 (KHTML, like Gecko) Chrome/80.0.3987.149 Safari/537.36"
66.249.69.198 - - [04/Aug/2025:15:48:52 +0300] "GET /product-tag/meat-display-refrigerator/ HTTP/1.1" 200 18116 "-" "Mozilla/5.0 (Linux; Android 6.0.1; Nexus 5X Build/MMB29P) AppleWebKit/537.36 (KHTML, like Gecko) Chrome/138.0.7204.183 Mobile Safari/537.36 (compatible; Googlebot/2.1; +http://www.google.com/bot.html)"
66.249.69.199 - - [04/Aug/2025:15:48:53 +0300] "GET /shopdetail/16097851/ HTTP/1.1" 200 18120 "-" "Mozilla/5.0 (Linux; Android 6.0.1; Nexus 5X Build/MMB29P) AppleWebKit/537.36 (KHTML, like Gecko) Chrome/138.0.7204.183 Mobile Safari/537.36 (compatible; GoogleOther)"
66.249.69.199 - - [04/Aug/2025:15:48:54 +0300] "GET /shopdetail/12245628/ HTTP/1.1" 200 18477 "-" "Mozilla/5.0 (Linux; Android 6.0.1; Nexus 5X Build/MMB29P) AppleWebKit/537.36 (KHTML, like Gecko) Chrome/138.0.7204.183 Mobile Safari/537.36 (compatible; GoogleOther)"
143.42.7.182 - - [04/Aug/2025:15:48:52 +0300] "GET /product/electric-mini-convention-oven-5-trays HTTP/2" 301 0 "-" "Mozilla/5.0 (Macintosh; Intel Mac OS X 10_15_3) AppleWebKit/537.36 (KHTML, like Gecko) Chrome/80.0.3987.149 Safari/537.36"
66.249.69.195 - - [04/Aug/2025:15:48:56 +0300] "GET /shopdetail/29892862/ HTTP/1.1" 200 17905 "-" "Mozilla/5.0 (Linux; Android 6.0.1; Nexus 5X Build/MMB29P) AppleWebKit/537.36 (KHTML, like Gecko) Chrome/138.0.7204.183 Mobile Safari/537.36 (compatible; GoogleOther)"
66.249.69.192 - - [04/Aug/2025:15:48:57 +0300] "GET /shopdetail/26430306/ HTTP/1.1" 200 18037 "-" "Mozilla/5.0 (Linux; Android 6.0.1; Nexus 5X Build/MMB29P) AppleWebKit/537.36 (KHTML, like Gecko) Chrome/138.0.7204.183 Mobile Safari/537.36 (compatible; GoogleOther)"
66.249.69.193 - - [04/Aug/2025:15:48:24 +0300] "POST /get-message-notify HTTP/1.1" 200 17492 "https://karismamodernkitchen.com/shopdetail/2690273/" "Mozilla/5.0 (Linux; Android 6.0.1; Nexus 5X Build/MMB29P) AppleWebKit/537.36 (KHTML, like Gecko) Chrome/137.0.7151.119 Mobile Safari/537.36 (compatible; Googlebot/2.1; +http://www.google.com/bot.html)"
66.249.69.200 - - [04/Aug/2025:15:48:24 +0300] "GET /shopdetail/24136940/ HTTP/1.1" 200 18428 "-" "Mozilla/5.0 (Linux; Android 6.0.1; Nexus 5X Build/MMB29P) AppleWebKit/537.36 (KHTML, like Gecko) Chrome/138.0.7204.183 Mobile Safari/537.36 (compatible; GoogleOther)"
66.249.69.200 - - [04/Aug/2025:15:48:34 +0300] "GET /shopdetail/11028640/ HTTP/1.1" 200 18140 "-" "Mozilla/5.0 (Linux; Android 6.0.1; Nexus 5X Build/MMB29P) AppleWebKit/537.36 (KHTML, like Gecko) Chrome/138.0.7204.183 Mobile Safari/537.36 (compatible; GoogleOther)"
66.249.69.194 - - [04/Aug/2025:15:48:34 +0300] "GET /shopdetail/2858951/ HTTP/1.1" 200 17647 "-" "Mozilla/5.0 (Linux; Android 6.0.1; Nexus 5X Build/MMB29P) AppleWebKit/537.36 (KHTML, like Gecko) Chrome/138.0.7204.183 Mobile Safari/537.36 (compatible; GoogleOther)"
66.249.69.198 - - [04/Aug/2025:15:48:38 +0300] "POST /get-message-notify HTTP/1.1" 200 17492 "https://karismamodernkitchen.com/shopdetail/22107084/" "Mozilla/5.0 (Linux; Android 6.0.1; Nexus 5X Build/MMB29P) AppleWebKit/537.36 (KHTML, like Gecko) Chrome/137.0.7151.119 Mobile Safari/537.36 (compatible; Googlebot/2.1; +http://www.google.com/bot.html)"
54.36.149.56 - - [04/Aug/2025:15:48:46 +0300] "GET /product-tag/line-water-filling-station/ HTTP/2" 403 0 "-" "Mozilla/5.0 (compatible; AhrefsBot/7.0; +http://ahrefs.com/robot/)"
66.249.69.199 - - [04/Aug/2025:15:48:48 +0300] "GET /shopdetail/9104128/ HTTP/1.1" 200 18482 "-" "Mozilla/5.0 (Linux; Android 6.0.1; Nexus 5X Build/MMB29P) AppleWebKit/537.36 (KHTML, like Gecko) Chrome/138.0.7204.183 Mobile Safari/537.36 (compatible; GoogleOther)"
66.249.69.200 - - [04/Aug/2025:15:48:49 +0300] "GET /shopdetail/3151395/ HTTP/1.1" 200 18195 "-" "Mozilla/5.0 (Linux; Android 6.0.1; Nexus 5X Build/MMB29P) AppleWebKit/537.36 (KHTML, like Gecko) Chrome/138.0.7204.183 Mobile Safari/537.36 (compatible; GoogleOther)"
66.249.69.200 - - [04/Aug/2025:15:48:52 +0300] "GET /shopdetail/23660262/ HTTP/1.1" 200 17247 "-" "Mozilla/5.0 (Linux; Android 6.0.1; Nexus 5X Build/MMB29P) AppleWebKit/537.36 (KHTML, like Gecko) Chrome/138.0.7204.183 Mobile Safari/537.36 (compatible; GoogleOther)"
66.249.69.194 - - [04/Aug/2025:15:48:53 +0300] "GET /shopdetail/11055239/ HTTP/1.1" 200 17386 "-" "Mozilla/5.0 (Linux; Android 6.0.1; Nexus 5X Build/MMB29P) AppleWebKit/537.36 (KHTML, like Gecko) Chrome/138.0.7204.183 Mobile Safari/537.36 (compatible; GoogleOther)"
66.249.69.194 - - [04/Aug/2025:15:48:53 +0300] "GET /shopdetail/19257173/ HTTP/1.1" 200 18401 "-" "Mozilla/5.0 (Linux; Android 6.0.1; Nexus 5X Build/MMB29P) AppleWebKit/537.36 (KHTML, like Gecko) Chrome/138.0.7204.183 Mobile Safari/537.36 (compatible; GoogleOther)"
66.249.69.193 - - [04/Aug/2025:15:48:54 +0300] "GET /shopdetail/19417140/ HTTP/1.1" 200 18052 "-" "Mozilla/5.0 (Linux; Android 6.0.1; Nexus 5X Build/MMB29P) AppleWebKit/537.36 (KHTML, like Gecko) Chrome/138.0.7204.183 Mobile Safari/537.36 (compatible; GoogleOther)"
66.249.69.192 - - [04/Aug/2025:15:48:57 +0300] "POST /get-message-notify HTTP/1.1" 200 17492 "https://karismamodernkitchen.com/shopdetail/3878139/" "Mozilla/5.0 (Linux; Android 6.0.1; Nexus 5X Build/MMB29P) AppleWebKit/537.36 (KHTML, like Gecko) Chrome/137.0.7151.119 Mobile Safari/537.36 (compatible; Googlebot/2.1; +http://www.google.com/bot.html)"
66.249.69.193 - - [04/Aug/2025:15:48:57 +0300] "GET /shopdetail/8687440/ HTTP/1.1" 200 19132 "-" "Mozilla/5.0 (Linux; Android 6.0.1; Nexus 5X Build/MMB29P) AppleWebKit/537.36 (KHTML, like Gecko) Chrome/138.0.7204.183 Mobile Safari/537.36 (compatible; GoogleOther)"
66.249.69.198 - - [04/Aug/2025:15:48:57 +0300] "POST /get-message-notify HTTP/1.1" 200 17492 "https://karismamodernkitchen.com/shopdetail/16097851/" "Mozilla/5.0 (Linux; Android 6.0.1; Nexus 5X Build/MMB29P) AppleWebKit/537.36 (KHTML, like Gecko) Chrome/137.0.7151.119 Mobile Safari/537.36 (compatible; Googlebot/2.1; +http://www.google.com/bot.html)"
66.249.69.192 - - [04/Aug/2025:15:48:57 +0300] "GET /shopdetail/8754362/ HTTP/1.1" 200 18679 "-" "Mozilla/5.0 (Linux; Android 6.0.1; Nexus 5X Build/MMB29P) AppleWebKit/537.36 (KHTML, like Gecko) Chrome/138.0.7204.183 Mobile Safari/537.36 (compatible; GoogleOther)"
66.249.69.192 - - [04/Aug/2025:15:48:57 +0300] "POST /get-message-notify HTTP/1.1" 200 17492 "https://karismamodernkitchen.com/shopdetail/30868939/" "Mozilla/5.0 (Linux; Android 6.0.1; Nexus 5X Build/MMB29P) AppleWebKit/537.36 (KHTML, like Gecko) Chrome/137.0.7151.119 Mobile Safari/537.36 (compatible; Googlebot/2.1; +http://www.google.com/bot.html)"
66.249.69.195 - - [04/Aug/2025:15:48:59 +0300] "GET /shopdetail/7437006/ HTTP/1.1" 200 18351 "-" "Mozilla/5.0 (Linux; Android 6.0.1; Nexus 5X Build/MMB29P) AppleWebKit/537.36 (KHTML, like Gecko) Chrome/138.0.7204.183 Mobile Safari/537.36 (compatible; GoogleOther)"
66.249.69.196 - - [04/Aug/2025:15:48:59 +0300] "GET /shopdetail/9182940/ HTTP/1.1" 200 17272 "-" "Mozilla/5.0 (Linux; Android 6.0.1; Nexus 5X Build/MMB29P) AppleWebKit/537.36 (KHTML, like Gecko) Chrome/138.0.7204.183 Mobile Safari/537.36 (compatible; GoogleOther)"
66.249.69.198 - - [04/Aug/2025:15:48:59 +0300] "GET /shopdetail/20997340/ HTTP/1.1" 200 17700 "-" "Mozilla/5.0 (Linux; Android 6.0.1; Nexus 5X Build/MMB29P) AppleWebKit/537.36 (KHTML, like Gecko) Chrome/138.0.7204.183 Mobile Safari/537.36 (compatible; GoogleOther)"
66.249.69.196 - - [04/Aug/2025:15:49:00 +0300] "GET /shopdetail/12276839/ HTTP/1.1" 200 17833 "-" "Mozilla/5.0 (Linux; Android 6.0.1; Nexus 5X Build/MMB29P) AppleWebKit/537.36 (KHTML, like Gecko) Chrome/138.0.7204.183 Mobile Safari/537.36 (compatible; GoogleOther)"
66.249.69.196 - - [04/Aug/2025:15:49:00 +0300] "GET /shopdetail/18008195/ HTTP/1.1" 200 17806 "-" "Mozilla/5.0 (Linux; Android 6.0.1; Nexus 5X Build/MMB29P) AppleWebKit/537.36 (KHTML, like Gecko) Chrome/138.0.7204.183 Mobile Safari/537.36 (compatible; GoogleOther)"
66.249.69.198 - - [04/Aug/2025:15:49:02 +0300] "POST /get-message-notify HTTP/1.1" 200 17545 "https://karismamodernkitchen.com/shopdetail/13849039/" "Mozilla/5.0 (Linux; Android 6.0.1; Nexus 5X Build/MMB29P) AppleWebKit/537.36 (KHTML, like Gecko) Chrome/137.0.7151.119 Mobile Safari/537.36 (compatible; Googlebot/2.1; +http://www.google.com/bot.html)"
66.249.69.195 - - [04/Aug/2025:15:49:02 +0300] "GET /shopdetail/19074162/ HTTP/1.1" 200 17230 "-" "Mozilla/5.0 (Linux; Android 6.0.1; Nexus 5X Build/MMB29P) AppleWebKit/537.36 (KHTML, like Gecko) Chrome/138.0.7204.183 Mobile Safari/537.36 (compatible; GoogleOther)"
143.42.7.182 - - [04/Aug/2025:15:48:57 +0300] "GET /product/electric-mini-convention-oven-5-trays/ HTTP/2" 200 31861 "-" "Mozilla/5.0 (Macintosh; Intel Mac OS X 10_15_3) AppleWebKit/537.36 (KHTML, like Gecko) Chrome/80.0.3987.149 Safari/537.36"
66.249.69.194 - - [04/Aug/2025:15:49:04 +0300] "GET /shopdetail/20698062/ HTTP/1.1" 200 18124 "-" "Mozilla/5.0 (Linux; Android 6.0.1; Nexus 5X Build/MMB29P) AppleWebKit/537.36 (KHTML, like Gecko) Chrome/138.0.7204.183 Mobile Safari/537.36 (compatible; GoogleOther)"
57.141.6.14 - - [04/Aug/2025:15:48:58 +0300] "GET /shopdetail/11918973/ HTTP/2" 404 131462 "-" "meta-externalagent/1.1 (+https://developers.facebook.com/docs/sharing/webmasters/crawler)"
66.249.69.199 - - [04/Aug/2025:15:49:14 +0300] "POST /get-message-notify HTTP/1.1" 200 17492 "https://karismamodernkitchen.com/shopdetail/6735862/" "Mozilla/5.0 (Linux; Android 6.0.1; Nexus 5X Build/MMB29P) AppleWebKit/537.36 (KHTML, like Gecko) Chrome/137.0.7151.119 Mobile Safari/537.36 (compatible; Googlebot/2.1; +http://www.google.com/bot.html)"
66.249.69.199 - - [04/Aug/2025:15:48:58 +0300] "GET /shopdetail/5015440/ HTTP/1.1" 200 17410 "-" "Mozilla/5.0 (Linux; Android 6.0.1; Nexus 5X Build/MMB29P) AppleWebKit/537.36 (KHTML, like Gecko) Chrome/138.0.7204.183 Mobile Safari/537.36 (compatible; GoogleOther)"
66.249.69.200 - - [04/Aug/2025:15:48:58 +0300] "GET /shopdetail/17311184/ HTTP/1.1" 200 17982 "-" "Mozilla/5.0 (Linux; Android 6.0.1; Nexus 5X Build/MMB29P) AppleWebKit/537.36 (KHTML, like Gecko) Chrome/138.0.7204.183 Mobile Safari/537.36 (compatible; GoogleOther)"
66.249.69.200 - - [04/Aug/2025:15:49:00 +0300] "GET /shopdetail/16379873/ HTTP/1.1" 200 17481 "-" "Mozilla/5.0 (Linux; Android 6.0.1; Nexus 5X Build/MMB29P) AppleWebKit/537.36 (KHTML, like Gecko) Chrome/138.0.7204.183 Mobile Safari/537.36 (compatible; GoogleOther)"
66.249.69.199 - - [04/Aug/2025:15:49:00 +0300] "GET /shopdetail/21230406/ HTTP/1.1" 200 17307 "-" "Mozilla/5.0 (Linux; Android 6.0.1; Nexus 5X Build/MMB29P) AppleWebKit/537.36 (KHTML, like Gecko) Chrome/138.0.7204.183 Mobile Safari/537.36 (compatible; GoogleOther)"
66.249.69.198 - - [04/Aug/2025:15:49:02 +0300] "POST /get-message-notify HTTP/1.1" 200 17492 "https://karismamodernkitchen.com/shopdetail/4431984/" "Mozilla/5.0 (Linux; Android 6.0.1; Nexus 5X Build/MMB29P) AppleWebKit/537.36 (KHTML, like Gecko) Chrome/137.0.7151.119 Mobile Safari/537.36 (compatible; Googlebot/2.1; +http://www.google.com/bot.html)"
196.251.115.239 - - [04/Aug/2025:15:48:53 +0300] "POST /wp-login.php HTTP/1.1" 200 7248 "-" "Mozilla/5.0"
196.251.115.239 - - [04/Aug/2025:15:48:53 +0300] "POST /wp-login.php HTTP/1.1" 200 7252 "-" "Mozilla/5.0"
196.251.115.239 - - [04/Aug/2025:15:48:53 +0300] "POST /wp-login.php HTTP/1.1" 200 7248 "-" "Mozilla/5.0"
66.249.69.199 - - [04/Aug/2025:15:49:14 +0300] "GET /shopdetail/5103984/ HTTP/1.1" 200 17978 "-" "Mozilla/5.0 (Linux; Android 6.0.1; Nexus 5X Build/MMB29P) AppleWebKit/537.36 (KHTML, like Gecko) Chrome/138.0.7204.183 Mobile Safari/537.36 (compatible; GoogleOther)"
66.249.69.198 - - [04/Aug/2025:15:49:14 +0300] "GET /shopdetail/29136473/ HTTP/1.1" 200 17478 "-" "Mozilla/5.0 (Linux; Android 6.0.1; Nexus 5X Build/MMB29P) AppleWebKit/537.36 (KHTML, like Gecko) Chrome/138.0.7204.183 Mobile Safari/537.36 (compatible; GoogleOther)"
66.249.69.198 - - [04/Aug/2025:15:49:14 +0300] "GET /shopdetail/14189040/ HTTP/1.1" 200 17764 "-" "Mozilla/5.0 (Linux; Android 6.0.1; Nexus 5X Build/MMB29P) AppleWebKit/537.36 (KHTML, like Gecko) Chrome/138.0.7204.183 Mobile Safari/537.36 (compatible; GoogleOther)"
66.249.69.200 - - [04/Aug/2025:15:49:15 +0300] "GET /shopdetail/4917117/ HTTP/1.1" 200 17715 "-" "Mozilla/5.0 (Linux; Android 6.0.1; Nexus 5X Build/MMB29P) AppleWebKit/537.36 (KHTML, like Gecko) Chrome/138.0.7204.183 Mobile Safari/537.36 (compatible; GoogleOther)"
66.249.69.200 - - [04/Aug/2025:15:49:15 +0300] "GET /shopdetail/13850151/ HTTP/1.1" 200 17698 "-" "Mozilla/5.0 (Linux; Android 6.0.1; Nexus 5X Build/MMB29P) AppleWebKit/537.36 (KHTML, like Gecko) Chrome/138.0.7204.183 Mobile Safari/537.36 (compatible; GoogleOther)"
66.249.69.199 - - [04/Aug/2025:15:49:15 +0300] "GET /shopdetail/3895017/ HTTP/1.1" 200 18714 "-" "Mozilla/5.0 (Linux; Android 6.0.1; Nexus 5X Build/MMB29P) AppleWebKit/537.36 (KHTML, like Gecko) Chrome/138.0.7204.183 Mobile Safari/537.36 (compatible; GoogleOther)"
66.249.69.199 - - [04/Aug/2025:15:49:16 +0300] "GET /shopdetail/9825039/ HTTP/1.1" 200 17937 "-" "Mozilla/5.0 (Linux; Android 6.0.1; Nexus 5X Build/MMB29P) AppleWebKit/537.36 (KHTML, like Gecko) Chrome/138.0.7204.183 Mobile Safari/537.36 (compatible; GoogleOther)"
66.249.69.198 - - [04/Aug/2025:15:49:16 +0300] "GET /shopdetail/18089995/ HTTP/1.1" 200 18423 "-" "Mozilla/5.0 (Linux; Android 6.0.1; Nexus 5X Build/MMB29P) AppleWebKit/537.36 (KHTML, like Gecko) Chrome/138.0.7204.183 Mobile Safari/537.36 (compatible; GoogleOther)"
66.249.69.199 - - [04/Aug/2025:15:49:17 +0300] "GET /shopdetail/2037017/ HTTP/1.1" 200 18047 "-" "Mozilla/5.0 (Linux; Android 6.0.1; Nexus 5X Build/MMB29P) AppleWebKit/537.36 (KHTML, like Gecko) Chrome/138.0.7204.183 Mobile Safari/537.36 (compatible; GoogleOther)"
66.249.69.200 - - [04/Aug/2025:15:49:17 +0300] "GET /shopdetail/25740006/ HTTP/1.1" 200 17544 "-" "Mozilla/5.0 (Linux; Android 6.0.1; Nexus 5X Build/MMB29P) AppleWebKit/537.36 (KHTML, like Gecko) Chrome/138.0.7204.183 Mobile Safari/537.36 (compatible; GoogleOther)"
66.249.69.199 - - [04/Aug/2025:15:49:17 +0300] "GET /shopdetail/7240073/ HTTP/1.1" 200 17623 "-" "Mozilla/5.0 (Linux; Android 6.0.1; Nexus 5X Build/MMB29P) AppleWebKit/537.36 (KHTML, like Gecko) Chrome/138.0.7204.183 Mobile Safari/537.36 (compatible; GoogleOther)"
66.249.69.200 - - [04/Aug/2025:15:49:17 +0300] "GET /shopdetail/25372540/ HTTP/1.1" 200 18570 "-" "Mozilla/5.0 (Linux; Android 6.0.1; Nexus 5X Build/MMB29P) AppleWebKit/537.36 (KHTML, like Gecko) Chrome/138.0.7204.183 Mobile Safari/537.36 (compatible; GoogleOther)"
66.249.69.198 - - [04/Aug/2025:15:49:19 +0300] "GET /shopdetail/16747262/ HTTP/1.1" 200 17804 "-" "Mozilla/5.0 (Linux; Android 6.0.1; Nexus 5X Build/MMB29P) AppleWebKit/537.36 (KHTML, like Gecko) Chrome/138.0.7204.183 Mobile Safari/537.36 (compatible; GoogleOther)"
66.249.69.199 - - [04/Aug/2025:15:49:21 +0300] "GET /shopdetail/19594517/ HTTP/1.1" 200 18746 "-" "Mozilla/5.0 (Linux; Android 6.0.1; Nexus 5X Build/MMB29P) AppleWebKit/537.36 (KHTML, like Gecko) Chrome/138.0.7204.183 Mobile Safari/537.36 (compatible; GoogleOther)"
66.249.69.199 - - [04/Aug/2025:15:49:24 +0300] "GET /shopdetail/8075995/ HTTP/1.1" 200 18481 "-" "Mozilla/5.0 (Linux; Android 6.0.1; Nexus 5X Build/MMB29P) AppleWebKit/537.36 (KHTML, like Gecko) Chrome/138.0.7204.183 Mobile Safari/537.36 (compatible; GoogleOther)"
66.249.69.199 - - [04/Aug/2025:15:49:24 +0300] "GET /shopdetail/18908784/ HTTP/1.1" 200 17544 "-" "Mozilla/5.0 (Linux; Android 6.0.1; Nexus 5X Build/MMB29P) AppleWebKit/537.36 (KHTML, like Gecko) Chrome/138.0.7204.183 Mobile Safari/537.36 (compatible; GoogleOther)"
66.249.69.199 - - [04/Aug/2025:15:49:32 +0300] "GET /shopdetail/21481417/ HTTP/1.1" 200 18098 "-" "Mozilla/5.0 (Linux; Android 6.0.1; Nexus 5X Build/MMB29P) AppleWebKit/537.36 (KHTML, like Gecko) Chrome/138.0.7204.183 Mobile Safari/537.36 (compatible; GoogleOther)"
66.249.69.199 - - [04/Aug/2025:15:49:32 +0300] "GET /shopdetail/5064051/ HTTP/1.1" 200 18293 "-" "Mozilla/5.0 (Linux; Android 6.0.1; Nexus 5X Build/MMB29P) AppleWebKit/537.36 (KHTML, like Gecko) Chrome/138.0.7204.183 Mobile Safari/537.36 (compatible; GoogleOther)"
66.249.69.199 - - [04/Aug/2025:15:49:32 +0300] "GET /shopdetail/15828406/ HTTP/1.1" 200 18305 "-" "Mozilla/5.0 (Linux; Android 6.0.1; Nexus 5X Build/MMB29P) AppleWebKit/537.36 (KHTML, like Gecko) Chrome/138.0.7204.183 Mobile Safari/537.36 (compatible; GoogleOther)"
66.249.69.198 - - [04/Aug/2025:15:49:33 +0300] "GET /shopdetail/11812684/ HTTP/1.1" 200 17413 "-" "Mozilla/5.0 (Linux; Android 6.0.1; Nexus 5X Build/MMB29P) AppleWebKit/537.36 (KHTML, like Gecko) Chrome/138.0.7204.183 Mobile Safari/537.36 (compatible; GoogleOther)"
66.249.69.199 - - [04/Aug/2025:15:49:34 +0300] "GET /shopdetail/23903584/ HTTP/1.1" 200 17695 "-" "Mozilla/5.0 (Linux; Android 6.0.1; Nexus 5X Build/MMB29P) AppleWebKit/537.36 (KHTML, like Gecko) Chrome/138.0.7204.183 Mobile Safari/537.36 (compatible; GoogleOther)"
66.249.69.199 - - [04/Aug/2025:15:49:34 +0300] "GET /shopdetail/2879573/ HTTP/1.1" 200 18609 "-" "Mozilla/5.0 (Linux; Android 6.0.1; Nexus 5X Build/MMB29P) AppleWebKit/537.36 (KHTML, like Gecko) Chrome/138.0.7204.183 Mobile Safari/537.36 (compatible; GoogleOther)"
66.249.69.199 - - [04/Aug/2025:15:49:34 +0300] "GET /shopdetail/4034862/ HTTP/1.1" 200 17194 "-" "Mozilla/5.0 (Linux; Android 6.0.1; Nexus 5X Build/MMB29P) AppleWebKit/537.36 (KHTML, like Gecko) Chrome/138.0.7204.183 Mobile Safari/537.36 (compatible; GoogleOther)"
66.249.69.198 - - [04/Aug/2025:15:49:14 +0300] "GET /shopdetail/8467440/ HTTP/1.1" 200 17841 "-" "Mozilla/5.0 (Linux; Android 6.0.1; Nexus 5X Build/MMB29P) AppleWebKit/537.36 (KHTML, like Gecko) Chrome/138.0.7204.183 Mobile Safari/537.36 (compatible; Googlebot/2.1; +http://www.google.com/bot.html)"
66.249.69.200 - - [04/Aug/2025:15:49:14 +0300] "GET /shopdetail/10460673/ HTTP/1.1" 200 18395 "-" "Mozilla/5.0 (Linux; Android 6.0.1; Nexus 5X Build/MMB29P) AppleWebKit/537.36 (KHTML, like Gecko) Chrome/138.0.7204.183 Mobile Safari/537.36 (compatible; GoogleOther)"
66.249.69.198 - - [04/Aug/2025:15:49:22 +0300] "GET /shopdetail/2377751/ HTTP/1.1" 200 18262 "-" "Mozilla/5.0 (Linux; Android 6.0.1; Nexus 5X Build/MMB29P) AppleWebKit/537.36 (KHTML, like Gecko) Chrome/138.0.7204.183 Mobile Safari/537.36 (compatible; GoogleOther)"
66.249.69.198 - - [04/Aug/2025:15:49:23 +0300] "GET /shopdetail/10452962/ HTTP/1.1" 200 18226 "-" "Mozilla/5.0 (Linux; Android 6.0.1; Nexus 5X Build/MMB29P) AppleWebKit/537.36 (KHTML, like Gecko) Chrome/138.0.7204.183 Mobile Safari/537.36 (compatible; GoogleOther)"
66.249.69.198 - - [04/Aug/2025:15:49:24 +0300] "GET /shopdetail/4794295/ HTTP/1.1" 200 19161 "-" "Mozilla/5.0 (Linux; Android 6.0.1; Nexus 5X Build/MMB29P) AppleWebKit/537.36 (KHTML, like Gecko) Chrome/138.0.7204.183 Mobile Safari/537.36 (compatible; GoogleOther)"
66.249.69.198 - - [04/Aug/2025:15:49:25 +0300] "GET /shopdetail/5679617/ HTTP/1.1" 200 17487 "-" "Mozilla/5.0 (Linux; Android 6.0.1; Nexus 5X Build/MMB29P) AppleWebKit/537.36 (KHTML, like Gecko) Chrome/138.0.7204.183 Mobile Safari/537.36 (compatible; GoogleOther)"
66.249.69.198 - - [04/Aug/2025:15:49:25 +0300] "GET /shopdetail/15530117/ HTTP/1.1" 200 18404 "-" "Mozilla/5.0 (Linux; Android 6.0.1; Nexus 5X Build/MMB29P) AppleWebKit/537.36 (KHTML, like Gecko) Chrome/138.0.7204.183 Mobile Safari/537.36 (compatible; GoogleOther)"
66.249.69.198 - - [04/Aug/2025:15:49:25 +0300] "GET /shopdetail/13832906/ HTTP/1.1" 200 18045 "-" "Mozilla/5.0 (Linux; Android 6.0.1; Nexus 5X Build/MMB29P) AppleWebKit/537.36 (KHTML, like Gecko) Chrome/138.0.7204.183 Mobile Safari/537.36 (compatible; GoogleOther)"
66.249.69.198 - - [04/Aug/2025:15:49:26 +0300] "GET /shopdetail/21446417/ HTTP/1.1" 200 18508 "-" "Mozilla/5.0 (Linux; Android 6.0.1; Nexus 5X Build/MMB29P) AppleWebKit/537.36 (KHTML, like Gecko) Chrome/138.0.7204.183 Mobile Safari/537.36 (compatible; GoogleOther)"
66.249.69.198 - - [04/Aug/2025:15:49:26 +0300] "GET /shopdetail/10997017/ HTTP/1.1" 200 18028 "-" "Mozilla/5.0 (Linux; Android 6.0.1; Nexus 5X Build/MMB29P) AppleWebKit/537.36 (KHTML, like Gecko) Chrome/138.0.7204.183 Mobile Safari/537.36 (compatible; GoogleOther)"
66.249.69.198 - - [04/Aug/2025:15:49:27 +0300] "GET /shopdetail/7209939/ HTTP/1.1" 200 18758 "-" "Mozilla/5.0 (Linux; Android 6.0.1; Nexus 5X Build/MMB29P) AppleWebKit/537.36 (KHTML, like Gecko) Chrome/138.0.7204.183 Mobile Safari/537.36 (compatible; GoogleOther)"
66.249.69.200 - - [04/Aug/2025:15:49:32 +0300] "GET /shopdetail/19138684/ HTTP/1.1" 200 18118 "-" "Mozilla/5.0 (Linux; Android 6.0.1; Nexus 5X Build/MMB29P) AppleWebKit/537.36 (KHTML, like Gecko) Chrome/138.0.7204.183 Mobile Safari/537.36 (compatible; GoogleOther)"
66.249.69.200 - - [04/Aug/2025:15:49:33 +0300] "GET /shopdetail/14664306/ HTTP/1.1" 200 18139 "-" "Mozilla/5.0 (Linux; Android 6.0.1; Nexus 5X Build/MMB29P) AppleWebKit/537.36 (KHTML, like Gecko) Chrome/138.0.7204.183 Mobile Safari/537.36 (compatible; GoogleOther)"
66.249.69.200 - - [04/Aug/2025:15:49:34 +0300] "GET /shopdetail/9764817/ HTTP/1.1" 200 18739 "-" "Mozilla/5.0 (Linux; Android 6.0.1; Nexus 5X Build/MMB29P) AppleWebKit/537.36 (KHTML, like Gecko) Chrome/138.0.7204.183 Mobile Safari/537.36 (compatible; GoogleOther)"
66.249.69.200 - - [04/Aug/2025:15:49:35 +0300] "GET /shopdetail/11388628/ HTTP/1.1" 200 18300 "-" "Mozilla/5.0 (Linux; Android 6.0.1; Nexus 5X Build/MMB29P) AppleWebKit/537.36 (KHTML, like Gecko) Chrome/138.0.7204.183 Mobile Safari/537.36 (compatible; GoogleOther)"
66.249.69.198 - - [04/Aug/2025:15:49:35 +0300] "GET /shopdetail/6804662/ HTTP/1.1" 200 17601 "-" "Mozilla/5.0 (Linux; Android 6.0.1; Nexus 5X Build/MMB29P) AppleWebKit/537.36 (KHTML, like Gecko) Chrome/138.0.7204.183 Mobile Safari/537.36 (compatible; GoogleOther)"
66.249.69.199 - - [04/Aug/2025:15:49:35 +0300] "GET /shopdetail/6425784/ HTTP/1.1" 200 18781 "-" "Mozilla/5.0 (Linux; Android 6.0.1; Nexus 5X Build/MMB29P) AppleWebKit/537.36 (KHTML, like Gecko) Chrome/138.0.7204.183 Mobile Safari/537.36 (compatible; GoogleOther)"
66.249.69.199 - - [04/Aug/2025:15:49:36 +0300] "GET /shopdetail/12878784/ HTTP/1.1" 200 18241 "-" "Mozilla/5.0 (Linux; Android 6.0.1; Nexus 5X Build/MMB29P) AppleWebKit/537.36 (KHTML, like Gecko) Chrome/138.0.7204.183 Mobile Safari/537.36 (compatible; GoogleOther)"
66.249.69.199 - - [04/Aug/2025:15:49:37 +0300] "GET /shopdetail/24412306/ HTTP/1.1" 200 17579 "-" "Mozilla/5.0 (Linux; Android 6.0.1; Nexus 5X Build/MMB29P) AppleWebKit/537.36 (KHTML, like Gecko) Chrome/138.0.7204.183 Mobile Safari/537.36 (compatible; GoogleOther)"
66.249.69.192 - - [04/Aug/2025:15:49:37 +0300] "GET /shopdetail/24211973/ HTTP/1.1" 200 18249 "-" "Mozilla/5.0 (Linux; Android 6.0.1; Nexus 5X Build/MMB29P) AppleWebKit/537.36 (KHTML, like Gecko) Chrome/138.0.7204.183 Mobile Safari/537.36 (compatible; GoogleOther)"
66.249.69.198 - - [04/Aug/2025:15:49:37 +0300] "GET /shopdetail/28579340/ HTTP/1.1" 200 17855 "-" "Mozilla/5.0 (Linux; Android 6.0.1; Nexus 5X Build/MMB29P) AppleWebKit/537.36 (KHTML, like Gecko) Chrome/138.0.7204.183 Mobile Safari/537.36 (compatible; GoogleOther)"
66.249.69.199 - - [04/Aug/2025:15:49:38 +0300] "GET /shopdetail/7874251/ HTTP/1.1" 200 17875 "-" "Mozilla/5.0 (Linux; Android 6.0.1; Nexus 5X Build/MMB29P) AppleWebKit/537.36 (KHTML, like Gecko) Chrome/138.0.7204.183 Mobile Safari/537.36 (compatible; GoogleOther)"
66.249.69.192 - - [04/Aug/2025:15:49:38 +0300] "GET /shopdetail/5844340/ HTTP/1.1" 200 17838 "-" "Mozilla/5.0 (Linux; Android 6.0.1; Nexus 5X Build/MMB29P) AppleWebKit/537.36 (KHTML, like Gecko) Chrome/138.0.7204.183 Mobile Safari/537.36 (compatible; GoogleOther)"
66.249.69.192 - - [04/Aug/2025:15:49:38 +0300] "GET /shopdetail/28948040/ HTTP/1.1" 200 18531 "-" "Mozilla/5.0 (Linux; Android 6.0.1; Nexus 5X Build/MMB29P) AppleWebKit/537.36 (KHTML, like Gecko) Chrome/138.0.7204.183 Mobile Safari/537.36 (compatible; GoogleOther)"
66.249.69.192 - - [04/Aug/2025:15:49:38 +0300] "GET /shopdetail/9842640/ HTTP/1.1" 200 18736 "-" "Mozilla/5.0 (Linux; Android 6.0.1; Nexus 5X Build/MMB29P) AppleWebKit/537.36 (KHTML, like Gecko) Chrome/138.0.7204.183 Mobile Safari/537.36 (compatible; GoogleOther)"
