66.249.69.193 - - [04/Aug/2025:15:46:56 +0300] "GET /shopdetail/15996295/ HTTP/1.1" 200 17391 "-" "Mozilla/5.0 (Linux; Android 6.0.1; Nexus 5X Build/MMB29P) AppleWebKit/537.36 (KHTML, like Gecko) Chrome/138.0.7204.183 Mobile Safari/537.36 (compatible; GoogleOther)"
66.249.69.192 - - [04/Aug/2025:15:46:56 +0300] "GET /shopdetail/23765184/ HTTP/1.1" 200 18396 "-" "Mozilla/5.0 (Linux; Android 6.0.1; Nexus 5X Build/MMB29P) AppleWebKit/537.36 (KHTML, like Gecko) Chrome/138.0.7204.183 Mobile Safari/537.36 (compatible; GoogleOther)"
66.249.69.192 - - [04/Aug/2025:15:46:56 +0300] "GET /shopdetail/12958428/ HTTP/1.1" 200 17363 "-" "Mozilla/5.0 (Linux; Android 6.0.1; Nexus 5X Build/MMB29P) AppleWebKit/537.36 (KHTML, like Gecko) Chrome/138.0.7204.183 Mobile Safari/537.36 (compatible; GoogleOther)"
66.249.69.193 - - [04/Aug/2025:15:46:57 +0300] "GET /shopdetail/21801162/ HTTP/1.1" 200 18036 "-" "Mozilla/5.0 (Linux; Android 6.0.1; Nexus 5X Build/MMB29P) AppleWebKit/537.36 (KHTML, like Gecko) Chrome/138.0.7204.183 Mobile Safari/537.36 (compatible; GoogleOther)"
66.249.69.197 - - [04/Aug/2025:15:46:58 +0300] "GET /shopdetail/12802806/ HTTP/1.1" 200 17405 "-" "Mozilla/5.0 (Linux; Android 6.0.1; Nexus 5X Build/MMB29P) AppleWebKit/537.36 (KHTML, like Gecko) Chrome/138.0.7204.183 Mobile Safari/537.36 (compatible; GoogleOther)"
66.249.69.195 - - [04/Aug/2025:15:46:58 +0300] "GET /shopdetail/5865273/ HTTP/1.1" 200 18264 "-" "Mozilla/5.0 (Linux; Android 6.0.1; Nexus 5X Build/MMB29P) AppleWebKit/537.36 (KHTML, like Gecko) Chrome/138.0.7204.183 Mobile Safari/537.36 (compatible; GoogleOther)"
66.249.69.193 - - [04/Aug/2025:15:46:59 +0300] "GET /shopdetail/4943684/ HTTP/1.1" 200 18034 "-" "Mozilla/5.0 (Linux; Android 6.0.1; Nexus 5X Build/MMB29P) AppleWebKit/537.36 (KHTML, like Gecko) Chrome/138.0.7204.183 Mobile Safari/537.36 (compatible; GoogleOther)"
66.249.69.194 - - [04/Aug/2025:15:46:53 +0300] "POST /get-message-notify HTTP/1.1" 200 17492 "https://karismamodernkitchen.com/shopdetail/10351228/" "Mozilla/5.0 (Linux; Android 6.0.1; Nexus 5X Build/MMB29P) AppleWebKit/537.36 (KHTML, like Gecko) Chrome/137.0.7151.119 Mobile Safari/537.36 (compatible; Googlebot/2.1; +http://www.google.com/bot.html)"
66.249.69.194 - - [04/Aug/2025:15:46:53 +0300] "GET /shopdetail/30524184/ HTTP/1.1" 200 18544 "-" "Mozilla/5.0 (Linux; Android 6.0.1; Nexus 5X Build/MMB29P) AppleWebKit/537.36 (KHTML, like Gecko) Chrome/138.0.7204.183 Mobile Safari/537.36 (compatible; GoogleOther)"
66.249.69.199 - - [04/Aug/2025:15:46:54 +0300] "GET /shopdetail/3995962/ HTTP/1.1" 200 18592 "-" "Mozilla/5.0 (Linux; Android 6.0.1; Nexus 5X Build/MMB29P) AppleWebKit/537.36 (KHTML, like Gecko) Chrome/138.0.7204.183 Mobile Safari/537.36 (compatible; GoogleOther)"
143.42.7.182 - - [04/Aug/2025:15:46:53 +0300] "GET /product-category/bakery-equipment HTTP/2" 301 0 "-" "Mozilla/5.0 (Macintosh; Intel Mac OS X 10_15_3) AppleWebKit/537.36 (KHTML, like Gecko) Chrome/80.0.3987.149 Safari/537.36"
66.249.69.198 - - [04/Aug/2025:15:46:54 +0300] "GET /shopdetail/2472262/ HTTP/1.1" 200 18538 "-" "Mozilla/5.0 (Linux; Android 6.0.1; Nexus 5X Build/MMB29P) AppleWebKit/537.36 (KHTML, like Gecko) Chrome/138.0.7204.183 Mobile Safari/537.36 (compatible; GoogleOther)"
66.249.69.199 - - [04/Aug/2025:15:46:54 +0300] "GET /shopdetail/19772495/ HTTP/1.1" 200 18530 "-" "Mozilla/5.0 (Linux; Android 6.0.1; Nexus 5X Build/MMB29P) AppleWebKit/537.36 (KHTML, like Gecko) Chrome/138.0.7204.183 Mobile Safari/537.36 (compatible; GoogleOther)"
66.249.69.198 - - [04/Aug/2025:15:46:55 +0300] "GET /shopdetail/9304617/ HTTP/1.1" 200 18866 "-" "Mozilla/5.0 (Linux; Android 6.0.1; Nexus 5X Build/MMB29P) AppleWebKit/537.36 (KHTML, like Gecko) Chrome/138.0.7204.183 Mobile Safari/537.36 (compatible; GoogleOther)"
66.249.69.194 - - [04/Aug/2025:15:46:55 +0300] "GET /shopdetail/16329306/ HTTP/1.1" 200 17997 "-" "Mozilla/5.0 (Linux; Android 6.0.1; Nexus 5X Build/MMB29P) AppleWebKit/537.36 (KHTML, like Gecko) Chrome/138.0.7204.183 Mobile Safari/537.36 (compatible; GoogleOther)"
143.42.7.182 - - [04/Aug/2025:15:46:54 +0300] "GET /product-category/bakery-equipment/ HTTP/2" 200 34095 "-" "Mozilla/5.0 (Macintosh; Intel Mac OS X 10_15_3) AppleWebKit/537.36 (KHTML, like Gecko) Chrome/80.0.3987.149 Safari/537.36"
66.249.69.198 - - [04/Aug/2025:15:46:57 +0300] "GET /shopdetail/22699084/ HTTP/1.1" 200 17229 "-" "Mozilla/5.0 (Linux; Android 6.0.1; Nexus 5X Build/MMB29P) AppleWebKit/537.36 (KHTML, like Gecko) Chrome/138.0.7204.183 Mobile Safari/537.36 (compatible; GoogleOther)"
66.249.69.200 - - [04/Aug/2025:15:46:58 +0300] "POST /get-message-notify HTTP/1.1" 200 17492 "https://karismamodernkitchen.com/shopdetail/4175284/" "Mozilla/5.0 (Linux; Android 6.0.1; Nexus 5X Build/MMB29P) AppleWebKit/537.36 (KHTML, like Gecko) Chrome/137.0.7151.119 Mobile Safari/537.36 (compatible; Googlebot/2.1; +http://www.google.com/bot.html)"
66.249.69.200 - - [04/Aug/2025:15:46:59 +0300] "GET /shopdetail/7922751/ HTTP/1.1" 200 18105 "-" "Mozilla/5.0 (Linux; Android 6.0.1; Nexus 5X Build/MMB29P) AppleWebKit/537.36 (KHTML, like Gecko) Chrome/138.0.7204.183 Mobile Safari/537.36 (compatible; GoogleOther)"
143.42.7.182 - - [04/Aug/2025:15:46:57 +0300] "GET /product-category/hospital-equipment HTTP/2" 301 0 "-" "Mozilla/5.0 (Macintosh; Intel Mac OS X 10_15_3) AppleWebKit/537.36 (KHTML, like Gecko) Chrome/80.0.3987.149 Safari/537.36"
66.249.69.200 - - [04/Aug/2025:15:46:59 +0300] "GET /shopdetail/5801317/ HTTP/1.1" 200 17682 "-" "Mozilla/5.0 (Linux; Android 6.0.1; Nexus 5X Build/MMB29P) AppleWebKit/537.36 (KHTML, like Gecko) Chrome/138.0.7204.183 Mobile Safari/537.36 (compatible; GoogleOther)"
66.249.69.200 - - [04/Aug/2025:15:46:59 +0300] "GET /shopdetail/4242117/ HTTP/1.1" 200 17745 "-" "Mozilla/5.0 (Linux; Android 6.0.1; Nexus 5X Build/MMB29P) AppleWebKit/537.36 (KHTML, like Gecko) Chrome/138.0.7204.183 Mobile Safari/537.36 (compatible; GoogleOther)"
66.249.69.199 - - [04/Aug/2025:15:46:59 +0300] "GET /shopdetail/26650251/ HTTP/1.1" 200 18748 "-" "Mozilla/5.0 (Linux; Android 6.0.1; Nexus 5X Build/MMB29P) AppleWebKit/537.36 (KHTML, like Gecko) Chrome/138.0.7204.183 Mobile Safari/537.36 (compatible; GoogleOther)"
66.249.69.193 - - [04/Aug/2025:15:47:00 +0300] "GET /shopdetail/29274195/ HTTP/1.1" 200 17825 "-" "Mozilla/5.0 (Linux; Android 6.0.1; Nexus 5X Build/MMB29P) AppleWebKit/537.36 (KHTML, like Gecko) Chrome/138.0.7204.183 Mobile Safari/537.36 (compatible; GoogleOther)"
66.249.69.192 - - [04/Aug/2025:15:47:00 +0300] "GET /shopdetail/7823328/ HTTP/1.1" 200 18027 "-" "Mozilla/5.0 (Linux; Android 6.0.1; Nexus 5X Build/MMB29P) AppleWebKit/537.36 (KHTML, like Gecko) Chrome/138.0.7204.183 Mobile Safari/537.36 (compatible; GoogleOther)"
66.249.69.197 - - [04/Aug/2025:15:47:00 +0300] "GET /shopdetail/5609806/ HTTP/1.1" 200 18304 "-" "Mozilla/5.0 (Linux; Android 6.0.1; Nexus 5X Build/MMB29P) AppleWebKit/537.36 (KHTML, like Gecko) Chrome/138.0.7204.183 Mobile Safari/537.36 (compatible; GoogleOther)"
66.249.69.195 - - [04/Aug/2025:15:47:00 +0300] "GET /shopdetail/25318317/ HTTP/1.1" 200 17759 "-" "Mozilla/5.0 (Linux; Android 6.0.1; Nexus 5X Build/MMB29P) AppleWebKit/537.36 (KHTML, like Gecko) Chrome/138.0.7204.183 Mobile Safari/537.36 (compatible; GoogleOther)"
66.249.69.197 - - [04/Aug/2025:15:47:00 +0300] "GET /shopdetail/7151573/ HTTP/1.1" 200 17709 "-" "Mozilla/5.0 (Linux; Android 6.0.1; Nexus 5X Build/MMB29P) AppleWebKit/537.36 (KHTML, like Gecko) Chrome/138.0.7204.183 Mobile Safari/537.36 (compatible; GoogleOther)"
66.249.69.197 - - [04/Aug/2025:15:47:01 +0300] "GET /shopdetail/5817162/ HTTP/1.1" 200 19443 "-" "Mozilla/5.0 (Linux; Android 6.0.1; Nexus 5X Build/MMB29P) AppleWebKit/537.36 (KHTML, like Gecko) Chrome/138.0.7204.183 Mobile Safari/537.36 (compatible; GoogleOther)"
66.249.69.199 - - [04/Aug/2025:15:47:01 +0300] "GET /shopdetail/12692906/ HTTP/1.1" 200 17492 "-" "Mozilla/5.0 (Linux; Android 6.0.1; Nexus 5X Build/MMB29P) AppleWebKit/537.36 (KHTML, like Gecko) Chrome/138.0.7204.183 Mobile Safari/537.36 (compatible; GoogleOther)"
66.249.69.196 - - [04/Aug/2025:15:47:01 +0300] "GET /shopdetail/27320562/ HTTP/1.1" 200 18737 "-" "Mozilla/5.0 (Linux; Android 6.0.1; Nexus 5X Build/MMB29P) AppleWebKit/537.36 (KHTML, like Gecko) Chrome/138.0.7204.183 Mobile Safari/537.36 (compatible; GoogleOther)"
66.249.69.199 - - [04/Aug/2025:15:47:02 +0300] "GET /shopdetail/7114084/ HTTP/1.1" 200 17810 "-" "Mozilla/5.0 (Linux; Android 6.0.1; Nexus 5X Build/MMB29P) AppleWebKit/537.36 (KHTML, like Gecko) Chrome/138.0.7204.183 Mobile Safari/537.36 (compatible; GoogleOther)"
66.249.69.199 - - [04/Aug/2025:15:47:02 +0300] "GET /shopdetail/20712017/ HTTP/1.1" 200 18473 "-" "Mozilla/5.0 (Linux; Android 6.0.1; Nexus 5X Build/MMB29P) AppleWebKit/537.36 (KHTML, like Gecko) Chrome/138.0.7204.183 Mobile Safari/537.36 (compatible; GoogleOther)"
66.249.69.193 - - [04/Aug/2025:15:47:02 +0300] "GET /shopdetail/23330640/ HTTP/1.1" 200 18397 "-" "Mozilla/5.0 (Linux; Android 6.0.1; Nexus 5X Build/MMB29P) AppleWebKit/537.36 (KHTML, like Gecko) Chrome/138.0.7204.183 Mobile Safari/537.36 (compatible; GoogleOther)"
66.249.69.195 - - [04/Aug/2025:15:47:02 +0300] "GET /shopdetail/14328117/ HTTP/1.1" 200 17878 "-" "Mozilla/5.0 (Linux; Android 6.0.1; Nexus 5X Build/MMB29P) AppleWebKit/537.36 (KHTML, like Gecko) Chrome/138.0.7204.183 Mobile Safari/537.36 (compatible; GoogleOther)"
66.249.69.193 - - [04/Aug/2025:15:47:03 +0300] "GET /shopdetail/17404684/ HTTP/1.1" 200 17972 "-" "Mozilla/5.0 (Linux; Android 6.0.1; Nexus 5X Build/MMB29P) AppleWebKit/537.36 (KHTML, like Gecko) Chrome/138.0.7204.183 Mobile Safari/537.36 (compatible; GoogleOther)"
66.249.69.197 - - [04/Aug/2025:15:47:03 +0300] "GET /shopdetail/16175017/ HTTP/1.1" 200 18736 "-" "Mozilla/5.0 (Linux; Android 6.0.1; Nexus 5X Build/MMB29P) AppleWebKit/537.36 (KHTML, like Gecko) Chrome/138.0.7204.183 Mobile Safari/537.36 (compatible; GoogleOther)"
66.249.69.196 - - [04/Aug/2025:15:47:03 +0300] "GET /shopdetail/18125084/ HTTP/1.1" 200 18381 "-" "Mozilla/5.0 (Linux; Android 6.0.1; Nexus 5X Build/MMB29P) AppleWebKit/537.36 (KHTML, like Gecko) Chrome/138.0.7204.183 Mobile Safari/537.36 (compatible; GoogleOther)"
66.249.69.199 - - [04/Aug/2025:15:47:03 +0300] "GET /shopdetail/3254240/ HTTP/1.1" 200 18173 "-" "Mozilla/5.0 (Linux; Android 6.0.1; Nexus 5X Build/MMB29P) AppleWebKit/537.36 (KHTML, like Gecko) Chrome/138.0.7204.183 Mobile Safari/537.36 (compatible; GoogleOther)"
66.249.69.199 - - [04/Aug/2025:15:47:03 +0300] "GET /shopdetail/1942295/ HTTP/1.1" 200 18292 "-" "Mozilla/5.0 (Linux; Android 6.0.1; Nexus 5X Build/MMB29P) AppleWebKit/537.36 (KHTML, like Gecko) Chrome/138.0.7204.183 Mobile Safari/537.36 (compatible; GoogleOther)"
66.249.69.193 - - [04/Aug/2025:15:47:04 +0300] "GET /shopdetail/9692273/ HTTP/1.1" 200 19017 "-" "Mozilla/5.0 (Linux; Android 6.0.1; Nexus 5X Build/MMB29P) AppleWebKit/537.36 (KHTML, like Gecko) Chrome/138.0.7204.183 Mobile Safari/537.36 (compatible; GoogleOther)"
66.249.69.200 - - [04/Aug/2025:15:47:04 +0300] "GET /shopdetail/11287206/ HTTP/1.1" 200 17839 "-" "Mozilla/5.0 (Linux; Android 6.0.1; Nexus 5X Build/MMB29P) AppleWebKit/537.36 (KHTML, like Gecko) Chrome/138.0.7204.183 Mobile Safari/537.36 (compatible; GoogleOther)"
66.249.69.196 - - [04/Aug/2025:15:47:04 +0300] "GET /shopdetail/30308140/ HTTP/1.1" 200 18911 "-" "Mozilla/5.0 (Linux; Android 6.0.1; Nexus 5X Build/MMB29P) AppleWebKit/537.36 (KHTML, like Gecko) Chrome/138.0.7204.183 Mobile Safari/537.36 (compatible; GoogleOther)"
66.249.69.199 - - [04/Aug/2025:15:47:04 +0300] "GET /shopdetail/16167639/ HTTP/1.1" 200 18037 "-" "Mozilla/5.0 (Linux; Android 6.0.1; Nexus 5X Build/MMB29P) AppleWebKit/537.36 (KHTML, like Gecko) Chrome/138.0.7204.183 Mobile Safari/537.36 (compatible; GoogleOther)"
66.249.69.196 - - [04/Aug/2025:15:47:05 +0300] "GET /shopdetail/2679562/ HTTP/1.1" 200 18026 "-" "Mozilla/5.0 (Linux; Android 6.0.1; Nexus 5X Build/MMB29P) AppleWebKit/537.36 (KHTML, like Gecko) Chrome/138.0.7204.183 Mobile Safari/537.36 (compatible; GoogleOther)"
66.249.69.200 - - [04/Aug/2025:15:47:05 +0300] "GET /shopdetail/3543273/ HTTP/1.1" 200 17827 "-" "Mozilla/5.0 (Linux; Android 6.0.1; Nexus 5X Build/MMB29P) AppleWebKit/537.36 (KHTML, like Gecko) Chrome/138.0.7204.183 Mobile Safari/537.36 (compatible; GoogleOther)"
66.249.69.193 - - [04/Aug/2025:15:47:05 +0300] "GET /shopdetail/4189017/ HTTP/1.1" 200 18782 "-" "Mozilla/5.0 (Linux; Android 6.0.1; Nexus 5X Build/MMB29P) AppleWebKit/537.36 (KHTML, like Gecko) Chrome/138.0.7204.183 Mobile Safari/537.36 (compatible; GoogleOther)"
66.249.69.195 - - [04/Aug/2025:15:47:05 +0300] "GET /shopdetail/16701428/ HTTP/1.1" 200 18663 "-" "Mozilla/5.0 (Linux; Android 6.0.1; Nexus 5X Build/MMB29P) AppleWebKit/537.36 (KHTML, like Gecko) Chrome/138.0.7204.183 Mobile Safari/537.36 (compatible; GoogleOther)"
66.249.69.195 - - [04/Aug/2025:15:47:06 +0300] "GET /shopdetail/18337117/ HTTP/1.1" 200 17855 "-" "Mozilla/5.0 (Linux; Android 6.0.1; Nexus 5X Build/MMB29P) AppleWebKit/537.36 (KHTML, like Gecko) Chrome/138.0.7204.183 Mobile Safari/537.36 (compatible; GoogleOther)"
66.249.69.192 - - [04/Aug/2025:15:47:06 +0300] "GET /shopdetail/13296595/ HTTP/1.1" 200 18550 "-" "Mozilla/5.0 (Linux; Android 6.0.1; Nexus 5X Build/MMB29P) AppleWebKit/537.36 (KHTML, like Gecko) Chrome/138.0.7204.183 Mobile Safari/537.36 (compatible; GoogleOther)"
66.249.69.196 - - [04/Aug/2025:15:47:06 +0300] "GET /shopdetail/1883339/ HTTP/1.1" 200 17075 "-" "Mozilla/5.0 (Linux; Android 6.0.1; Nexus 5X Build/MMB29P) AppleWebKit/537.36 (KHTML, like Gecko) Chrome/138.0.7204.183 Mobile Safari/537.36 (compatible; GoogleOther)"
66.249.69.195 - - [04/Aug/2025:15:47:06 +0300] "GET /shopdetail/21663651/ HTTP/1.1" 200 18659 "-" "Mozilla/5.0 (Linux; Android 6.0.1; Nexus 5X Build/MMB29P) AppleWebKit/537.36 (KHTML, like Gecko) Chrome/138.0.7204.183 Mobile Safari/537.36 (compatible; GoogleOther)"
66.249.69.198 - - [04/Aug/2025:15:47:00 +0300] "GET /shopdetail/1504728/ HTTP/1.1" 200 18046 "-" "Mozilla/5.0 (Linux; Android 6.0.1; Nexus 5X Build/MMB29P) AppleWebKit/537.36 (KHTML, like Gecko) Chrome/138.0.7204.183 Mobile Safari/537.36 (compatible; GoogleOther)"
143.42.7.182 - - [04/Aug/2025:15:46:59 +0300] "GET /product-category/hospital-equipment/ HTTP/2" 200 31935 "-" "Mozilla/5.0 (Macintosh; Intel Mac OS X 10_15_3) AppleWebKit/537.36 (KHTML, like Gecko) Chrome/80.0.3987.149 Safari/537.36"
66.249.69.194 - - [04/Aug/2025:15:47:01 +0300] "GET /shopdetail/29209317/ HTTP/1.1" 200 19664 "-" "Mozilla/5.0 (Linux; Android 6.0.1; Nexus 5X Build/MMB29P) AppleWebKit/537.36 (KHTML, like Gecko) Chrome/138.0.7204.183 Mobile Safari/537.36 (compatible; GoogleOther)"
66.249.69.194 - - [04/Aug/2025:15:47:01 +0300] "GET /shopdetail/23024184/ HTTP/1.1" 200 18086 "-" "Mozilla/5.0 (Linux; Android 6.0.1; Nexus 5X Build/MMB29P) AppleWebKit/537.36 (KHTML, like Gecko) Chrome/138.0.7204.183 Mobile Safari/537.36 (compatible; GoogleOther)"
66.249.69.198 - - [04/Aug/2025:15:47:02 +0300] "GET /shopdetail/8094673/ HTTP/1.1" 200 18999 "-" "Mozilla/5.0 (Linux; Android 6.0.1; Nexus 5X Build/MMB29P) AppleWebKit/537.36 (KHTML, like Gecko) Chrome/138.0.7204.183 Mobile Safari/537.36 (compatible; GoogleOther)"
143.42.7.182 - - [04/Aug/2025:15:47:01 +0300] "GET /product-category/school-equipment HTTP/2" 301 0 "-" "Mozilla/5.0 (Macintosh; Intel Mac OS X 10_15_3) AppleWebKit/537.36 (KHTML, like Gecko) Chrome/80.0.3987.149 Safari/537.36"
66.249.69.194 - - [04/Aug/2025:15:47:04 +0300] "GET /shopdetail/1553084/ HTTP/1.1" 200 18621 "-" "Mozilla/5.0 (Linux; Android 6.0.1; Nexus 5X Build/MMB29P) AppleWebKit/537.36 (KHTML, like Gecko) Chrome/138.0.7204.183 Mobile Safari/537.36 (compatible; GoogleOther)"
66.249.69.194 - - [04/Aug/2025:15:47:05 +0300] "GET /shopdetail/13508284/ HTTP/1.1" 200 18221 "-" "Mozilla/5.0 (Linux; Android 6.0.1; Nexus 5X Build/MMB29P) AppleWebKit/537.36 (KHTML, like Gecko) Chrome/138.0.7204.183 Mobile Safari/537.36 (compatible; GoogleOther)"
143.42.7.182 - - [04/Aug/2025:15:47:03 +0300] "GET /product-category/school-equipment/ HTTP/2" 200 30543 "-" "Mozilla/5.0 (Macintosh; Intel Mac OS X 10_15_3) AppleWebKit/537.36 (KHTML, like Gecko) Chrome/80.0.3987.149 Safari/537.36"
66.249.69.198 - - [04/Aug/2025:15:47:06 +0300] "GET /shopdetail/13924573/ HTTP/1.1" 200 18722 "-" "Mozilla/5.0 (Linux; Android 6.0.1; Nexus 5X Build/MMB29P) AppleWebKit/537.36 (KHTML, like Gecko) Chrome/138.0.7204.183 Mobile Safari/537.36 (compatible; GoogleOther)"
66.249.69.198 - - [04/Aug/2025:15:47:07 +0300] "GET /shopdetail/8976284/ HTTP/1.1" 200 18336 "-" "Mozilla/5.0 (Linux; Android 6.0.1; Nexus 5X Build/MMB29P) AppleWebKit/537.36 (KHTML, like Gecko) Chrome/138.0.7204.183 Mobile Safari/537.36 (compatible; GoogleOther)"
57.141.6.28 - - [04/Aug/2025:15:47:04 +0300] "GET /shopdetail/5914695/ HTTP/2" 404 131458 "-" "meta-externalagent/1.1 (+https://developers.facebook.com/docs/sharing/webmasters/crawler)"
143.42.7.182 - - [04/Aug/2025:15:47:06 +0300] "GET /product-category/fabrications HTTP/2" 301 0 "-" "Mozilla/5.0 (Macintosh; Intel Mac OS X 10_15_3) AppleWebKit/537.36 (KHTML, like Gecko) Chrome/80.0.3987.149 Safari/537.36"
66.249.69.198 - - [04/Aug/2025:15:47:08 +0300] "GET /shopdetail/25235573/ HTTP/1.1" 200 18289 "-" "Mozilla/5.0 (Linux; Android 6.0.1; Nexus 5X Build/MMB29P) AppleWebKit/537.36 (KHTML, like Gecko) Chrome/138.0.7204.183 Mobile Safari/537.36 (compatible; GoogleOther)"
66.249.69.194 - - [04/Aug/2025:15:47:09 +0300] "GET /shopdetail/6663384/ HTTP/1.1" 200 18432 "-" "Mozilla/5.0 (Linux; Android 6.0.1; Nexus 5X Build/MMB29P) AppleWebKit/537.36 (KHTML, like Gecko) Chrome/138.0.7204.183 Mobile Safari/537.36 (compatible; GoogleOther)"
66.249.69.199 - - [04/Aug/2025:15:47:09 +0300] "GET /shopdetail/14033839/ HTTP/1.1" 200 17319 "-" "Mozilla/5.0 (Linux; Android 6.0.1; Nexus 5X Build/MMB29P) AppleWebKit/537.36 (KHTML, like Gecko) Chrome/138.0.7204.183 Mobile Safari/537.36 (compatible; GoogleOther)"
66.249.69.193 - - [04/Aug/2025:15:47:07 +0300] "GET /shopdetail/11674439/ HTTP/1.1" 200 18168 "-" "Mozilla/5.0 (Linux; Android 6.0.1; Nexus 5X Build/MMB29P) AppleWebKit/537.36 (KHTML, like Gecko) Chrome/138.0.7204.183 Mobile Safari/537.36 (compatible; GoogleOther)"
66.249.69.192 - - [04/Aug/2025:15:47:07 +0300] "GET /shopdetail/13021295/ HTTP/1.1" 200 18432 "-" "Mozilla/5.0 (Linux; Android 6.0.1; Nexus 5X Build/MMB29P) AppleWebKit/537.36 (KHTML, like Gecko) Chrome/138.0.7204.183 Mobile Safari/537.36 (compatible; GoogleOther)"
66.249.69.200 - - [04/Aug/2025:15:47:07 +0300] "GET /shopdetail/27773584/ HTTP/1.1" 200 17671 "-" "Mozilla/5.0 (Linux; Android 6.0.1; Nexus 5X Build/MMB29P) AppleWebKit/537.36 (KHTML, like Gecko) Chrome/138.0.7204.183 Mobile Safari/537.36 (compatible; GoogleOther)"
66.249.69.195 - - [04/Aug/2025:15:47:07 +0300] "GET /shopdetail/14468628/ HTTP/1.1" 200 18748 "-" "Mozilla/5.0 (Linux; Android 6.0.1; Nexus 5X Build/MMB29P) AppleWebKit/537.36 (KHTML, like Gecko) Chrome/138.0.7204.183 Mobile Safari/537.36 (compatible; GoogleOther)"
66.249.69.195 - - [04/Aug/2025:15:47:08 +0300] "GET /shopdetail/15151462/ HTTP/1.1" 200 18168 "-" "Mozilla/5.0 (Linux; Android 6.0.1; Nexus 5X Build/MMB29P) AppleWebKit/537.36 (KHTML, like Gecko) Chrome/138.0.7204.183 Mobile Safari/537.36 (compatible; GoogleOther)"
66.249.69.195 - - [04/Aug/2025:15:47:08 +0300] "GET /shopdetail/16268840/ HTTP/1.1" 200 18197 "-" "Mozilla/5.0 (Linux; Android 6.0.1; Nexus 5X Build/MMB29P) AppleWebKit/537.36 (KHTML, like Gecko) Chrome/138.0.7204.183 Mobile Safari/537.36 (compatible; GoogleOther)"
66.249.69.192 - - [04/Aug/2025:15:47:08 +0300] "GET /shopdetail/20585595/ HTTP/1.1" 200 18467 "-" "Mozilla/5.0 (Linux; Android 6.0.1; Nexus 5X Build/MMB29P) AppleWebKit/537.36 (KHTML, like Gecko) Chrome/138.0.7204.183 Mobile Safari/537.36 (compatible; GoogleOther)"
66.249.69.195 - - [04/Aug/2025:15:47:08 +0300] "GET /shopdetail/13264239/ HTTP/1.1" 200 18328 "-" "Mozilla/5.0 (Linux; Android 6.0.1; Nexus 5X Build/MMB29P) AppleWebKit/537.36 (KHTML, like Gecko) Chrome/138.0.7204.183 Mobile Safari/537.36 (compatible; GoogleOther)"
66.249.69.200 - - [04/Aug/2025:15:47:09 +0300] "GET /shopdetail/9198006/ HTTP/1.1" 200 18437 "-" "Mozilla/5.0 (Linux; Android 6.0.1; Nexus 5X Build/MMB29P) AppleWebKit/537.36 (KHTML, like Gecko) Chrome/138.0.7204.183 Mobile Safari/537.36 (compatible; GoogleOther)"
66.249.69.193 - - [04/Aug/2025:15:47:09 +0300] "GET /shopdetail/22193495/ HTTP/1.1" 200 18200 "-" "Mozilla/5.0 (Linux; Android 6.0.1; Nexus 5X Build/MMB29P) AppleWebKit/537.36 (KHTML, like Gecko) Chrome/138.0.7204.183 Mobile Safari/537.36 (compatible; GoogleOther)"
66.249.69.192 - - [04/Aug/2025:15:47:10 +0300] "GET /shopdetail/22069839/ HTTP/1.1" 200 18145 "-" "Mozilla/5.0 (Linux; Android 6.0.1; Nexus 5X Build/MMB29P) AppleWebKit/537.36 (KHTML, like Gecko) Chrome/138.0.7204.183 Mobile Safari/537.36 (compatible; GoogleOther)"
66.249.69.200 - - [04/Aug/2025:15:47:10 +0300] "GET /shopdetail/2414173/ HTTP/1.1" 200 17850 "-" "Mozilla/5.0 (Linux; Android 6.0.1; Nexus 5X Build/MMB29P) AppleWebKit/537.36 (KHTML, like Gecko) Chrome/138.0.7204.183 Mobile Safari/537.36 (compatible; GoogleOther)"
66.249.69.195 - - [04/Aug/2025:15:47:10 +0300] "GET /shopdetail/9749095/ HTTP/1.1" 200 17921 "-" "Mozilla/5.0 (Linux; Android 6.0.1; Nexus 5X Build/MMB29P) AppleWebKit/537.36 (KHTML, like Gecko) Chrome/138.0.7204.183 Mobile Safari/537.36 (compatible; GoogleOther)"
66.249.69.200 - - [04/Aug/2025:15:47:10 +0300] "GET /shopdetail/4949862/ HTTP/1.1" 200 18386 "-" "Mozilla/5.0 (Linux; Android 6.0.1; Nexus 5X Build/MMB29P) AppleWebKit/537.36 (KHTML, like Gecko) Chrome/138.0.7204.183 Mobile Safari/537.36 (compatible; GoogleOther)"
66.249.69.200 - - [04/Aug/2025:15:47:11 +0300] "GET /shopdetail/29748184/ HTTP/1.1" 200 18926 "-" "Mozilla/5.0 (Linux; Android 6.0.1; Nexus 5X Build/MMB29P) AppleWebKit/537.36 (KHTML, like Gecko) Chrome/138.0.7204.183 Mobile Safari/537.36 (compatible; GoogleOther)"
66.249.69.199 - - [04/Aug/2025:15:47:09 +0300] "GET /shopdetail/20668562/ HTTP/1.1" 200 17957 "-" "Mozilla/5.0 (Linux; Android 6.0.1; Nexus 5X Build/MMB29P) AppleWebKit/537.36 (KHTML, like Gecko) Chrome/138.0.7204.183 Mobile Safari/537.36 (compatible; GoogleOther)"
66.249.69.199 - - [04/Aug/2025:15:47:10 +0300] "GET /shopdetail/12229651/ HTTP/1.1" 200 18383 "-" "Mozilla/5.0 (Linux; Android 6.0.1; Nexus 5X Build/MMB29P) AppleWebKit/537.36 (KHTML, like Gecko) Chrome/138.0.7204.183 Mobile Safari/537.36 (compatible; GoogleOther)"
143.42.7.182 - - [04/Aug/2025:15:47:08 +0300] "GET /product-category/fabrications/ HTTP/2" 200 31934 "-" "Mozilla/5.0 (Macintosh; Intel Mac OS X 10_15_3) AppleWebKit/537.36 (KHTML, like Gecko) Chrome/80.0.3987.149 Safari/537.36"
66.249.69.198 - - [04/Aug/2025:15:47:11 +0300] "GET /shopdetail/31148084/ HTTP/1.1" 200 18299 "-" "Mozilla/5.0 (Linux; Android 6.0.1; Nexus 5X Build/MMB29P) AppleWebKit/537.36 (KHTML, like Gecko) Chrome/138.0.7204.183 Mobile Safari/537.36 (compatible; GoogleOther)"
66.249.69.198 - - [04/Aug/2025:15:47:11 +0300] "GET /shopdetail/10166506/ HTTP/1.1" 200 19420 "-" "Mozilla/5.0 (Linux; Android 6.0.1; Nexus 5X Build/MMB29P) AppleWebKit/537.36 (KHTML, like Gecko) Chrome/138.0.7204.183 Mobile Safari/537.36 (compatible; GoogleOther)"
66.249.69.194 - - [04/Aug/2025:15:47:11 +0300] "GET /shopdetail/27552984/ HTTP/1.1" 200 18587 "-" "Mozilla/5.0 (Linux; Android 6.0.1; Nexus 5X Build/MMB29P) AppleWebKit/537.36 (KHTML, like Gecko) Chrome/138.0.7204.183 Mobile Safari/537.36 (compatible; GoogleOther)"
143.42.7.182 - - [04/Aug/2025:15:47:10 +0300] "GET /product-category/fabrications/stainless-steel HTTP/2" 301 0 "-" "Mozilla/5.0 (Macintosh; Intel Mac OS X 10_15_3) AppleWebKit/537.36 (KHTML, like Gecko) Chrome/80.0.3987.149 Safari/537.36"
66.249.69.199 - - [04/Aug/2025:15:47:12 +0300] "GET /shopdetail/16020640/ HTTP/1.1" 200 18726 "-" "Mozilla/5.0 (Linux; Android 6.0.1; Nexus 5X Build/MMB29P) AppleWebKit/537.36 (KHTML, like Gecko) Chrome/138.0.7204.183 Mobile Safari/537.36 (compatible; GoogleOther)"
66.249.69.194 - - [04/Aug/2025:15:47:12 +0300] "GET /shopdetail/18773028/ HTTP/1.1" 200 17596 "-" "Mozilla/5.0 (Linux; Android 6.0.1; Nexus 5X Build/MMB29P) AppleWebKit/537.36 (KHTML, like Gecko) Chrome/138.0.7204.183 Mobile Safari/537.36 (compatible; GoogleOther)"
66.249.69.199 - - [04/Aug/2025:15:47:12 +0300] "GET /shopdetail/30157995/ HTTP/1.1" 200 17814 "-" "Mozilla/5.0 (Linux; Android 6.0.1; Nexus 5X Build/MMB29P) AppleWebKit/537.36 (KHTML, like Gecko) Chrome/138.0.7204.183 Mobile Safari/537.36 (compatible; GoogleOther)"
66.249.69.199 - - [04/Aug/2025:15:47:13 +0300] "POST /get-message-notify HTTP/1.1" 200 17492 "https://karismamodernkitchen.com/shopdetail/20009506/" "Mozilla/5.0 (Linux; Android 6.0.1; Nexus 5X Build/MMB29P) AppleWebKit/537.36 (KHTML, like Gecko) Chrome/137.0.7151.119 Mobile Safari/537.36 (compatible; Googlebot/2.1; +http://www.google.com/bot.html)"
66.249.69.194 - - [04/Aug/2025:15:47:13 +0300] "GET /shopdetail/29193406/ HTTP/1.1" 200 18495 "-" "Mozilla/5.0 (Linux; Android 6.0.1; Nexus 5X Build/MMB29P) AppleWebKit/537.36 (KHTML, like Gecko) Chrome/138.0.7204.183 Mobile Safari/537.36 (compatible; GoogleOther)"
66.249.69.199 - - [04/Aug/2025:15:47:13 +0300] "GET /shopdetail/30345739/ HTTP/1.1" 200 17312 "-" "Mozilla/5.0 (Linux; Android 6.0.1; Nexus 5X Build/MMB29P) AppleWebKit/537.36 (KHTML, like Gecko) Chrome/138.0.7204.183 Mobile Safari/537.36 (compatible; GoogleOther)"
66.249.69.198 - - [04/Aug/2025:15:47:14 +0300] "GET /shopdetail/15026262/ HTTP/1.1" 200 17971 "-" "Mozilla/5.0 (Linux; Android 6.0.1; Nexus 5X Build/MMB29P) AppleWebKit/537.36 (KHTML, like Gecko) Chrome/138.0.7204.183 Mobile Safari/537.36 (compatible; GoogleOther)"
143.42.7.182 - - [04/Aug/2025:15:47:12 +0300] "GET /product-category/fabrications/stainless-steel/ HTTP/2" 200 31695 "-" "Mozilla/5.0 (Macintosh; Intel Mac OS X 10_15_3) AppleWebKit/537.36 (KHTML, like Gecko) Chrome/80.0.3987.149 Safari/537.36"
66.249.69.198 - - [04/Aug/2025:15:47:14 +0300] "GET /shopdetail/1735973/ HTTP/1.1" 200 19346 "-" "Mozilla/5.0 (Linux; Android 6.0.1; Nexus 5X Build/MMB29P) AppleWebKit/537.36 (KHTML, like Gecko) Chrome/138.0.7204.183 Mobile Safari/537.36 (compatible; GoogleOther)"
66.249.69.199 - - [04/Aug/2025:15:47:14 +0300] "GET /shopdetail/11805517/ HTTP/1.1" 200 18582 "-" "Mozilla/5.0 (Linux; Android 6.0.1; Nexus 5X Build/MMB29P) AppleWebKit/537.36 (KHTML, like Gecko) Chrome/138.0.7204.183 Mobile Safari/537.36 (compatible; GoogleOther)"
66.249.69.198 - - [04/Aug/2025:15:47:14 +0300] "GET /shopdetail/19807162/ HTTP/1.1" 200 17418 "-" "Mozilla/5.0 (Linux; Android 6.0.1; Nexus 5X Build/MMB29P) AppleWebKit/537.36 (KHTML, like Gecko) Chrome/138.0.7204.183 Mobile Safari/537.36 (compatible; GoogleOther)"
66.249.69.194 - - [04/Aug/2025:15:47:14 +0300] "POST /get-message-notify HTTP/1.1" 200 17492 "https://karismamodernkitchen.com/shopdetail/16020640/" "Mozilla/5.0 (Linux; Android 6.0.1; Nexus 5X Build/MMB29P) AppleWebKit/537.36 (KHTML, like Gecko) Chrome/137.0.7151.119 Mobile Safari/537.36 (compatible; Googlebot/2.1; +http://www.google.com/bot.html)"
66.249.69.192 - - [04/Aug/2025:15:47:15 +0300] "GET /shopdetail/1888951/ HTTP/1.1" 200 17847 "-" "Mozilla/5.0 (Linux; Android 6.0.1; Nexus 5X Build/MMB29P) AppleWebKit/537.36 (KHTML, like Gecko) Chrome/138.0.7204.183 Mobile Safari/537.36 (compatible; GoogleOther)"
66.249.69.192 - - [04/Aug/2025:15:47:15 +0300] "GET /shopdetail/23063351/ HTTP/1.1" 200 17185 "-" "Mozilla/5.0 (Linux; Android 6.0.1; Nexus 5X Build/MMB29P) AppleWebKit/537.36 (KHTML, like Gecko) Chrome/138.0.7204.183 Mobile Safari/537.36 (compatible; GoogleOther)"
66.249.69.194 - - [04/Aug/2025:15:47:15 +0300] "GET /shopdetail/22992239/ HTTP/1.1" 200 17808 "-" "Mozilla/5.0 (Linux; Android 6.0.1; Nexus 5X Build/MMB29P) AppleWebKit/537.36 (KHTML, like Gecko) Chrome/138.0.7204.183 Mobile Safari/537.36 (compatible; GoogleOther)"
66.249.69.199 - - [04/Aug/2025:15:47:15 +0300] "GET /shopdetail/14105317/ HTTP/1.1" 200 17729 "-" "Mozilla/5.0 (Linux; Android 6.0.1; Nexus 5X Build/MMB29P) AppleWebKit/537.36 (KHTML, like Gecko) Chrome/138.0.7204.183 Mobile Safari/537.36 (compatible; GoogleOther)"
143.42.7.182 - - [04/Aug/2025:15:47:14 +0300] "GET /product-category/fabrications/agricultural-machines HTTP/2" 301 0 "-" "Mozilla/5.0 (Macintosh; Intel Mac OS X 10_15_3) AppleWebKit/537.36 (KHTML, like Gecko) Chrome/80.0.3987.149 Safari/537.36"
66.249.69.194 - - [04/Aug/2025:15:47:16 +0300] "GET /shopdetail/5920740/ HTTP/1.1" 200 18469 "-" "Mozilla/5.0 (Linux; Android 6.0.1; Nexus 5X Build/MMB29P) AppleWebKit/537.36 (KHTML, like Gecko) Chrome/138.0.7204.183 Mobile Safari/537.36 (compatible; GoogleOther)"
66.249.69.192 - - [04/Aug/2025:15:47:16 +0300] "GET /shopdetail/2690273/ HTTP/1.1" 200 17902 "-" "Mozilla/5.0 (Linux; Android 6.0.1; Nexus 5X Build/MMB29P) AppleWebKit/537.36 (KHTML, like Gecko) Chrome/138.0.7204.183 Mobile Safari/537.36 (compatible; GoogleOther)"
66.249.69.198 - - [04/Aug/2025:15:47:16 +0300] "GET /shopdetail/30612039/ HTTP/1.1" 200 18814 "-" "Mozilla/5.0 (Linux; Android 6.0.1; Nexus 5X Build/MMB29P) AppleWebKit/537.36 (KHTML, like Gecko) Chrome/138.0.7204.183 Mobile Safari/537.36 (compatible; GoogleOther)"
66.249.69.192 - - [04/Aug/2025:15:47:17 +0300] "GET /shopdetail/24311940/ HTTP/1.1" 200 17246 "-" "Mozilla/5.0 (Linux; Android 6.0.1; Nexus 5X Build/MMB29P) AppleWebKit/537.36 (KHTML, like Gecko) Chrome/138.0.7204.183 Mobile Safari/537.36 (compatible; GoogleOther)"
66.249.69.198 - - [04/Aug/2025:15:47:17 +0300] "GET /shopdetail/12474962/ HTTP/1.1" 200 17601 "-" "Mozilla/5.0 (Linux; Android 6.0.1; Nexus 5X Build/MMB29P) AppleWebKit/537.36 (KHTML, like Gecko) Chrome/138.0.7204.183 Mobile Safari/537.36 (compatible; GoogleOther)"
143.42.7.182 - - [04/Aug/2025:15:47:15 +0300] "GET /product-category/fabrications/agricultural-machines/ HTTP/2" 200 31794 "-" "Mozilla/5.0 (Macintosh; Intel Mac OS X 10_15_3) AppleWebKit/537.36 (KHTML, like Gecko) Chrome/80.0.3987.149 Safari/537.36"
66.249.69.200 - - [04/Aug/2025:15:47:11 +0300] "GET /shopdetail/2536762/ HTTP/1.1" 200 17987 "-" "Mozilla/5.0 (Linux; Android 6.0.1; Nexus 5X Build/MMB29P) AppleWebKit/537.36 (KHTML, like Gecko) Chrome/138.0.7204.183 Mobile Safari/537.36 (compatible; GoogleOther)"
66.249.69.200 - - [04/Aug/2025:15:47:12 +0300] "GET /shopdetail/18273340/ HTTP/1.1" 200 18173 "-" "Mozilla/5.0 (Linux; Android 6.0.1; Nexus 5X Build/MMB29P) AppleWebKit/537.36 (KHTML, like Gecko) Chrome/138.0.7204.183 Mobile Safari/537.36 (compatible; GoogleOther)"
66.249.69.193 - - [04/Aug/2025:15:47:12 +0300] "GET /shopdetail/9518840/ HTTP/1.1" 200 17571 "-" "Mozilla/5.0 (Linux; Android 6.0.1; Nexus 5X Build/MMB29P) AppleWebKit/537.36 (KHTML, like Gecko) Chrome/138.0.7204.183 Mobile Safari/537.36 (compatible; GoogleOther)"
66.249.69.193 - - [04/Aug/2025:15:47:13 +0300] "GET /shopdetail/6157939/ HTTP/1.1" 200 18285 "-" "Mozilla/5.0 (Linux; Android 6.0.1; Nexus 5X Build/MMB29P) AppleWebKit/537.36 (KHTML, like Gecko) Chrome/138.0.7204.183 Mobile Safari/537.36 (compatible; GoogleOther)"
66.249.69.200 - - [04/Aug/2025:15:47:13 +0300] "GET /shopdetail/4734895/ HTTP/1.1" 200 17731 "-" "Mozilla/5.0 (Linux; Android 6.0.1; Nexus 5X Build/MMB29P) AppleWebKit/537.36 (KHTML, like Gecko) Chrome/138.0.7204.183 Mobile Safari/537.36 (compatible; GoogleOther)"
66.249.69.193 - - [04/Aug/2025:15:47:14 +0300] "GET /shopdetail/11122551/ HTTP/1.1" 200 18183 "-" "Mozilla/5.0 (Linux; Android 6.0.1; Nexus 5X Build/MMB29P) AppleWebKit/537.36 (KHTML, like Gecko) Chrome/138.0.7204.183 Mobile Safari/537.36 (compatible; GoogleOther)"
66.249.69.200 - - [04/Aug/2025:15:47:15 +0300] "GET /shopdetail/13313462/ HTTP/1.1" 200 18196 "-" "Mozilla/5.0 (Linux; Android 6.0.1; Nexus 5X Build/MMB29P) AppleWebKit/537.36 (KHTML, like Gecko) Chrome/138.0.7204.183 Mobile Safari/537.36 (compatible; GoogleOther)"
66.249.69.200 - - [04/Aug/2025:15:47:16 +0300] "GET /shopdetail/18990584/ HTTP/1.1" 200 19056 "-" "Mozilla/5.0 (Linux; Android 6.0.1; Nexus 5X Build/MMB29P) AppleWebKit/537.36 (KHTML, like Gecko) Chrome/138.0.7204.183 Mobile Safari/537.36 (compatible; GoogleOther)"
66.249.69.200 - - [04/Aug/2025:15:47:16 +0300] "GET /shopdetail/15741139/ HTTP/1.1" 200 18589 "-" "Mozilla/5.0 (Linux; Android 6.0.1; Nexus 5X Build/MMB29P) AppleWebKit/537.36 (KHTML, like Gecko) Chrome/138.0.7204.183 Mobile Safari/537.36 (compatible; GoogleOther)"
66.249.69.193 - - [04/Aug/2025:15:47:17 +0300] "GET /shopdetail/7134117/ HTTP/1.1" 200 18581 "-" "Mozilla/5.0 (Linux; Android 6.0.1; Nexus 5X Build/MMB29P) AppleWebKit/537.36 (KHTML, like Gecko) Chrome/138.0.7204.183 Mobile Safari/537.36 (compatible; GoogleOther)"
66.249.69.193 - - [04/Aug/2025:15:47:20 +0300] "GET /shopdetail/20528940/ HTTP/1.1" 200 18928 "-" "Mozilla/5.0 (Linux; Android 6.0.1; Nexus 5X Build/MMB29P) AppleWebKit/537.36 (KHTML, like Gecko) Chrome/138.0.7204.183 Mobile Safari/537.36 (compatible; GoogleOther)"
66.249.69.195 - - [04/Aug/2025:15:47:21 +0300] "GET /shopdetail/8497984/ HTTP/1.1" 200 17680 "-" "Mozilla/5.0 (Linux; Android 6.0.1; Nexus 5X Build/MMB29P) AppleWebKit/537.36 (KHTML, like Gecko) Chrome/138.0.7204.183 Mobile Safari/537.36 (compatible; GoogleOther)"
66.249.69.198 - - [04/Aug/2025:15:47:21 +0300] "POST /get-message-notify HTTP/1.1" 200 17492 "https://karismamodernkitchen.com/shopdetail/10575128/" "Mozilla/5.0 (Linux; Android 6.0.1; Nexus 5X Build/MMB29P) AppleWebKit/537.36 (KHTML, like Gecko) Chrome/137.0.7151.119 Mobile Safari/537.36 (compatible; Googlebot/2.1; +http://www.google.com/bot.html)"
66.249.69.195 - - [04/Aug/2025:15:47:21 +0300] "GET /shopdetail/30209262/ HTTP/1.1" 200 17174 "-" "Mozilla/5.0 (Linux; Android 6.0.1; Nexus 5X Build/MMB29P) AppleWebKit/537.36 (KHTML, like Gecko) Chrome/138.0.7204.183 Mobile Safari/537.36 (compatible; GoogleOther)"
66.249.69.193 - - [04/Aug/2025:15:47:21 +0300] "GET /shopdetail/22676417/ HTTP/1.1" 200 18782 "-" "Mozilla/5.0 (Linux; Android 6.0.1; Nexus 5X Build/MMB29P) AppleWebKit/537.36 (KHTML, like Gecko) Chrome/138.0.7204.183 Mobile Safari/537.36 (compatible; GoogleOther)"
66.249.69.192 - - [04/Aug/2025:15:47:18 +0300] "GET /shopdetail/13491251/ HTTP/1.1" 200 18394 "-" "Mozilla/5.0 (Linux; Android 6.0.1; Nexus 5X Build/MMB29P) AppleWebKit/537.36 (KHTML, like Gecko) Chrome/138.0.7204.183 Mobile Safari/537.36 (compatible; GoogleOther)"
66.249.69.194 - - [04/Aug/2025:15:47:18 +0300] "GET /shopdetail/14260728/ HTTP/1.1" 200 17918 "-" "Mozilla/5.0 (Linux; Android 6.0.1; Nexus 5X Build/MMB29P) AppleWebKit/537.36 (KHTML, like Gecko) Chrome/138.0.7204.183 Mobile Safari/537.36 (compatible; GoogleOther)"
66.249.69.198 - - [04/Aug/2025:15:47:18 +0300] "GET /shopdetail/1707273/ HTTP/1.1" 200 18282 "-" "Mozilla/5.0 (Linux; Android 6.0.1; Nexus 5X Build/MMB29P) AppleWebKit/537.36 (KHTML, like Gecko) Chrome/138.0.7204.183 Mobile Safari/537.36 (compatible; GoogleOther)"
66.249.69.192 - - [04/Aug/2025:15:47:19 +0300] "GET /shopdetail/21063406/ HTTP/1.1" 200 18124 "-" "Mozilla/5.0 (Linux; Android 6.0.1; Nexus 5X Build/MMB29P) AppleWebKit/537.36 (KHTML, like Gecko) Chrome/138.0.7204.183 Mobile Safari/537.36 (compatible; GoogleOther)"
66.249.69.192 - - [04/Aug/2025:15:47:19 +0300] "GET /shopdetail/22113217/ HTTP/1.1" 200 17353 "-" "Mozilla/5.0 (Linux; Android 6.0.1; Nexus 5X Build/MMB29P) AppleWebKit/537.36 (KHTML, like Gecko) Chrome/138.0.7204.183 Mobile Safari/537.36 (compatible; GoogleOther)"
143.42.7.182 - - [04/Aug/2025:15:47:18 +0300] "GET /product-category/furniture HTTP/2" 301 0 "-" "Mozilla/5.0 (Macintosh; Intel Mac OS X 10_15_3) AppleWebKit/537.36 (KHTML, like Gecko) Chrome/80.0.3987.149 Safari/537.36"
66.249.69.198 - - [04/Aug/2025:15:47:21 +0300] "GET /shopdetail/1436284/ HTTP/1.1" 200 18403 "-" "Mozilla/5.0 (Linux; Android 6.0.1; Nexus 5X Build/MMB29P) AppleWebKit/537.36 (KHTML, like Gecko) Chrome/138.0.7204.183 Mobile Safari/537.36 (compatible; GoogleOther)"
66.249.69.192 - - [04/Aug/2025:15:47:22 +0300] "GET /shopdetail/15425184/ HTTP/1.1" 200 18187 "-" "Mozilla/5.0 (Linux; Android 6.0.1; Nexus 5X Build/MMB29P) AppleWebKit/537.36 (KHTML, like Gecko) Chrome/138.0.7204.183 Mobile Safari/537.36 (compatible; GoogleOther)"
143.42.7.182 - - [04/Aug/2025:15:47:20 +0300] "GET /product-category/furniture/ HTTP/2" 200 32103 "-" "Mozilla/5.0 (Macintosh; Intel Mac OS X 10_15_3) AppleWebKit/537.36 (KHTML, like Gecko) Chrome/80.0.3987.149 Safari/537.36"
66.249.69.198 - - [04/Aug/2025:15:47:23 +0300] "GET /shopdetail/12847395/ HTTP/1.1" 200 17950 "-" "Mozilla/5.0 (Linux; Android 6.0.1; Nexus 5X Build/MMB29P) AppleWebKit/537.36 (KHTML, like Gecko) Chrome/138.0.7204.183 Mobile Safari/537.36 (compatible; GoogleOther)"
66.249.69.196 - - [04/Aug/2025:15:47:23 +0300] "GET /shopdetail/27735051/ HTTP/1.1" 200 17830 "-" "Mozilla/5.0 (Linux; Android 6.0.1; Nexus 5X Build/MMB29P) AppleWebKit/537.36 (KHTML, like Gecko) Chrome/138.0.7204.183 Mobile Safari/537.36 (compatible; GoogleOther)"
66.249.69.194 - - [04/Aug/2025:15:47:24 +0300] "GET /shopdetail/3379540/ HTTP/1.1" 200 17591 "-" "Mozilla/5.0 (Linux; Android 6.0.1; Nexus 5X Build/MMB29P) AppleWebKit/537.36 (KHTML, like Gecko) Chrome/138.0.7204.183 Mobile Safari/537.36 (compatible; GoogleOther)"
66.249.69.198 - - [04/Aug/2025:15:47:25 +0300] "GET /shopdetail/19913251/ HTTP/1.1" 200 17642 "-" "Mozilla/5.0 (Linux; Android 6.0.1; Nexus 5X Build/MMB29P) AppleWebKit/537.36 (KHTML, like Gecko) Chrome/138.0.7204.183 Mobile Safari/537.36 (compatible; GoogleOther)"
143.42.7.182 - - [04/Aug/2025:15:47:23 +0300] "GET /product-category/furniture/outdoor-furniture HTTP/2" 301 0 "-" "Mozilla/5.0 (Macintosh; Intel Mac OS X 10_15_3) AppleWebKit/537.36 (KHTML, like Gecko) Chrome/80.0.3987.149 Safari/537.36"
66.249.69.196 - - [04/Aug/2025:15:47:25 +0300] "GET /shopdetail/21503706/ HTTP/1.1" 200 17921 "-" "Mozilla/5.0 (Linux; Android 6.0.1; Nexus 5X Build/MMB29P) AppleWebKit/537.36 (KHTML, like Gecko) Chrome/138.0.7204.183 Mobile Safari/537.36 (compatible; GoogleOther)"
66.249.69.199 - - [04/Aug/2025:15:47:23 +0300] "GET /shopdetail/2132606/ HTTP/1.1" 200 17868 "-" "Mozilla/5.0 (Linux; Android 6.0.1; Nexus 5X Build/MMB29P) AppleWebKit/537.36 (KHTML, like Gecko) Chrome/138.0.7204.183 Mobile Safari/537.36 (compatible; GoogleOther)"
66.249.69.193 - - [04/Aug/2025:15:47:24 +0300] "GET /shopdetail/16158839/ HTTP/1.1" 200 17886 "-" "Mozilla/5.0 (Linux; Android 6.0.1; Nexus 5X Build/MMB29P) AppleWebKit/537.36 (KHTML, like Gecko) Chrome/138.0.7204.183 Mobile Safari/537.36 (compatible; GoogleOther)"
66.249.69.195 - - [04/Aug/2025:15:47:41 +0300] "GET /shopdetail/11196584/ HTTP/1.1" 200 18308 "-" "Mozilla/5.0 (Linux; Android 6.0.1; Nexus 5X Build/MMB29P) AppleWebKit/537.36 (KHTML, like Gecko) Chrome/138.0.7204.183 Mobile Safari/537.36 (compatible; GoogleOther)"
66.249.69.200 - - [04/Aug/2025:15:47:44 +0300] "GET /shopdetail/18017606/ HTTP/1.1" 200 17529 "-" "Mozilla/5.0 (Linux; Android 6.0.1; Nexus 5X Build/MMB29P) AppleWebKit/537.36 (KHTML, like Gecko) Chrome/138.0.7204.183 Mobile Safari/537.36 (compatible; GoogleOther)"
66.249.69.197 - - [04/Aug/2025:15:47:44 +0300] "GET /shopdetail/29359395/ HTTP/1.1" 200 18170 "-" "Mozilla/5.0 (Linux; Android 6.0.1; Nexus 5X Build/MMB29P) AppleWebKit/537.36 (KHTML, like Gecko) Chrome/138.0.7204.183 Mobile Safari/537.36 (compatible; GoogleOther)"
66.249.69.195 - - [04/Aug/2025:15:47:44 +0300] "GET /shopdetail/11329228/ HTTP/1.1" 200 17931 "-" "Mozilla/5.0 (Linux; Android 6.0.1; Nexus 5X Build/MMB29P) AppleWebKit/537.36 (KHTML, like Gecko) Chrome/138.0.7204.183 Mobile Safari/537.36 (compatible; GoogleOther)"
66.249.69.200 - - [04/Aug/2025:15:47:45 +0300] "GET /shopdetail/2587006/ HTTP/1.1" 200 18164 "-" "Mozilla/5.0 (Linux; Android 6.0.1; Nexus 5X Build/MMB29P) AppleWebKit/537.36 (KHTML, like Gecko) Chrome/138.0.7204.183 Mobile Safari/537.36 (compatible; GoogleOther)"
66.249.69.199 - - [04/Aug/2025:15:47:45 +0300] "GET /shopdetail/5625795/ HTTP/1.1" 200 18588 "-" "Mozilla/5.0 (Linux; Android 6.0.1; Nexus 5X Build/MMB29P) AppleWebKit/537.36 (KHTML, like Gecko) Chrome/138.0.7204.183 Mobile Safari/537.36 (compatible; Googlebot/2.1; +http://www.google.com/bot.html)"
66.249.69.195 - - [04/Aug/2025:15:47:45 +0300] "GET /shopdetail/16837095/ HTTP/1.1" 200 18418 "-" "Mozilla/5.0 (Linux; Android 6.0.1; Nexus 5X Build/MMB29P) AppleWebKit/537.36 (KHTML, like Gecko) Chrome/138.0.7204.183 Mobile Safari/537.36 (compatible; GoogleOther)"
66.249.69.195 - - [04/Aug/2025:15:47:45 +0300] "GET /shopdetail/4365673/ HTTP/1.1" 200 17966 "-" "Mozilla/5.0 (Linux; Android 6.0.1; Nexus 5X Build/MMB29P) AppleWebKit/537.36 (KHTML, like Gecko) Chrome/138.0.7204.183 Mobile Safari/537.36 (compatible; GoogleOther)"
66.249.69.195 - - [04/Aug/2025:15:47:47 +0300] "GET /shopdetail/22640895/ HTTP/1.1" 200 18368 "-" "Mozilla/5.0 (Linux; Android 6.0.1; Nexus 5X Build/MMB29P) AppleWebKit/537.36 (KHTML, like Gecko) Chrome/138.0.7204.183 Mobile Safari/537.36 (compatible; GoogleOther)"
66.249.69.198 - - [04/Aug/2025:15:47:49 +0300] "GET /shopdetail/3547573/ HTTP/1.1" 200 17792 "-" "Mozilla/5.0 (Linux; Android 6.0.1; Nexus 5X Build/MMB29P) AppleWebKit/537.36 (KHTML, like Gecko) Chrome/138.0.7204.183 Mobile Safari/537.36 (compatible; GoogleOther)"
66.249.69.195 - - [04/Aug/2025:15:47:54 +0300] "GET /shopdetail/1555051/ HTTP/1.1" 200 17657 "-" "Mozilla/5.0 (Linux; Android 6.0.1; Nexus 5X Build/MMB29P) AppleWebKit/537.36 (KHTML, like Gecko) Chrome/138.0.7204.183 Mobile Safari/537.36 (compatible; GoogleOther)"
66.249.69.195 - - [04/Aug/2025:15:47:55 +0300] "GET /shopdetail/2991639/ HTTP/1.1" 200 18255 "-" "Mozilla/5.0 (Linux; Android 6.0.1; Nexus 5X Build/MMB29P) AppleWebKit/537.36 (KHTML, like Gecko) Chrome/138.0.7204.183 Mobile Safari/537.36 (compatible; GoogleOther)"
66.249.69.198 - - [04/Aug/2025:15:47:56 +0300] "GET /shopdetail/11327095/ HTTP/1.1" 200 17512 "-" "Mozilla/5.0 (Linux; Android 6.0.1; Nexus 5X Build/MMB29P) AppleWebKit/537.36 (KHTML, like Gecko) Chrome/138.0.7204.183 Mobile Safari/537.36 (compatible; GoogleOther)"
143.42.7.182 - - [04/Aug/2025:15:47:25 +0300] "GET /product-category/furniture/outdoor-furniture/ HTTP/2" 200 31791 "-" "Mozilla/5.0 (Macintosh; Intel Mac OS X 10_15_3) AppleWebKit/537.36 (KHTML, like Gecko) Chrome/80.0.3987.149 Safari/537.36"
143.42.7.182 - - [04/Aug/2025:15:47:32 +0300] "GET /product-category/furniture/school HTTP/2" 301 0 "-" "Mozilla/5.0 (Macintosh; Intel Mac OS X 10_15_3) AppleWebKit/537.36 (KHTML, like Gecko) Chrome/80.0.3987.149 Safari/537.36"
66.249.69.194 - - [04/Aug/2025:15:47:45 +0300] "GET /shopdetail/5656617/ HTTP/1.1" 200 17468 "-" "Mozilla/5.0 (Linux; Android 6.0.1; Nexus 5X Build/MMB29P) AppleWebKit/537.36 (KHTML, like Gecko) Chrome/138.0.7204.183 Mobile Safari/537.36 (compatible; GoogleOther)"
66.249.69.196 - - [04/Aug/2025:15:47:45 +0300] "GET /shopdetail/6156862/ HTTP/1.1" 200 17875 "-" "Mozilla/5.0 (Linux; Android 6.0.1; Nexus 5X Build/MMB29P) AppleWebKit/537.36 (KHTML, like Gecko) Chrome/138.0.7204.183 Mobile Safari/537.36 (compatible; GoogleOther)"
66.249.69.192 - - [04/Aug/2025:15:47:45 +0300] "GET /shopdetail/10355840/ HTTP/1.1" 200 18618 "-" "Mozilla/5.0 (Linux; Android 6.0.1; Nexus 5X Build/MMB29P) AppleWebKit/537.36 (KHTML, like Gecko) Chrome/138.0.7204.183 Mobile Safari/537.36 (compatible; GoogleOther)"
143.42.7.182 - - [04/Aug/2025:15:47:43 +0300] "GET /product-category/furniture/school/ HTTP/2" 200 31085 "-" "Mozilla/5.0 (Macintosh; Intel Mac OS X 10_15_3) AppleWebKit/537.36 (KHTML, like Gecko) Chrome/80.0.3987.149 Safari/537.36"
66.249.69.198 - - [04/Aug/2025:15:47:49 +0300] "POST /get-message-notify HTTP/1.1" 200 17492 "https://karismamodernkitchen.com/shopdetail/22749428/" "Mozilla/5.0 (Linux; Android 6.0.1; Nexus 5X Build/MMB29P) AppleWebKit/537.36 (KHTML, like Gecko) Chrome/137.0.7151.119 Mobile Safari/537.36 (compatible; Googlebot/2.1; +http://www.google.com/bot.html)"
143.42.7.182 - - [04/Aug/2025:15:47:50 +0300] "GET /product-category/furniture/restaurant HTTP/2" 301 0 "-" "Mozilla/5.0 (Macintosh; Intel Mac OS X 10_15_3) AppleWebKit/537.36 (KHTML, like Gecko) Chrome/80.0.3987.149 Safari/537.36"
66.249.69.196 - - [04/Aug/2025:15:47:50 +0300] "POST /get-message-notify HTTP/1.1" 200 17545 "https://karismamodernkitchen.com/shopdetail/2899917/" "Mozilla/5.0 (Linux; Android 6.0.1; Nexus 5X Build/MMB29P) AppleWebKit/537.36 (KHTML, like Gecko) Chrome/137.0.7151.119 Mobile Safari/537.36 (compatible; Googlebot/2.1; +http://www.google.com/bot.html)"
66.249.69.193 - - [04/Aug/2025:15:47:53 +0300] "GET /shopdetail/30860695/ HTTP/1.1" 200 18996 "-" "Mozilla/5.0 (Linux; Android 6.0.1; Nexus 5X Build/MMB29P) AppleWebKit/537.36 (KHTML, like Gecko) Chrome/138.0.7204.183 Mobile Safari/537.36 (compatible; GoogleOther)"
66.249.69.192 - - [04/Aug/2025:15:47:53 +0300] "GET /shopdetail/11605440/ HTTP/1.1" 200 18165 "-" "Mozilla/5.0 (Linux; Android 6.0.1; Nexus 5X Build/MMB29P) AppleWebKit/537.36 (KHTML, like Gecko) Chrome/138.0.7204.183 Mobile Safari/537.36 (compatible; GoogleOther)"
66.249.69.200 - - [04/Aug/2025:15:47:53 +0300] "GET /shopdetail/8769162/ HTTP/1.1" 200 17909 "-" "Mozilla/5.0 (Linux; Android 6.0.1; Nexus 5X Build/MMB29P) AppleWebKit/537.36 (KHTML, like Gecko) Chrome/138.0.7204.183 Mobile Safari/537.36 (compatible; GoogleOther)"
66.249.69.192 - - [04/Aug/2025:15:47:53 +0300] "GET /shopdetail/5634706/ HTTP/1.1" 200 18606 "-" "Mozilla/5.0 (Linux; Android 6.0.1; Nexus 5X Build/MMB29P) AppleWebKit/537.36 (KHTML, like Gecko) Chrome/138.0.7204.183 Mobile Safari/537.36 (compatible; GoogleOther)"
66.249.69.197 - - [04/Aug/2025:15:47:55 +0300] "GET /shopdetail/7137440/ HTTP/1.1" 200 17591 "-" "Mozilla/5.0 (Linux; Android 6.0.1; Nexus 5X Build/MMB29P) AppleWebKit/537.36 (KHTML, like Gecko) Chrome/138.0.7204.183 Mobile Safari/537.36 (compatible; GoogleOther)"
143.42.7.182 - - [04/Aug/2025:15:47:53 +0300] "GET /product-category/furniture/restaurant/ HTTP/2" 200 31710 "-" "Mozilla/5.0 (Macintosh; Intel Mac OS X 10_15_3) AppleWebKit/537.36 (KHTML, like Gecko) Chrome/80.0.3987.149 Safari/537.36"
66.249.69.193 - - [04/Aug/2025:15:47:57 +0300] "GET /shopdetail/6039339/ HTTP/1.1" 200 18355 "-" "Mozilla/5.0 (Linux; Android 6.0.1; Nexus 5X Build/MMB29P) AppleWebKit/537.36 (KHTML, like Gecko) Chrome/138.0.7204.183 Mobile Safari/537.36 (compatible; GoogleOther)"
66.249.69.192 - - [04/Aug/2025:15:47:57 +0300] "GET /shopdetail/4796617/ HTTP/1.1" 200 19105 "-" "Mozilla/5.0 (Linux; Android 6.0.1; Nexus 5X Build/MMB29P) AppleWebKit/537.36 (KHTML, like Gecko) Chrome/138.0.7204.183 Mobile Safari/537.36 (compatible; GoogleOther)"
66.249.69.197 - - [04/Aug/2025:15:47:57 +0300] "GET /shopdetail/9956351/ HTTP/1.1" 200 19209 "-" "Mozilla/5.0 (Linux; Android 6.0.1; Nexus 5X Build/MMB29P) AppleWebKit/537.36 (KHTML, like Gecko) Chrome/138.0.7204.183 Mobile Safari/537.36 (compatible; GoogleOther)"
143.42.7.182 - - [04/Aug/2025:15:47:55 +0300] "GET /cart HTTP/2" 301 0 "-" "Mozilla/5.0 (Macintosh; Intel Mac OS X 10_15_3) AppleWebKit/537.36 (KHTML, like Gecko) Chrome/80.0.3987.149 Safari/537.36"
66.249.69.199 - - [04/Aug/2025:15:47:58 +0300] "GET /shopdetail/12821940/ HTTP/1.1" 200 18829 "-" "Mozilla/5.0 (Linux; Android 6.0.1; Nexus 5X Build/MMB29P) AppleWebKit/537.36 (KHTML, like Gecko) Chrome/138.0.7204.183 Mobile Safari/537.36 (compatible; GoogleOther)"
66.249.69.193 - - [04/Aug/2025:15:47:59 +0300] "GET /shopdetail/3713717/ HTTP/1.1" 200 18193 "-" "Mozilla/5.0 (Linux; Android 6.0.1; Nexus 5X Build/MMB29P) AppleWebKit/537.36 (KHTML, like Gecko) Chrome/138.0.7204.183 Mobile Safari/537.36 (compatible; GoogleOther)"
66.249.69.196 - - [04/Aug/2025:15:47:59 +0300] "GET /shopdetail/2045517/ HTTP/1.1" 200 19108 "-" "Mozilla/5.0 (Linux; Android 6.0.1; Nexus 5X Build/MMB29P) AppleWebKit/537.36 (KHTML, like Gecko) Chrome/138.0.7204.183 Mobile Safari/537.36 (compatible; GoogleOther)"
66.249.69.193 - - [04/Aug/2025:15:47:59 +0300] "GET /shopdetail/1569739/ HTTP/1.1" 200 18056 "-" "Mozilla/5.0 (Linux; Android 6.0.1; Nexus 5X Build/MMB29P) AppleWebKit/537.36 (KHTML, like Gecko) Chrome/138.0.7204.183 Mobile Safari/537.36 (compatible; GoogleOther)"
66.249.69.193 - - [04/Aug/2025:15:48:00 +0300] "GET /shopdetail/28639962/ HTTP/1.1" 200 18009 "-" "Mozilla/5.0 (Linux; Android 6.0.1; Nexus 5X Build/MMB29P) AppleWebKit/537.36 (KHTML, like Gecko) Chrome/138.0.7204.183 Mobile Safari/537.36 (compatible; GoogleOther)"
66.249.69.192 - - [04/Aug/2025:15:48:00 +0300] "GET /shopdetail/31283206/ HTTP/1.1" 200 17835 "-" "Mozilla/5.0 (Linux; Android 6.0.1; Nexus 5X Build/MMB29P) AppleWebKit/537.36 (KHTML, like Gecko) Chrome/138.0.7204.183 Mobile Safari/537.36 (compatible; GoogleOther)"
66.249.69.196 - - [04/Aug/2025:15:48:03 +0300] "GET /shopdetail/24398728/ HTTP/1.1" 200 17206 "-" "Mozilla/5.0 (Linux; Android 6.0.1; Nexus 5X Build/MMB29P) AppleWebKit/537.36 (KHTML, like Gecko) Chrome/138.0.7204.183 Mobile Safari/537.36 (compatible; GoogleOther)"
66.249.69.193 - - [04/Aug/2025:15:48:03 +0300] "GET /shopdetail/16091528/ HTTP/1.1" 200 18086 "-" "Mozilla/5.0 (Linux; Android 6.0.1; Nexus 5X Build/MMB29P) AppleWebKit/537.36 (KHTML, like Gecko) Chrome/138.0.7204.183 Mobile Safari/537.36 (compatible; GoogleOther)"
66.249.69.200 - - [04/Aug/2025:15:48:03 +0300] "GET /shopdetail/16074739/ HTTP/1.1" 200 19012 "-" "Mozilla/5.0 (Linux; Android 6.0.1; Nexus 5X Build/MMB29P) AppleWebKit/537.36 (KHTML, like Gecko) Chrome/138.0.7204.183 Mobile Safari/537.36 (compatible; GoogleOther)"
66.249.69.196 - - [04/Aug/2025:15:48:03 +0300] "GET /shopdetail/14659173/ HTTP/1.1" 200 18395 "-" "Mozilla/5.0 (Linux; Android 6.0.1; Nexus 5X Build/MMB29P) AppleWebKit/537.36 (KHTML, like Gecko) Chrome/138.0.7204.183 Mobile Safari/537.36 (compatible; GoogleOther)"
66.249.69.196 - - [04/Aug/2025:15:48:03 +0300] "GET /shopdetail/2062573/ HTTP/1.1" 200 18093 "-" "Mozilla/5.0 (Linux; Android 6.0.1; Nexus 5X Build/MMB29P) AppleWebKit/537.36 (KHTML, like Gecko) Chrome/138.0.7204.183 Mobile Safari/537.36 (compatible; GoogleOther)"
