114.119.159.177 - - [04/Aug/2025:16:12:22 +0300] "GET /shop/?product_brand=karisma,premier,sab-italy,generic,caterina HTTP/1.1" 403 0 "https://karismamodernkitchen.com/shop/?product_brand=karisma%2Cpremier%2Csab-italy%2Cgeneric" "Mozilla/5.0 (Linux; Android 7.0;) AppleWebKit/537.36 (KHTML, like Gecko) Mobile Safari/537.36 (compatible; PetalBot;+https://webmaster.petalsearch.com/site/petalbot)"
66.249.69.192 - - [04/Aug/2025:16:12:22 +0300] "GET /shopdetail/19379206/ HTTP/1.1" 200 18375 "-" "Mozilla/5.0 (Linux; Android 6.0.1; Nexus 5X Build/MMB29P) AppleWebKit/537.36 (KHTML, like Gecko) Chrome/138.0.7204.183 Mobile Safari/537.36 (compatible; GoogleOther)"
66.249.69.192 - - [04/Aug/2025:16:12:22 +0300] "GET /shopdetail/9530584/ HTTP/1.1" 200 17901 "-" "Mozilla/5.0 (Linux; Android 6.0.1; Nexus 5X Build/MMB29P) AppleWebKit/537.36 (KHTML, like Gecko) Chrome/138.0.7204.183 Mobile Safari/537.36 (compatible; GoogleOther)"
66.249.69.192 - - [04/Aug/2025:16:12:22 +0300] "GET /shopdetail/20517940/ HTTP/1.1" 200 17690 "-" "Mozilla/5.0 (Linux; Android 6.0.1; Nexus 5X Build/MMB29P) AppleWebKit/537.36 (KHTML, like Gecko) Chrome/138.0.7204.183 Mobile Safari/537.36 (compatible; GoogleOther)"
66.249.69.193 - - [04/Aug/2025:16:12:23 +0300] "GET /shopdetail/17665917/ HTTP/1.1" 200 19248 "-" "Mozilla/5.0 (Linux; Android 6.0.1; Nexus 5X Build/MMB29P) AppleWebKit/537.36 (KHTML, like Gecko) Chrome/138.0.7204.183 Mobile Safari/537.36 (compatible; GoogleOther)"
66.249.69.192 - - [04/Aug/2025:16:12:23 +0300] "GET /shopdetail/3800762/ HTTP/1.1" 200 18566 "-" "Mozilla/5.0 (compatible; Googlebot/2.1; +http://www.google.com/bot.html)"
66.249.69.192 - - [04/Aug/2025:16:12:23 +0300] "GET /shopdetail/14435840/ HTTP/1.1" 200 19262 "-" "Mozilla/5.0 (Linux; Android 6.0.1; Nexus 5X Build/MMB29P) AppleWebKit/537.36 (KHTML, like Gecko) Chrome/138.0.7204.183 Mobile Safari/537.36 (compatible; GoogleOther)"
66.249.69.198 - - [04/Aug/2025:16:12:23 +0300] "GET /shopdetail/27712851/ HTTP/1.1" 200 17868 "-" "Mozilla/5.0 (Linux; Android 6.0.1; Nexus 5X Build/MMB29P) AppleWebKit/537.36 (KHTML, like Gecko) Chrome/138.0.7204.183 Mobile Safari/537.36 (compatible; GoogleOther)"
66.249.69.192 - - [04/Aug/2025:16:12:23 +0300] "GET /shopdetail/16007773/ HTTP/1.1" 200 19437 "-" "Mozilla/5.0 (Linux; Android 6.0.1; Nexus 5X Build/MMB29P) AppleWebKit/537.36 (KHTML, like Gecko) Chrome/138.0.7204.183 Mobile Safari/537.36 (compatible; GoogleOther)"
66.249.69.192 - - [04/Aug/2025:16:12:24 +0300] "GET /shopdetail/10272184/ HTTP/1.1" 200 18347 "-" "Mozilla/5.0 (compatible; Googlebot/2.1; +http://www.google.com/bot.html)"
66.249.69.192 - - [04/Aug/2025:16:12:24 +0300] "GET /shopdetail/10010740/ HTTP/1.1" 200 17341 "-" "Mozilla/5.0 (Linux; Android 6.0.1; Nexus 5X Build/MMB29P) AppleWebKit/537.36 (KHTML, like Gecko) Chrome/138.0.7204.183 Mobile Safari/537.36 (compatible; GoogleOther)"
66.249.69.196 - - [04/Aug/2025:16:12:24 +0300] "GET /shopdetail/28657051/ HTTP/1.1" 200 18802 "-" "Mozilla/5.0 (Linux; Android 6.0.1; Nexus 5X Build/MMB29P) AppleWebKit/537.36 (KHTML, like Gecko) Chrome/138.0.7204.183 Mobile Safari/537.36 (compatible; GoogleOther)"
66.249.69.196 - - [04/Aug/2025:16:12:25 +0300] "GET /shopdetail/2762851/ HTTP/1.1" 200 17990 "-" "Mozilla/5.0 (Linux; Android 6.0.1; Nexus 5X Build/MMB29P) AppleWebKit/537.36 (KHTML, like Gecko) Chrome/138.0.7204.183 Mobile Safari/537.36 (compatible; GoogleOther)"
66.249.69.199 - - [04/Aug/2025:16:12:25 +0300] "POST /get-message-notify HTTP/1.1" 200 17492 "https://karismamodernkitchen.com/shopdetail/7624873/" "Mozilla/5.0 (Linux; Android 6.0.1; Nexus 5X Build/MMB29P) AppleWebKit/537.36 (KHTML, like Gecko) Chrome/137.0.7151.119 Mobile Safari/537.36 (compatible; Googlebot/2.1; +http://www.google.com/bot.html)"
66.249.69.192 - - [04/Aug/2025:16:12:25 +0300] "GET /shopdetail/29108640/ HTTP/1.1" 200 17352 "-" "Mozilla/5.0 (compatible; Googlebot/2.1; +http://www.google.com/bot.html)"
66.249.69.198 - - [04/Aug/2025:16:12:25 +0300] "GET /shopdetail/20896028/ HTTP/1.1" 200 18157 "-" "Mozilla/5.0 (Linux; Android 6.0.1; Nexus 5X Build/MMB29P) AppleWebKit/537.36 (KHTML, like Gecko) Chrome/138.0.7204.183 Mobile Safari/537.36 (compatible; GoogleOther)"
66.249.69.192 - - [04/Aug/2025:16:12:26 +0300] "GET /shopdetail/13703828/ HTTP/1.1" 200 17923 "-" "Mozilla/5.0 (Linux; Android 6.0.1; Nexus 5X Build/MMB29P) AppleWebKit/537.36 (KHTML, like Gecko) Chrome/138.0.7204.183 Mobile Safari/537.36 (compatible; GoogleOther)"
66.249.69.198 - - [04/Aug/2025:16:12:26 +0300] "GET /shopdetail/11293528/ HTTP/1.1" 200 18392 "-" "Mozilla/5.0 (Linux; Android 6.0.1; Nexus 5X Build/MMB29P) AppleWebKit/537.36 (KHTML, like Gecko) Chrome/138.0.7204.183 Mobile Safari/537.36 (compatible; GoogleOther)"
66.249.69.192 - - [04/Aug/2025:16:12:26 +0300] "GET /shopdetail/25756951/ HTTP/1.1" 200 17293 "-" "Mozilla/5.0 (compatible; Googlebot/2.1; +http://www.google.com/bot.html)"
66.249.69.197 - - [04/Aug/2025:16:12:27 +0300] "GET /shopdetail/6244651/ HTTP/1.1" 200 18412 "-" "Mozilla/5.0 (Linux; Android 6.0.1; Nexus 5X Build/MMB29P) AppleWebKit/537.36 (KHTML, like Gecko) Chrome/138.0.7204.183 Mobile Safari/537.36 (compatible; GoogleOther)"
66.249.69.196 - - [04/Aug/2025:16:12:28 +0300] "GET /shopdetail/20895628/ HTTP/1.1" 200 18112 "-" "Mozilla/5.0 (Linux; Android 6.0.1; Nexus 5X Build/MMB29P) AppleWebKit/537.36 (KHTML, like Gecko) Chrome/138.0.7204.183 Mobile Safari/537.36 (compatible; GoogleOther)"
66.249.69.197 - - [04/Aug/2025:16:12:28 +0300] "GET /shopdetail/12897051/ HTTP/1.1" 200 17372 "-" "Mozilla/5.0 (Linux; Android 6.0.1; Nexus 5X Build/MMB29P) AppleWebKit/537.36 (KHTML, like Gecko) Chrome/138.0.7204.183 Mobile Safari/537.36 (compatible; GoogleOther)"
66.249.69.196 - - [04/Aug/2025:16:12:28 +0300] "GET /shopdetail/10427851/ HTTP/1.1" 200 17433 "-" "Mozilla/5.0 (compatible; Googlebot/2.1; +http://www.google.com/bot.html)"
66.249.69.198 - - [04/Aug/2025:16:12:28 +0300] "GET /shopdetail/20254717/ HTTP/1.1" 200 19008 "-" "Mozilla/5.0 (Linux; Android 6.0.1; Nexus 5X Build/MMB29P) AppleWebKit/537.36 (KHTML, like Gecko) Chrome/138.0.7204.183 Mobile Safari/537.36 (compatible; GoogleOther)"
66.249.69.196 - - [04/Aug/2025:16:12:28 +0300] "GET /shopdetail/4874762/ HTTP/1.1" 200 17626 "-" "Mozilla/5.0 (Linux; Android 6.0.1; Nexus 5X Build/MMB29P) AppleWebKit/537.36 (KHTML, like Gecko) Chrome/138.0.7204.183 Mobile Safari/537.36 (compatible; GoogleOther)"
66.249.69.194 - - [04/Aug/2025:16:12:29 +0300] "GET /shopdetail/25217495/ HTTP/1.1" 200 18035 "-" "Mozilla/5.0 (compatible; Googlebot/2.1; +http://www.google.com/bot.html)"
66.249.69.192 - - [04/Aug/2025:16:12:29 +0300] "GET /shopdetail/3074862/ HTTP/1.1" 200 18256 "-" "Mozilla/5.0 (Linux; Android 6.0.1; Nexus 5X Build/MMB29P) AppleWebKit/537.36 (KHTML, like Gecko) Chrome/138.0.7204.183 Mobile Safari/537.36 (compatible; GoogleOther)"
66.249.69.193 - - [04/Aug/2025:16:12:22 +0300] "POST /get-message-notify HTTP/1.1" 200 17492 "https://karismamodernkitchen.com/shopdetail/9107417/" "Mozilla/5.0 (Linux; Android 6.0.1; Nexus 5X Build/MMB29P) AppleWebKit/537.36 (KHTML, like Gecko) Chrome/137.0.7151.119 Mobile Safari/537.36 (compatible; Googlebot/2.1; +http://www.google.com/bot.html)"
66.249.69.194 - - [04/Aug/2025:16:12:23 +0300] "POST /get-message-notify HTTP/1.1" 200 17492 "https://karismamodernkitchen.com/shopdetail/29716984/" "Mozilla/5.0 (Linux; Android 6.0.1; Nexus 5X Build/MMB29P) AppleWebKit/537.36 (KHTML, like Gecko) Chrome/137.0.7151.119 Mobile Safari/537.36 (compatible; Googlebot/2.1; +http://www.google.com/bot.html)"
66.249.64.128 - - [04/Aug/2025:16:12:24 +0300] "GET /shopdetail/12542340/ HTTP/1.1" 200 18129 "-" "Mozilla/5.0 (Linux; Android 6.0.1; Nexus 5X Build/MMB29P) AppleWebKit/537.36 (KHTML, like Gecko) Chrome/138.0.7204.183 Mobile Safari/537.36 (compatible; GoogleOther)"
66.249.69.195 - - [04/Aug/2025:16:12:24 +0300] "GET /shopdetail/6945917/ HTTP/1.1" 200 18099 "-" "Mozilla/5.0 (Linux; Android 6.0.1; Nexus 5X Build/MMB29P) AppleWebKit/537.36 (KHTML, like Gecko) Chrome/138.0.7204.183 Mobile Safari/537.36 (compatible; GoogleOther)"
66.249.69.195 - - [04/Aug/2025:16:12:25 +0300] "GET /shopdetail/21007306/ HTTP/1.1" 200 18025 "-" "Mozilla/5.0 (Linux; Android 6.0.1; Nexus 5X Build/MMB29P) AppleWebKit/537.36 (KHTML, like Gecko) Chrome/138.0.7204.183 Mobile Safari/537.36 (compatible; GoogleOther)"
66.249.69.200 - - [04/Aug/2025:16:12:25 +0300] "GET /shopdetail/15199528/ HTTP/1.1" 200 18565 "-" "Mozilla/5.0 (Linux; Android 6.0.1; Nexus 5X Build/MMB29P) AppleWebKit/537.36 (KHTML, like Gecko) Chrome/138.0.7204.183 Mobile Safari/537.36 (compatible; GoogleOther)"
66.249.69.200 - - [04/Aug/2025:16:12:25 +0300] "GET /shopdetail/5047628/ HTTP/1.1" 200 18507 "-" "Mozilla/5.0 (Linux; Android 6.0.1; Nexus 5X Build/MMB29P) AppleWebKit/537.36 (KHTML, like Gecko) Chrome/138.0.7204.183 Mobile Safari/537.36 (compatible; GoogleOther)"
66.249.69.194 - - [04/Aug/2025:16:12:26 +0300] "GET /shopdetail/6972273/ HTTP/1.1" 200 17182 "-" "Mozilla/5.0 (Linux; Android 6.0.1; Nexus 5X Build/MMB29P) AppleWebKit/537.36 (KHTML, like Gecko) Chrome/138.0.7204.183 Mobile Safari/537.36 (compatible; GoogleOther)"
66.249.69.195 - - [04/Aug/2025:16:12:26 +0300] "GET /shopdetail/11376784/ HTTP/1.1" 200 18030 "-" "Mozilla/5.0 (Linux; Android 6.0.1; Nexus 5X Build/MMB29P) AppleWebKit/537.36 (KHTML, like Gecko) Chrome/138.0.7204.183 Mobile Safari/537.36 (compatible; GoogleOther)"
66.249.69.195 - - [04/Aug/2025:16:12:27 +0300] "GET /shopdetail/5099117/ HTTP/1.1" 200 17748 "-" "Mozilla/5.0 (Linux; Android 6.0.1; Nexus 5X Build/MMB29P) AppleWebKit/537.36 (KHTML, like Gecko) Chrome/138.0.7204.183 Mobile Safari/537.36 (compatible; GoogleOther)"
66.249.69.197 - - [04/Aug/2025:16:12:27 +0300] "GET /shopdetail/9345251/ HTTP/1.1" 200 17681 "-" "Mozilla/5.0 (Linux; Android 6.0.1; Nexus 5X Build/MMB29P) AppleWebKit/537.36 (KHTML, like Gecko) Chrome/138.0.7204.183 Mobile Safari/537.36 (compatible; GoogleOther)"
66.249.69.197 - - [04/Aug/2025:16:12:27 +0300] "GET /shopdetail/14822840/ HTTP/1.1" 200 18000 "-" "Mozilla/5.0 (Linux; Android 6.0.1; Nexus 5X Build/MMB29P) AppleWebKit/537.36 (KHTML, like Gecko) Chrome/138.0.7204.183 Mobile Safari/537.36 (compatible; GoogleOther)"
66.249.69.195 - - [04/Aug/2025:16:12:27 +0300] "GET /shopdetail/16152973/ HTTP/1.1" 200 18363 "-" "Mozilla/5.0 (Linux; Android 6.0.1; Nexus 5X Build/MMB29P) AppleWebKit/537.36 (KHTML, like Gecko) Chrome/138.0.7204.183 Mobile Safari/537.36 (compatible; GoogleOther)"
66.249.69.199 - - [04/Aug/2025:16:12:28 +0300] "GET /shopdetail/9741495/ HTTP/1.1" 200 17996 "-" "Mozilla/5.0 (Linux; Android 6.0.1; Nexus 5X Build/MMB29P) AppleWebKit/537.36 (KHTML, like Gecko) Chrome/138.0.7204.183 Mobile Safari/537.36 (compatible; GoogleOther)"
66.249.69.199 - - [04/Aug/2025:16:12:29 +0300] "GET /shopdetail/14389351/ HTTP/1.1" 200 18365 "-" "Mozilla/5.0 (Linux; Android 6.0.1; Nexus 5X Build/MMB29P) AppleWebKit/537.36 (KHTML, like Gecko) Chrome/138.0.7204.183 Mobile Safari/537.36 (compatible; GoogleOther)"
66.249.69.200 - - [04/Aug/2025:16:12:29 +0300] "GET /shopdetail/15991151/ HTTP/1.1" 200 17481 "-" "Mozilla/5.0 (Linux; Android 6.0.1; Nexus 5X Build/MMB29P) AppleWebKit/537.36 (KHTML, like Gecko) Chrome/138.0.7204.183 Mobile Safari/537.36 (compatible; GoogleOther)"
66.249.69.199 - - [04/Aug/2025:16:12:30 +0300] "GET /shopdetail/9194562/ HTTP/1.1" 200 18297 "-" "Mozilla/5.0 (Linux; Android 6.0.1; Nexus 5X Build/MMB29P) AppleWebKit/537.36 (KHTML, like Gecko) Chrome/138.0.7204.183 Mobile Safari/537.36 (compatible; GoogleOther)"
66.249.69.194 - - [04/Aug/2025:16:12:30 +0300] "GET /shopdetail/13865639/ HTTP/1.1" 200 18051 "-" "Mozilla/5.0 (Linux; Android 6.0.1; Nexus 5X Build/MMB29P) AppleWebKit/537.36 (KHTML, like Gecko) Chrome/138.0.7204.183 Mobile Safari/537.36 (compatible; GoogleOther)"
66.249.69.195 - - [04/Aug/2025:16:12:30 +0300] "GET /shopdetail/5855451/ HTTP/1.1" 200 19117 "-" "Mozilla/5.0 (Linux; Android 6.0.1; Nexus 5X Build/MMB29P) AppleWebKit/537.36 (KHTML, like Gecko) Chrome/138.0.7204.183 Mobile Safari/537.36 (compatible; GoogleOther)"
54.36.148.212 - - [04/Aug/2025:16:12:30 +0300] "GET /product-tag/high-efficiency-coffee-machine/ HTTP/2" 403 0 "-" "Mozilla/5.0 (compatible; AhrefsBot/7.0; +http://ahrefs.com/robot/)"
66.249.69.194 - - [04/Aug/2025:16:12:30 +0300] "GET /shopdetail/10827117/ HTTP/1.1" 200 18472 "-" "Mozilla/5.0 (Linux; Android 6.0.1; Nexus 5X Build/MMB29P) AppleWebKit/537.36 (KHTML, like Gecko) Chrome/138.0.7204.183 Mobile Safari/537.36 (compatible; GoogleOther)"
66.249.69.199 - - [04/Aug/2025:16:12:31 +0300] "GET /shopdetail/11172073/ HTTP/1.1" 200 17772 "-" "Mozilla/5.0 (Linux; Android 6.0.1; Nexus 5X Build/MMB29P) AppleWebKit/537.36 (KHTML, like Gecko) Chrome/138.0.7204.183 Mobile Safari/537.36 (compatible; GoogleOther)"
66.249.69.195 - - [04/Aug/2025:16:12:31 +0300] "GET /shopdetail/19747317/ HTTP/1.1" 200 17347 "-" "Mozilla/5.0 (Linux; Android 6.0.1; Nexus 5X Build/MMB29P) AppleWebKit/537.36 (KHTML, like Gecko) Chrome/138.0.7204.183 Mobile Safari/537.36 (compatible; GoogleOther)"
66.249.69.200 - - [04/Aug/2025:16:12:31 +0300] "GET /shopdetail/16977951/ HTTP/1.1" 200 18755 "-" "Mozilla/5.0 (Linux; Android 6.0.1; Nexus 5X Build/MMB29P) AppleWebKit/537.36 (KHTML, like Gecko) Chrome/138.0.7204.183 Mobile Safari/537.36 (compatible; GoogleOther)"
66.249.69.193 - - [04/Aug/2025:16:12:32 +0300] "POST /get-message-notify HTTP/1.1" 200 17492 "https://karismamodernkitchen.com/shopdetail/13201740/" "Mozilla/5.0 (Linux; Android 6.0.1; Nexus 5X Build/MMB29P) AppleWebKit/537.36 (KHTML, like Gecko) Chrome/137.0.7151.119 Mobile Safari/537.36 (compatible; Googlebot/2.1; +http://www.google.com/bot.html)"
66.249.69.200 - - [04/Aug/2025:16:12:32 +0300] "GET /shopdetail/21814073/ HTTP/1.1" 200 17454 "-" "Mozilla/5.0 (Linux; Android 6.0.1; Nexus 5X Build/MMB29P) AppleWebKit/537.36 (KHTML, like Gecko) Chrome/138.0.7204.183 Mobile Safari/537.36 (compatible; GoogleOther)"
66.249.69.200 - - [04/Aug/2025:16:12:32 +0300] "GET /shopdetail/4101173/ HTTP/1.1" 200 18700 "-" "Mozilla/5.0 (compatible; Googlebot/2.1; +http://www.google.com/bot.html)"
66.249.69.200 - - [04/Aug/2025:16:12:32 +0300] "GET /shopdetail/28553262/ HTTP/1.1" 200 17153 "-" "Mozilla/5.0 (Linux; Android 6.0.1; Nexus 5X Build/MMB29P) AppleWebKit/537.36 (KHTML, like Gecko) Chrome/138.0.7204.183 Mobile Safari/537.36 (compatible; GoogleOther)"
66.249.69.200 - - [04/Aug/2025:16:12:32 +0300] "GET /shopdetail/15796617/ HTTP/1.1" 200 18127 "-" "Mozilla/5.0 (Linux; Android 6.0.1; Nexus 5X Build/MMB29P) AppleWebKit/537.36 (KHTML, like Gecko) Chrome/138.0.7204.183 Mobile Safari/537.36 (compatible; GoogleOther)"
66.249.69.194 - - [04/Aug/2025:16:12:29 +0300] "POST /get-message-notify HTTP/1.1" 200 17492 "https://karismamodernkitchen.com/shopdetail/8280640/" "Mozilla/5.0 (Linux; Android 6.0.1; Nexus 5X Build/MMB29P) AppleWebKit/537.36 (KHTML, like Gecko) Chrome/137.0.7151.119 Mobile Safari/537.36 (compatible; Googlebot/2.1; +http://www.google.com/bot.html)"
66.249.69.198 - - [04/Aug/2025:16:12:29 +0300] "GET /shopdetail/15897673/ HTTP/1.1" 200 17897 "-" "Mozilla/5.0 (Linux; Android 6.0.1; Nexus 5X Build/MMB29P) AppleWebKit/537.36 (KHTML, like Gecko) Chrome/138.0.7204.183 Mobile Safari/537.36 (compatible; GoogleOther)"
66.249.69.197 - - [04/Aug/2025:16:12:29 +0300] "GET /shopdetail/13201740/ HTTP/1.1" 200 17516 "-" "Mozilla/5.0 (Linux; Android 6.0.1; Nexus 5X Build/MMB29P) AppleWebKit/537.36 (KHTML, like Gecko) Chrome/138.0.7204.183 Mobile Safari/537.36 (compatible; GoogleOther)"
66.249.69.196 - - [04/Aug/2025:16:12:30 +0300] "GET /shopdetail/27500795/ HTTP/1.1" 200 17655 "-" "Mozilla/5.0 (compatible; Googlebot/2.1; +http://www.google.com/bot.html)"
66.249.69.197 - - [04/Aug/2025:16:12:30 +0300] "GET /shopdetail/2860395/ HTTP/1.1" 200 18091 "-" "Mozilla/5.0 (Linux; Android 6.0.1; Nexus 5X Build/MMB29P) AppleWebKit/537.36 (KHTML, like Gecko) Chrome/138.0.7204.183 Mobile Safari/537.36 (compatible; GoogleOther)"
66.249.69.196 - - [04/Aug/2025:16:12:31 +0300] "GET /shopdetail/31003384/ HTTP/1.1" 200 18928 "-" "Mozilla/5.0 (Linux; Android 6.0.1; Nexus 5X Build/MMB29P) AppleWebKit/537.36 (KHTML, like Gecko) Chrome/138.0.7204.183 Mobile Safari/537.36 (compatible; GoogleOther)"
66.249.69.197 - - [04/Aug/2025:16:12:31 +0300] "GET /shopdetail/7038062/ HTTP/1.1" 200 18652 "-" "Mozilla/5.0 (Linux; Android 6.0.1; Nexus 5X Build/MMB29P) AppleWebKit/537.36 (KHTML, like Gecko) Chrome/138.0.7204.183 Mobile Safari/537.36 (compatible; GoogleOther)"
66.249.69.197 - - [04/Aug/2025:16:12:31 +0300] "GET /shopdetail/2243039/ HTTP/1.1" 200 17884 "-" "Mozilla/5.0 (compatible; Googlebot/2.1; +http://www.google.com/bot.html)"
66.249.69.192 - - [04/Aug/2025:16:12:31 +0300] "GET /shopdetail/13712751/ HTTP/1.1" 200 18921 "-" "Mozilla/5.0 (Linux; Android 6.0.1; Nexus 5X Build/MMB29P) AppleWebKit/537.36 (KHTML, like Gecko) Chrome/138.0.7204.183 Mobile Safari/537.36 (compatible; GoogleOther)"
66.249.69.193 - - [04/Aug/2025:16:12:32 +0300] "POST /get-message-notify HTTP/1.1" 200 17492 "https://karismamodernkitchen.com/shopdetail/9194562/" "Mozilla/5.0 (Linux; Android 6.0.1; Nexus 5X Build/MMB29P) AppleWebKit/537.36 (KHTML, like Gecko) Chrome/137.0.7151.119 Mobile Safari/537.36 (compatible; Googlebot/2.1; +http://www.google.com/bot.html)"
66.249.69.193 - - [04/Aug/2025:16:12:32 +0300] "GET /shopdetail/2536673/ HTTP/1.1" 200 18051 "-" "Mozilla/5.0 (Linux; Android 6.0.1; Nexus 5X Build/MMB29P) AppleWebKit/537.36 (KHTML, like Gecko) Chrome/138.0.7204.183 Mobile Safari/537.36 (compatible; GoogleOther)"
66.249.69.192 - - [04/Aug/2025:16:12:32 +0300] "GET /shopdetail/10519551/ HTTP/1.1" 200 17934 "-" "Mozilla/5.0 (Linux; Android 6.0.1; Nexus 5X Build/MMB29P) AppleWebKit/537.36 (KHTML, like Gecko) Chrome/138.0.7204.183 Mobile Safari/537.36 (compatible; GoogleOther)"
66.249.69.197 - - [04/Aug/2025:16:12:33 +0300] "GET /shopdetail/23483784/ HTTP/1.1" 200 19085 "-" "Mozilla/5.0 (Linux; Android 6.0.1; Nexus 5X Build/MMB29P) AppleWebKit/537.36 (KHTML, like Gecko) Chrome/138.0.7204.183 Mobile Safari/537.36 (compatible; GoogleOther)"
66.249.69.193 - - [04/Aug/2025:16:12:33 +0300] "GET /shopdetail/17096395/ HTTP/1.1" 200 17284 "-" "Mozilla/5.0 (Linux; Android 6.0.1; Nexus 5X Build/MMB29P) AppleWebKit/537.36 (KHTML, like Gecko) Chrome/138.0.7204.183 Mobile Safari/537.36 (compatible; GoogleOther)"
66.249.69.196 - - [04/Aug/2025:16:12:33 +0300] "GET /shopdetail/15382384/ HTTP/1.1" 200 18462 "-" "Mozilla/5.0 (compatible; Googlebot/2.1; +http://www.google.com/bot.html)"
66.249.69.198 - - [04/Aug/2025:16:12:33 +0300] "GET /shopdetail/2469784/ HTTP/1.1" 200 18364 "-" "Mozilla/5.0 (Linux; Android 6.0.1; Nexus 5X Build/MMB29P) AppleWebKit/537.36 (KHTML, like Gecko) Chrome/138.0.7204.183 Mobile Safari/537.36 (compatible; GoogleOther)"
66.249.69.195 - - [04/Aug/2025:16:12:33 +0300] "GET /shopdetail/12105717/ HTTP/1.1" 200 18623 "-" "Mozilla/5.0 (Linux; Android 6.0.1; Nexus 5X Build/MMB29P) AppleWebKit/537.36 (KHTML, like Gecko) Chrome/138.0.7204.183 Mobile Safari/537.36 (compatible; GoogleOther)"
66.249.69.199 - - [04/Aug/2025:16:12:34 +0300] "GET /shopdetail/8190806/ HTTP/1.1" 200 18484 "-" "Mozilla/5.0 (Linux; Android 6.0.1; Nexus 5X Build/MMB29P) AppleWebKit/537.36 (KHTML, like Gecko) Chrome/138.0.7204.183 Mobile Safari/537.36 (compatible; GoogleOther)"
66.249.69.199 - - [04/Aug/2025:16:12:34 +0300] "GET /shopdetail/28037551/ HTTP/1.1" 200 18741 "-" "Mozilla/5.0 (Linux; Android 6.0.1; Nexus 5X Build/MMB29P) AppleWebKit/537.36 (KHTML, like Gecko) Chrome/138.0.7204.183 Mobile Safari/537.36 (compatible; GoogleOther)"
66.249.69.195 - - [04/Aug/2025:16:12:35 +0300] "POST /get-message-notify HTTP/1.1" 200 17492 "https://karismamodernkitchen.com/shopdetail/15367173/" "Mozilla/5.0 (Linux; Android 6.0.1; Nexus 5X Build/MMB29P) AppleWebKit/537.36 (KHTML, like Gecko) Chrome/137.0.7151.119 Mobile Safari/537.36 (compatible; Googlebot/2.1; +http://www.google.com/bot.html)"
66.249.69.195 - - [04/Aug/2025:16:12:35 +0300] "GET /shopdetail/9107484/ HTTP/1.1" 200 17444 "-" "Mozilla/5.0 (Linux; Android 6.0.1; Nexus 5X Build/MMB29P) AppleWebKit/537.36 (KHTML, like Gecko) Chrome/138.0.7204.183 Mobile Safari/537.36 (compatible; GoogleOther)"
66.249.69.192 - - [04/Aug/2025:16:12:35 +0300] "GET /shopdetail/5239328/ HTTP/1.1" 200 18874 "-" "Mozilla/5.0 (compatible; Googlebot/2.1; +http://www.google.com/bot.html)"
66.249.69.193 - - [04/Aug/2025:16:12:36 +0300] "POST /get-message-notify HTTP/1.1" 200 17492 "https://karismamodernkitchen.com/shopdetail/15796617/" "Mozilla/5.0 (Linux; Android 6.0.1; Nexus 5X Build/MMB29P) AppleWebKit/537.36 (KHTML, like Gecko) Chrome/137.0.7151.119 Mobile Safari/537.36 (compatible; Googlebot/2.1; +http://www.google.com/bot.html)"
66.249.69.199 - - [04/Aug/2025:16:12:36 +0300] "POST /get-message-notify HTTP/1.1" 200 17492 "https://karismamodernkitchen.com/shopdetail/12105717/" "Mozilla/5.0 (Linux; Android 6.0.1; Nexus 5X Build/MMB29P) AppleWebKit/537.36 (KHTML, like Gecko) Chrome/137.0.7151.119 Mobile Safari/537.36 (compatible; Googlebot/2.1; +http://www.google.com/bot.html)"
66.249.69.200 - - [04/Aug/2025:16:12:36 +0300] "GET /shopdetail/1667862/ HTTP/1.1" 200 18749 "-" "Mozilla/5.0 (Linux; Android 6.0.1; Nexus 5X Build/MMB29P) AppleWebKit/537.36 (KHTML, like Gecko) Chrome/138.0.7204.183 Mobile Safari/537.36 (compatible; GoogleOther)"
66.249.69.199 - - [04/Aug/2025:16:12:36 +0300] "GET /shopdetail/14718417/ HTTP/1.1" 200 17367 "-" "Mozilla/5.0 (Linux; Android 6.0.1; Nexus 5X Build/MMB29P) AppleWebKit/537.36 (KHTML, like Gecko) Chrome/138.0.7204.183 Mobile Safari/537.36 (compatible; GoogleOther)"
66.249.69.199 - - [04/Aug/2025:16:12:36 +0300] "GET /shopdetail/20833795/ HTTP/1.1" 200 18316 "-" "Mozilla/5.0 (Linux; Android 6.0.1; Nexus 5X Build/MMB29P) AppleWebKit/537.36 (KHTML, like Gecko) Chrome/138.0.7204.183 Mobile Safari/537.36 (compatible; GoogleOther)"
66.249.69.192 - - [04/Aug/2025:16:12:36 +0300] "GET /shopdetail/12625651/ HTTP/1.1" 200 18458 "-" "Mozilla/5.0 (compatible; Googlebot/2.1; +http://www.google.com/bot.html)"
66.249.69.199 - - [04/Aug/2025:16:12:37 +0300] "GET /shopdetail/5996462/ HTTP/1.1" 200 19010 "-" "Mozilla/5.0 (compatible; Googlebot/2.1; +http://www.google.com/bot.html)"
66.249.69.192 - - [04/Aug/2025:16:12:37 +0300] "GET /shopdetail/1847439/ HTTP/1.1" 200 18987 "-" "Mozilla/5.0 (Linux; Android 6.0.1; Nexus 5X Build/MMB29P) AppleWebKit/537.36 (KHTML, like Gecko) Chrome/138.0.7204.183 Mobile Safari/537.36 (compatible; GoogleOther)"
66.249.69.197 - - [04/Aug/2025:16:12:33 +0300] "GET /shopdetail/25398551/ HTTP/1.1" 200 19012 "-" "Mozilla/5.0 (Linux; Android 6.0.1; Nexus 5X Build/MMB29P) AppleWebKit/537.36 (KHTML, like Gecko) Chrome/138.0.7204.183 Mobile Safari/537.36 (compatible; GoogleOther)"
66.249.69.193 - - [04/Aug/2025:16:12:34 +0300] "GET /shopdetail/24538928/ HTTP/1.1" 200 18009 "-" "Mozilla/5.0 (Linux; Android 6.0.1; Nexus 5X Build/MMB29P) AppleWebKit/537.36 (KHTML, like Gecko) Chrome/138.0.7204.183 Mobile Safari/537.36 (compatible; GoogleOther)"
66.249.69.196 - - [04/Aug/2025:16:12:34 +0300] "GET /shopdetail/14916584/ HTTP/1.1" 200 17531 "-" "Mozilla/5.0 (Linux; Android 6.0.1; Nexus 5X Build/MMB29P) AppleWebKit/537.36 (KHTML, like Gecko) Chrome/138.0.7204.183 Mobile Safari/537.36 (compatible; GoogleOther)"
66.249.69.197 - - [04/Aug/2025:16:12:34 +0300] "POST /get-message-notify HTTP/1.1" 200 17492 "https://karismamodernkitchen.com/shopdetail/14060295/" "Mozilla/5.0 (Linux; Android 6.0.1; Nexus 5X Build/MMB29P) AppleWebKit/537.36 (KHTML, like Gecko) Chrome/137.0.7151.119 Mobile Safari/537.36 (compatible; Googlebot/2.1; +http://www.google.com/bot.html)"
66.249.69.196 - - [04/Aug/2025:16:12:34 +0300] "GET /shopdetail/6327517/ HTTP/1.1" 200 19165 "-" "Mozilla/5.0 (Linux; Android 6.0.1; Nexus 5X Build/MMB29P) AppleWebKit/537.36 (KHTML, like Gecko) Chrome/138.0.7204.183 Mobile Safari/537.36 (compatible; GoogleOther)"
66.249.69.194 - - [04/Aug/2025:16:12:35 +0300] "GET /shopdetail/12056284/ HTTP/1.1" 200 17142 "-" "Mozilla/5.0 (Linux; Android 6.0.1; Nexus 5X Build/MMB29P) AppleWebKit/537.36 (KHTML, like Gecko) Chrome/138.0.7204.183 Mobile Safari/537.36 (compatible; GoogleOther)"
66.249.69.196 - - [04/Aug/2025:16:12:35 +0300] "GET /shopdetail/7043551/ HTTP/1.1" 200 17924 "-" "Mozilla/5.0 (Linux; Android 6.0.1; Nexus 5X Build/MMB29P) AppleWebKit/537.36 (KHTML, like Gecko) Chrome/138.0.7204.183 Mobile Safari/537.36 (compatible; GoogleOther)"
66.249.69.192 - - [04/Aug/2025:16:12:35 +0300] "GET /shopdetail/16275951/ HTTP/1.1" 200 18122 "-" "Mozilla/5.0 (Linux; Android 6.0.1; Nexus 5X Build/MMB29P) AppleWebKit/537.36 (KHTML, like Gecko) Chrome/138.0.7204.183 Mobile Safari/537.36 (compatible; GoogleOther)"
66.249.69.196 - - [04/Aug/2025:16:12:37 +0300] "GET /shopdetail/23177784/ HTTP/1.1" 200 18928 "-" "Mozilla/5.0 (Linux; Android 6.0.1; Nexus 5X Build/MMB29P) AppleWebKit/537.36 (KHTML, like Gecko) Chrome/138.0.7204.183 Mobile Safari/537.36 (compatible; GoogleOther)"
66.249.69.196 - - [04/Aug/2025:16:12:37 +0300] "GET /shopdetail/5464984/ HTTP/1.1" 200 17792 "-" "Mozilla/5.0 (Linux; Android 6.0.1; Nexus 5X Build/MMB29P) AppleWebKit/537.36 (KHTML, like Gecko) Chrome/138.0.7204.183 Mobile Safari/537.36 (compatible; GoogleOther)"
66.249.69.192 - - [04/Aug/2025:16:12:37 +0300] "GET /shopdetail/14103528/ HTTP/1.1" 200 18176 "-" "Mozilla/5.0 (Linux; Android 6.0.1; Nexus 5X Build/MMB29P) AppleWebKit/537.36 (KHTML, like Gecko) Chrome/138.0.7204.183 Mobile Safari/537.36 (compatible; GoogleOther)"
66.249.69.197 - - [04/Aug/2025:16:12:37 +0300] "POST /get-message-notify HTTP/1.1" 200 17545 "https://karismamodernkitchen.com/shopdetail/2588506/" "Mozilla/5.0 (Linux; Android 6.0.1; Nexus 5X Build/MMB29P) AppleWebKit/537.36 (KHTML, like Gecko) Chrome/137.0.7151.119 Mobile Safari/537.36 (compatible; Googlebot/2.1; +http://www.google.com/bot.html)"
66.249.69.194 - - [04/Aug/2025:16:12:39 +0300] "POST /get-message-notify HTTP/1.1" 200 17492 "https://karismamodernkitchen.com/shopdetail/3744628/" "Mozilla/5.0 (Linux; Android 6.0.1; Nexus 5X Build/MMB29P) AppleWebKit/537.36 (KHTML, like Gecko) Chrome/137.0.7151.119 Mobile Safari/537.36 (compatible; Googlebot/2.1; +http://www.google.com/bot.html)"
66.249.69.198 - - [04/Aug/2025:16:12:39 +0300] "GET /shopdetail/29177995/ HTTP/1.1" 200 18103 "-" "Mozilla/5.0 (Linux; Android 6.0.1; Nexus 5X Build/MMB29P) AppleWebKit/537.36 (KHTML, like Gecko) Chrome/138.0.7204.183 Mobile Safari/537.36 (compatible; GoogleOther)"
66.249.69.196 - - [04/Aug/2025:16:12:39 +0300] "GET /shopdetail/5783517/ HTTP/1.1" 200 19250 "-" "Mozilla/5.0 (Linux; Android 6.0.1; Nexus 5X Build/MMB29P) AppleWebKit/537.36 (KHTML, like Gecko) Chrome/138.0.7204.183 Mobile Safari/537.36 (compatible; GoogleOther)"
66.249.69.197 - - [04/Aug/2025:16:12:39 +0300] "GET /shopdetail/18097806/ HTTP/1.1" 200 17864 "-" "Mozilla/5.0 (compatible; Googlebot/2.1; +http://www.google.com/bot.html)"
66.249.69.197 - - [04/Aug/2025:16:12:40 +0300] "GET /shopdetail/7837506/ HTTP/1.1" 200 17240 "-" "Mozilla/5.0 (Linux; Android 6.0.1; Nexus 5X Build/MMB29P) AppleWebKit/537.36 (KHTML, like Gecko) Chrome/138.0.7204.183 Mobile Safari/537.36 (compatible; GoogleOther)"
66.249.69.196 - - [04/Aug/2025:16:12:40 +0300] "GET /shopdetail/29132928/ HTTP/1.1" 200 18084 "-" "Mozilla/5.0 (Linux; Android 6.0.1; Nexus 5X Build/MMB29P) AppleWebKit/537.36 (KHTML, like Gecko) Chrome/138.0.7204.183 Mobile Safari/537.36 (compatible; GoogleOther)"
66.249.69.192 - - [04/Aug/2025:16:12:40 +0300] "GET /shopdetail/26355984/ HTTP/1.1" 200 18158 "-" "Mozilla/5.0 (Linux; Android 6.0.1; Nexus 5X Build/MMB29P) AppleWebKit/537.36 (KHTML, like Gecko) Chrome/138.0.7204.183 Mobile Safari/537.36 (compatible; GoogleOther)"
66.249.69.195 - - [04/Aug/2025:16:12:40 +0300] "GET /shopdetail/29646628/ HTTP/1.1" 200 18218 "-" "Mozilla/5.0 (Linux; Android 6.0.1; Nexus 5X Build/MMB29P) AppleWebKit/537.36 (KHTML, like Gecko) Chrome/138.0.7204.183 Mobile Safari/537.36 (compatible; GoogleOther)"
66.249.69.200 - - [04/Aug/2025:16:12:40 +0300] "GET /shopdetail/15602162/ HTTP/1.1" 200 18352 "-" "Mozilla/5.0 (compatible; Googlebot/2.1; +http://www.google.com/bot.html)"
66.249.69.196 - - [04/Aug/2025:16:12:41 +0300] "GET /shopdetail/12491540/ HTTP/1.1" 200 18806 "-" "Mozilla/5.0 (Linux; Android 6.0.1; Nexus 5X Build/MMB29P) AppleWebKit/537.36 (KHTML, like Gecko) Chrome/138.0.7204.183 Mobile Safari/537.36 (compatible; GoogleOther)"
66.249.69.197 - - [04/Aug/2025:16:12:41 +0300] "GET /shopdetail/9214262/ HTTP/1.1" 200 19215 "-" "Mozilla/5.0 (Linux; Android 6.0.1; Nexus 5X Build/MMB29P) AppleWebKit/537.36 (KHTML, like Gecko) Chrome/138.0.7204.183 Mobile Safari/537.36 (compatible; GoogleOther)"
66.249.69.195 - - [04/Aug/2025:16:12:41 +0300] "GET /shopdetail/14327273/ HTTP/1.1" 200 17893 "-" "Mozilla/5.0 (Linux; Android 6.0.1; Nexus 5X Build/MMB29P) AppleWebKit/537.36 (KHTML, like Gecko) Chrome/138.0.7204.183 Mobile Safari/537.36 (compatible; GoogleOther)"
66.249.69.197 - - [04/Aug/2025:16:12:42 +0300] "POST /get-message-notify HTTP/1.1" 200 17492 "https://karismamodernkitchen.com/shopdetail/20699640/" "Mozilla/5.0 (Linux; Android 6.0.1; Nexus 5X Build/MMB29P) AppleWebKit/537.36 (KHTML, like Gecko) Chrome/137.0.7151.119 Mobile Safari/537.36 (compatible; Googlebot/2.1; +http://www.google.com/bot.html)"
66.249.69.198 - - [04/Aug/2025:16:12:42 +0300] "POST /get-message-notify HTTP/1.1" 200 17492 "https://karismamodernkitchen.com/shopdetail/6549240/" "Mozilla/5.0 (Linux; Android 6.0.1; Nexus 5X Build/MMB29P) AppleWebKit/537.36 (KHTML, like Gecko) Chrome/137.0.7151.119 Mobile Safari/537.36 (compatible; Googlebot/2.1; +http://www.google.com/bot.html)"
66.249.69.196 - - [04/Aug/2025:16:12:42 +0300] "GET /shopdetail/17237840/ HTTP/1.1" 200 19148 "-" "Mozilla/5.0 (Linux; Android 6.0.1; Nexus 5X Build/MMB29P) AppleWebKit/537.36 (KHTML, like Gecko) Chrome/138.0.7204.183 Mobile Safari/537.36 (compatible; GoogleOther)"
66.249.69.194 - - [04/Aug/2025:16:12:42 +0300] "GET /shopdetail/6646051/ HTTP/1.1" 200 18228 "-" "Mozilla/5.0 (compatible; Googlebot/2.1; +http://www.google.com/bot.html)"
66.249.69.195 - - [04/Aug/2025:16:12:42 +0300] "GET /shopdetail/16225295/ HTTP/1.1" 200 17898 "-" "Mozilla/5.0 (Linux; Android 6.0.1; Nexus 5X Build/MMB29P) AppleWebKit/537.36 (KHTML, like Gecko) Chrome/138.0.7204.183 Mobile Safari/537.36 (compatible; GoogleOther)"
66.249.69.199 - - [04/Aug/2025:16:12:37 +0300] "GET /shopdetail/14844706/ HTTP/1.1" 200 18616 "-" "Mozilla/5.0 (Linux; Android 6.0.1; Nexus 5X Build/MMB29P) AppleWebKit/537.36 (KHTML, like Gecko) Chrome/138.0.7204.183 Mobile Safari/537.36 (compatible; GoogleOther)"
66.249.69.192 - - [04/Aug/2025:16:12:37 +0300] "GET /shopdetail/3593784/ HTTP/1.1" 200 18328 "-" "Mozilla/5.0 (Linux; Android 6.0.1; Nexus 5X Build/MMB29P) AppleWebKit/537.36 (KHTML, like Gecko) Chrome/138.0.7204.183 Mobile Safari/537.36 (compatible; GoogleOther)"
66.249.69.200 - - [04/Aug/2025:16:12:38 +0300] "GET /shopdetail/6056139/ HTTP/1.1" 200 17993 "-" "Mozilla/5.0 (Linux; Android 6.0.1; Nexus 5X Build/MMB29P) AppleWebKit/537.36 (KHTML, like Gecko) Chrome/138.0.7204.183 Mobile Safari/537.36 (compatible; GoogleOther)"
66.249.69.194 - - [04/Aug/2025:16:12:38 +0300] "GET /shopdetail/7291951/ HTTP/1.1" 200 18601 "-" "Mozilla/5.0 (compatible; Googlebot/2.1; +http://www.google.com/bot.html)"
66.249.69.199 - - [04/Aug/2025:16:12:38 +0300] "POST /get-message-notify HTTP/1.1" 200 17492 "https://karismamodernkitchen.com/shopdetail/12937095/" "Mozilla/5.0 (Linux; Android 6.0.1; Nexus 5X Build/MMB29P) AppleWebKit/537.36 (KHTML, like Gecko) Chrome/137.0.7151.119 Mobile Safari/537.36 (compatible; Googlebot/2.1; +http://www.google.com/bot.html)"
190.92.202.76 - - [04/Aug/2025:16:12:37 +0300] "GET /product-tag/30l-mixer/?orderby=date&add-to-wishlist=3745 HTTP/2" 200 28929 "https://karismamodernkitchen.com/product-tag/30l-mixer/?orderby=date&add-to-wishlist=3745" "Mozilla/5.0 (Windows NT 10.0; Win64; x64) AppleWebKit/537.36 (KHTML, like Gecko) Chrome/110.0.0.0 Safari/537.36"
66.249.69.200 - - [04/Aug/2025:16:12:39 +0300] "GET /shopdetail/25887017/ HTTP/1.1" 200 17544 "-" "Mozilla/5.0 (Linux; Android 6.0.1; Nexus 5X Build/MMB29P) AppleWebKit/537.36 (KHTML, like Gecko) Chrome/138.0.7204.183 Mobile Safari/537.36 (compatible; GoogleOther)"
66.249.69.196 - - [04/Aug/2025:16:12:40 +0300] "POST /get-message-notify HTTP/1.1" 200 17492 "https://karismamodernkitchen.com/shopdetail/12897051/" "Mozilla/5.0 (Linux; Android 6.0.1; Nexus 5X Build/MMB29P) AppleWebKit/537.36 (KHTML, like Gecko) Chrome/137.0.7151.119 Mobile Safari/537.36 (compatible; Googlebot/2.1; +http://www.google.com/bot.html)"
66.249.69.193 - - [04/Aug/2025:16:12:41 +0300] "GET /shopdetail/8432028/ HTTP/1.1" 200 18777 "-" "Mozilla/5.0 (Linux; Android 6.0.1; Nexus 5X Build/MMB29P) AppleWebKit/537.36 (KHTML, like Gecko) Chrome/138.0.7204.183 Mobile Safari/537.36 (compatible; GoogleOther)"
66.249.69.200 - - [04/Aug/2025:16:12:40 +0300] "GET /shopdetail/8304217/ HTTP/1.1" 200 18846 "-" "Mozilla/5.0 (Linux; Android 6.0.1; Nexus 5X Build/MMB29P) AppleWebKit/537.36 (KHTML, like Gecko) Chrome/138.0.7204.183 Mobile Safari/537.36 (compatible; GoogleOther)"
66.249.69.193 - - [04/Aug/2025:16:12:41 +0300] "GET /shopdetail/27980317/ HTTP/1.1" 200 18001 "-" "Mozilla/5.0 (compatible; Googlebot/2.1; +http://www.google.com/bot.html)"
66.249.69.194 - - [04/Aug/2025:16:12:42 +0300] "GET /shopdetail/8633939/ HTTP/1.1" 200 18231 "-" "Mozilla/5.0 (Linux; Android 6.0.1; Nexus 5X Build/MMB29P) AppleWebKit/537.36 (KHTML, like Gecko) Chrome/138.0.7204.183 Mobile Safari/537.36 (compatible; GoogleOther)"
66.249.69.194 - - [04/Aug/2025:16:12:42 +0300] "GET /shopdetail/16380017/ HTTP/1.1" 200 17243 "-" "Mozilla/5.0 (Linux; Android 6.0.1; Nexus 5X Build/MMB29P) AppleWebKit/537.36 (KHTML, like Gecko) Chrome/138.0.7204.183 Mobile Safari/537.36 (compatible; GoogleOther)"
66.249.69.193 - - [04/Aug/2025:16:12:42 +0300] "GET /shopdetail/3725095/ HTTP/1.1" 200 18062 "-" "Mozilla/5.0 (Linux; Android 6.0.1; Nexus 5X Build/MMB29P) AppleWebKit/537.36 (KHTML, like Gecko) Chrome/138.0.7204.183 Mobile Safari/537.36 (compatible; GoogleOther)"
66.249.69.200 - - [04/Aug/2025:16:12:42 +0300] "GET /shopdetail/11664528/ HTTP/1.1" 200 18639 "-" "Mozilla/5.0 (Linux; Android 6.0.1; Nexus 5X Build/MMB29P) AppleWebKit/537.36 (KHTML, like Gecko) Chrome/138.0.7204.183 Mobile Safari/537.36 (compatible; GoogleOther)"
66.249.69.193 - - [04/Aug/2025:16:12:44 +0300] "GET /shopdetail/2245551/ HTTP/1.1" 200 18300 "-" "Mozilla/5.0 (Linux; Android 6.0.1; Nexus 5X Build/MMB29P) AppleWebKit/537.36 (KHTML, like Gecko) Chrome/138.0.7204.183 Mobile Safari/537.36 (compatible; GoogleOther)"
66.249.69.195 - - [04/Aug/2025:16:12:44 +0300] "GET /shopdetail/6649262/ HTTP/1.1" 200 18671 "-" "Mozilla/5.0 (compatible; Googlebot/2.1; +http://www.google.com/bot.html)"
66.249.69.193 - - [04/Aug/2025:16:12:44 +0300] "GET /shopdetail/1764106/ HTTP/1.1" 200 18157 "-" "Mozilla/5.0 (Linux; Android 6.0.1; Nexus 5X Build/MMB29P) AppleWebKit/537.36 (KHTML, like Gecko) Chrome/138.0.7204.183 Mobile Safari/537.36 (compatible; GoogleOther)"
135.237.131.213 - - [04/Aug/2025:16:12:44 +0300] "GET /product-tag/glass-display-cabinet/ HTTP/2" 200 21601 "-" "Mozilla/5.0 AppleWebKit/537.36 (KHTML, like Gecko); compatible; ChatGPT-User/1.0; +https://openai.com/bot"
66.249.69.199 - - [04/Aug/2025:16:12:44 +0300] "GET /shopdetail/3730462/ HTTP/1.1" 200 19005 "-" "Mozilla/5.0 (Linux; Android 6.0.1; Nexus 5X Build/MMB29P) AppleWebKit/537.36 (KHTML, like Gecko) Chrome/138.0.7204.183 Mobile Safari/537.36 (compatible; GoogleOther)"
41.90.216.129 - - [04/Aug/2025:16:12:44 +0300] "GET / HTTP/2" 200 36161 "https://www.google.com/" "Mozilla/5.0 (Linux; Android 10; K) AppleWebKit/537.36 (KHTML, like Gecko) Chrome/138.0.0.0 Mobile Safari/537.36"
66.249.69.198 - - [04/Aug/2025:16:12:53 +0300] "GET /shopdetail/17914673/ HTTP/1.1" 200 17873 "-" "Mozilla/5.0 (Linux; Android 6.0.1; Nexus 5X Build/MMB29P) AppleWebKit/537.36 (KHTML, like Gecko) Chrome/138.0.7204.183 Mobile Safari/537.36 (compatible; GoogleOther)"
41.90.216.129 - - [04/Aug/2025:16:12:54 +0300] "GET /wp-content/plugins/header-footer-elementor/assets/css/header-footer-elementor.css?ver=2.4.8 HTTP/2" 200 259 "https://karismamodernkitchen.com/" "Mozilla/5.0 (Linux; Android 10; K) AppleWebKit/537.36 (KHTML, like Gecko) Chrome/138.0.0.0 Mobile Safari/537.36"
41.90.216.129 - - [04/Aug/2025:16:12:54 +0300] "GET /wp-content/uploads/elementor/css/post-8.css?ver=1754084953 HTTP/2" 200 378 "https://karismamodernkitchen.com/" "Mozilla/5.0 (Linux; Android 10; K) AppleWebKit/537.36 (KHTML, like Gecko) Chrome/138.0.0.0 Mobile Safari/537.36"
41.90.216.129 - - [04/Aug/2025:16:12:55 +0300] "GET /wp-content/uploads/elementor/css/post-3401.css?ver=1754085660 HTTP/2" 200 1309 "https://karismamodernkitchen.com/" "Mozilla/5.0 (Linux; Android 10; K) AppleWebKit/537.36 (KHTML, like Gecko) Chrome/138.0.0.0 Mobile Safari/537.36"
41.90.216.129 - - [04/Aug/2025:16:12:55 +0300] "GET /wp-content/uploads/elementor/css/post-4451.css?ver=1754084953 HTTP/2" 200 1846 "https://karismamodernkitchen.com/" "Mozilla/5.0 (Linux; Android 10; K) AppleWebKit/537.36 (KHTML, like Gecko) Chrome/138.0.0.0 Mobile Safari/537.36"
41.90.216.129 - - [04/Aug/2025:16:12:55 +0300] "GET /wp-includes/js/wp-util.min.js?ver=6.8.2 HTTP/2" 200 690 "https://karismamodernkitchen.com/" "Mozilla/5.0 (Linux; Android 10; K) AppleWebKit/537.36 (KHTML, like Gecko) Chrome/138.0.0.0 Mobile Safari/537.36"
135.237.131.216 - - [04/Aug/2025:16:12:53 +0300] "GET / HTTP/2" 200 0 "-" "Mozilla/5.0 AppleWebKit/537.36 (KHTML, like Gecko); compatible; ChatGPT-User/1.0; +https://openai.com/bot"
41.90.216.129 - - [04/Aug/2025:16:12:54 +0300] "GET /wp-content/plugins/header-footer-elementor/inc/widgets-css/frontend.css?ver=2.4.8 HTTP/2" 200 8154 "https://karismamodernkitchen.com/" "Mozilla/5.0 (Linux; Android 10; K) AppleWebKit/537.36 (KHTML, like Gecko) Chrome/138.0.0.0 Mobile Safari/537.36"
66.249.69.196 - - [04/Aug/2025:16:12:54 +0300] "GET /shopdetail/15242528/ HTTP/1.1" 200 18271 "-" "Mozilla/5.0 (compatible; Googlebot/2.1; +http://www.google.com/bot.html)"
66.249.69.196 - - [04/Aug/2025:16:12:54 +0300] "POST /get-message-notify HTTP/1.1" 200 17545 "https://karismamodernkitchen.com/shopdetail/5107117/" "Mozilla/5.0 (Linux; Android 6.0.1; Nexus 5X Build/MMB29P) AppleWebKit/537.36 (KHTML, like Gecko) Chrome/137.0.7151.119 Mobile Safari/537.36 (compatible; Googlebot/2.1; +http://www.google.com/bot.html)"
41.90.216.129 - - [04/Aug/2025:16:12:56 +0300] "GET /wp-includes/js/wp-emoji-release.min.js?ver=6.8.2 HTTP/2" 200 4769 "https://karismamodernkitchen.com/" "Mozilla/5.0 (Linux; Android 10; K) AppleWebKit/537.36 (KHTML, like Gecko) Chrome/138.0.0.0 Mobile Safari/537.36"
41.90.211.110 - - [04/Aug/2025:16:12:58 +0300] "GET /wp-content/themes/martfury/fonts/eleganticons.woff2 HTTP/2" 200 21728 "https://karismamodernkitchen.com/product-category/kitchen-equipment/food-preparation/page/2/" "Mozilla/5.0 (Linux; Android 10; K) AppleWebKit/537.36 (KHTML, like Gecko) Chrome/138.0.0.0 Mobile Safari/537.36"
41.90.211.110 - - [04/Aug/2025:16:12:58 +0300] "GET /wp-content/uploads/2024/12/KARISMA-1.png HTTP/2" 200 19255 "https://karismamodernkitchen.com/product-category/kitchen-equipment/food-preparation/page/2/" "Mozilla/5.0 (Linux; Android 10; K) AppleWebKit/537.36 (KHTML, like Gecko) Chrome/138.0.0.0 Mobile Safari/537.36"
66.249.69.197 - - [04/Aug/2025:16:12:57 +0300] "POST /get-message-notify HTTP/1.1" 200 17545 "https://karismamodernkitchen.com/shopdetail/31003384/" "Mozilla/5.0 (Linux; Android 6.0.1; Nexus 5X Build/MMB29P) AppleWebKit/537.36 (KHTML, like Gecko) Chrome/137.0.7151.119 Mobile Safari/537.36 (compatible; Googlebot/2.1; +http://www.google.com/bot.html)"
41.90.216.129 - - [04/Aug/2025:16:12:57 +0300] "POST /?wc-ajax=get_refreshed_fragments HTTP/2" 200 0 "https://karismamodernkitchen.com/" "Mozilla/5.0 (Linux; Android 10; K) AppleWebKit/537.36 (KHTML, like Gecko) Chrome/138.0.0.0 Mobile Safari/537.36"
41.90.211.110 - - [04/Aug/2025:16:12:58 +0300] "POST /?wc-ajax=get_refreshed_fragments HTTP/2" 200 0 "https://karismamodernkitchen.com/product-category/kitchen-equipment/food-preparation/page/2/" "Mozilla/5.0 (Linux; Android 10; K) AppleWebKit/537.36 (KHTML, like Gecko) Chrome/138.0.0.0 Mobile Safari/537.36"
66.249.69.199 - - [04/Aug/2025:16:13:04 +0300] "GET /shopdetail/13119928/ HTTP/1.1" 200 18640 "-" "Mozilla/5.0 (Linux; Android 6.0.1; Nexus 5X Build/MMB29P) AppleWebKit/537.36 (KHTML, like Gecko) Chrome/138.0.7204.183 Mobile Safari/537.36 (compatible; GoogleOther)"
66.249.69.199 - - [04/Aug/2025:16:13:04 +0300] "GET /shopdetail/7895795/ HTTP/1.1" 200 18241 "-" "Mozilla/5.0 (Linux; Android 6.0.1; Nexus 5X Build/MMB29P) AppleWebKit/537.36 (KHTML, like Gecko) Chrome/138.0.7204.183 Mobile Safari/537.36 (compatible; GoogleOther)"
66.249.69.196 - - [04/Aug/2025:16:13:04 +0300] "POST /get-message-notify HTTP/1.1" 200 17492 "https://karismamodernkitchen.com/shopdetail/9378051/" "Mozilla/5.0 (Linux; Android 6.0.1; Nexus 5X Build/MMB29P) AppleWebKit/537.36 (KHTML, like Gecko) Chrome/137.0.7151.119 Mobile Safari/537.36 (compatible; Googlebot/2.1; +http://www.google.com/bot.html)"
66.249.69.200 - - [04/Aug/2025:16:13:04 +0300] "POST /get-message-notify HTTP/1.1" 200 17492 "https://karismamodernkitchen.com/shopdetail/18652740/" "Mozilla/5.0 (Linux; Android 6.0.1; Nexus 5X Build/MMB29P) AppleWebKit/537.36 (KHTML, like Gecko) Chrome/137.0.7151.119 Mobile Safari/537.36 (compatible; Googlebot/2.1; +http://www.google.com/bot.html)"
66.249.69.196 - - [04/Aug/2025:16:13:04 +0300] "GET /shopdetail/28863606/ HTTP/1.1" 200 17771 "-" "Mozilla/5.0 (compatible; Googlebot/2.1; +http://www.google.com/bot.html)"
41.90.216.129 - - [04/Aug/2025:16:13:04 +0300] "GET /wp-content/uploads/2025/03/Meat-Mincer-Size-32.png HTTP/2" 200 193298 "https://karismamodernkitchen.com/" "Mozilla/5.0 (Linux; Android 10; K) AppleWebKit/537.36 (KHTML, like Gecko) Chrome/138.0.0.0 Mobile Safari/537.36"
66.249.69.199 - - [04/Aug/2025:16:13:05 +0300] "GET /shopdetail/9123851/ HTTP/1.1" 200 18518 "-" "Mozilla/5.0 (Linux; Android 6.0.1; Nexus 5X Build/MMB29P) AppleWebKit/537.36 (KHTML, like Gecko) Chrome/138.0.7204.183 Mobile Safari/537.36 (compatible; GoogleOther)"
41.90.216.129 - - [04/Aug/2025:16:13:04 +0300] "GET /wp-content/uploads/2025/03/Meat-Mincer-Size-22.png HTTP/2" 200 411645 "https://karismamodernkitchen.com/" "Mozilla/5.0 (Linux; Android 10; K) AppleWebKit/537.36 (KHTML, like Gecko) Chrome/138.0.0.0 Mobile Safari/537.36"
66.249.69.195 - - [04/Aug/2025:16:12:43 +0300] "GET /shopdetail/15759617/ HTTP/1.1" 200 17511 "-" "Mozilla/5.0 (Linux; Android 6.0.1; Nexus 5X Build/MMB29P) AppleWebKit/537.36 (KHTML, like Gecko) Chrome/138.0.7204.183 Mobile Safari/537.36 (compatible; GoogleOther)"
66.249.69.197 - - [04/Aug/2025:16:12:44 +0300] "GET /shopdetail/5071840/ HTTP/1.1" 200 17495 "-" "Mozilla/5.0 (Linux; Android 6.0.1; Nexus 5X Build/MMB29P) AppleWebKit/537.36 (KHTML, like Gecko) Chrome/138.0.7204.183 Mobile Safari/537.36 (compatible; GoogleOther)"
66.249.69.197 - - [04/Aug/2025:16:12:44 +0300] "POST /get-message-notify HTTP/1.1" 200 17492 "https://karismamodernkitchen.com/shopdetail/14327273/" "Mozilla/5.0 (Linux; Android 6.0.1; Nexus 5X Build/MMB29P) AppleWebKit/537.36 (KHTML, like Gecko) Chrome/137.0.7151.119 Mobile Safari/537.36 (compatible; Googlebot/2.1; +http://www.google.com/bot.html)"
66.249.69.194 - - [04/Aug/2025:16:12:44 +0300] "GET /shopdetail/2657917/ HTTP/1.1" 200 17110 "-" "Mozilla/5.0 (compatible; Googlebot/2.1; +http://www.google.com/bot.html)"
66.249.69.200 - - [04/Aug/2025:16:12:45 +0300] "GET /shopdetail/5752539/ HTTP/1.1" 200 17791 "-" "Mozilla/5.0 (compatible; Googlebot/2.1; +http://www.google.com/bot.html)"
66.249.69.198 - - [04/Aug/2025:16:12:47 +0300] "POST /get-message-notify HTTP/1.1" 200 17492 "https://karismamodernkitchen.com/shopdetail/2412595/" "Mozilla/5.0 (Linux; Android 6.0.1; Nexus 5X Build/MMB29P) AppleWebKit/537.36 (KHTML, like Gecko) Chrome/137.0.7151.119 Mobile Safari/537.36 (compatible; Googlebot/2.1; +http://www.google.com/bot.html)"
66.249.69.196 - - [04/Aug/2025:16:13:04 +0300] "POST /get-message-notify HTTP/1.1" 200 17545 "https://karismamodernkitchen.com/shopdetail/3653851/" "Mozilla/5.0 (Linux; Android 6.0.1; Nexus 5X Build/MMB29P) AppleWebKit/537.36 (KHTML, like Gecko) Chrome/137.0.7151.119 Mobile Safari/537.36 (compatible; Googlebot/2.1; +http://www.google.com/bot.html)"
66.249.69.196 - - [04/Aug/2025:16:13:04 +0300] "GET /shopdetail/15300606/ HTTP/1.1" 200 17152 "-" "Mozilla/5.0 (compatible; Googlebot/2.1; +http://www.google.com/bot.html)"
66.249.69.197 - - [04/Aug/2025:16:13:04 +0300] "GET /shopdetail/8001640/ HTTP/1.1" 200 17906 "-" "Mozilla/5.0 (Linux; Android 6.0.1; Nexus 5X Build/MMB29P) AppleWebKit/537.36 (KHTML, like Gecko) Chrome/138.0.7204.183 Mobile Safari/537.36 (compatible; GoogleOther)"
66.249.69.192 - - [04/Aug/2025:16:13:05 +0300] "POST /get-message-notify HTTP/1.1" 200 17492 "https://karismamodernkitchen.com/shopdetail/20850851/" "Mozilla/5.0 (Linux; Android 6.0.1; Nexus 5X Build/MMB29P) AppleWebKit/537.36 (KHTML, like Gecko) Chrome/137.0.7151.119 Mobile Safari/537.36 (compatible; Googlebot/2.1; +http://www.google.com/bot.html)"
66.249.69.200 - - [04/Aug/2025:16:13:07 +0300] "GET /shopdetail/6242284/ HTTP/1.1" 200 18509 "-" "Mozilla/5.0 (Linux; Android 6.0.1; Nexus 5X Build/MMB29P) AppleWebKit/537.36 (KHTML, like Gecko) Chrome/138.0.7204.183 Mobile Safari/537.36 (compatible; GoogleOther)"
66.249.69.198 - - [04/Aug/2025:16:13:07 +0300] "GET /shopdetail/3953584/ HTTP/1.1" 200 18158 "-" "Mozilla/5.0 (Linux; Android 6.0.1; Nexus 5X Build/MMB29P) AppleWebKit/537.36 (KHTML, like Gecko) Chrome/138.0.7204.183 Mobile Safari/537.36 (compatible; GoogleOther)"
66.249.69.198 - - [04/Aug/2025:16:13:08 +0300] "GET /shopdetail/4557906/ HTTP/1.1" 200 18874 "-" "Mozilla/5.0 (compatible; Googlebot/2.1; +http://www.google.com/bot.html)"
66.249.69.194 - - [04/Aug/2025:16:13:08 +0300] "GET /shopdetail/6203762/ HTTP/1.1" 200 18140 "-" "Mozilla/5.0 (compatible; Googlebot/2.1; +http://www.google.com/bot.html)"
66.249.69.195 - - [04/Aug/2025:16:13:09 +0300] "GET /shopdetail/23930640/ HTTP/1.1" 200 19129 "-" "Mozilla/5.0 (compatible; Googlebot/2.1; +http://www.google.com/bot.html)"
66.249.69.195 - - [04/Aug/2025:16:13:09 +0300] "GET /shopdetail/9926106/ HTTP/1.1" 200 18416 "-" "Mozilla/5.0 (Linux; Android 6.0.1; Nexus 5X Build/MMB29P) AppleWebKit/537.36 (KHTML, like Gecko) Chrome/138.0.7204.183 Mobile Safari/537.36 (compatible; GoogleOther)"
66.249.69.197 - - [04/Aug/2025:16:13:05 +0300] "GET /shopdetail/4674573/ HTTP/1.1" 200 18172 "-" "Mozilla/5.0 (compatible; Googlebot/2.1; +http://www.google.com/bot.html)"
66.249.69.200 - - [04/Aug/2025:16:13:06 +0300] "POST /get-message-notify HTTP/1.1" 200 17492 "https://karismamodernkitchen.com/shopdetail/8190806/" "Mozilla/5.0 (Linux; Android 6.0.1; Nexus 5X Build/MMB29P) AppleWebKit/537.36 (KHTML, like Gecko) Chrome/137.0.7151.119 Mobile Safari/537.36 (compatible; Googlebot/2.1; +http://www.google.com/bot.html)"
66.249.69.193 - - [04/Aug/2025:16:13:06 +0300] "GET /shopdetail/13081440/ HTTP/1.1" 200 19607 "-" "Mozilla/5.0 (Linux; Android 6.0.1; Nexus 5X Build/MMB29P) AppleWebKit/537.36 (KHTML, like Gecko) Chrome/138.0.7204.183 Mobile Safari/537.36 (compatible; GoogleOther)"
66.249.69.193 - - [04/Aug/2025:16:13:06 +0300] "GET /shopdetail/1459184/ HTTP/1.1" 200 17347 "-" "Mozilla/5.0 (compatible; Googlebot/2.1; +http://www.google.com/bot.html)"
41.90.216.129 - - [04/Aug/2025:16:12:56 +0300] "POST /?wc-ajax=get_compare_fragments HTTP/2" 200 241 "https://karismamodernkitchen.com/" "Mozilla/5.0 (Linux; Android 10; K) AppleWebKit/537.36 (KHTML, like Gecko) Chrome/138.0.0.0 Mobile Safari/537.36"
66.249.69.193 - - [04/Aug/2025:16:13:07 +0300] "GET /shopdetail/6875584/ HTTP/1.1" 200 17446 "-" "Mozilla/5.0 (compatible; Googlebot/2.1; +http://www.google.com/bot.html)"
66.249.69.194 - - [04/Aug/2025:16:13:07 +0300] "GET /shopdetail/24875839/ HTTP/1.1" 200 19669 "-" "Mozilla/5.0 (Linux; Android 6.0.1; Nexus 5X Build/MMB29P) AppleWebKit/537.36 (KHTML, like Gecko) Chrome/138.0.7204.183 Mobile Safari/537.36 (compatible; GoogleOther)"
66.249.69.200 - - [04/Aug/2025:16:13:07 +0300] "GET /shopdetail/13190406/ HTTP/1.1" 200 19055 "-" "Mozilla/5.0 (compatible; Googlebot/2.1; +http://www.google.com/bot.html)"
41.90.216.129 - - [04/Aug/2025:16:12:56 +0300] "POST /?wc-ajax=get_wishlist_fragments HTTP/2" 200 255 "https://karismamodernkitchen.com/" "Mozilla/5.0 (Linux; Android 10; K) AppleWebKit/537.36 (KHTML, like Gecko) Chrome/138.0.0.0 Mobile Safari/537.36"
66.249.69.200 - - [04/Aug/2025:16:13:07 +0300] "GET /shopdetail/7691551/ HTTP/1.1" 200 18922 "-" "Mozilla/5.0 (compatible; Googlebot/2.1; +http://www.google.com/bot.html)"
66.249.69.193 - - [04/Aug/2025:16:13:08 +0300] "POST /get-message-notify HTTP/1.1" 200 17492 "https://karismamodernkitchen.com/shopdetail/17096395/" "Mozilla/5.0 (Linux; Android 6.0.1; Nexus 5X Build/MMB29P) AppleWebKit/537.36 (KHTML, like Gecko) Chrome/137.0.7151.119 Mobile Safari/537.36 (compatible; Googlebot/2.1; +http://www.google.com/bot.html)"
66.249.69.199 - - [04/Aug/2025:16:13:08 +0300] "GET /shopdetail/11480395/ HTTP/1.1" 200 17386 "-" "Mozilla/5.0 (Linux; Android 6.0.1; Nexus 5X Build/MMB29P) AppleWebKit/537.36 (KHTML, like Gecko) Chrome/138.0.7204.183 Mobile Safari/537.36 (compatible; GoogleOther)"
66.249.69.199 - - [04/Aug/2025:16:13:08 +0300] "GET /shopdetail/4229562/ HTTP/1.1" 200 18028 "-" "Mozilla/5.0 (Linux; Android 6.0.1; Nexus 5X Build/MMB29P) AppleWebKit/537.36 (KHTML, like Gecko) Chrome/138.0.7204.183 Mobile Safari/537.36 (compatible; GoogleOther)"
66.249.69.194 - - [04/Aug/2025:16:13:09 +0300] "GET /shopdetail/9408273/ HTTP/1.1" 200 17541 "-" "Mozilla/5.0 (Linux; Android 6.0.1; Nexus 5X Build/MMB29P) AppleWebKit/537.36 (KHTML, like Gecko) Chrome/138.0.7204.183 Mobile Safari/537.36 (compatible; GoogleOther)"
