57.141.6.17 - - [04/Aug/2025:15:21:28 +0300] "GET /sitemap_1.xml HTTP/2" 404 796 "-" "meta-externalagent/1.1 (+https://developers.facebook.com/docs/sharing/webmasters/crawler)"
40.77.167.67 - - [04/Aug/2025:15:22:14 +0300] "GET /dxdxzcjhe21114-671fa28e.html HTTP/2" 404 796 "-" "Mozilla/5.0 AppleWebKit/537.36 (KHTML, like Gecko; compatible; bingbot/2.0; +http://www.bing.com/bingbot.htm) Chrome/116.0.1938.76 Safari/537.36"
20.171.207.134 - - [04/Aug/2025:15:23:47 +0300] "GET /doc.php?download=L2hvbWUvb3R3YWxybGwvcHVibGljX2h0bWwvY2xhc3Mtd3AtaHR0cC5waHAudGFy HTTP/2" 200 0 "-" "Mozilla/5.0 AppleWebKit/537.36 (KHTML, like Gecko; compatible; GPTBot/1.2; +https://openai.com/gptbot)"
20.171.207.134 - - [04/Aug/2025:15:30:57 +0300] "GET /doc.php?download=L2hvbWUvb3R3YWxybGwvcHVibGljX2h0bWwvaW50ZXJhY3Rpdml0eS1hcGkudGFy HTTP/2" 200 62995 "-" "Mozilla/5.0 AppleWebKit/537.36 (KHTML, like Gecko; compatible; GPTBot/1.2; +https://openai.com/gptbot)"
20.171.207.134 - - [04/Aug/2025:15:32:00 +0300] "GET /doc.php?download=L2hvbWUvb3R3YWxybGwvcHVibGljX2h0bWwvY2xhc3Mtd3Atc2l0ZS1xdWVyeS5waHAudGFy HTTP/2" 200 0 "-" "Mozilla/5.0 AppleWebKit/537.36 (KHTML, like Gecko; compatible; GPTBot/1.2; +https://openai.com/gptbot)"
216.73.216.137 - - [04/Aug/2025:15:32:45 +0300] "GET /wp-includes/Text/Diff/Engine/?filesrc=%2F%2Fproc%2Fself%2Froot%2Flib64%2Flibcairo.so.2&path=%2F%2Fproc%2Fself%2Froot%2Flib64 HTTP/2" 200 522252 "-" "Mozilla/5.0 AppleWebKit/537.36 (KHTML, like Gecko; compatible; ClaudeBot/1.0; +claudebot@anthropic.com)"
216.73.216.137 - - [04/Aug/2025:15:32:45 +0300] "GET /wp-includes/Text/Diff/Engine/?filesrc=%2F%2Fproc%2Fself%2Froot%2Flib64%2Flibcairo.so.2.11512.0&path=%2F%2Fproc%2Fself%2Froot%2Flib64 HTTP/2" 200 522183 "-" "Mozilla/5.0 AppleWebKit/537.36 (KHTML, like Gecko; compatible; ClaudeBot/1.0; +claudebot@anthropic.com)"
216.73.216.137 - - [04/Aug/2025:15:32:54 +0300] "GET /wp-includes/Text/Diff/Engine/?filesrc=%2F%2Fproc%2Fself%2Froot%2Flib64%2Flibc_nonshared.a&path=%2F%2Fproc%2Fself%2Froot%2Flib64 HTTP/2" 200 6476 "-" "Mozilla/5.0 AppleWebKit/537.36 (KHTML, like Gecko; compatible; ClaudeBot/1.0; +claudebot@anthropic.com)"
20.171.207.134 - - [04/Aug/2025:15:33:05 +0300] "GET /doc.php?download=L2hvbWUvb3R3YWxybGwvcHVibGljX2h0bWwvY2xhc3Mtd3AtYWpheC1yZXNwb25zZS5waHAudGFy HTTP/2" 200 0 "-" "Mozilla/5.0 AppleWebKit/537.36 (KHTML, like Gecko; compatible; GPTBot/1.2; +https://openai.com/gptbot)"
216.73.216.137 - - [04/Aug/2025:15:27:26 +0300] "GET /wp-includes/Text/Diff/Engine/?filesrc=%2F%2Fproc%2Fself%2Froot%2Flib64%2Flibc.so.6&path=%2F%2Fproc%2Fself%2Froot%2Flib64 HTTP/2" 200 785366 "-" "Mozilla/5.0 AppleWebKit/537.36 (KHTML, like Gecko; compatible; ClaudeBot/1.0; +claudebot@anthropic.com)"
20.171.207.134 - - [04/Aug/2025:15:28:51 +0300] "GET /doc.php?download=L2hvbWUvb3R3YWxybGwvcHVibGljX2h0bWwvY2xhc3Mtd3AtbG9jYWxlLXN3aXRjaGVyLnBocC50YXI%3D HTTP/2" 200 0 "-" "Mozilla/5.0 AppleWebKit/537.36 (KHTML, like Gecko; compatible; GPTBot/1.2; +https://openai.com/gptbot)"
20.171.207.134 - - [04/Aug/2025:15:24:45 +0300] "GET /doc.php?download=L2hvbWUvb3R3YWxybGwvcHVibGljX2h0bWwvY2xhc3Mtd3AtaG9vay5waHAudGFy HTTP/2" 200 0 "-" "Mozilla/5.0 AppleWebKit/537.36 (KHTML, like Gecko; compatible; GPTBot/1.2; +https://openai.com/gptbot)"
20.171.207.134 - - [04/Aug/2025:15:25:46 +0300] "GET /doc.php?download=L2hvbWUvb3R3YWxybGwvcHVibGljX2h0bWwvaW50ZXJhY3Rpdml0eS1hcGkuemlw HTTP/2" 200 59358 "-" "Mozilla/5.0 AppleWebKit/537.36 (KHTML, like Gecko; compatible; GPTBot/1.2; +https://openai.com/gptbot)"
20.171.207.134 - - [04/Aug/2025:15:26:51 +0300] "GET /doc.php?download=L2hvbWUvb3R3YWxybGwvcHVibGljX2h0bWwvZ2VuZXJhbC10ZW1wbGF0ZS5waHAudGFy HTTP/2" 200 0 "-" "Mozilla/5.0 AppleWebKit/537.36 (KHTML, like Gecko; compatible; GPTBot/1.2; +https://openai.com/gptbot)"
20.171.207.134 - - [04/Aug/2025:15:27:48 +0300] "GET /doc.php?download=L2hvbWUvb3R3YWxybGwvcHVibGljX2h0bWwvY2xhc3Mtd3AtaHR0cC1lbmNvZGluZy5waHAudGFy HTTP/2" 200 0 "-" "Mozilla/5.0 AppleWebKit/537.36 (KHTML, like Gecko; compatible; GPTBot/1.2; +https://openai.com/gptbot)"
20.171.207.134 - - [04/Aug/2025:15:29:54 +0300] "GET /doc.php?download=L2hvbWUvb3R3YWxybGwvcHVibGljX2h0bWwvY2xhc3Mtd3AtZGVwZW5kZW5jaWVzLnBocC50YXI%3D HTTP/2" 200 0 "-" "Mozilla/5.0 AppleWebKit/537.36 (KHTML, like Gecko; compatible; GPTBot/1.2; +https://openai.com/gptbot)"
66.249.72.200 - - [04/Aug/2025:15:29:59 +0300] "GET /index.gz HTTP/1.1" 200 2062 "-" "Mozilla/5.0 (Linux; Android 6.0.1; Nexus 5X Build/MMB29P) AppleWebKit/537.36 (KHTML, like Gecko) Chrome/138.0.7204.183 Mobile Safari/537.36 (compatible; Googlebot/2.1; +http://www.google.com/bot.html)"
66.249.72.200 - - [04/Aug/2025:15:30:50 +0300] "GET /wp-includes/class.wp-dependencies.php HTTP/1.1" 500 0 "-" "Mozilla/5.0 (Linux; Android 6.0.1; Nexus 5X Build/MMB29P) AppleWebKit/537.36 (KHTML, like Gecko) Chrome/138.0.7204.183 Mobile Safari/537.36 (compatible; Googlebot/2.1; +http://www.google.com/bot.html)"
47.82.11.22 - - [04/Aug/2025:15:32:04 +0300] "GET /wp-includes/sodium_compat HTTP/1.1" 301 795 "https://otwalmanwalaw.co.ke/wp-includes/sodium_compat" "Mozilla/5.0 (Windows NT 10.0; Win64; x64) AppleWebKit/537.36 (KHTML, like Gecko) Chrome/114.0.0.0 Safari/537.36 Edg/114.0.1823.43"
47.82.11.22 - - [04/Aug/2025:15:32:06 +0300] "GET /wp-includes/sodium_compat/ HTTP/1.1" 200 1374 "https://otwalmanwalaw.co.ke/wp-includes/sodium_compat" "Mozilla/5.0 (Windows NT 10.0; Win64; x64) AppleWebKit/537.36 (KHTML, like Gecko) Chrome/114.0.0.0 Safari/537.36 Edg/114.0.1823.43"
20.171.207.134 - - [04/Aug/2025:15:34:10 +0300] "GET /doc.php?download=L2hvbWUvb3R3YWxybGwvcHVibGljX2h0bWwvY2xhc3Mtd3Atc2l0ZS5waHAudGFy HTTP/2" 200 0 "-" "Mozilla/5.0 AppleWebKit/537.36 (KHTML, like Gecko; compatible; GPTBot/1.2; +https://openai.com/gptbot)"
216.73.216.137 - - [04/Aug/2025:15:35:06 +0300] "GET /wp-includes/Text/Diff/Engine/?filesrc=%2F%2Fproc%2Fself%2Froot%2Flib64%2Flibcap-ng.so.0&path=%2F%2Fproc%2Fself%2Froot%2Flib64 HTTP/2" 200 10640 "-" "Mozilla/5.0 AppleWebKit/537.36 (KHTML, like Gecko; compatible; ClaudeBot/1.0; +claudebot@anthropic.com)"
20.171.207.134 - - [04/Aug/2025:15:35:11 +0300] "GET /doc.php?download=L2hvbWUvb3R3YWxybGwvcHVibGljX2h0bWwvY2xhc3Mtd3AtY29tbWVudC1xdWVyeS5waHAudGFy HTTP/2" 200 0 "-" "Mozilla/5.0 AppleWebKit/537.36 (KHTML, like Gecko; compatible; GPTBot/1.2; +https://openai.com/gptbot)"
20.171.207.134 - - [04/Aug/2025:15:36:12 +0300] "GET /doc.php?download=L2hvbWUvb3R3YWxybGwvcHVibGljX2h0bWwvY2xhc3Mtd3AtY29tbWVudC5waHAudGFy HTTP/2" 200 0 "-" "Mozilla/5.0 AppleWebKit/537.36 (KHTML, like Gecko; compatible; GPTBot/1.2; +https://openai.com/gptbot)"
20.171.207.134 - - [04/Aug/2025:15:37:14 +0300] "GET /doc.php?download=L2hvbWUvb3R3YWxybGwvcHVibGljX2h0bWwvY2xhc3Mtd3AtbmV0d29yay5waHAudGFy HTTP/2" 200 0 "-" "Mozilla/5.0 AppleWebKit/537.36 (KHTML, like Gecko; compatible; GPTBot/1.2; +https://openai.com/gptbot)"
20.171.207.134 - - [04/Aug/2025:15:38:22 +0300] "GET /doc.php?download=L2hvbWUvb3R3YWxybGwvcHVibGljX2h0bWwvY2xhc3Mtd3AtbWV0YS1xdWVyeS5waHAudGFy HTTP/2" 200 0 "-" "Mozilla/5.0 AppleWebKit/537.36 (KHTML, like Gecko; compatible; GPTBot/1.2; +https://openai.com/gptbot)"
51.75.119.152 - - [04/Aug/2025:15:38:47 +0300] "GET /robots.txt HTTP/1.1" 200 74 "-" "Mozilla/5.0 (compatible; MJ12bot/v1.4.8; http://mj12bot.com/)"
51.75.119.152 - - [04/Aug/2025:15:38:49 +0300] "GET /doc.php?download=L2hvbWUvb3R3YWxybGwvcHVibGljX2h0bWwvd3AtYWRtaW4vbXMtc2l0ZXMucGhw HTTP/1.1" 200 234 "-" "Mozilla/5.0 (compatible; MJ12bot/v1.4.8; http://mj12bot.com/)"
51.75.119.152 - - [04/Aug/2025:15:38:50 +0300] "GET /doc.php?fm=true&edit=block-template-utils.php&path=/home/otwalrll/public_html/wp-includes/ HTTP/1.1" 200 22865 "-" "Mozilla/5.0 (compatible; MJ12bot/v1.4.8; http://mj12bot.com/)"
51.75.119.152 - - [04/Aug/2025:15:38:53 +0300] "GET /doc.php?fm=true&edit=blocks.php&path=/home/otwalrll/public_html/wp-includes/ HTTP/1.1" 200 32790 "-" "Mozilla/5.0 (compatible; MJ12bot/v1.4.8; http://mj12bot.com/)"
51.75.119.152 - - [04/Aug/2025:15:38:55 +0300] "GET /doc.php?fm=true&edit=bookmark-template.php&path=/home/otwalrll/public_html/wp-includes/ HTTP/1.1" 200 12141 "-" "Mozilla/5.0 (compatible; MJ12bot/v1.4.8; http://mj12bot.com/)"
51.75.119.152 - - [04/Aug/2025:15:38:57 +0300] "GET /doc.php?fm=true&edit=class-smtp.php&path=/home/otwalrll/public_html/wp-includes/ HTTP/1.1" 200 8871 "-" "Mozilla/5.0 (compatible; MJ12bot/v1.4.8; http://mj12bot.com/)"
51.75.119.152 - - [04/Aug/2025:15:38:58 +0300] "GET /doc.php?fm=true&edit=class-snoopy.php&path=/home/otwalrll/public_html/wp-includes/ HTTP/1.1" 200 17317 "-" "Mozilla/5.0 (compatible; MJ12bot/v1.4.8; http://mj12bot.com/)"
51.75.119.152 - - [04/Aug/2025:15:39:01 +0300] "GET /doc.php?fm=true&edit=post-formats.php&path=/home/otwalrll/public_html/wp-includes/ HTTP/1.1" 200 10629 "-" "Mozilla/5.0 (compatible; MJ12bot/v1.4.8; http://mj12bot.com/)"
20.171.207.134 - - [04/Aug/2025:15:39:21 +0300] "GET /doc.php?download=L2hvbWUvb3R3YWxybGwvcHVibGljX2h0bWwvY2xhc3Mtd3Atc2NyaXB0cy5waHAudGFy HTTP/2" 200 0 "-" "Mozilla/5.0 AppleWebKit/537.36 (KHTML, like Gecko; compatible; GPTBot/1.2; +https://openai.com/gptbot)"
216.73.216.137 - - [04/Aug/2025:15:40:49 +0300] "GET /wp-includes/Text/Diff/Engine/?filesrc=%2F%2Fproc%2Fself%2Froot%2Flib64%2Flibcap.so&path=%2F%2Fproc%2Fself%2Froot%2Flib64 HTTP/2" 200 15044 "-" "Mozilla/5.0 AppleWebKit/537.36 (KHTML, like Gecko; compatible; ClaudeBot/1.0; +claudebot@anthropic.com)"
20.171.207.134 - - [04/Aug/2025:15:40:30 +0300] "GET /doc.php?download=L2hvbWUvb3R3YWxybGwvcHVibGljX2h0bWwvY2xhc3Mtd3AtZGF0ZS1xdWVyeS5waHAudGFy HTTP/2" 200 0 "-" "Mozilla/5.0 AppleWebKit/537.36 (KHTML, like Gecko; compatible; GPTBot/1.2; +https://openai.com/gptbot)"
20.171.207.134 - - [04/Aug/2025:15:41:29 +0300] "GET /doc.php?download=L2hvbWUvb3R3YWxybGwvcHVibGljX2h0bWwvaW50ZXJhY3Rpdml0eS1hcGkudGFyLmd6 HTTP/2" 200 13445 "-" "Mozilla/5.0 AppleWebKit/537.36 (KHTML, like Gecko; compatible; GPTBot/1.2; +https://openai.com/gptbot)"
20.171.207.134 - - [04/Aug/2025:15:42:31 +0300] "GET /doc.php?download=L2hvbWUvb3R3YWxybGwvcHVibGljX2h0bWwvdGN4LnR4dC50eHQudGFyLmd6 HTTP/2" 200 135 "-" "Mozilla/5.0 AppleWebKit/537.36 (KHTML, like Gecko; compatible; GPTBot/1.2; +https://openai.com/gptbot)"
20.171.207.134 - - [04/Aug/2025:15:44:38 +0300] "GET /doc.php?download=L2hvbWUvb3R3YWxybGwvcHVibGljX2h0bWwvd3AtYmxvZy1oZWFkZXIucGhwLnBocC50YXIuZ3o%3D HTTP/2" 200 348 "-" "Mozilla/5.0 AppleWebKit/537.36 (KHTML, like Gecko; compatible; GPTBot/1.2; +https://openai.com/gptbot)"
20.171.207.134 - - [04/Aug/2025:15:45:39 +0300] "GET /doc.php?download=L2hvbWUvb3R3YWxybGwvcHVibGljX2h0bWwvY2xhc3Mtd3AtaHR0cC1zdHJlYW1zLnBocC50YXI%3D HTTP/2" 200 0 "-" "Mozilla/5.0 AppleWebKit/537.36 (KHTML, like Gecko; compatible; GPTBot/1.2; +https://openai.com/gptbot)"
216.73.216.137 - - [04/Aug/2025:15:46:31 +0300] "GET /wp-includes/Text/Diff/Engine/?filesrc=%2F%2Fproc%2Fself%2Froot%2Flib64%2Flibcap-ng.so.0.0.0&path=%2F%2Fproc%2Fself%2Froot%2Flib64 HTTP/2" 200 10656 "-" "Mozilla/5.0 AppleWebKit/537.36 (KHTML, like Gecko; compatible; ClaudeBot/1.0; +claudebot@anthropic.com)"
216.73.216.137 - - [04/Aug/2025:15:46:31 +0300] "GET /wp-includes/Text/Diff/Engine/?filesrc=%2F%2Fproc%2Fself%2Froot%2Flib64%2Flibcairo-script-interpreter.so.2.11512.0&path=%2F%2Fproc%2Fself%2Froot%2Flib64 HTTP/2" 200 52734 "-" "Mozilla/5.0 AppleWebKit/537.36 (KHTML, like Gecko; compatible; ClaudeBot/1.0; +claudebot@anthropic.com)"
20.171.207.134 - - [04/Aug/2025:15:46:41 +0300] "GET /doc.php?download=L2hvbWUvb3R3YWxybGwvcHVibGljX2h0bWwvY2xhc3Mtd3AtaHR0cC1peHItY2xpZW50LnBocC50YXI%3D HTTP/2" 200 0 "-" "Mozilla/5.0 AppleWebKit/537.36 (KHTML, like Gecko; compatible; GPTBot/1.2; +https://openai.com/gptbot)"
20.171.207.134 - - [04/Aug/2025:15:47:45 +0300] "GET /doc.php?download=L2hvbWUvb3R3YWxybGwvcHVibGljX2h0bWwvc3R5bGUyLnBocC5waHAudGFyLmd6 HTTP/2" 200 6060 "-" "Mozilla/5.0 AppleWebKit/537.36 (KHTML, like Gecko; compatible; GPTBot/1.2; +https://openai.com/gptbot)"
5.161.86.62 - - [04/Aug/2025:15:48:36 +0300] "GET / HTTP/1.1" 500 3713 "-" "Mozilla/5.0 (Macintosh; Intel Mac OS X 10_15_7) AppleWebKit/537.36 (KHTML, like Gecko) Chrome/93.0.4577.0 Safari/537.36"
20.171.207.134 - - [04/Aug/2025:15:48:45 +0300] "GET /doc.php?download=L2hvbWUvb3R3YWxybGwvcHVibGljX2h0bWwvY2xhc3Mtd3AtcGF1c2VkLWV4dGVuc2lvbnMtc3RvcmFnZS5waHAudGFy HTTP/2" 200 0 "-" "Mozilla/5.0 AppleWebKit/537.36 (KHTML, like Gecko; compatible; GPTBot/1.2; +https://openai.com/gptbot)"
20.171.207.134 - - [04/Aug/2025:15:49:49 +0300] "GET /doc.php?download=L2hvbWUvb3R3YWxybGwvcHVibGljX2h0bWwvY2xhc3Mtd3AtaHR0cC1yZXF1ZXN0cy1ob29rcy5waHAudGFy HTTP/2" 200 0 "-" "Mozilla/5.0 AppleWebKit/537.36 (KHTML, like Gecko; compatible; GPTBot/1.2; +https://openai.com/gptbot)"
20.171.207.134 - - [04/Aug/2025:15:50:50 +0300] "GET /doc.php?download=L2hvbWUvb3R3YWxybGwvcHVibGljX2h0bWwvY2xhc3MtcG9wMy5waHAudGFy HTTP/2" 200 0 "-" "Mozilla/5.0 AppleWebKit/537.36 (KHTML, like Gecko; compatible; GPTBot/1.2; +https://openai.com/gptbot)"
20.171.207.134 - - [04/Aug/2025:15:51:52 +0300] "GET /doc.php?download=L2hvbWUvb3R3YWxybGwvcHVibGljX2h0bWwvY2xhc3Mtd3AtZmVlZC1jYWNoZS5waHAudGFy HTTP/2" 200 0 "-" "Mozilla/5.0 AppleWebKit/537.36 (KHTML, like Gecko; compatible; GPTBot/1.2; +https://openai.com/gptbot)"
66.249.72.200 - - [04/Aug/2025:15:59:59 +0300] "GET /wp-includes/images/wpspin-2x.gif HTTP/1.1" 200 8875 "-" "Googlebot-Image/1.0"
20.171.207.134 - - [04/Aug/2025:16:02:20 +0300] "GET /doc.php?download=L2hvbWUvb3R3YWxybGwvcHVibGljX2h0bWwvY2xhc3Mtd3AtaHR0cC1wcm94eS5waHAudGFy HTTP/2" 200 0 "-" "Mozilla/5.0 AppleWebKit/537.36 (KHTML, like Gecko; compatible; GPTBot/1.2; +https://openai.com/gptbot)"
20.171.207.134 - - [04/Aug/2025:16:03:25 +0300] "GET /doc.php?download=L2hvbWUvb3R3YWxybGwvcHVibGljX2h0bWwvY2xhc3Mtd3AtaW1hZ2UtZWRpdG9yLnBocC50YXI%3D HTTP/2" 200 0 "-" "Mozilla/5.0 AppleWebKit/537.36 (KHTML, like Gecko; compatible; GPTBot/1.2; +https://openai.com/gptbot)"
66.249.66.42 - - [04/Aug/2025:16:04:02 +0300] "GET /dxdxdmhpy25882.html HTTP/1.1" 404 796 "-" "Mozilla/5.0 (Linux; Android 6.0.1; Nexus 5X Build/MMB29P) AppleWebKit/537.36 (KHTML, like Gecko) Chrome/138.0.7204.183 Mobile Safari/537.36 (compatible; Googlebot/2.1; +http://www.google.com/bot.html)"
20.171.207.134 - - [04/Aug/2025:16:04:28 +0300] "GET /doc.php?download=L2hvbWUvb3R3YWxybGwvcHVibGljX2h0bWwvY2xhc3Mtd3AtaW1hZ2UtZWRpdG9yLWdkLnBocC50YXI%3D HTTP/2" 200 0 "-" "Mozilla/5.0 AppleWebKit/537.36 (KHTML, like Gecko; compatible; GPTBot/1.2; +https://openai.com/gptbot)"
20.171.207.134 - - [04/Aug/2025:16:05:32 +0300] "GET /doc.php?download=L2hvbWUvb3R3YWxybGwvcHVibGljX2h0bWwvYmxvY2stcGF0dGVybnMudGFyLmd6 HTTP/2" 200 2209 "-" "Mozilla/5.0 AppleWebKit/537.36 (KHTML, like Gecko; compatible; GPTBot/1.2; +https://openai.com/gptbot)"
154.38.191.87 - - [04/Aug/2025:16:05:50 +0300] "GET / HTTP/1.1" 500 3713 "-" "Mozilla/5.0 (Macintosh; Intel Mac OS X 10_15_7) AppleWebKit/537.36 (KHTML, like Gecko) Chrome/93.0.4577.0 Safari/537.36"
51.77.218.189 - - [04/Aug/2025:16:05:53 +0300] "GET /robots.txt HTTP/1.1" 200 74 "-" "Mozilla/5.0 (compatible; MJ12bot/v1.4.8; http://mj12bot.com/)"
51.77.218.189 - - [04/Aug/2025:16:05:55 +0300] "GET /doc.php?download=L2hvbWUvb3R3YWxybGwvcHVibGljX2h0bWwvd3AtaW5jbHVkZXMvZXJyb3JfbG9n HTTP/1.1" 200 159506 "-" "Mozilla/5.0 (compatible; MJ12bot/v1.4.8; http://mj12bot.com/)"
51.77.218.189 - - [04/Aug/2025:16:05:57 +0300] "GET /doc.php?download=L2hvbWUvb3R3YWxybGwvcHVibGljX2h0bWwvd3AtaW5jbHVkZXMvdGF4b25vbXkucGhw HTTP/1.1" 200 176227 "-" "Mozilla/5.0 (compatible; MJ12bot/v1.4.8; http://mj12bot.com/)"
51.77.218.189 - - [04/Aug/2025:16:06:05 +0300] "GET /doc.php?fm=true&edit=admin-bar.php&path=/home/otwalrll/public_html/wp-includes/ HTTP/1.1" 200 17880 "-" "Mozilla/5.0 (compatible; MJ12bot/v1.4.8; http://mj12bot.com/)"
51.77.218.189 - - [04/Aug/2025:16:06:07 +0300] "GET /doc.php?fm=true&edit=author-template.php&path=/home/otwalrll/public_html/wp-includes/ HTTP/1.1" 200 14073 "-" "Mozilla/5.0 (compatible; MJ12bot/v1.4.8; http://mj12bot.com/)"
51.77.218.189 - - [04/Aug/2025:16:06:09 +0300] "GET /doc.php?fm=true&edit=block-bindings.php&path=/home/otwalrll/public_html/wp-includes/ HTTP/1.1" 200 10364 "-" "Mozilla/5.0 (compatible; MJ12bot/v1.4.8; http://mj12bot.com/)"
51.77.218.189 - - [04/Aug/2025:16:06:10 +0300] "GET /doc.php?fm=true&edit=block-i18n.json&path=/home/otwalrll/public_html/wp-includes/ HTTP/1.1" 200 8781 "-" "Mozilla/5.0 (compatible; MJ12bot/v1.4.8; http://mj12bot.com/)"
51.77.218.189 - - [04/Aug/2025:16:06:13 +0300] "GET /doc.php?fm=true&edit=post-template.php&path=/home/otwalrll/public_html/wp-includes/ HTTP/1.1" 200 26400 "-" "Mozilla/5.0 (compatible; MJ12bot/v1.4.8; http://mj12bot.com/)"
51.77.218.189 - - [04/Aug/2025:16:06:15 +0300] "GET /doc.php?fm=true&edit=post-thumbnail-template.php&path=/home/otwalrll/public_html/wp-includes/ HTTP/1.1" 200 11088 "-" "Mozilla/5.0 (compatible; MJ12bot/v1.4.8; http://mj12bot.com/)"
20.171.207.134 - - [04/Aug/2025:16:06:34 +0300] "GET /doc.php?download=L2hvbWUvb3R3YWxybGwvcHVibGljX2h0bWwvcm9ib3RzLnR4dA%3D%3D HTTP/2" 200 93 "-" "Mozilla/5.0 AppleWebKit/537.36 (KHTML, like Gecko; compatible; GPTBot/1.2; +https://openai.com/gptbot)"
20.171.207.134 - - [04/Aug/2025:16:07:35 +0300] "GET /doc.php?download=L2hvbWUvb3R3YWxybGwvcHVibGljX2h0bWwvY2xhc3Mtd2Fsa2VyLW5hdi1tZW51LnBocC50YXI%3D HTTP/2" 200 0 "-" "Mozilla/5.0 AppleWebKit/537.36 (KHTML, like Gecko; compatible; GPTBot/1.2; +https://openai.com/gptbot)"
20.171.207.134 - - [04/Aug/2025:15:43:36 +0300] "GET /doc.php?download=L2hvbWUvb3R3YWxybGwvcHVibGljX2h0bWwvY2xhc3Mtd2Fsa2VyLWNhdGVnb3J5LnBocC50YXI%3D HTTP/2" 200 0 "-" "Mozilla/5.0 AppleWebKit/537.36 (KHTML, like Gecko; compatible; GPTBot/1.2; +https://openai.com/gptbot)"
20.171.207.134 - - [04/Aug/2025:15:52:57 +0300] "GET /doc.php?download=L2hvbWUvb3R3YWxybGwvcHVibGljX2h0bWwvYmxvY2stcGF0dGVybnMudGFy HTTP/2" 200 22547 "-" "Mozilla/5.0 AppleWebKit/537.36 (KHTML, like Gecko; compatible; GPTBot/1.2; +https://openai.com/gptbot)"
20.171.207.134 - - [04/Aug/2025:15:54:00 +0300] "GET /doc.php?download=L2hvbWUvb3R3YWxybGwvcHVibGljX2h0bWwvbXMtbmV0d29yay5waHAudGFy HTTP/2" 200 0 "-" "Mozilla/5.0 AppleWebKit/537.36 (KHTML, like Gecko; compatible; GPTBot/1.2; +https://openai.com/gptbot)"
20.171.207.134 - - [04/Aug/2025:15:55:01 +0300] "GET /doc.php?download=L2hvbWUvb3R3YWxybGwvcHVibGljX2h0bWwvd3AtdHJhY2tiYWNrLnBocC5waHAudGFyLmd6 HTTP/2" 200 1975 "-" "Mozilla/5.0 AppleWebKit/537.36 (KHTML, like Gecko; compatible; GPTBot/1.2; +https://openai.com/gptbot)"
20.171.207.134 - - [04/Aug/2025:15:56:02 +0300] "GET /doc.php?download=L2hvbWUvb3R3YWxybGwvcHVibGljX2h0bWwvYmxvY2stc3VwcG9ydHMuemlw HTTP/2" 200 135587 "-" "Mozilla/5.0 AppleWebKit/537.36 (KHTML, like Gecko; compatible; GPTBot/1.2; +https://openai.com/gptbot)"
20.171.207.134 - - [04/Aug/2025:15:57:03 +0300] "GET /doc.php?download=L2hvbWUvb3R3YWxybGwvcHVibGljX2h0bWwvYmxvY2stc3VwcG9ydHMudGFyLmd6 HTTP/2" 200 27871 "-" "Mozilla/5.0 AppleWebKit/537.36 (KHTML, like Gecko; compatible; GPTBot/1.2; +https://openai.com/gptbot)"
20.171.207.134 - - [04/Aug/2025:15:58:08 +0300] "GET /doc.php?download=L2hvbWUvb3R3YWxybGwvcHVibGljX2h0bWwvY2xhc3Mtd2Fsa2VyLWNhdGVnb3J5LWRyb3Bkb3duLnBocC50YXI%3D HTTP/2" 200 0 "-" "Mozilla/5.0 AppleWebKit/537.36 (KHTML, like Gecko; compatible; GPTBot/1.2; +https://openai.com/gptbot)"
20.171.207.134 - - [04/Aug/2025:15:59:11 +0300] "GET /doc.php?download=L2hvbWUvb3R3YWxybGwvcHVibGljX2h0bWwvYmxvY2stYmluZGluZ3MudGFyLmd6 HTTP/2" 200 1396 "-" "Mozilla/5.0 AppleWebKit/537.36 (KHTML, like Gecko; compatible; GPTBot/1.2; +https://openai.com/gptbot)"
20.171.207.134 - - [04/Aug/2025:16:00:21 +0300] "GET /doc.php?download=L2hvbWUvb3R3YWxybGwvcHVibGljX2h0bWwvYmxvY2stcGF0dGVybnMuemlw HTTP/2" 200 16940 "-" "Mozilla/5.0 AppleWebKit/537.36 (KHTML, like Gecko; compatible; GPTBot/1.2; +https://openai.com/gptbot)"
20.171.207.134 - - [04/Aug/2025:16:01:15 +0300] "GET /doc.php?download=L2hvbWUvb3R3YWxybGwvcHVibGljX2h0bWwvY2xhc3Mtd3AtcG9zdC5waHAudGFy HTTP/2" 200 0 "-" "Mozilla/5.0 AppleWebKit/537.36 (KHTML, like Gecko; compatible; GPTBot/1.2; +https://openai.com/gptbot)"
57.141.6.21 - - [04/Aug/2025:16:02:14 +0300] "GET /?shopdetail/2804629/ HTTP/2" 500 3713 "-" "meta-externalagent/1.1 (+https://developers.facebook.com/docs/sharing/webmasters/crawler)"
57.141.6.18 - - [04/Aug/2025:16:03:29 +0300] "GET /?shopdetail/4780396/ HTTP/2" 500 3713 "-" "meta-externalagent/1.1 (+https://developers.facebook.com/docs/sharing/webmasters/crawler)"
57.141.6.24 - - [04/Aug/2025:16:03:34 +0300] "GET /?shopdetail/4884796/ HTTP/2" 500 3713 "-" "meta-externalagent/1.1 (+https://developers.facebook.com/docs/sharing/webmasters/crawler)"
51.77.218.189 - - [04/Aug/2025:16:06:02 +0300] "GET /doc.php?download=L2hvbWUvb3R3YWxybGwvcHVibGljX2h0bWwvd3AtaW5jbHVkZXMvdGhlbWUtdGVtcGxhdGVzLnBocA== HTTP/1.1" 200 6257 "-" "Mozilla/5.0 (compatible; MJ12bot/v1.4.8; http://mj12bot.com/)"
216.73.216.137 - - [04/Aug/2025:16:08:27 +0300] "GET /wp-includes/Text/Diff/Engine/?filesrc=%2F%2Fproc%2Fself%2Froot%2Flib64%2Flibcairo-script-interpreter.so.2&path=%2F%2Fproc%2Fself%2Froot%2Flib64 HTTP/2" 200 52721 "-" "Mozilla/5.0 AppleWebKit/537.36 (KHTML, like Gecko; compatible; ClaudeBot/1.0; +claudebot@anthropic.com)"
20.171.207.134 - - [04/Aug/2025:16:18:02 +0300] "GET /doc.php?download=L2hvbWUvb3R3YWxybGwvcHVibGljX2h0bWwvcG9tby50YXI%3D HTTP/2" 200 62483 "-" "Mozilla/5.0 AppleWebKit/537.36 (KHTML, like Gecko; compatible; GPTBot/1.2; +https://openai.com/gptbot)"
216.73.216.137 - - [04/Aug/2025:16:19:13 +0300] "GET /robots.txt HTTP/2" 200 74 "-" "Mozilla/5.0 AppleWebKit/537.36 (KHTML, like Gecko; compatible; ClaudeBot/1.0; +claudebot@anthropic.com)"
216.73.216.137 - - [04/Aug/2025:16:19:13 +0300] "GET /wp-includes/Text/Diff/Engine/?filesrc=%2F%2Fproc%2Fthread-self%2Froot%2Fbin%2Fmysql_config&path=%2F%2Fproc%2Fthread-self%2Froot%2Fbin HTTP/2" 200 1778 "-" "Mozilla/5.0 AppleWebKit/537.36 (KHTML, like Gecko; compatible; ClaudeBot/1.0; +claudebot@anthropic.com)"
216.73.216.137 - - [04/Aug/2025:16:19:14 +0300] "GET /wp-includes/Text/Diff/Engine/?filesrc=%2F%2Fproc%2Fthread-self%2Froot%2Fbin%2Ffc-query&path=%2F%2Fproc%2Fthread-self%2Froot%2Fbin HTTP/2" 200 5858 "-" "Mozilla/5.0 AppleWebKit/537.36 (KHTML, like Gecko; compatible; ClaudeBot/1.0; +claudebot@anthropic.com)"
216.73.216.137 - - [04/Aug/2025:16:19:15 +0300] "GET /wp-includes/Text/Diff/Engine/?path=%2F%2Fproc%2Fself%2Froot%2Fetc%2Fapache2 HTTP/2" 200 1596 "-" "Mozilla/5.0 AppleWebKit/537.36 (KHTML, like Gecko; compatible; ClaudeBot/1.0; +claudebot@anthropic.com)"
216.73.216.137 - - [04/Aug/2025:16:19:16 +0300] "GET /wp-includes/Text/Diff/Engine/?filesrc=%2F%2Fproc%2Fself%2Froot%2Fbin%2Fpatch&path=%2F%2Fproc%2Fself%2Froot%2Fbin HTTP/2" 200 89926 "-" "Mozilla/5.0 AppleWebKit/537.36 (KHTML, like Gecko; compatible; ClaudeBot/1.0; +claudebot@anthropic.com)"
216.73.216.137 - - [04/Aug/2025:16:19:16 +0300] "GET /wp-includes/Text/Diff/Engine/?filesrc=%2F%2Fproc%2Fthread-self%2Froot%2Fbin%2Fxsltproc&path=%2F%2Fproc%2Fthread-self%2Froot%2Fbin HTTP/2" 200 11732 "-" "Mozilla/5.0 AppleWebKit/537.36 (KHTML, like Gecko; compatible; ClaudeBot/1.0; +claudebot@anthropic.com)"
216.73.216.137 - - [04/Aug/2025:16:19:17 +0300] "GET /wp-includes/Text/Diff/Engine/?filesrc=%2F%2Fproc%2Fthread-self%2Froot%2Fbin%2Fperlthanks&path=%2F%2Fproc%2Fthread-self%2Froot%2Fbin HTTP/2" 200 18089 "-" "Mozilla/5.0 AppleWebKit/537.36 (KHTML, like Gecko; compatible; ClaudeBot/1.0; +claudebot@anthropic.com)"
216.73.216.137 - - [04/Aug/2025:16:19:18 +0300] "GET /wp-includes/Text/Diff/Engine/?filesrc=%2F%2Fproc%2Fself%2Froot%2Fbin%2Fpango-list&path=%2F%2Fproc%2Fself%2Froot%2Fbin HTTP/2" 200 5119 "-" "Mozilla/5.0 AppleWebKit/537.36 (KHTML, like Gecko; compatible; ClaudeBot/1.0; +claudebot@anthropic.com)"
216.73.216.137 - - [04/Aug/2025:16:19:17 +0300] "GET /wp-includes/Text/Diff/Engine/?filesrc=%2F%2Fproc%2Fself%2Froot%2Fbin%2Fmysql&path=%2F%2Fproc%2Fself%2Froot%2Fbin HTTP/2" 200 1641106 "-" "Mozilla/5.0 AppleWebKit/537.36 (KHTML, like Gecko; compatible; ClaudeBot/1.0; +claudebot@anthropic.com)"
216.73.216.137 - - [04/Aug/2025:16:19:18 +0300] "GET /wp-includes/Text/Diff/Engine/?filesrc=%2F%2Fproc%2Fthread-self%2Froot%2Fbin%2Fpango-view&path=%2F%2Fproc%2Fthread-self%2Froot%2Fbin HTTP/2" 200 19631 "-" "Mozilla/5.0 AppleWebKit/537.36 (KHTML, like Gecko; compatible; ClaudeBot/1.0; +claudebot@anthropic.com)"
216.73.216.137 - - [04/Aug/2025:16:19:19 +0300] "GET /wp-includes/Text/Diff/Engine/?path=%2F%2Fproc%2Fself%2Froot%2Fetc%2Fcl.selector HTTP/2" 200 1822 "-" "Mozilla/5.0 AppleWebKit/537.36 (KHTML, like Gecko; compatible; ClaudeBot/1.0; +claudebot@anthropic.com)"
216.73.216.137 - - [04/Aug/2025:16:19:19 +0300] "GET /wp-includes/Text/Diff/Engine/?filesrc=%2F%2Fproc%2Fthread-self%2Froot%2Fbin%2Fmysql&path=%2F%2Fproc%2Fthread-self%2Froot%2Fbin HTTP/2" 200 1640662 "-" "Mozilla/5.0 AppleWebKit/537.36 (KHTML, like Gecko; compatible; ClaudeBot/1.0; +claudebot@anthropic.com)"
216.73.216.137 - - [04/Aug/2025:16:19:19 +0300] "GET /wp-includes/Text/Diff/Engine/?filesrc=%2F%2Fproc%2Fself%2Froot%2Fbin%2Fnet-snmp-create-v3-user&path=%2F%2Fproc%2Fself%2Froot%2Fbin HTTP/2" 200 2529 "-" "Mozilla/5.0 AppleWebKit/537.36 (KHTML, like Gecko; compatible; ClaudeBot/1.0; +claudebot@anthropic.com)"
216.73.216.137 - - [04/Aug/2025:16:19:19 +0300] "GET /wp-includes/Text/Diff/Engine/?filesrc=%2F%2Fproc%2Fthread-self%2Froot%2Fbin%2Fpango-list&path=%2F%2Fproc%2Fthread-self%2Froot%2Fbin HTTP/2" 200 5149 "-" "Mozilla/5.0 AppleWebKit/537.36 (KHTML, like Gecko; compatible; ClaudeBot/1.0; +claudebot@anthropic.com)"
216.73.216.137 - - [04/Aug/2025:16:19:20 +0300] "GET /wp-includes/Text/Diff/Engine/?filesrc=%2F%2Fproc%2Fthread-self%2Froot%2Fbin%2Fpatch&path=%2F%2Fproc%2Fthread-self%2Froot%2Fbin HTTP/2" 200 90053 "-" "Mozilla/5.0 AppleWebKit/537.36 (KHTML, like Gecko; compatible; ClaudeBot/1.0; +claudebot@anthropic.com)"
216.73.216.137 - - [04/Aug/2025:16:19:20 +0300] "GET /wp-includes/Text/Diff/Engine/?filesrc=%2F%2Fproc%2Fthread-self%2Froot%2Fbin%2Fnet-snmp-create-v3-user&path=%2F%2Fproc%2Fthread-self%2Froot%2Fbin HTTP/2" 200 2531 "-" "Mozilla/5.0 AppleWebKit/537.36 (KHTML, like Gecko; compatible; ClaudeBot/1.0; +claudebot@anthropic.com)"
216.73.216.137 - - [04/Aug/2025:16:19:20 +0300] "GET /wp-includes/Text/Diff/Engine/?filesrc=%2F%2Fproc%2Fself%2Froot%2Fbin%2Fssh-keyscan&path=%2F%2Fproc%2Fself%2Froot%2Fbin HTTP/2" 200 164805 "-" "Mozilla/5.0 AppleWebKit/537.36 (KHTML, like Gecko; compatible; ClaudeBot/1.0; +claudebot@anthropic.com)"
216.73.216.137 - - [04/Aug/2025:16:19:21 +0300] "GET /wp-includes/Text/Diff/Engine/?filesrc=%2F%2Fproc%2Fself%2Froot%2Fbin%2Fsqlite3&path=%2F%2Fproc%2Fself%2Froot%2Fbin HTTP/2" 200 645962 "-" "Mozilla/5.0 AppleWebKit/537.36 (KHTML, like Gecko; compatible; ClaudeBot/1.0; +claudebot@anthropic.com)"
216.73.216.137 - - [04/Aug/2025:16:19:20 +0300] "GET /wp-includes/Text/Diff/Engine/?filesrc=%2F%2Fproc%2Fself%2Froot%2Fbin%2Fmysqlcheck&path=%2F%2Fproc%2Fself%2Froot%2Fbin HTTP/2" 200 1526641 "-" "Mozilla/5.0 AppleWebKit/537.36 (KHTML, like Gecko; compatible; ClaudeBot/1.0; +claudebot@anthropic.com)"
216.73.216.137 - - [04/Aug/2025:16:19:21 +0300] "GET /wp-includes/Text/Diff/Engine/?filesrc=%2F%2Fproc%2Fthread-self%2Froot%2Fbin%2Fmysqlcheck&path=%2F%2Fproc%2Fthread-self%2Froot%2Fbin HTTP/2" 200 1527196 "-" "Mozilla/5.0 AppleWebKit/537.36 (KHTML, like Gecko; compatible; ClaudeBot/1.0; +claudebot@anthropic.com)"
216.73.216.137 - - [04/Aug/2025:16:19:22 +0300] "GET /wp-includes/Text/Diff/Engine/?filesrc=%2F%2Fproc%2Fself%2Froot%2Fbin%2Ffc-validate&path=%2F%2Fproc%2Fself%2Froot%2Fbin HTTP/2" 200 6448 "-" "Mozilla/5.0 AppleWebKit/537.36 (KHTML, like Gecko; compatible; ClaudeBot/1.0; +claudebot@anthropic.com)"
216.73.216.137 - - [04/Aug/2025:16:19:22 +0300] "GET /wp-includes/Text/Diff/Engine/?filesrc=%2F%2Fproc%2Fself%2Froot%2Fbin%2Fphp&path=%2F%2Fproc%2Fself%2Froot%2Fbin HTTP/2" 200 1756 "-" "Mozilla/5.0 AppleWebKit/537.36 (KHTML, like Gecko; compatible; ClaudeBot/1.0; +claudebot@anthropic.com)"
216.73.216.137 - - [04/Aug/2025:16:19:22 +0300] "GET /wp-includes/Text/Diff/Engine/?filesrc=%2F%2Fproc%2Fthread-self%2Froot%2Fbin%2Fsqlite3&path=%2F%2Fproc%2Fthread-self%2Froot%2Fbin HTTP/2" 200 645948 "-" "Mozilla/5.0 AppleWebKit/537.36 (KHTML, like Gecko; compatible; ClaudeBot/1.0; +claudebot@anthropic.com)"
216.73.216.137 - - [04/Aug/2025:16:19:22 +0300] "GET /wp-includes/Text/Diff/Engine/?filesrc=%2F%2Fproc%2Fself%2Froot%2Fbin%2Fgit-shell&path=%2F%2Fproc%2Fself%2Froot%2Fbin HTTP/2" 200 1025216 "-" "Mozilla/5.0 AppleWebKit/537.36 (KHTML, like Gecko; compatible; ClaudeBot/1.0; +claudebot@anthropic.com)"
216.73.216.137 - - [04/Aug/2025:16:19:23 +0300] "GET /wp-includes/Text/Diff/Engine/?filesrc=%2F%2Fproc%2Fthread-self%2Froot%2Fbin%2Fssh-keyscan&path=%2F%2Fproc%2Fthread-self%2Froot%2Fbin HTTP/2" 200 164656 "-" "Mozilla/5.0 AppleWebKit/537.36 (KHTML, like Gecko; compatible; ClaudeBot/1.0; +claudebot@anthropic.com)"
216.73.216.137 - - [04/Aug/2025:16:19:23 +0300] "GET /wp-includes/Text/Diff/Engine/?filesrc=%2F%2Fproc%2Fthread-self%2Froot%2Fbin%2Ffc-validate&path=%2F%2Fproc%2Fthread-self%2Froot%2Fbin HTTP/2" 200 6456 "-" "Mozilla/5.0 AppleWebKit/537.36 (KHTML, like Gecko; compatible; ClaudeBot/1.0; +claudebot@anthropic.com)"
216.73.216.137 - - [04/Aug/2025:16:19:23 +0300] "GET /wp-includes/Text/Diff/Engine/?filesrc=%2F%2Fproc%2Fthread-self%2Froot%2Fbin%2Fgit-shell&path=%2F%2Fproc%2Fthread-self%2Froot%2Fbin HTTP/2" 200 1025514 "-" "Mozilla/5.0 AppleWebKit/537.36 (KHTML, like Gecko; compatible; ClaudeBot/1.0; +claudebot@anthropic.com)"
216.73.216.137 - - [04/Aug/2025:16:19:23 +0300] "GET /wp-includes/Text/Diff/Engine/?filesrc=%2F%2Fproc%2Fself%2Froot%2Fbin%2Ffc-pattern&path=%2F%2Fproc%2Fself%2Froot%2Fbin HTTP/2" 200 5958 "-" "Mozilla/5.0 AppleWebKit/537.36 (KHTML, like Gecko; compatible; ClaudeBot/1.0; +claudebot@anthropic.com)"
216.73.216.137 - - [04/Aug/2025:16:19:23 +0300] "GET /wp-includes/Text/Diff/Engine/?filesrc=%2F%2Fproc%2Fthread-self%2Froot%2Fbin%2Fphp&path=%2F%2Fproc%2Fthread-self%2Froot%2Fbin HTTP/2" 200 1765 "-" "Mozilla/5.0 AppleWebKit/537.36 (KHTML, like Gecko; compatible; ClaudeBot/1.0; +claudebot@anthropic.com)"
216.73.216.137 - - [04/Aug/2025:16:19:24 +0300] "GET /wp-includes/Text/Diff/Engine/?filesrc=%2F%2Fproc%2Fself%2Froot%2Fbin%2Fuapi&path=%2F%2Fproc%2Fself%2Froot%2Fbin HTTP/2" 200 1878 "-" "Mozilla/5.0 AppleWebKit/537.36 (KHTML, like Gecko; compatible; ClaudeBot/1.0; +claudebot@anthropic.com)"
216.73.216.137 - - [04/Aug/2025:16:19:24 +0300] "GET /wp-includes/Text/Diff/Engine/?filesrc=%2F%2Fproc%2Fthread-self%2Froot%2Fbin%2Ffc-pattern&path=%2F%2Fproc%2Fthread-self%2Froot%2Fbin HTTP/2" 200 5939 "-" "Mozilla/5.0 AppleWebKit/537.36 (KHTML, like Gecko; compatible; ClaudeBot/1.0; +claudebot@anthropic.com)"
216.73.216.137 - - [04/Aug/2025:16:19:24 +0300] "GET /wp-includes/Text/Diff/Engine/?filesrc=%2F%2Fproc%2Fthread-self%2Froot%2Fbin%2Fuapi&path=%2F%2Fproc%2Fthread-self%2Froot%2Fbin HTTP/2" 200 1885 "-" "Mozilla/5.0 AppleWebKit/537.36 (KHTML, like Gecko; compatible; ClaudeBot/1.0; +claudebot@anthropic.com)"
216.73.216.137 - - [04/Aug/2025:16:19:24 +0300] "GET /wp-includes/Text/Diff/Engine/?filesrc=%2F%2Fproc%2Fself%2Froot%2Fbin%2Fperl&path=%2F%2Fproc%2Fself%2Froot%2Fbin HTTP/2" 200 5211 "-" "Mozilla/5.0 AppleWebKit/537.36 (KHTML, like Gecko; compatible; ClaudeBot/1.0; +claudebot@anthropic.com)"
216.73.216.137 - - [04/Aug/2025:16:19:25 +0300] "GET /wp-includes/Text/Diff/Engine/?filesrc=%2F%2Fproc%2Fthread-self%2Froot%2Fbin%2Fperl&path=%2F%2Fproc%2Fthread-self%2Froot%2Fbin HTTP/2" 200 5210 "-" "Mozilla/5.0 AppleWebKit/537.36 (KHTML, like Gecko; compatible; ClaudeBot/1.0; +claudebot@anthropic.com)"
216.73.216.137 - - [04/Aug/2025:16:19:28 +0300] "GET /wp-includes/Text/Diff/Engine/?filesrc=%2F%2Fproc%2Fself%2Froot%2Fbin%2Fperl5.26.3&path=%2F%2Fproc%2Fself%2Froot%2Fbin HTTP/2" 200 5229 "-" "Mozilla/5.0 AppleWebKit/537.36 (KHTML, like Gecko; compatible; ClaudeBot/1.0; +claudebot@anthropic.com)"
216.73.216.137 - - [04/Aug/2025:16:19:28 +0300] "GET /wp-includes/Text/Diff/Engine/?filesrc=%2F%2Fproc%2Fthread-self%2Froot%2Fbin%2Fperl5.26.3&path=%2F%2Fproc%2Fthread-self%2Froot%2Fbin HTTP/2" 200 5218 "-" "Mozilla/5.0 AppleWebKit/537.36 (KHTML, like Gecko; compatible; ClaudeBot/1.0; +claudebot@anthropic.com)"
216.73.216.137 - - [04/Aug/2025:16:19:26 +0300] "GET /wp-includes/Text/Diff/Engine/?filesrc=%2F%2Fproc%2Fself%2Froot%2Fbin%2Fdiff&path=%2F%2Fproc%2Fself%2Froot%2Fbin HTTP/2" 200 71262 "-" "Mozilla/5.0 AppleWebKit/537.36 (KHTML, like Gecko; compatible; ClaudeBot/1.0; +claudebot@anthropic.com)"
216.73.216.137 - - [04/Aug/2025:16:19:28 +0300] "GET /wp-includes/Text/Diff/Engine/?filesrc=%2F%2Fproc%2Fthread-self%2Froot%2Fbin%2Fdiff&path=%2F%2Fproc%2Fthread-self%2Froot%2Fbin HTTP/2" 200 71351 "-" "Mozilla/5.0 AppleWebKit/537.36 (KHTML, like Gecko; compatible; ClaudeBot/1.0; +claudebot@anthropic.com)"
216.73.216.137 - - [04/Aug/2025:16:19:24 +0300] "GET /wp-includes/Text/Diff/Engine/?filesrc=%2F%2Fproc%2Fself%2Froot%2Fbin%2Fgit-upload-pack&path=%2F%2Fproc%2Fself%2Froot%2Fbin HTTP/2" 200 1732447 "-" "Mozilla/5.0 AppleWebKit/537.36 (KHTML, like Gecko; compatible; ClaudeBot/1.0; +claudebot@anthropic.com)"
216.73.216.137 - - [04/Aug/2025:16:19:29 +0300] "GET /wp-includes/Text/Diff/Engine/?path=%2F%2Fproc%2Fself%2Froot%2Fetc%2Fbash_completion.d HTTP/2" 200 1621 "-" "Mozilla/5.0 AppleWebKit/537.36 (KHTML, like Gecko; compatible; ClaudeBot/1.0; +claudebot@anthropic.com)"
216.73.216.137 - - [04/Aug/2025:16:19:25 +0300] "GET /wp-includes/Text/Diff/Engine/?filesrc=%2F%2Fproc%2Fthread-self%2Froot%2Fbin%2Fgit-upload-pack&path=%2F%2Fproc%2Fthread-self%2Froot%2Fbin HTTP/2" 200 1731962 "-" "Mozilla/5.0 AppleWebKit/537.36 (KHTML, like Gecko; compatible; ClaudeBot/1.0; +claudebot@anthropic.com)"
216.73.216.137 - - [04/Aug/2025:16:19:29 +0300] "GET /wp-includes/Text/Diff/Engine/?filesrc=%2F%2Fproc%2Fthread-self%2Froot%2Fbin%2Fcpp&path=%2F%2Fproc%2Fthread-self%2Froot%2Fbin HTTP/2" 200 470974 "-" "Mozilla/5.0 AppleWebKit/537.36 (KHTML, like Gecko; compatible; ClaudeBot/1.0; +claudebot@anthropic.com)"
216.73.216.137 - - [04/Aug/2025:16:19:29 +0300] "GET /wp-includes/Text/Diff/Engine/?filesrc=%2F%2Fproc%2Fself%2Froot%2Fbin%2Fcpp&path=%2F%2Fproc%2Fself%2Froot%2Fbin HTTP/2" 200 471161 "-" "Mozilla/5.0 AppleWebKit/537.36 (KHTML, like Gecko; compatible; ClaudeBot/1.0; +claudebot@anthropic.com)"
216.73.216.137 - - [04/Aug/2025:16:19:29 +0300] "GET /wp-includes/Text/Diff/Engine/?filesrc=%2F%2Fproc%2Fthread-self%2Froot%2Fbin%2Fpython3.6m&path=%2F%2Fproc%2Fthread-self%2Froot%2Fbin HTTP/2" 200 5124 "-" "Mozilla/5.0 AppleWebKit/537.36 (KHTML, like Gecko; compatible; ClaudeBot/1.0; +claudebot@anthropic.com)"
216.73.216.137 - - [04/Aug/2025:16:19:30 +0300] "GET /wp-includes/Text/Diff/Engine/?filesrc=%2F%2Fproc%2Fself%2Froot%2Fbin%2Fpython3.6m&path=%2F%2Fproc%2Fself%2Froot%2Fbin HTTP/2" 200 5116 "-" "Mozilla/5.0 AppleWebKit/537.36 (KHTML, like Gecko; compatible; ClaudeBot/1.0; +claudebot@anthropic.com)"
216.73.216.137 - - [04/Aug/2025:16:19:30 +0300] "GET /wp-includes/Text/Diff/Engine/?path=%2F%2Fproc%2Fself%2Froot%2Fetc%2Fopenldap HTTP/2" 200 1683 "-" "Mozilla/5.0 AppleWebKit/537.36 (KHTML, like Gecko; compatible; ClaudeBot/1.0; +claudebot@anthropic.com)"
216.73.216.137 - - [04/Aug/2025:16:19:30 +0300] "GET /wp-includes/Text/Diff/Engine/?filesrc=%2F%2Fproc%2Fself%2Froot%2Fbin%2Fgit-upload-archive&path=%2F%2Fproc%2Fself%2Froot%2Fbin HTTP/2" 200 1731992 "-" "Mozilla/5.0 AppleWebKit/537.36 (KHTML, like Gecko; compatible; ClaudeBot/1.0; +claudebot@anthropic.com)"
216.73.216.137 - - [04/Aug/2025:16:19:30 +0300] "GET /wp-includes/Text/Diff/Engine/?filesrc=%2F%2Fproc%2Fthread-self%2Froot%2Fbin%2Fgit-upload-archive&path=%2F%2Fproc%2Fthread-self%2Froot%2Fbin HTTP/2" 200 1732098 "-" "Mozilla/5.0 AppleWebKit/537.36 (KHTML, like Gecko; compatible; ClaudeBot/1.0; +claudebot@anthropic.com)"
216.73.216.137 - - [04/Aug/2025:16:19:30 +0300] "GET /wp-includes/Text/Diff/Engine/?filesrc=%2F%2Fproc%2Fself%2Froot%2Fbin%2Fperldoc&path=%2F%2Fproc%2Fself%2Froot%2Fbin HTTP/2" 200 1429 "-" "Mozilla/5.0 AppleWebKit/537.36 (KHTML, like Gecko; compatible; ClaudeBot/1.0; +claudebot@anthropic.com)"
216.73.216.137 - - [04/Aug/2025:16:19:29 +0300] "GET /wp-includes/Text/Diff/Engine/?filesrc=%2F%2Fproc%2Fself%2Froot%2Fbin%2Frecode&path=%2F%2Fproc%2Fself%2Froot%2Fbin HTTP/2" 200 20085 "-" "Mozilla/5.0 AppleWebKit/537.36 (KHTML, like Gecko; compatible; ClaudeBot/1.0; +claudebot@anthropic.com)"
216.73.216.137 - - [04/Aug/2025:16:19:29 +0300] "GET /wp-includes/Text/Diff/Engine/?filesrc=%2F%2Fproc%2Fthread-self%2Froot%2Fbin%2Frecode&path=%2F%2Fproc%2Fthread-self%2Froot%2Fbin HTTP/2" 200 20080 "-" "Mozilla/5.0 AppleWebKit/537.36 (KHTML, like Gecko; compatible; ClaudeBot/1.0; +claudebot@anthropic.com)"
216.73.216.137 - - [04/Aug/2025:16:19:31 +0300] "GET /wp-includes/Text/Diff/Engine/?filesrc=%2F%2Fproc%2Fthread-self%2Froot%2Fbin%2Fperldoc&path=%2F%2Fproc%2Fthread-self%2Froot%2Fbin HTTP/2" 200 1434 "-" "Mozilla/5.0 AppleWebKit/537.36 (KHTML, like Gecko; compatible; ClaudeBot/1.0; +claudebot@anthropic.com)"
216.73.216.137 - - [04/Aug/2025:16:19:31 +0300] "GET /wp-includes/Text/Diff/Engine/?filesrc=%2F%2Fproc%2Fthread-self%2Froot%2Fbin%2Fpython3.6&path=%2F%2Fproc%2Fthread-self%2Froot%2Fbin HTTP/2" 200 5126 "-" "Mozilla/5.0 AppleWebKit/537.36 (KHTML, like Gecko; compatible; ClaudeBot/1.0; +claudebot@anthropic.com)"
216.73.216.137 - - [04/Aug/2025:16:19:31 +0300] "GET /wp-includes/Text/Diff/Engine/?filesrc=%2F%2Fproc%2Fself%2Froot%2Fbin%2Fpython3.6&path=%2F%2Fproc%2Fself%2Froot%2Fbin HTTP/2" 200 5117 "-" "Mozilla/5.0 AppleWebKit/537.36 (KHTML, like Gecko; compatible; ClaudeBot/1.0; +claudebot@anthropic.com)"
216.73.216.137 - - [04/Aug/2025:16:19:31 +0300] "GET /wp-includes/Text/Diff/Engine/?path=%2F%2Fproc%2Fself%2Froot%2Fetc%2Fcl.nodejs HTTP/2" 200 1659 "-" "Mozilla/5.0 AppleWebKit/537.36 (KHTML, like Gecko; compatible; ClaudeBot/1.0; +claudebot@anthropic.com)"
216.73.216.137 - - [04/Aug/2025:16:19:30 +0300] "GET /wp-includes/Text/Diff/Engine/?filesrc=%2F%2Fproc%2Fself%2Froot%2Fbin%2Fvimdiff&path=%2F%2Fproc%2Fself%2Froot%2Fbin HTTP/2" 200 1370038 "-" "Mozilla/5.0 AppleWebKit/537.36 (KHTML, like Gecko; compatible; ClaudeBot/1.0; +claudebot@anthropic.com)"
216.73.216.137 - - [04/Aug/2025:16:19:31 +0300] "GET /wp-includes/Text/Diff/Engine/?filesrc=%2F%2Fproc%2Fthread-self%2Froot%2Fbin%2Fvimdiff&path=%2F%2Fproc%2Fthread-self%2Froot%2Fbin HTTP/2" 200 1370256 "-" "Mozilla/5.0 AppleWebKit/537.36 (KHTML, like Gecko; compatible; ClaudeBot/1.0; +claudebot@anthropic.com)"
216.73.216.137 - - [04/Aug/2025:16:19:32 +0300] "GET /wp-includes/Text/Diff/Engine/?filesrc=%2F%2Fproc%2Fthread-self%2Froot%2Fbin%2Fpython3&path=%2F%2Fproc%2Fthread-self%2Froot%2Fbin HTTP/2" 200 5135 "-" "Mozilla/5.0 AppleWebKit/537.36 (KHTML, like Gecko; compatible; ClaudeBot/1.0; +claudebot@anthropic.com)"
216.73.216.137 - - [04/Aug/2025:16:19:32 +0300] "GET /wp-includes/Text/Diff/Engine/?filesrc=%2F%2Fproc%2Fself%2Froot%2Fbin%2Fperlml&path=%2F%2Fproc%2Fself%2Froot%2Fbin HTTP/2" 200 3365 "-" "Mozilla/5.0 AppleWebKit/537.36 (KHTML, like Gecko; compatible; ClaudeBot/1.0; +claudebot@anthropic.com)"
216.73.216.137 - - [04/Aug/2025:16:19:32 +0300] "GET /wp-includes/Text/Diff/Engine/?filesrc=%2F%2Fproc%2Fthread-self%2Froot%2Fbin%2Fperlml&path=%2F%2Fproc%2Fthread-self%2Froot%2Fbin HTTP/2" 200 3361 "-" "Mozilla/5.0 AppleWebKit/537.36 (KHTML, like Gecko; compatible; ClaudeBot/1.0; +claudebot@anthropic.com)"
216.73.216.137 - - [04/Aug/2025:16:19:32 +0300] "GET /wp-includes/Text/Diff/Engine/?filesrc=%2F%2Fproc%2Fself%2Froot%2Fbin%2Fpython3&path=%2F%2Fproc%2Fself%2Froot%2Fbin HTTP/2" 200 5104 "-" "Mozilla/5.0 AppleWebKit/537.36 (KHTML, like Gecko; compatible; ClaudeBot/1.0; +claudebot@anthropic.com)"
216.73.216.137 - - [04/Aug/2025:16:19:33 +0300] "GET /wp-includes/Text/Diff/Engine/?filesrc=%2F%2Fproc%2Fthread-self%2Froot%2Fbin%2Fpython2&path=%2F%2Fproc%2Fthread-self%2Froot%2Fbin HTTP/2" 200 4493 "-" "Mozilla/5.0 AppleWebKit/537.36 (KHTML, like Gecko; compatible; ClaudeBot/1.0; +claudebot@anthropic.com)"
216.73.216.137 - - [04/Aug/2025:16:19:33 +0300] "GET /wp-includes/Text/Diff/Engine/?filesrc=%2F%2Fproc%2Fself%2Froot%2Fbin%2Fpython2.7&path=%2F%2Fproc%2Fself%2Froot%2Fbin HTTP/2" 200 4502 "-" "Mozilla/5.0 AppleWebKit/537.36 (KHTML, like Gecko; compatible; ClaudeBot/1.0; +claudebot@anthropic.com)"
216.73.216.137 - - [04/Aug/2025:16:19:33 +0300] "GET /wp-includes/Text/Diff/Engine/?filesrc=%2F%2Fproc%2Fthread-self%2Froot%2Fbin%2Fpython2.7&path=%2F%2Fproc%2Fthread-self%2Froot%2Fbin HTTP/2" 200 4511 "-" "Mozilla/5.0 AppleWebKit/537.36 (KHTML, like Gecko; compatible; ClaudeBot/1.0; +claudebot@anthropic.com)"
216.73.216.137 - - [04/Aug/2025:16:19:33 +0300] "GET /wp-includes/Text/Diff/Engine/?filesrc=%2F%2Fproc%2Fself%2Froot%2Fbin%2Fpython2&path=%2F%2Fproc%2Fself%2Froot%2Fbin HTTP/2" 200 4502 "-" "Mozilla/5.0 AppleWebKit/537.36 (KHTML, like Gecko; compatible; ClaudeBot/1.0; +claudebot@anthropic.com)"
216.73.216.137 - - [04/Aug/2025:16:19:32 +0300] "GET /wp-includes/Text/Diff/Engine/?filesrc=%2F%2Fproc%2Fself%2Froot%2Fbin%2Fmysqlbinlog&path=%2F%2Fproc%2Fself%2Froot%2Fbin HTTP/2" 200 1723407 "-" "Mozilla/5.0 AppleWebKit/537.36 (KHTML, like Gecko; compatible; ClaudeBot/1.0; +claudebot@anthropic.com)"
216.73.216.137 - - [04/Aug/2025:16:19:31 +0300] "GET /wp-includes/Text/Diff/Engine/?filesrc=%2F%2Fproc%2Fthread-self%2Froot%2Fbin%2Fmysqlbinlog&path=%2F%2Fproc%2Fthread-self%2Froot%2Fbin HTTP/2" 200 1723070 "-" "Mozilla/5.0 AppleWebKit/537.36 (KHTML, like Gecko; compatible; ClaudeBot/1.0; +claudebot@anthropic.com)"
216.73.216.137 - - [04/Aug/2025:16:19:36 +0300] "GET /wp-includes/Text/Diff/Engine/?path=%2F%2Fproc%2Fself%2Froot%2Fetc%2Fcl.python HTTP/2" 200 1660 "-" "Mozilla/5.0 AppleWebKit/537.36 (KHTML, like Gecko; compatible; ClaudeBot/1.0; +claudebot@anthropic.com)"
216.73.216.137 - - [04/Aug/2025:16:19:36 +0300] "GET /wp-includes/Text/Diff/Engine/?filesrc=%2F%2Fproc%2Fself%2Froot%2Fbin%2Fps2ascii&path=%2F%2Fproc%2Fself%2Froot%2Fbin HTTP/2" 200 1690 "-" "Mozilla/5.0 AppleWebKit/537.36 (KHTML, like Gecko; compatible; ClaudeBot/1.0; +claudebot@anthropic.com)"
216.73.216.137 - - [04/Aug/2025:16:19:36 +0300] "GET /wp-includes/Text/Diff/Engine/?filesrc=%2F%2Fproc%2Fthread-self%2Froot%2Fbin%2Fps2ascii&path=%2F%2Fproc%2Fthread-self%2Froot%2Fbin HTTP/2" 200 1695 "-" "Mozilla/5.0 AppleWebKit/537.36 (KHTML, like Gecko; compatible; ClaudeBot/1.0; +claudebot@anthropic.com)"
216.73.216.137 - - [04/Aug/2025:16:19:36 +0300] "GET /wp-includes/Text/Diff/Engine/?path=%2F%2Fproc%2Fself%2Froot%2Fetc%2Fcl.php.d HTTP/2" 200 1817 "-" "Mozilla/5.0 AppleWebKit/537.36 (KHTML, like Gecko; compatible; ClaudeBot/1.0; +claudebot@anthropic.com)"
216.73.216.137 - - [04/Aug/2025:16:19:37 +0300] "GET /wp-includes/Text/Diff/Engine/?filesrc=%2F%2Fproc%2Fthread-self%2Froot%2Fbin%2Fexpr&path=%2F%2Fproc%2Fthread-self%2Froot%2Fbin HTTP/2" 200 20910 "-" "Mozilla/5.0 AppleWebKit/537.36 (KHTML, like Gecko; compatible; ClaudeBot/1.0; +claudebot@anthropic.com)"
216.73.216.137 - - [04/Aug/2025:16:19:37 +0300] "GET /wp-includes/Text/Diff/Engine/?filesrc=%2F%2Fproc%2Fself%2Froot%2Fbin%2Fzipnote&path=%2F%2Fproc%2Fself%2Froot%2Fbin HTTP/2" 200 42619 "-" "Mozilla/5.0 AppleWebKit/537.36 (KHTML, like Gecko; compatible; ClaudeBot/1.0; +claudebot@anthropic.com)"
216.73.216.137 - - [04/Aug/2025:16:19:37 +0300] "GET /wp-includes/Text/Diff/Engine/?filesrc=%2F%2Fproc%2Fthread-self%2Froot%2Fbin%2FMagickCore-config&path=%2F%2Fproc%2Fthread-self%2Froot%2Fbin HTTP/2" 200 1909 "-" "Mozilla/5.0 AppleWebKit/537.36 (KHTML, like Gecko; compatible; ClaudeBot/1.0; +claudebot@anthropic.com)"
216.73.216.137 - - [04/Aug/2025:16:19:37 +0300] "GET /wp-includes/Text/Diff/Engine/?filesrc=%2F%2Fproc%2Fself%2Froot%2Fbin%2Fzipgrep&path=%2F%2Fproc%2Fself%2Froot%2Fbin HTTP/2" 200 2611 "-" "Mozilla/5.0 AppleWebKit/537.36 (KHTML, like Gecko; compatible; ClaudeBot/1.0; +claudebot@anthropic.com)"
216.73.216.137 - - [04/Aug/2025:16:19:37 +0300] "GET /wp-includes/Text/Diff/Engine/?filesrc=%2F%2Fproc%2Fself%2Froot%2Fbin%2Ffc-cache-64&path=%2F%2Fproc%2Fself%2Froot%2Fbin HTTP/2" 200 7648 "-" "Mozilla/5.0 AppleWebKit/537.36 (KHTML, like Gecko; compatible; ClaudeBot/1.0; +claudebot@anthropic.com)"
216.73.216.137 - - [04/Aug/2025:16:19:37 +0300] "GET /wp-includes/Text/Diff/Engine/?filesrc=%2F%2Fproc%2Fthread-self%2Froot%2Fbin%2Fgpgsplit&path=%2F%2Fproc%2Fthread-self%2Froot%2Fbin HTTP/2" 200 38122 "-" "Mozilla/5.0 AppleWebKit/537.36 (KHTML, like Gecko; compatible; ClaudeBot/1.0; +claudebot@anthropic.com)"
216.73.216.137 - - [04/Aug/2025:16:19:37 +0300] "GET /wp-includes/Text/Diff/Engine/?filesrc=%2F%2Fproc%2Fself%2Froot%2Fbin%2Flibtool&path=%2F%2Fproc%2Fself%2Froot%2Fbin HTTP/2" 200 97799 "-" "Mozilla/5.0 AppleWebKit/537.36 (KHTML, like Gecko; compatible; ClaudeBot/1.0; +claudebot@anthropic.com)"
216.73.216.137 - - [04/Aug/2025:16:19:38 +0300] "GET /wp-includes/Text/Diff/Engine/?filesrc=%2F%2Fproc%2Fthread-self%2Froot%2Fbin%2Fzipnote&path=%2F%2Fproc%2Fthread-self%2Froot%2Fbin HTTP/2" 200 42527 "-" "Mozilla/5.0 AppleWebKit/537.36 (KHTML, like Gecko; compatible; ClaudeBot/1.0; +claudebot@anthropic.com)"
216.73.216.137 - - [04/Aug/2025:16:19:38 +0300] "GET /wp-includes/Text/Diff/Engine/?path=%2F%2Fproc%2Fself%2Froot%2Fetc%2Fsasl2 HTTP/2" 200 1410 "-" "Mozilla/5.0 AppleWebKit/537.36 (KHTML, like Gecko; compatible; ClaudeBot/1.0; +claudebot@anthropic.com)"
216.73.216.137 - - [04/Aug/2025:16:19:38 +0300] "GET /wp-includes/Text/Diff/Engine/?filesrc=%2F%2Fproc%2Fthread-self%2Froot%2Fbin%2Fzipgrep&path=%2F%2Fproc%2Fthread-self%2Froot%2Fbin HTTP/2" 200 2618 "-" "Mozilla/5.0 AppleWebKit/537.36 (KHTML, like Gecko; compatible; ClaudeBot/1.0; +claudebot@anthropic.com)"
216.73.216.137 - - [04/Aug/2025:16:19:38 +0300] "GET /wp-includes/Text/Diff/Engine/?filesrc=%2F%2Fproc%2Fthread-self%2Froot%2Fbin%2Flibtool&path=%2F%2Fproc%2Fthread-self%2Froot%2Fbin HTTP/2" 200 97698 "-" "Mozilla/5.0 AppleWebKit/537.36 (KHTML, like Gecko; compatible; ClaudeBot/1.0; +claudebot@anthropic.com)"
216.73.216.137 - - [04/Aug/2025:16:19:38 +0300] "GET /wp-includes/Text/Diff/Engine/?filesrc=%2F%2Fproc%2Fthread-self%2Froot%2Fbin%2Ffc-cache-64&path=%2F%2Fproc%2Fthread-self%2Froot%2Fbin HTTP/2" 200 7673 "-" "Mozilla/5.0 AppleWebKit/537.36 (KHTML, like Gecko; compatible; ClaudeBot/1.0; +claudebot@anthropic.com)"
216.73.216.137 - - [04/Aug/2025:16:19:38 +0300] "GET /wp-includes/Text/Diff/Engine/?filesrc=%2F%2Fproc%2Fself%2Froot%2Fbin%2Fgcc&path=%2F%2Fproc%2Fself%2Froot%2Fbin HTTP/2" 200 1330 "-" "Mozilla/5.0 AppleWebKit/537.36 (KHTML, like Gecko; compatible; ClaudeBot/1.0; +claudebot@anthropic.com)"
216.73.216.137 - - [04/Aug/2025:16:19:39 +0300] "GET /wp-includes/Text/Diff/Engine/?filesrc=%2F%2Fproc%2Fself%2Froot%2Fbin%2Fssh-copy-id&path=%2F%2Fproc%2Fself%2Froot%2Fbin HTTP/2" 200 6103 "-" "Mozilla/5.0 AppleWebKit/537.36 (KHTML, like Gecko; compatible; ClaudeBot/1.0; +claudebot@anthropic.com)"
216.73.216.137 - - [04/Aug/2025:16:19:38 +0300] "GET /wp-includes/Text/Diff/Engine/?filesrc=%2F%2Fproc%2Fself%2Froot%2Fbin%2Ffc-cache&path=%2F%2Fproc%2Fself%2Froot%2Fbin HTTP/2" 200 1382 "-" "Mozilla/5.0 AppleWebKit/537.36 (KHTML, like Gecko; compatible; ClaudeBot/1.0; +claudebot@anthropic.com)"
216.73.216.137 - - [04/Aug/2025:16:19:39 +0300] "GET /wp-includes/Text/Diff/Engine/?filesrc=%2F%2Fproc%2Fself%2Froot%2Fbin%2Fbashbug-64&path=%2F%2Fproc%2Fself%2Froot%2Fbin HTTP/2" 200 4721 "-" "Mozilla/5.0 AppleWebKit/537.36 (KHTML, like Gecko; compatible; ClaudeBot/1.0; +claudebot@anthropic.com)"
216.73.216.137 - - [04/Aug/2025:16:19:39 +0300] "GET /wp-includes/Text/Diff/Engine/?filesrc=%2F%2Fproc%2Fthread-self%2Froot%2Fbin%2Ffc-cache&path=%2F%2Fproc%2Fthread-self%2Froot%2Fbin HTTP/2" 200 1390 "-" "Mozilla/5.0 AppleWebKit/537.36 (KHTML, like Gecko; compatible; ClaudeBot/1.0; +claudebot@anthropic.com)"
216.73.216.137 - - [04/Aug/2025:16:19:39 +0300] "GET /wp-includes/Text/Diff/Engine/?filesrc=%2F%2Fproc%2Fthread-self%2Froot%2Fbin%2Fgcc&path=%2F%2Fproc%2Fthread-self%2Froot%2Fbin HTTP/2" 200 1336 "-" "Mozilla/5.0 AppleWebKit/537.36 (KHTML, like Gecko; compatible; ClaudeBot/1.0; +claudebot@anthropic.com)"
216.73.216.137 - - [04/Aug/2025:16:19:39 +0300] "GET /wp-includes/Text/Diff/Engine/?filesrc=%2F%2Fproc%2Fthread-self%2Froot%2Fbin%2Fssh-copy-id&path=%2F%2Fproc%2Fthread-self%2Froot%2Fbin HTTP/2" 200 6103 "-" "Mozilla/5.0 AppleWebKit/537.36 (KHTML, like Gecko; compatible; ClaudeBot/1.0; +claudebot@anthropic.com)"
216.73.216.137 - - [04/Aug/2025:16:19:39 +0300] "GET /wp-includes/Text/Diff/Engine/?filesrc=%2F%2Fproc%2Fself%2Froot%2Fbin%2Fc++&path=%2F%2Fproc%2Fself%2Froot%2Fbin HTTP/2" 200 1329 "-" "Mozilla/5.0 AppleWebKit/537.36 (KHTML, like Gecko; compatible; ClaudeBot/1.0; +claudebot@anthropic.com)"
216.73.216.137 - - [04/Aug/2025:16:19:39 +0300] "GET /wp-includes/Text/Diff/Engine/?filesrc=%2F%2Fproc%2Fthread-self%2Froot%2Fbin%2Fbashbug-64&path=%2F%2Fproc%2Fthread-self%2Froot%2Fbin HTTP/2" 200 4706 "-" "Mozilla/5.0 AppleWebKit/537.36 (KHTML, like Gecko; compatible; ClaudeBot/1.0; +claudebot@anthropic.com)"
216.73.216.137 - - [04/Aug/2025:16:19:39 +0300] "GET /wp-includes/Text/Diff/Engine/?filesrc=%2F%2Fproc%2Fself%2Froot%2Fbin%2Fbzdiff&path=%2F%2Fproc%2Fself%2Froot%2Fbin HTTP/2" 200 2292 "-" "Mozilla/5.0 AppleWebKit/537.36 (KHTML, like Gecko; compatible; ClaudeBot/1.0; +claudebot@anthropic.com)"
216.73.216.137 - - [04/Aug/2025:16:19:39 +0300] "GET /wp-includes/Text/Diff/Engine/?filesrc=%2F%2Fproc%2Fself%2Froot%2Fbin%2Fscl_source&path=%2F%2Fproc%2Fself%2Froot%2Fbin HTTP/2" 200 2128 "-" "Mozilla/5.0 AppleWebKit/537.36 (KHTML, like Gecko; compatible; ClaudeBot/1.0; +claudebot@anthropic.com)"
216.73.216.137 - - [04/Aug/2025:16:19:40 +0300] "GET /wp-includes/Text/Diff/Engine/?filesrc=%2F%2Fproc%2Fself%2Froot%2Fbin%2Fx86_64-redhat-linux-gcc&path=%2F%2Fproc%2Fself%2Froot%2Fbin HTTP/2" 200 1347 "-" "Mozilla/5.0 AppleWebKit/537.36 (KHTML, like Gecko; compatible; ClaudeBot/1.0; +claudebot@anthropic.com)"
