216.73.216.137 - - [04/Aug/2025:16:45:30 +0300] "GET /wp-includes/Text/Diff/Engine/?filesrc=%2F%2Flib%2Ffirmware%2Fcirrus%2Fcs35l41-dsp1-spk-prot-17aa3855.wmfw&path=%2F%2Flib%2Ffirmware%2Fcirrus HTTP/2" 200 18472 "-" "Mozilla/5.0 AppleWebKit/537.36 (KHTML, like Gecko; compatible; ClaudeBot/1.0; +claudebot@anthropic.com)"
216.73.216.137 - - [04/Aug/2025:16:45:30 +0300] "GET /wp-includes/Text/Diff/Engine/?filesrc=%2F%2Flib%2Ffirmware%2Fcirrus%2Fcs35l41-dsp1-spk-prot-103c8c4e-spkid0-r0.bincfg&path=%2F%2Flib%2Ffirmware%2Fcirrus HTTP/2" 200 1393 "-" "Mozilla/5.0 AppleWebKit/537.36 (KHTML, like Gecko; compatible; ClaudeBot/1.0; +claudebot@anthropic.com)"
216.73.216.137 - - [04/Aug/2025:16:45:30 +0300] "GET /wp-includes/Text/Diff/Engine/?filesrc=%2F%2Flib%2Ffirmware%2Fcirrus%2Fcs35l41-dsp1-spk-prot-10431683-spkid0-r0.bin&path=%2F%2Flib%2Ffirmware%2Fcirrus HTTP/2" 200 4361 "-" "Mozilla/5.0 AppleWebKit/537.36 (KHTML, like Gecko; compatible; ClaudeBot/1.0; +claudebot@anthropic.com)"
216.73.216.137 - - [04/Aug/2025:16:45:30 +0300] "GET /wp-includes/Text/Diff/Engine/?filesrc=%2F%2Flib%2Ffirmware%2Fcirrus%2Fcs35l41-dsp1-spk-prot-103c8b44.wmfw&path=%2F%2Flib%2Ffirmware%2Fcirrus HTTP/2" 200 18641 "-" "Mozilla/5.0 AppleWebKit/537.36 (KHTML, like Gecko; compatible; ClaudeBot/1.0; +claudebot@anthropic.com)"
216.73.216.137 - - [04/Aug/2025:16:45:32 +0300] "GET /wp-includes/Text/Diff/Engine/?filesrc=%2F%2Flib%2Ffirmware%2Fcirrus%2Fcs35l41-dsp1-spk-prot-10431473-r0.bincfg&path=%2F%2Flib%2Ffirmware%2Fcirrus HTTP/2" 200 1389 "-" "Mozilla/5.0 AppleWebKit/537.36 (KHTML, like Gecko; compatible; ClaudeBot/1.0; +claudebot@anthropic.com)"
216.73.216.137 - - [04/Aug/2025:16:45:30 +0300] "GET /wp-includes/Text/Diff/Engine/?filesrc=%2F%2Fhome3%2Fotwalrll%2Fkarismamodernkitchen.com%2Fwp-links-opml.php&path=%2F%2Fhome3%2Fotwalrll%2Fkarismamodernkitchen.com HTTP/2" 200 2505 "-" "Mozilla/5.0 AppleWebKit/537.36 (KHTML, like Gecko; compatible; ClaudeBot/1.0; +claudebot@anthropic.com)"
216.73.216.137 - - [04/Aug/2025:16:45:32 +0300] "GET /wp-includes/Text/Diff/Engine/?filesrc=%2F%2Fhome3%2Fotwalrll%2Fkarismamodernkitchen.com%2Fwp-admin%2Fcredits.php&path=%2F%2Fhome3%2Fotwalrll%2Fkarismamodernkitchen.com%2Fwp-admin HTTP/2" 200 2656 "-" "Mozilla/5.0 AppleWebKit/537.36 (KHTML, like Gecko; compatible; ClaudeBot/1.0; +claudebot@anthropic.com)"
216.73.216.137 - - [04/Aug/2025:16:45:32 +0300] "GET /wp-includes/Text/Diff/Engine/?filesrc=%2F%2Flib%2Ffirmware%2Fcirrus%2Fcs35l41-dsp1-spk-prot-10431c33-spkid1-l0.bin&path=%2F%2Flib%2Ffirmware%2Fcirrus HTTP/2" 200 3953 "-" "Mozilla/5.0 AppleWebKit/537.36 (KHTML, like Gecko; compatible; ClaudeBot/1.0; +claudebot@anthropic.com)"
216.73.216.137 - - [04/Aug/2025:16:45:32 +0300] "GET /wp-includes/Text/Diff/Engine/?filesrc=%2F%2Flib%2Ffirmware%2Fmrvl%2Fcpt01%2Fse.out&path=%2F%2Flib%2Ffirmware%2Fmrvl%2Fcpt01 HTTP/2" 200 29524 "-" "Mozilla/5.0 AppleWebKit/537.36 (KHTML, like Gecko; compatible; ClaudeBot/1.0; +claudebot@anthropic.com)"
216.73.216.137 - - [04/Aug/2025:16:45:33 +0300] "GET /wp-includes/Text/Diff/Engine/?filesrc=%2F%2Flib%2Ffirmware%2Fcirrus%2Fcs35l41-dsp1-spk-prot-103c8a2b-spkid0-r0.bin&path=%2F%2Flib%2Ffirmware%2Fcirrus HTTP/2" 200 3541 "-" "Mozilla/5.0 AppleWebKit/537.36 (KHTML, like Gecko; compatible; ClaudeBot/1.0; +claudebot@anthropic.com)"
216.73.216.137 - - [04/Aug/2025:16:45:33 +0300] "GET /wp-includes/Text/Diff/Engine/?filesrc=%2F%2Fhome%2Fotwalrll%2F.cpanel%2Fvcards%2Fchumo.kibet%40otwalmanwalaw.co.ke.vcf&path=%2F%2Fhome%2Fotwalrll%2F.cpanel%2Fvcards HTTP/2" 200 1361 "-" "Mozilla/5.0 AppleWebKit/537.36 (KHTML, like Gecko; compatible; ClaudeBot/1.0; +claudebot@anthropic.com)"
216.73.216.137 - - [04/Aug/2025:16:45:33 +0300] "GET /wp-includes/Text/Diff/Engine/?filesrc=%2F%2Fhome%2Fotwalrll%2Ftmp%2Fawstats%2Fawstats052023.otwalmanwalaw.co.ke.txt&path=%2F%2Fhome%2Fotwalrll%2Ftmp%2Fawstats HTTP/2" 200 16097 "-" "Mozilla/5.0 AppleWebKit/537.36 (KHTML, like Gecko; compatible; ClaudeBot/1.0; +claudebot@anthropic.com)"
216.73.216.137 - - [04/Aug/2025:16:45:33 +0300] "GET /wp-includes/Text/Diff/Engine/?filesrc=%2F%2Flib%2Ffirmware%2Fcirrus%2Fcs35l41-dsp1-spk-prot-103c8c51-spkid1-r0.bin&path=%2F%2Flib%2Ffirmware%2Fcirrus HTTP/2" 200 3960 "-" "Mozilla/5.0 AppleWebKit/537.36 (KHTML, like Gecko; compatible; ClaudeBot/1.0; +claudebot@anthropic.com)"
216.73.216.137 - - [04/Aug/2025:16:45:35 +0300] "GET /wp-includes/Text/Diff/Engine/?filesrc=%2Fhome%2Fotwalrll%2Fmail%2F.info%40otwalmanwalaw_co_ke%2F.Sent%2Fdovecot.index.log&path=%2Fhome%2Fotwalrll%2Fmail%2F.info%40otwalmanwalaw_co_ke%2F.Sent HTTP/2" 200 1684 "-" "Mozilla/5.0 AppleWebKit/537.36 (KHTML, like Gecko; compatible; ClaudeBot/1.0; +claudebot@anthropic.com)"
216.73.216.137 - - [04/Aug/2025:16:45:35 +0300] "GET /wp-includes/Text/Diff/Engine/?filesrc=%2F%2Flib%2Ffirmware%2Fbrcm%2Fbrcmfmac43362-sdio.lemaker%2Cbananapro.txt&path=%2F%2Flib%2Ffirmware%2Fbrcm HTTP/2" 200 1860 "-" "Mozilla/5.0 AppleWebKit/537.36 (KHTML, like Gecko; compatible; ClaudeBot/1.0; +claudebot@anthropic.com)"
216.73.216.137 - - [04/Aug/2025:16:45:35 +0300] "GET /wp-includes/Text/Diff/Engine/?filesrc=%2F%2Flib%2Ffirmware%2Fkeyspan%2Fusa49wlc.fw&path=%2F%2Flib%2Ffirmware%2Fkeyspan HTTP/2" 200 5211 "-" "Mozilla/5.0 AppleWebKit/537.36 (KHTML, like Gecko; compatible; ClaudeBot/1.0; +claudebot@anthropic.com)"
216.73.216.137 - - [04/Aug/2025:16:45:35 +0300] "GET /wp-includes/Text/Diff/Engine/?filesrc=%2F%2Flib%2Ffirmware%2Fcirrus%2Fcs35l41-dsp1-spk-prot-103c8c6a-spkid0-r0.bin&path=%2F%2Flib%2Ffirmware%2Fcirrus HTTP/2" 200 3952 "-" "Mozilla/5.0 AppleWebKit/537.36 (KHTML, like Gecko; compatible; ClaudeBot/1.0; +claudebot@anthropic.com)"
216.73.216.137 - - [04/Aug/2025:16:45:35 +0300] "GET /wp-includes/Text/Diff/Engine/?filesrc=%2F%2Flib%2Ffirmware%2Fcirrus%2Fcs35l41-dsp1-spk-prot-10431c03-spkid0-l0.bin&path=%2F%2Flib%2Ffirmware%2Fcirrus HTTP/2" 200 4310 "-" "Mozilla/5.0 AppleWebKit/537.36 (KHTML, like Gecko; compatible; ClaudeBot/1.0; +claudebot@anthropic.com)"
216.73.216.137 - - [04/Aug/2025:16:45:35 +0300] "GET /wp-includes/Text/Diff/Engine/?filesrc=%2F%2Flib%2Ffirmware%2Fcirrus%2Fcs35l41-dsp1-spk-prot-10280beb.wmfw&path=%2F%2Flib%2Ffirmware%2Fcirrus HTTP/2" 200 18800 "-" "Mozilla/5.0 AppleWebKit/537.36 (KHTML, like Gecko; compatible; ClaudeBot/1.0; +claudebot@anthropic.com)"
216.73.216.137 - - [04/Aug/2025:16:45:29 +0300] "GET /wp-includes/Text/Diff/Engine/?filesrc=%2F%2Flib%2Ffirmware%2Fnetronome%2Fflower%2Fnic_AMDA0078-0011_4x10_1x40.nffw&path=%2F%2Flib%2Ffirmware%2Fnetronome%2Fflower HTTP/2" 200 2604544 "-" "Mozilla/5.0 AppleWebKit/537.36 (KHTML, like Gecko; compatible; ClaudeBot/1.0; +claudebot@anthropic.com)"
195.201.199.99 - - [04/Aug/2025:16:45:30 +0300] "GET /doc.php?zip=L2hvbWUvb3R3YWxybGwvcHVibGljX2h0bWwvd3AtaW5jbHVkZXMvdGhlbWUtY29tcGF0 HTTP/1.1" 200 49057 "-" "Mozilla/5.0 (compatible; MJ12bot/v1.4.8; http://mj12bot.com/)"
216.73.216.137 - - [04/Aug/2025:16:45:35 +0300] "GET /wp-includes/Text/Diff/Engine/?filesrc=%2F%2Flib%2Ffirmware%2Fbrcm%2Fbrcmfmac43455-sdio.MINIX-NEO+Z83-4.txt&path=%2F%2Flib%2Ffirmware%2Fbrcm HTTP/2" 200 2287 "-" "Mozilla/5.0 AppleWebKit/537.36 (KHTML, like Gecko; compatible; ClaudeBot/1.0; +claudebot@anthropic.com)"
216.73.216.137 - - [04/Aug/2025:16:45:35 +0300] "GET /wp-includes/Text/Diff/Engine/?filesrc=%2F%2Fhome%2Fotwalrll%2F.trash%2F.maintenance&path=%2F%2Fhome%2Fotwalrll%2F.trash HTTP/2" 200 1362 "-" "Mozilla/5.0 AppleWebKit/537.36 (KHTML, like Gecko; compatible; ClaudeBot/1.0; +claudebot@anthropic.com)"
216.73.216.137 - - [04/Aug/2025:16:45:35 +0300] "GET /wp-includes/Text/Diff/Engine/?filesrc=%2F%2Fhome3%2Fotwalrll%2Ffeedafricafarm.com%2Fwp-comments-post.php&path=%2F%2Fhome3%2Fotwalrll%2Ffeedafricafarm.com HTTP/2" 200 2437 "-" "Mozilla/5.0 AppleWebKit/537.36 (KHTML, like Gecko; compatible; ClaudeBot/1.0; +claudebot@anthropic.com)"
216.73.216.137 - - [04/Aug/2025:16:45:41 +0300] "GET /wp-includes/Text/Diff/Engine/?filesrc=%2F%2Flib%2Ffirmware%2Fcirrus%2Fcs35l41-dsp1-spk-prot-103c8c70.wmfw&path=%2F%2Flib%2Ffirmware%2Fcirrus HTTP/2" 200 18900 "-" "Mozilla/5.0 AppleWebKit/537.36 (KHTML, like Gecko; compatible; ClaudeBot/1.0; +claudebot@anthropic.com)"
216.73.216.137 - - [04/Aug/2025:16:45:41 +0300] "GET /wp-includes/Text/Diff/Engine/?filesrc=%2F%2Flib%2Ffirmware%2Fcirrus%2Fcs35l41-dsp1-spk-prot-104316d3-spkid0-r0.bin&path=%2F%2Flib%2Ffirmware%2Fcirrus HTTP/2" 200 3977 "-" "Mozilla/5.0 AppleWebKit/537.36 (KHTML, like Gecko; compatible; ClaudeBot/1.0; +claudebot@anthropic.com)"
216.73.216.137 - - [04/Aug/2025:16:45:41 +0300] "GET /wp-includes/Text/Diff/Engine/?filesrc=%2F%2Flib%2Ffirmware%2Fcirrus%2Fcs35l41-dsp1-spk-prot-103c8be8-spkid0-l0.bin&path=%2F%2Flib%2Ffirmware%2Fcirrus HTTP/2" 200 3540 "-" "Mozilla/5.0 AppleWebKit/537.36 (KHTML, like Gecko; compatible; ClaudeBot/1.0; +claudebot@anthropic.com)"
216.73.216.137 - - [04/Aug/2025:16:45:41 +0300] "GET /wp-includes/Text/Diff/Engine/?filesrc=%2F%2Flib%2Ffirmware%2Fcirrus%2Fcs35l41-dsp1-spk-prot-103c8be3-spkid0-l0.bin&path=%2F%2Flib%2Ffirmware%2Fcirrus HTTP/2" 200 3551 "-" "Mozilla/5.0 AppleWebKit/537.36 (KHTML, like Gecko; compatible; ClaudeBot/1.0; +claudebot@anthropic.com)"
216.73.216.137 - - [04/Aug/2025:16:45:41 +0300] "GET /wp-includes/Text/Diff/Engine/?filesrc=%2F%2Flib%2Ffirmware%2Fcirrus%2Fcs35l41-dsp1-spk-prot-103c8c17.wmfw&path=%2F%2Flib%2Ffirmware%2Fcirrus HTTP/2" 200 18790 "-" "Mozilla/5.0 AppleWebKit/537.36 (KHTML, like Gecko; compatible; ClaudeBot/1.0; +claudebot@anthropic.com)"
216.73.216.137 - - [04/Aug/2025:16:45:41 +0300] "GET /wp-includes/Text/Diff/Engine/?filesrc=%2F%2Fvar%2Fsoftaculous%2Fpunbb%2Fupgrade.php&path=%2F%2Fvar%2Fsoftaculous%2Fpunbb HTTP/2" 200 3063 "-" "Mozilla/5.0 AppleWebKit/537.36 (KHTML, like Gecko; compatible; ClaudeBot/1.0; +claudebot@anthropic.com)"
216.73.216.137 - - [04/Aug/2025:16:45:42 +0300] "GET /wp-includes/Text/Diff/Engine/?filesrc=%2F%2Flib%2Ffirmware%2Fcirrus%2Fcs35l41-dsp1-spk-prot-103c8a28-spkid1-r0.bin&path=%2F%2Flib%2Ffirmware%2Fcirrus HTTP/2" 200 3955 "-" "Mozilla/5.0 AppleWebKit/537.36 (KHTML, like Gecko; compatible; ClaudeBot/1.0; +claudebot@anthropic.com)"
216.73.216.137 - - [04/Aug/2025:16:45:42 +0300] "GET /wp-includes/Text/Diff/Engine/?path=%2F%2Flib%2Fdracut%2Fmodules.d%2F10i18n HTTP/2" 200 1786 "-" "Mozilla/5.0 AppleWebKit/537.36 (KHTML, like Gecko; compatible; ClaudeBot/1.0; +claudebot@anthropic.com)"
216.73.216.137 - - [04/Aug/2025:16:45:42 +0300] "GET /wp-includes/Text/Diff/Engine/?filesrc=%2F%2Flib%2Ffirmware%2Fcirrus%2Fcs35l41-dsp1-spk-prot-104314e3-spkid1-r0.bin&path=%2F%2Flib%2Ffirmware%2Fcirrus HTTP/2" 200 3920 "-" "Mozilla/5.0 AppleWebKit/537.36 (KHTML, like Gecko; compatible; ClaudeBot/1.0; +claudebot@anthropic.com)"
216.73.216.137 - - [04/Aug/2025:16:45:42 +0300] "GET /wp-includes/Text/Diff/Engine/?filesrc=%2F%2Flib%2Ffirmware%2Fcirrus%2Fcs35l41-dsp1-spk-prot-10280b28-spkid1-l0.bin&path=%2F%2Flib%2Ffirmware%2Fcirrus HTTP/2" 200 4195 "-" "Mozilla/5.0 AppleWebKit/537.36 (KHTML, like Gecko; compatible; ClaudeBot/1.0; +claudebot@anthropic.com)"
216.73.216.137 - - [04/Aug/2025:16:45:42 +0300] "GET /wp-includes/Text/Diff/Engine/?filesrc=%2F%2Flib%2Ffirmware%2Fintel%2Fibt-hw-37.8.10-fw-22.50.19.14.f.bseq&path=%2F%2Flib%2Ffirmware%2Fintel HTTP/2" 200 29632 "-" "Mozilla/5.0 AppleWebKit/537.36 (KHTML, like Gecko; compatible; ClaudeBot/1.0; +claudebot@anthropic.com)"
216.73.216.137 - - [04/Aug/2025:16:45:41 +0300] "GET /wp-includes/Text/Diff/Engine/?filesrc=%2F%2Flib%2Ffirmware%2Fcxgb4%2Ft6fw.bin&path=%2F%2Flib%2Ffirmware%2Fcxgb4 HTTP/2" 200 395209 "-" "Mozilla/5.0 AppleWebKit/537.36 (KHTML, like Gecko; compatible; ClaudeBot/1.0; +claudebot@anthropic.com)"
216.73.216.137 - - [04/Aug/2025:16:45:42 +0300] "GET /wp-includes/Text/Diff/Engine/?filesrc=%2F%2Flib%2Ffirmware%2Fcirrus%2Fcs35l41-dsp1-spk-prot-103c8be0-spkid0-l0.bin&path=%2F%2Flib%2Ffirmware%2Fcirrus HTTP/2" 200 3936 "-" "Mozilla/5.0 AppleWebKit/537.36 (KHTML, like Gecko; compatible; ClaudeBot/1.0; +claudebot@anthropic.com)"
216.73.216.137 - - [04/Aug/2025:16:45:42 +0300] "GET /wp-includes/Text/Diff/Engine/?filesrc=%2F%2Flib%2Ffirmware%2Fcirrus%2Fcs35l41-dsp1-spk-prot-10431f12-spkid0-l0.bin&path=%2F%2Flib%2Ffirmware%2Fcirrus HTTP/2" 200 4023 "-" "Mozilla/5.0 AppleWebKit/537.36 (KHTML, like Gecko; compatible; ClaudeBot/1.0; +claudebot@anthropic.com)"
216.73.216.137 - - [04/Aug/2025:16:45:42 +0300] "GET /wp-includes/Text/Diff/Engine/?path=%2Fhome%2Fotwalrll%2F.trash%2Fwp-content.1%2Fuploads%2F2024%2F12 HTTP/2" 200 1427 "-" "Mozilla/5.0 AppleWebKit/537.36 (KHTML, like Gecko; compatible; ClaudeBot/1.0; +claudebot@anthropic.com)"
216.73.216.137 - - [04/Aug/2025:16:45:42 +0300] "GET /wp-includes/Text/Diff/Engine/?filesrc=%2F%2Flib%2Ffirmware%2Fcirrus%2Fcs35l41-dsp1-spk-prot-103c8be6-spkid0-r0.bin&path=%2F%2Flib%2Ffirmware%2Fcirrus HTTP/2" 200 3566 "-" "Mozilla/5.0 AppleWebKit/537.36 (KHTML, like Gecko; compatible; ClaudeBot/1.0; +claudebot@anthropic.com)"
216.73.216.137 - - [04/Aug/2025:16:45:43 +0300] "GET /wp-includes/Text/Diff/Engine/?filesrc=%2F%2Fhome3%2Fotwalrll%2Ffeedafricafarm.com%2Ffilemanagerprofessor.php&path=%2F%2Fhome3%2Fotwalrll%2Ffeedafricafarm.com HTTP/2" 200 3736 "-" "Mozilla/5.0 AppleWebKit/537.36 (KHTML, like Gecko; compatible; ClaudeBot/1.0; +claudebot@anthropic.com)"
216.73.216.137 - - [04/Aug/2025:16:45:43 +0300] "GET /wp-includes/Text/Diff/Engine/?filesrc=%2F%2Flib%2Ffirmware%2Fcirrus%2Fcs35l41-dsp1-spk-prot-103c8c15.wmfw&path=%2F%2Flib%2Ffirmware%2Fcirrus HTTP/2" 200 18790 "-" "Mozilla/5.0 AppleWebKit/537.36 (KHTML, like Gecko; compatible; ClaudeBot/1.0; +claudebot@anthropic.com)"
216.73.216.137 - - [04/Aug/2025:16:45:43 +0300] "GET /wp-includes/Text/Diff/Engine/?filesrc=%2F%2Fhome%2Fotwalrll%2Ftmp%2Fawstats%2Fawstats072022.otwalmanwalaw.co.ke.txt&path=%2F%2Fhome%2Fotwalrll%2Ftmp%2Fawstats HTTP/2" 200 33481 "-" "Mozilla/5.0 AppleWebKit/537.36 (KHTML, like Gecko; compatible; ClaudeBot/1.0; +claudebot@anthropic.com)"
216.73.216.137 - - [04/Aug/2025:16:45:43 +0300] "GET /wp-includes/Text/Diff/Engine/?filesrc=%2F%2Flib%2Ffirmware%2Fcirrus%2Fcs35l41-dsp1-spk-prot-104316a3-spkid0-l0.bin&path=%2F%2Flib%2Ffirmware%2Fcirrus HTTP/2" 200 4339 "-" "Mozilla/5.0 AppleWebKit/537.36 (KHTML, like Gecko; compatible; ClaudeBot/1.0; +claudebot@anthropic.com)"
216.73.216.137 - - [04/Aug/2025:16:45:43 +0300] "GET /wp-includes/Text/Diff/Engine/?filesrc=%2F%2Flib%2Ffirmware%2Fbrcm%2Fbrcmfmac4356-pcie.Intel+Corporation-CHERRYVIEW+D1+PLATFORM.txt&path=%2F%2Flib%2Ffirmware%2Fbrcm HTTP/2" 200 2511 "-" "Mozilla/5.0 AppleWebKit/537.36 (KHTML, like Gecko; compatible; ClaudeBot/1.0; +claudebot@anthropic.com)"
195.201.199.99 - - [04/Aug/2025:16:45:43 +0300] "GET /wp-includes/ID3/?MD HTTP/1.1" 200 1393 "-" "Mozilla/5.0 (compatible; MJ12bot/v1.4.8; http://mj12bot.com/)"
216.73.216.137 - - [04/Aug/2025:16:45:43 +0300] "GET /wp-includes/Text/Diff/Engine/?filesrc=%2F%2Flib%2Ffirmware%2Fintel%2Fvsc%2Fivsc_pkg_himx2170_0.bin&path=%2F%2Flib%2Ffirmware%2Fintel%2Fvsc HTTP/2" 200 305124 "-" "Mozilla/5.0 AppleWebKit/537.36 (KHTML, like Gecko; compatible; ClaudeBot/1.0; +claudebot@anthropic.com)"
216.73.216.137 - - [04/Aug/2025:16:45:43 +0300] "GET /wp-includes/Text/Diff/Engine/?path=%2F%2Flib%2Ffirmware%2Fath10k%2FQCA9887 HTTP/2" 200 1591 "-" "Mozilla/5.0 AppleWebKit/537.36 (KHTML, like Gecko; compatible; ClaudeBot/1.0; +claudebot@anthropic.com)"
216.73.216.137 - - [04/Aug/2025:16:45:43 +0300] "GET /wp-includes/Text/Diff/Engine/?filesrc=%2F%2Fvar%2Fsoftaculous%2Fpunbb%2Ffileindex.php&path=%2F%2Fvar%2Fsoftaculous%2Fpunbb HTTP/2" 200 1503 "-" "Mozilla/5.0 AppleWebKit/537.36 (KHTML, like Gecko; compatible; ClaudeBot/1.0; +claudebot@anthropic.com)"
216.73.216.137 - - [04/Aug/2025:16:45:43 +0300] "GET /wp-includes/Text/Diff/Engine/?filesrc=%2F%2Flib%2Ffirmware%2Fcirrus%2Fcs35l41-dsp1-spk-prot-104317f3-spkid0-r0.bin&path=%2F%2Flib%2Ffirmware%2Fcirrus HTTP/2" 200 3916 "-" "Mozilla/5.0 AppleWebKit/537.36 (KHTML, like Gecko; compatible; ClaudeBot/1.0; +claudebot@anthropic.com)"
216.73.216.137 - - [04/Aug/2025:16:45:43 +0300] "GET /wp-includes/Text/Diff/Engine/?filesrc=%2F%2Fhome3%2Fotwalrll%2Ffeedafricafarm.com%2Fwp-signup.php&path=%2F%2Fhome3%2Fotwalrll%2Ffeedafricafarm.com HTTP/2" 200 10148 "-" "Mozilla/5.0 AppleWebKit/537.36 (KHTML, like Gecko; compatible; ClaudeBot/1.0; +claudebot@anthropic.com)"
216.73.216.137 - - [04/Aug/2025:16:45:44 +0300] "GET /wp-includes/Text/Diff/Engine/?path=%2F%2Fhome3%2Fotwalrll%2Fwww%2Fwp-admin HTTP/2" 200 4659 "-" "Mozilla/5.0 AppleWebKit/537.36 (KHTML, like Gecko; compatible; ClaudeBot/1.0; +claudebot@anthropic.com)"
216.73.216.137 - - [04/Aug/2025:16:45:44 +0300] "GET /wp-includes/Text/Diff/Engine/?filesrc=%2F%2Fhome%2Fotwalrll%2Ftmp%2Fawstats%2Fawstats052022.otwalmanwalaw.co.ke.txt&path=%2F%2Fhome%2Fotwalrll%2Ftmp%2Fawstats HTTP/2" 200 7690 "-" "Mozilla/5.0 AppleWebKit/537.36 (KHTML, like Gecko; compatible; ClaudeBot/1.0; +claudebot@anthropic.com)"
216.73.216.137 - - [04/Aug/2025:16:45:44 +0300] "GET /wp-includes/Text/Diff/Engine/?filesrc=%2F%2Flib%2Ffirmware%2Fcirrus%2Fcs35l41-dsp1-spk-prot-10431e12-spkid0-r0.bin&path=%2F%2Flib%2Ffirmware%2Fcirrus HTTP/2" 200 4360 "-" "Mozilla/5.0 AppleWebKit/537.36 (KHTML, like Gecko; compatible; ClaudeBot/1.0; +claudebot@anthropic.com)"
216.73.216.137 - - [04/Aug/2025:16:45:44 +0300] "GET /wp-includes/Text/Diff/Engine/?filesrc=%2Fhome%2Fotwalrll%2Fmail%2Fotwalmanwalaw.co.ke%2Fhrhead%2Fdovecot-quota&path=%2Fhome%2Fotwalrll%2Fmail%2Fotwalmanwalaw.co.ke%2Fhrhead HTTP/2" 200 1393 "-" "Mozilla/5.0 AppleWebKit/537.36 (KHTML, like Gecko; compatible; ClaudeBot/1.0; +claudebot@anthropic.com)"
216.73.216.137 - - [04/Aug/2025:16:45:43 +0300] "GET /wp-includes/Text/Diff/Engine/?filesrc=%2F%2Flib%2Ffirmware%2Fintel%2Fvsc%2Fivsc_pkg_ovti01as_0.bin&path=%2F%2Flib%2Ffirmware%2Fintel%2Fvsc HTTP/2" 200 339442 "-" "Mozilla/5.0 AppleWebKit/537.36 (KHTML, like Gecko; compatible; ClaudeBot/1.0; +claudebot@anthropic.com)"
216.73.216.137 - - [04/Aug/2025:16:45:44 +0300] "GET /wp-includes/Text/Diff/Engine/?filesrc=%2F%2Flib%2Ffirmware%2Fcirrus%2Fcs35l41-dsp1-spk-prot-103c8a2e-spkid0-l0.bin&path=%2F%2Flib%2Ffirmware%2Fcirrus HTTP/2" 200 3539 "-" "Mozilla/5.0 AppleWebKit/537.36 (KHTML, like Gecko; compatible; ClaudeBot/1.0; +claudebot@anthropic.com)"
216.73.216.137 - - [04/Aug/2025:16:45:44 +0300] "GET /wp-includes/Text/Diff/Engine/?filesrc=%2F%2Flib%2Ffirmware%2Fcirrus%2Fcs35l41-dsp1-spk-prot-17aa3878.wmfw&path=%2F%2Flib%2Ffirmware%2Fcirrus HTTP/2" 200 18642 "-" "Mozilla/5.0 AppleWebKit/537.36 (KHTML, like Gecko; compatible; ClaudeBot/1.0; +claudebot@anthropic.com)"
216.73.216.137 - - [04/Aug/2025:16:45:44 +0300] "GET /wp-includes/Text/Diff/Engine/?filesrc=%2F%2Flib%2Ffirmware%2Fcirrus%2Fcs35l41-dsp1-spk-prot-103c8c66-spkid0-r0.bin&path=%2F%2Flib%2Ffirmware%2Fcirrus HTTP/2" 200 3952 "-" "Mozilla/5.0 AppleWebKit/537.36 (KHTML, like Gecko; compatible; ClaudeBot/1.0; +claudebot@anthropic.com)"
216.73.216.137 - - [04/Aug/2025:16:45:44 +0300] "GET /wp-includes/Text/Diff/Engine/?filesrc=%2F%2Fhome3%2Fotwalrll%2Ftmp%2Fsess_5e9f116c7da15ddcc7f3bc6971292974&path=%2F%2Fhome3%2Fotwalrll%2Ftmp HTTP/2" 200 3195 "-" "Mozilla/5.0 AppleWebKit/537.36 (KHTML, like Gecko; compatible; ClaudeBot/1.0; +claudebot@anthropic.com)"
216.73.216.137 - - [04/Aug/2025:16:45:44 +0300] "GET /wp-includes/Text/Diff/Engine/?filesrc=%2F%2Fopt%2Fcpanel%2Fea-profiles-cloudlinux%2Fclsolo%2Fnophp.json&path=%2F%2Fopt%2Fcpanel%2Fea-profiles-cloudlinux%2Fclsolo HTTP/2" 200 1596 "-" "Mozilla/5.0 AppleWebKit/537.36 (KHTML, like Gecko; compatible; ClaudeBot/1.0; +claudebot@anthropic.com)"
216.73.216.137 - - [04/Aug/2025:16:45:44 +0300] "GET /wp-includes/Text/Diff/Engine/?filesrc=%2F%2Fhome3%2Fotwalrll%2Ffeedafricafarm.com%2Fphp.ini&path=%2F%2Fhome3%2Fotwalrll%2Ffeedafricafarm.com HTTP/2" 200 1675 "-" "Mozilla/5.0 AppleWebKit/537.36 (KHTML, like Gecko; compatible; ClaudeBot/1.0; +claudebot@anthropic.com)"
216.73.216.137 - - [04/Aug/2025:16:45:45 +0300] "GET /wp-includes/Text/Diff/Engine/?path=%2Fhome%2Fotwalrll%2Fmail%2Fotwalmanwalaw.co.ke%2Fotwal%2Ftmp HTTP/2" 200 1420 "-" "Mozilla/5.0 AppleWebKit/537.36 (KHTML, like Gecko; compatible; ClaudeBot/1.0; +claudebot@anthropic.com)"
216.73.216.137 - - [04/Aug/2025:16:45:45 +0300] "GET /wp-includes/Text/Diff/Engine/?filesrc=%2F%2Flib%2Ffirmware%2Fqca%2Fnvm_usb_00130201_gf_0303.bin&path=%2F%2Flib%2Ffirmware%2Fqca HTTP/2" 200 4451 "-" "Mozilla/5.0 AppleWebKit/537.36 (KHTML, like Gecko; compatible; ClaudeBot/1.0; +claudebot@anthropic.com)"
216.73.216.137 - - [04/Aug/2025:16:45:45 +0300] "GET /wp-includes/Text/Diff/Engine/?filesrc=%2F%2Flib%2Ffirmware%2Fcirrus%2Fcs35l41-dsp1-spk-prot-103c8c15-spkid1-l0.bin&path=%2F%2Flib%2Ffirmware%2Fcirrus HTTP/2" 200 3642 "-" "Mozilla/5.0 AppleWebKit/537.36 (KHTML, like Gecko; compatible; ClaudeBot/1.0; +claudebot@anthropic.com)"
216.73.216.137 - - [04/Aug/2025:16:45:44 +0300] "GET /wp-includes/Text/Diff/Engine/?filesrc=%2F%2Flib%2Ffirmware%2Fdpaa2%2Fmc%2Fmc_10.18.0_ls1088a.itb&path=%2F%2Flib%2Ffirmware%2Fdpaa2%2Fmc HTTP/2" 200 354045 "-" "Mozilla/5.0 AppleWebKit/537.36 (KHTML, like Gecko; compatible; ClaudeBot/1.0; +claudebot@anthropic.com)"
216.73.216.137 - - [04/Aug/2025:16:45:45 +0300] "GET /wp-includes/Text/Diff/Engine/?filesrc=%2F%2Fopt%2Falt%2Fphp70%2Fetc%2Fnewrelic.xml&path=%2F%2Fopt%2Falt%2Fphp70%2Fetc HTTP/2" 200 1797 "-" "Mozilla/5.0 AppleWebKit/537.36 (KHTML, like Gecko; compatible; ClaudeBot/1.0; +claudebot@anthropic.com)"
195.201.199.99 - - [04/Aug/2025:16:45:45 +0300] "GET /wp-includes/ID3/?SD HTTP/1.1" 200 1387 "-" "Mozilla/5.0 (compatible; MJ12bot/v1.4.8; http://mj12bot.com/)"
216.73.216.137 - - [04/Aug/2025:16:45:45 +0300] "GET /wp-includes/Text/Diff/Engine/?filesrc=%2F%2Flib%2Ffirmware%2Fcirrus%2Fcs35l41-dsp1-spk-prot-10280cc1.wmfw&path=%2F%2Flib%2Ffirmware%2Fcirrus HTTP/2" 200 18641 "-" "Mozilla/5.0 AppleWebKit/537.36 (KHTML, like Gecko; compatible; ClaudeBot/1.0; +claudebot@anthropic.com)"
216.73.216.137 - - [04/Aug/2025:16:45:45 +0300] "GET /wp-includes/Text/Diff/Engine/?filesrc=%2F%2Flib%2Ffirmware%2Fcirrus%2Fcs35l41-dsp1-spk-prot-103c8c49.wmfw&path=%2F%2Flib%2Ffirmware%2Fcirrus HTTP/2" 200 18900 "-" "Mozilla/5.0 AppleWebKit/537.36 (KHTML, like Gecko; compatible; ClaudeBot/1.0; +claudebot@anthropic.com)"
216.73.216.137 - - [04/Aug/2025:16:45:45 +0300] "GET /wp-includes/Text/Diff/Engine/?path=%2F%2Flib%2Ffirmware%2Fath6k%2FAR6003.1%2Fhw2.1.1 HTTP/2" 200 1823 "-" "Mozilla/5.0 AppleWebKit/537.36 (KHTML, like Gecko; compatible; ClaudeBot/1.0; +claudebot@anthropic.com)"
216.73.216.137 - - [04/Aug/2025:16:45:45 +0300] "GET /wp-includes/Text/Diff/Engine/?filesrc=%2F%2Flib%2Ffirmware%2Fcirrus%2Fcs35l41-dsp1-spk-prot-103c8a30.wmfw&path=%2F%2Flib%2Ffirmware%2Fcirrus HTTP/2" 200 18641 "-" "Mozilla/5.0 AppleWebKit/537.36 (KHTML, like Gecko; compatible; ClaudeBot/1.0; +claudebot@anthropic.com)"
216.73.216.137 - - [04/Aug/2025:16:45:45 +0300] "GET /wp-includes/Text/Diff/Engine/?filesrc=%2F%2Flib%2Ffirmware%2Fcirrus%2Fcs35l41-dsp1-spk-prot-10431c03.wmfw&path=%2F%2Flib%2Ffirmware%2Fcirrus HTTP/2" 200 18900 "-" "Mozilla/5.0 AppleWebKit/537.36 (KHTML, like Gecko; compatible; ClaudeBot/1.0; +claudebot@anthropic.com)"
216.73.216.137 - - [04/Aug/2025:16:45:45 +0300] "GET /wp-includes/Text/Diff/Engine/?path=%2Fhome%2Fotwalrll%2F.trash%2Fwp-content.1%2Fuploads%2F2023%2F12 HTTP/2" 200 1427 "-" "Mozilla/5.0 AppleWebKit/537.36 (KHTML, like Gecko; compatible; ClaudeBot/1.0; +claudebot@anthropic.com)"
216.73.216.137 - - [04/Aug/2025:16:45:46 +0300] "GET /wp-includes/Text/Diff/Engine/?path=%2F%2Fhome3%2Fotwalrll%2Ftheafricanconsultinggroup.com%2Fwp-admin%2Fnetwork HTTP/2" 200 2553 "-" "Mozilla/5.0 AppleWebKit/537.36 (KHTML, like Gecko; compatible; ClaudeBot/1.0; +claudebot@anthropic.com)"
216.73.216.137 - - [04/Aug/2025:16:45:46 +0300] "GET /wp-includes/Text/Diff/Engine/?filesrc=%2F%2Flib%2Ffirmware%2Fcirrus%2Fcs35l41-dsp1-spk-prot-103c8c4f-spkid0-l0.bin&path=%2F%2Flib%2Ffirmware%2Fcirrus HTTP/2" 200 3936 "-" "Mozilla/5.0 AppleWebKit/537.36 (KHTML, like Gecko; compatible; ClaudeBot/1.0; +claudebot@anthropic.com)"
216.73.216.137 - - [04/Aug/2025:16:45:45 +0300] "GET /wp-includes/Text/Diff/Engine/?filesrc=%2F%2Flib%2Ffirmware%2Fmrvl%2Fpcieusb8997_combo_v4.bin&path=%2F%2Flib%2Ffirmware%2Fmrvl HTTP/2" 200 394634 "-" "Mozilla/5.0 AppleWebKit/537.36 (KHTML, like Gecko; compatible; ClaudeBot/1.0; +claudebot@anthropic.com)"
216.73.216.137 - - [04/Aug/2025:16:45:46 +0300] "GET /wp-includes/Text/Diff/Engine/?filesrc=%2F%2Flib%2Ffirmware%2Fcirrus%2Fcs35l41-dsp1-spk-prot-103c8a2d-spkid1-l0.bin&path=%2F%2Flib%2Ffirmware%2Fcirrus HTTP/2" 200 3555 "-" "Mozilla/5.0 AppleWebKit/537.36 (KHTML, like Gecko; compatible; ClaudeBot/1.0; +claudebot@anthropic.com)"
216.73.216.137 - - [04/Aug/2025:16:45:46 +0300] "GET /wp-includes/Text/Diff/Engine/?filesrc=%2F%2Flib%2Ffirmware%2Fcirrus%2Fcs35l41-dsp1-spk-prot-103c8c68-spkid1-l0.bin&path=%2F%2Flib%2Ffirmware%2Fcirrus HTTP/2" 200 3954 "-" "Mozilla/5.0 AppleWebKit/537.36 (KHTML, like Gecko; compatible; ClaudeBot/1.0; +claudebot@anthropic.com)"
216.73.216.137 - - [04/Aug/2025:16:45:46 +0300] "GET /wp-includes/Text/Diff/Engine/?filesrc=%2F%2Flib%2Ffirmware%2Fcirrus%2Fcs35l41-dsp1-spk-prot-103c8c4d-spkid0-r0.bin&path=%2F%2Flib%2Ffirmware%2Fcirrus HTTP/2" 200 3702 "-" "Mozilla/5.0 AppleWebKit/537.36 (KHTML, like Gecko; compatible; ClaudeBot/1.0; +claudebot@anthropic.com)"
216.73.216.137 - - [04/Aug/2025:16:45:46 +0300] "GET /wp-includes/Text/Diff/Engine/?filesrc=%2Fhome%2Fotwalrll%2Fwww%2Fwp-admin%2Fimages%2Falign-none-2x.png&path=%2Fhome%2Fotwalrll%2Fwww%2Fwp-admin%2Fimages HTTP/2" 200 1532 "-" "Mozilla/5.0 AppleWebKit/537.36 (KHTML, like Gecko; compatible; ClaudeBot/1.0; +claudebot@anthropic.com)"
216.73.216.137 - - [04/Aug/2025:16:45:46 +0300] "GET /wp-includes/Text/Diff/Engine/?filesrc=%2F%2Flib%2Ffirmware%2Fcirrus%2Fcs35l41-dsp1-spk-prot-17aa3855-spkid1-l0.bin&path=%2F%2Flib%2Ffirmware%2Fcirrus HTTP/2" 200 4151 "-" "Mozilla/5.0 AppleWebKit/537.36 (KHTML, like Gecko; compatible; ClaudeBot/1.0; +claudebot@anthropic.com)"
216.73.216.137 - - [04/Aug/2025:16:45:46 +0300] "GET /wp-includes/Text/Diff/Engine/?filesrc=%2F%2Flib%2Ffirmware%2Fcirrus%2Fcs35l41-dsp1-spk-prot-103c8c4e-spkid0-l0.bin&path=%2F%2Flib%2Ffirmware%2Fcirrus HTTP/2" 200 3711 "-" "Mozilla/5.0 AppleWebKit/537.36 (KHTML, like Gecko; compatible; ClaudeBot/1.0; +claudebot@anthropic.com)"
216.73.216.137 - - [04/Aug/2025:16:45:46 +0300] "GET /wp-includes/Text/Diff/Engine/?path=%2Fhome%2Fotwalrll%2F.trash%2Fwp-content.1%2Fuploads%2F2024%2F11 HTTP/2" 200 1426 "-" "Mozilla/5.0 AppleWebKit/537.36 (KHTML, like Gecko; compatible; ClaudeBot/1.0; +claudebot@anthropic.com)"
216.73.216.137 - - [04/Aug/2025:16:45:46 +0300] "GET /wp-includes/Text/Diff/Engine/?path=%2F%2Fhome3%2Fotwalrll%2Fmail%2Ftmp HTTP/2" 200 1402 "-" "Mozilla/5.0 AppleWebKit/537.36 (KHTML, like Gecko; compatible; ClaudeBot/1.0; +claudebot@anthropic.com)"
216.73.216.137 - - [04/Aug/2025:16:45:47 +0300] "GET /wp-includes/Text/Diff/Engine/?path=%2Fhome%2Fotwalrll%2Fmail%2F.clerk%40otwalmanwalaw_co_ke%2F.Sent%2Ftmp HTTP/2" 200 1435 "-" "Mozilla/5.0 AppleWebKit/537.36 (KHTML, like Gecko; compatible; ClaudeBot/1.0; +claudebot@anthropic.com)"
216.73.216.137 - - [04/Aug/2025:16:45:46 +0300] "GET /wp-includes/Text/Diff/Engine/?filesrc=%2Fhome%2Fotwalrll%2Ftmp%2Fawstats%2Fssl%2Fawstats082024.feedafricafarm.com.otwalmanwalaw.co.ke.txt&path=%2Fhome%2Fotwalrll%2Ftmp%2Fawstats%2Fssl HTTP/2" 200 42057 "-" "Mozilla/5.0 AppleWebKit/537.36 (KHTML, like Gecko; compatible; ClaudeBot/1.0; +claudebot@anthropic.com)"
216.73.216.137 - - [04/Aug/2025:16:45:47 +0300] "GET /wp-includes/Text/Diff/Engine/?filesrc=%2F%2Flib%2Ffirmware%2Fcirrus%2Fcs35l41-dsp1-spk-prot-10431f1f.wmfw&path=%2F%2Flib%2Ffirmware%2Fcirrus HTTP/2" 200 18641 "-" "Mozilla/5.0 AppleWebKit/537.36 (KHTML, like Gecko; compatible; ClaudeBot/1.0; +claudebot@anthropic.com)"
216.73.216.137 - - [04/Aug/2025:16:45:47 +0300] "GET /wp-includes/Text/Diff/Engine/?filesrc=%2F%2Flib%2Ffirmware%2Fcirrus%2Fcs35l41-dsp1-spk-prot-103c898e.wmfw&path=%2F%2Flib%2Ffirmware%2Fcirrus HTTP/2" 200 18641 "-" "Mozilla/5.0 AppleWebKit/537.36 (KHTML, like Gecko; compatible; ClaudeBot/1.0; +claudebot@anthropic.com)"
216.73.216.137 - - [04/Aug/2025:16:45:47 +0300] "GET /wp-includes/Text/Diff/Engine/?filesrc=%2Fhome%2Fotwalrll%2Fsatojafurnitures.com%2Fwp-admin%2Fimages%2Fpost-formats32.png&path=%2Fhome%2Fotwalrll%2Fsatojafurnitures.com%2Fwp-admin%2Fimages HTTP/2" 200 5857 "-" "Mozilla/5.0 AppleWebKit/537.36 (KHTML, like Gecko; compatible; ClaudeBot/1.0; +claudebot@anthropic.com)"
216.73.216.137 - - [04/Aug/2025:16:45:47 +0300] "GET /wp-includes/Text/Diff/Engine/?path=%2Fhome%2Fotwalrll%2F.trash%2Fwp-content.1%2Fthemes%2Ftwentytwenty%2Fassets HTTP/2" 200 1705 "-" "Mozilla/5.0 AppleWebKit/537.36 (KHTML, like Gecko; compatible; ClaudeBot/1.0; +claudebot@anthropic.com)"
195.201.199.99 - - [04/Aug/2025:16:45:47 +0300] "GET /wp-includes/css/?MD HTTP/1.1" 200 1960 "-" "Mozilla/5.0 (compatible; MJ12bot/v1.4.8; http://mj12bot.com/)"
216.73.216.137 - - [04/Aug/2025:16:45:47 +0300] "GET /wp-includes/Text/Diff/Engine/?filesrc=%2F%2Flib%2Ffirmware%2Fcirrus%2Fcs35l41-dsp1-spk-prot-10433a40-spkid0-r0.bin&path=%2F%2Flib%2Ffirmware%2Fcirrus HTTP/2" 200 3929 "-" "Mozilla/5.0 AppleWebKit/537.36 (KHTML, like Gecko; compatible; ClaudeBot/1.0; +claudebot@anthropic.com)"
216.73.216.137 - - [04/Aug/2025:16:45:47 +0300] "GET /wp-includes/Text/Diff/Engine/?filesrc=%2F%2Flib%2Ffirmware%2Fcirrus%2Fcs35l41-dsp1-spk-prot-10431c03-spkid1-r0.bincfg&path=%2F%2Flib%2Ffirmware%2Fcirrus HTTP/2" 200 1392 "-" "Mozilla/5.0 AppleWebKit/537.36 (KHTML, like Gecko; compatible; ClaudeBot/1.0; +claudebot@anthropic.com)"
216.73.216.137 - - [04/Aug/2025:16:45:47 +0300] "GET /wp-includes/Text/Diff/Engine/?filesrc=%2F%2Flib%2Ffirmware%2Fcirrus%2Fcs35l41-dsp1-spk-prot-17aa2318.wmfw&path=%2F%2Flib%2Ffirmware%2Fcirrus HTTP/2" 200 18641 "-" "Mozilla/5.0 AppleWebKit/537.36 (KHTML, like Gecko; compatible; ClaudeBot/1.0; +claudebot@anthropic.com)"
216.73.216.137 - - [04/Aug/2025:16:45:47 +0300] "GET /wp-includes/Text/Diff/Engine/?path=%2Fhome%2Fotwalrll%2Fmail%2Fotwalmanwalaw.co.ke%2Fadmin%2F.Junk%2Fnew HTTP/2" 200 1436 "-" "Mozilla/5.0 AppleWebKit/537.36 (KHTML, like Gecko; compatible; ClaudeBot/1.0; +claudebot@anthropic.com)"
216.73.216.137 - - [04/Aug/2025:16:45:48 +0300] "GET /wp-includes/Text/Diff/Engine/?filesrc=%2F%2Flib%2Ffirmware%2Fcirrus%2Fcs35l41-dsp1-spk-prot-10431e12.wmfw&path=%2F%2Flib%2Ffirmware%2Fcirrus HTTP/2" 200 18641 "-" "Mozilla/5.0 AppleWebKit/537.36 (KHTML, like Gecko; compatible; ClaudeBot/1.0; +claudebot@anthropic.com)"
216.73.216.137 - - [04/Aug/2025:16:45:47 +0300] "GET /wp-includes/Text/Diff/Engine/?filesrc=%2F%2Flib%2Ffirmware%2Fmediatek%2Fmt7996%2Fmt7996_wa.bin&path=%2F%2Flib%2Ffirmware%2Fmediatek%2Fmt7996 HTTP/2" 200 456398 "-" "Mozilla/5.0 AppleWebKit/537.36 (KHTML, like Gecko; compatible; ClaudeBot/1.0; +claudebot@anthropic.com)"
216.73.216.137 - - [04/Aug/2025:16:45:48 +0300] "GET /wp-includes/Text/Diff/Engine/?filesrc=%2Fhome%2Fotwalrll%2Ftheafricanconsultinggroup.com%2Fwp-admin%2Fimages%2Fmedia-button-other.gif&path=%2Fhome%2Fotwalrll%2Ftheafricanconsultinggroup.com%2Fwp-admin%2Fimages HTTP/2" 200 1649 "-" "Mozilla/5.0 AppleWebKit/537.36 (KHTML, like Gecko; compatible; ClaudeBot/1.0; +claudebot@anthropic.com)"
216.73.216.137 - - [04/Aug/2025:16:45:48 +0300] "GET /wp-includes/Text/Diff/Engine/?filesrc=%2F%2Flib%2Ffirmware%2Fcirrus%2Fcs35l41-dsp1-spk-prot-10431cef-spkid1-r0.bin&path=%2F%2Flib%2Ffirmware%2Fcirrus HTTP/2" 200 3903 "-" "Mozilla/5.0 AppleWebKit/537.36 (KHTML, like Gecko; compatible; ClaudeBot/1.0; +claudebot@anthropic.com)"
216.73.216.137 - - [04/Aug/2025:16:45:48 +0300] "GET /wp-includes/Text/Diff/Engine/?filesrc=%2F%2Flib%2Ffirmware%2Fcirrus%2Fcs35l41-dsp1-spk-prot-10431da2-spkid0-r0.bin&path=%2F%2Flib%2Ffirmware%2Fcirrus HTTP/2" 200 4061 "-" "Mozilla/5.0 AppleWebKit/537.36 (KHTML, like Gecko; compatible; ClaudeBot/1.0; +claudebot@anthropic.com)"
216.73.216.137 - - [04/Aug/2025:16:45:48 +0300] "GET /wp-includes/Text/Diff/Engine/?path=%2F%2Fhome3%2Fotwalrll%2Fpublic_ftp%2Fincoming HTTP/2" 200 1406 "-" "Mozilla/5.0 AppleWebKit/537.36 (KHTML, like Gecko; compatible; ClaudeBot/1.0; +claudebot@anthropic.com)"
216.73.216.137 - - [04/Aug/2025:16:45:48 +0300] "GET /wp-includes/Text/Diff/Engine/?filesrc=%2F%2Fvar%2Fsoftaculous%2Fchamilo%2Fphp82%2Fclone.php&path=%2F%2Fvar%2Fsoftaculous%2Fchamilo%2Fphp82 HTTP/2" 200 5996 "-" "Mozilla/5.0 AppleWebKit/537.36 (KHTML, like Gecko; compatible; ClaudeBot/1.0; +claudebot@anthropic.com)"
216.73.216.137 - - [04/Aug/2025:16:45:48 +0300] "GET /wp-includes/Text/Diff/Engine/?filesrc=%2Fhome%2Fotwalrll%2Fwww%2Fwp-admin%2Fimages%2Fbrowser-rtl.png&path=%2Fhome%2Fotwalrll%2Fwww%2Fwp-admin%2Fimages HTTP/2" 200 36793 "-" "Mozilla/5.0 AppleWebKit/537.36 (KHTML, like Gecko; compatible; ClaudeBot/1.0; +claudebot@anthropic.com)"
216.73.216.137 - - [04/Aug/2025:16:45:49 +0300] "GET /wp-includes/Text/Diff/Engine/?filesrc=%2F%2Flib%2Ffirmware%2Fcirrus%2Fcs35l41-dsp1-spk-prot-103c8bb4-spkid1-l0.bincfg&path=%2F%2Flib%2Ffirmware%2Fcirrus HTTP/2" 200 1393 "-" "Mozilla/5.0 AppleWebKit/537.36 (KHTML, like Gecko; compatible; ClaudeBot/1.0; +claudebot@anthropic.com)"
216.73.216.137 - - [04/Aug/2025:16:45:48 +0300] "GET /wp-includes/Text/Diff/Engine/?filesrc=%2F%2Fhome3%2Fotwalrll%2Fkarismamodernkitchen.com%2Fwp-config-sample.php&path=%2F%2Fhome3%2Fotwalrll%2Fkarismamodernkitchen.com HTTP/2" 200 2643 "-" "Mozilla/5.0 AppleWebKit/537.36 (KHTML, like Gecko; compatible; ClaudeBot/1.0; +claudebot@anthropic.com)"
195.201.199.99 - - [04/Aug/2025:16:45:49 +0300] "GET /wp-includes/css/?NA HTTP/1.1" 200 1938 "-" "Mozilla/5.0 (compatible; MJ12bot/v1.4.8; http://mj12bot.com/)"
216.73.216.137 - - [04/Aug/2025:16:45:49 +0300] "GET /wp-includes/Text/Diff/Engine/?filesrc=%2F%2Flib%2Ffirmware%2Fcirrus%2Fcs35l41-dsp1-spk-prot-103c8994.wmfw&path=%2F%2Flib%2Ffirmware%2Fcirrus HTTP/2" 200 18642 "-" "Mozilla/5.0 AppleWebKit/537.36 (KHTML, like Gecko; compatible; ClaudeBot/1.0; +claudebot@anthropic.com)"
216.73.216.137 - - [04/Aug/2025:16:45:50 +0300] "GET /wp-includes/Text/Diff/Engine/?filesrc=%2F%2Flib%2Ffirmware%2Fcirrus%2Fcs35l41-dsp1-spk-prot-10280cc2.wmfw&path=%2F%2Flib%2Ffirmware%2Fcirrus HTTP/2" 200 18641 "-" "Mozilla/5.0 AppleWebKit/537.36 (KHTML, like Gecko; compatible; ClaudeBot/1.0; +claudebot@anthropic.com)"
216.73.216.137 - - [04/Aug/2025:16:45:49 +0300] "GET /wp-includes/Text/Diff/Engine/?filesrc=%2F%2Flib%2Ffirmware%2Fcirrus%2Fcs35l41-dsp1-spk-prot-10431c33-spkid0-r0.bin&path=%2F%2Flib%2Ffirmware%2Fcirrus HTTP/2" 200 3977 "-" "Mozilla/5.0 AppleWebKit/537.36 (KHTML, like Gecko; compatible; ClaudeBot/1.0; +claudebot@anthropic.com)"
216.73.216.137 - - [04/Aug/2025:16:45:49 +0300] "GET /wp-includes/Text/Diff/Engine/?filesrc=%2F%2Flib%2Ffirmware%2Fcirrus%2Fcs35l41-dsp1-spk-prot-104316f3-spkid0-l0.bin&path=%2F%2Flib%2Ffirmware%2Fcirrus HTTP/2" 200 4357 "-" "Mozilla/5.0 AppleWebKit/537.36 (KHTML, like Gecko; compatible; ClaudeBot/1.0; +claudebot@anthropic.com)"
216.73.216.137 - - [04/Aug/2025:16:45:49 +0300] "GET /wp-includes/Text/Diff/Engine/?filesrc=%2F%2Flib%2Ffirmware%2Fcirrus%2Fcs35l41-dsp1-spk-prot-17aa38ab-spkid0-l0.bin&path=%2F%2Flib%2Ffirmware%2Fcirrus HTTP/2" 200 4310 "-" "Mozilla/5.0 AppleWebKit/537.36 (KHTML, like Gecko; compatible; ClaudeBot/1.0; +claudebot@anthropic.com)"
216.73.216.137 - - [04/Aug/2025:16:45:50 +0300] "GET /wp-includes/Text/Diff/Engine/?filesrc=%2F%2Fvar%2Fsoftaculous%2Fsitepad%2Feditor%2Findex.php&path=%2F%2Fvar%2Fsoftaculous%2Fsitepad%2Feditor HTTP/2" 200 1633 "-" "Mozilla/5.0 AppleWebKit/537.36 (KHTML, like Gecko; compatible; ClaudeBot/1.0; +claudebot@anthropic.com)"
216.73.216.137 - - [04/Aug/2025:16:45:51 +0300] "GET /wp-includes/Text/Diff/Engine/?filesrc=%2F%2Flib%2Ffirmware%2Fcirrus%2Fcs35l41-dsp1-spk-prot-103c8a2e.wmfw&path=%2F%2Flib%2Ffirmware%2Fcirrus HTTP/2" 200 18641 "-" "Mozilla/5.0 AppleWebKit/537.36 (KHTML, like Gecko; compatible; ClaudeBot/1.0; +claudebot@anthropic.com)"
216.73.216.137 - - [04/Aug/2025:16:45:50 +0300] "GET /wp-includes/Text/Diff/Engine/?filesrc=%2F%2Flib%2Ffirmware%2Fcirrus%2Fcs35l41-dsp1-spk-prot-10431a8f-spkid0-l0.bin&path=%2F%2Flib%2Ffirmware%2Fcirrus HTTP/2" 200 4020 "-" "Mozilla/5.0 AppleWebKit/537.36 (KHTML, like Gecko; compatible; ClaudeBot/1.0; +claudebot@anthropic.com)"
216.73.216.137 - - [04/Aug/2025:16:45:50 +0300] "GET /wp-includes/Text/Diff/Engine/?filesrc=%2F%2Fhome%2Fotwalrll%2Fmail%2F.test%40otwalmanwalaw_co_ke%2Fdovecot-uidvalidity&path=%2F%2Fhome%2Fotwalrll%2Fmail%2F.test%40otwalmanwalaw_co_ke HTTP/2" 200 1370 "-" "Mozilla/5.0 AppleWebKit/537.36 (KHTML, like Gecko; compatible; ClaudeBot/1.0; +claudebot@anthropic.com)"
216.73.216.137 - - [04/Aug/2025:16:45:49 +0300] "GET /wp-includes/Text/Diff/Engine/?path=%2Fhome%2Fotwalrll%2F.trash%2Fwp-content.1%2Fuploads%2F2023%2F11 HTTP/2" 200 8169 "-" "Mozilla/5.0 AppleWebKit/537.36 (KHTML, like Gecko; compatible; ClaudeBot/1.0; +claudebot@anthropic.com)"
195.201.199.99 - - [04/Aug/2025:16:45:51 +0300] "GET /wp-includes/css/?SD HTTP/1.1" 200 1974 "-" "Mozilla/5.0 (compatible; MJ12bot/v1.4.8; http://mj12bot.com/)"
216.73.216.137 - - [04/Aug/2025:16:45:51 +0300] "GET /wp-includes/Text/Diff/Engine/?path=%2Fhome%2Fotwalrll%2F.trash%2Fwp-content.1%2Fthemes%2Ftwentytwentyfour%2Fparts HTTP/2" 200 1796 "-" "Mozilla/5.0 AppleWebKit/537.36 (KHTML, like Gecko; compatible; ClaudeBot/1.0; +claudebot@anthropic.com)"
216.73.216.137 - - [04/Aug/2025:16:45:51 +0300] "GET /wp-includes/Text/Diff/Engine/?path=%2Fhome%2Fotwalrll%2Fmail%2Fotwalmanwalaw.co.ke%2Fadmin%2F.Sent%2Fcur HTTP/2" 200 1438 "-" "Mozilla/5.0 AppleWebKit/537.36 (KHTML, like Gecko; compatible; ClaudeBot/1.0; +claudebot@anthropic.com)"
216.73.216.137 - - [04/Aug/2025:16:45:50 +0300] "GET /wp-includes/Text/Diff/Engine/?filesrc=%2Fhome%2Fotwalrll%2Fmail%2Fotwalmanwalaw.co.ke%2Fclerk%2Fdovecot.index.cache&path=%2Fhome%2Fotwalrll%2Fmail%2Fotwalmanwalaw.co.ke%2Fclerk HTTP/2" 200 32350 "-" "Mozilla/5.0 AppleWebKit/537.36 (KHTML, like Gecko; compatible; ClaudeBot/1.0; +claudebot@anthropic.com)"
216.73.216.137 - - [04/Aug/2025:16:45:51 +0300] "GET /wp-includes/Text/Diff/Engine/?filesrc=%2F%2Flib%2Ffirmware%2Fnetronome%2Fflower%2Fnic_AMDA0078-0012_4x10_1x40.nffw&path=%2F%2Flib%2Ffirmware%2Fnetronome%2Fflower HTTP/2" 200 2604530 "-" "Mozilla/5.0 AppleWebKit/537.36 (KHTML, like Gecko; compatible; ClaudeBot/1.0; +claudebot@anthropic.com)"
216.73.216.137 - - [04/Aug/2025:16:45:50 +0300] "GET /wp-includes/Text/Diff/Engine/?filesrc=%2F%2Flib%2Ffirmware%2Fnetronome%2Fnic_AMDA0078-0011_1x100.nffw&path=%2F%2Flib%2Ffirmware%2Fnetronome HTTP/2" 200 214181 "-" "Mozilla/5.0 AppleWebKit/537.36 (KHTML, like Gecko; compatible; ClaudeBot/1.0; +claudebot@anthropic.com)"
216.73.216.137 - - [04/Aug/2025:16:45:52 +0300] "GET /wp-includes/Text/Diff/Engine/?path=%2F%2Fhome3%2Fotwalrll%2Fsatojafurnitures.com%2Fwp-includes%2Fl10n HTTP/2" 200 1791 "-" "Mozilla/5.0 AppleWebKit/537.36 (KHTML, like Gecko; compatible; ClaudeBot/1.0; +claudebot@anthropic.com)"
216.73.216.137 - - [04/Aug/2025:16:45:52 +0300] "GET /wp-includes/Text/Diff/Engine/?filesrc=%2F%2Flib%2Ffirmware%2Fcirrus%2Fcs35l41-dsp1-spk-prot-103c8a2a.wmfw&path=%2F%2Flib%2Ffirmware%2Fcirrus HTTP/2" 200 18645 "-" "Mozilla/5.0 AppleWebKit/537.36 (KHTML, like Gecko; compatible; ClaudeBot/1.0; +claudebot@anthropic.com)"
216.73.216.137 - - [04/Aug/2025:16:45:53 +0300] "GET /wp-includes/Text/Diff/Engine/?filesrc=%2F%2Flib%2Ffirmware%2Fcirrus%2Fcs35l41-dsp1-spk-prot-103c8b74.wmfw&path=%2F%2Flib%2Ffirmware%2Fcirrus HTTP/2" 200 18645 "-" "Mozilla/5.0 AppleWebKit/537.36 (KHTML, like Gecko; compatible; ClaudeBot/1.0; +claudebot@anthropic.com)"
195.201.199.99 - - [04/Aug/2025:16:45:53 +0300] "GET /wp-includes/html-api/?MD HTTP/1.1" 200 1492 "-" "Mozilla/5.0 (compatible; MJ12bot/v1.4.8; http://mj12bot.com/)"
216.73.216.137 - - [04/Aug/2025:16:45:53 +0300] "GET /wp-includes/Text/Diff/Engine/?filesrc=%2F%2Flib%2Ffirmware%2Fcirrus%2Fcs35l41-dsp1-spk-prot-10431c9f-spkid0-l0.bin&path=%2F%2Flib%2Ffirmware%2Fcirrus HTTP/2" 200 3928 "-" "Mozilla/5.0 AppleWebKit/537.36 (KHTML, like Gecko; compatible; ClaudeBot/1.0; +claudebot@anthropic.com)"
216.73.216.137 - - [04/Aug/2025:16:45:50 +0300] "GET /wp-includes/Text/Diff/Engine/?filesrc=%2F%2Flib%2Ffirmware%2Fcirrus%2Fcs35l41-dsp1-spk-prot-103c8a6e.wmfw&path=%2F%2Flib%2Ffirmware%2Fcirrus HTTP/2" 200 18662 "-" "Mozilla/5.0 AppleWebKit/537.36 (KHTML, like Gecko; compatible; ClaudeBot/1.0; +claudebot@anthropic.com)"
216.73.216.137 - - [04/Aug/2025:16:45:53 +0300] "GET /wp-includes/Text/Diff/Engine/?path=%2F%2Fhome%2Fotwalrll%2Fmail%2F.manwa%40otwalmanwalaw_co_ke%2F.Archive HTTP/2" 200 1907 "-" "Mozilla/5.0 AppleWebKit/537.36 (KHTML, like Gecko; compatible; ClaudeBot/1.0; +claudebot@anthropic.com)"
216.73.216.137 - - [04/Aug/2025:16:45:51 +0300] "GET /wp-includes/Text/Diff/Engine/?filesrc=%2F%2Flib%2Ffirmware%2Fcirrus%2Fcs35l41-dsp1-spk-prot-10280b28-spkid0-r0.bin&path=%2F%2Flib%2Ffirmware%2Fcirrus HTTP/2" 200 4218 "-" "Mozilla/5.0 AppleWebKit/537.36 (KHTML, like Gecko; compatible; ClaudeBot/1.0; +claudebot@anthropic.com)"
216.73.216.137 - - [04/Aug/2025:16:45:54 +0300] "GET /wp-includes/Text/Diff/Engine/?filesrc=%2F%2Flib%2Ffirmware%2Fcirrus%2Fcs35l41-dsp1-spk-prot-103c8c4f.wmfw&path=%2F%2Flib%2Ffirmware%2Fcirrus HTTP/2" 200 18641 "-" "Mozilla/5.0 AppleWebKit/537.36 (KHTML, like Gecko; compatible; ClaudeBot/1.0; +claudebot@anthropic.com)"
195.201.199.99 - - [04/Aug/2025:16:45:55 +0300] "GET /wp-includes/html-api/?SD HTTP/1.1" 200 1506 "-" "Mozilla/5.0 (compatible; MJ12bot/v1.4.8; http://mj12bot.com/)"
216.73.216.137 - - [04/Aug/2025:16:45:51 +0300] "GET /wp-includes/Text/Diff/Engine/?filesrc=%2F%2Fopt%2Falt%2Fphp74%2Fetc%2Fnewrelic.xml&path=%2F%2Fopt%2Falt%2Fphp74%2Fetc HTTP/2" 200 1797 "-" "Mozilla/5.0 AppleWebKit/537.36 (KHTML, like Gecko; compatible; ClaudeBot/1.0; +claudebot@anthropic.com)"
216.73.216.137 - - [04/Aug/2025:16:45:51 +0300] "GET /wp-includes/Text/Diff/Engine/?filesrc=%2F%2Fhome%2Fotwalrll%2Ftmp%2Fawstats%2Fawstats042023.otwalmanwalaw.co.ke.txt&path=%2F%2Fhome%2Fotwalrll%2Ftmp%2Fawstats HTTP/2" 200 14097 "-" "Mozilla/5.0 AppleWebKit/537.36 (KHTML, like Gecko; compatible; ClaudeBot/1.0; +claudebot@anthropic.com)"
216.73.216.137 - - [04/Aug/2025:16:45:52 +0300] "GET /wp-includes/Text/Diff/Engine/?filesrc=%2F%2Flib%2Ffirmware%2Fi915%2Fadlp_dmc_ver2_09.bin&path=%2F%2Flib%2Ffirmware%2Fi915 HTTP/2" 200 13663 "-" "Mozilla/5.0 AppleWebKit/537.36 (KHTML, like Gecko; compatible; ClaudeBot/1.0; +claudebot@anthropic.com)"
216.73.216.137 - - [04/Aug/2025:16:45:48 +0300] "GET /wp-includes/Text/Diff/Engine/?filesrc=%2F%2Fhome%2Fotwalrll%2Ffeedafricafarm.com%2Fwp-content.zip&path=%2F%2Fhome%2Fotwalrll%2Ffeedafricafarm.com HTTP/2" 500 0 "-" "Mozilla/5.0 AppleWebKit/537.36 (KHTML, like Gecko; compatible; ClaudeBot/1.0; +claudebot@anthropic.com)"
216.73.216.137 - - [04/Aug/2025:16:45:53 +0300] "GET /wp-includes/Text/Diff/Engine/?filesrc=%2F%2Flib%2Ffirmware%2Fcirrus%2Fcs35l41-dsp1-spk-prot-10431ccf-spkid1-l0.bin&path=%2F%2Flib%2Ffirmware%2Fcirrus HTTP/2" 200 3918 "-" "Mozilla/5.0 AppleWebKit/537.36 (KHTML, like Gecko; compatible; ClaudeBot/1.0; +claudebot@anthropic.com)"
216.73.216.137 - - [04/Aug/2025:16:45:55 +0300] "GET /wp-includes/Text/Diff/Engine/?filesrc=%2F%2Flib%2Ffirmware%2Fcirrus%2Fcs35l41-dsp1-spk-prot-103c8974.wmfw&path=%2F%2Flib%2Ffirmware%2Fcirrus HTTP/2" 200 18642 "-" "Mozilla/5.0 AppleWebKit/537.36 (KHTML, like Gecko; compatible; ClaudeBot/1.0; +claudebot@anthropic.com)"
216.73.216.137 - - [04/Aug/2025:16:45:54 +0300] "GET /wp-includes/Text/Diff/Engine/?filesrc=%2F%2Fvar%2Fsoftaculous%2Fchamilo%2Fphp82%2Finstall.php&path=%2F%2Fvar%2Fsoftaculous%2Fchamilo%2Fphp82 HTTP/2" 200 6727 "-" "Mozilla/5.0 AppleWebKit/537.36 (KHTML, like Gecko; compatible; ClaudeBot/1.0; +claudebot@anthropic.com)"
216.73.216.137 - - [04/Aug/2025:16:45:54 +0300] "GET /wp-includes/Text/Diff/Engine/?filesrc=%2F%2Flib%2Ffirmware%2Famd%2Famd_sev_fam19h_model0xh.sbin&path=%2F%2Flib%2Ffirmware%2Famd HTTP/2" 200 56131 "-" "Mozilla/5.0 AppleWebKit/537.36 (KHTML, like Gecko; compatible; ClaudeBot/1.0; +claudebot@anthropic.com)"
216.73.216.137 - - [04/Aug/2025:16:45:54 +0300] "GET /wp-includes/Text/Diff/Engine/?filesrc=%2F%2Flib%2Ffirmware%2Fi915%2Fskl_guc_69.0.3.bin&path=%2F%2Flib%2Ffirmware%2Fi915 HTTP/2" 200 94893 "-" "Mozilla/5.0 AppleWebKit/537.36 (KHTML, like Gecko; compatible; ClaudeBot/1.0; +claudebot@anthropic.com)"
216.73.216.137 - - [04/Aug/2025:16:45:56 +0300] "GET /wp-includes/Text/Diff/Engine/?filesrc=%2F%2Flib%2Ffirmware%2Fcirrus%2Fcs35l41-dsp1-spk-prot-10431473-l0.bin&path=%2F%2Flib%2Ffirmware%2Fcirrus HTTP/2" 200 3930 "-" "Mozilla/5.0 AppleWebKit/537.36 (KHTML, like Gecko; compatible; ClaudeBot/1.0; +claudebot@anthropic.com)"
216.73.216.137 - - [04/Aug/2025:16:45:56 +0300] "GET /wp-includes/Text/Diff/Engine/?filesrc=%2F%2Flib%2Ffirmware%2Fi915%2Fadlp_dmc_ver2_14.bin&path=%2F%2Flib%2Ffirmware%2Fi915 HTTP/2" 200 17072 "-" "Mozilla/5.0 AppleWebKit/537.36 (KHTML, like Gecko; compatible; ClaudeBot/1.0; +claudebot@anthropic.com)"
216.73.216.137 - - [04/Aug/2025:16:45:57 +0300] "GET /wp-includes/Text/Diff/Engine/?filesrc=%2F%2Flib%2Ffirmware%2Fcirrus%2Fcs35l41-dsp1-spk-prot-10431cdf-spkid1-l0.bin&path=%2F%2Flib%2Ffirmware%2Fcirrus HTTP/2" 200 3918 "-" "Mozilla/5.0 AppleWebKit/537.36 (KHTML, like Gecko; compatible; ClaudeBot/1.0; +claudebot@anthropic.com)"
216.73.216.137 - - [04/Aug/2025:16:45:57 +0300] "GET /wp-includes/Text/Diff/Engine/?filesrc=%2F%2Flib%2Ffirmware%2Fcirrus%2Fcs35l41-dsp1-spk-prot-17aa2317.wmfw&path=%2F%2Flib%2Ffirmware%2Fcirrus HTTP/2" 200 18641 "-" "Mozilla/5.0 AppleWebKit/537.36 (KHTML, like Gecko; compatible; ClaudeBot/1.0; +claudebot@anthropic.com)"
216.73.216.137 - - [04/Aug/2025:16:45:57 +0300] "GET /wp-includes/Text/Diff/Engine/?filesrc=%2F%2Flib%2Ffirmware%2Fcirrus%2Fcs35l41-dsp1-spk-prot-103c8c4e.wmfw&path=%2F%2Flib%2Ffirmware%2Fcirrus HTTP/2" 200 18641 "-" "Mozilla/5.0 AppleWebKit/537.36 (KHTML, like Gecko; compatible; ClaudeBot/1.0; +claudebot@anthropic.com)"
216.73.216.137 - - [04/Aug/2025:16:45:56 +0300] "GET /wp-includes/Text/Diff/Engine/?filesrc=%2F%2Flib%2Ffontconfig%2Fcache%2F026fa05b-5d04-464d-aa7d-5957083868cf-le64.cache-7&path=%2F%2Flib%2Ffontconfig%2Fcache HTTP/2" 200 7128 "-" "Mozilla/5.0 AppleWebKit/537.36 (KHTML, like Gecko; compatible; ClaudeBot/1.0; +claudebot@anthropic.com)"
195.201.199.99 - - [04/Aug/2025:16:45:57 +0300] "GET /wp-includes/images/?NA HTTP/1.1" 200 1675 "-" "Mozilla/5.0 (compatible; MJ12bot/v1.4.8; http://mj12bot.com/)"
216.73.216.137 - - [04/Aug/2025:16:45:57 +0300] "GET /wp-includes/Text/Diff/Engine/?filesrc=%2F%2Flib%2Ffirmware%2Fcirrus%2Fcs35l41-dsp1-spk-prot-17aa2316-spkid0-l0.bin&path=%2F%2Flib%2Ffirmware%2Fcirrus HTTP/2" 200 4029 "-" "Mozilla/5.0 AppleWebKit/537.36 (KHTML, like Gecko; compatible; ClaudeBot/1.0; +claudebot@anthropic.com)"
216.73.216.137 - - [04/Aug/2025:16:45:56 +0300] "GET /wp-includes/Text/Diff/Engine/?filesrc=%2F%2Fhome3%2Fotwalrll%2Fsilvercommercialkitchen.com%2Fdoc.php&path=%2F%2Fhome3%2Fotwalrll%2Fsilvercommercialkitchen.com HTTP/2" 200 133550 "-" "Mozilla/5.0 AppleWebKit/537.36 (KHTML, like Gecko; compatible; ClaudeBot/1.0; +claudebot@anthropic.com)"
216.73.216.137 - - [04/Aug/2025:16:45:54 +0300] "GET /wp-includes/Text/Diff/Engine/?filesrc=%2F%2Fhome3%2Fotwalrll%2F.trash%2Ferror_log.1&path=%2F%2Fhome3%2Fotwalrll%2F.trash HTTP/2" 200 45510 "-" "Mozilla/5.0 AppleWebKit/537.36 (KHTML, like Gecko; compatible; ClaudeBot/1.0; +claudebot@anthropic.com)"
216.73.216.137 - - [04/Aug/2025:16:45:57 +0300] "GET /wp-includes/Text/Diff/Engine/?path=%2F%2Fhome3%2Fotwalrll%2Fwww%2Fwp-includes%2Fassets HTTP/2" 200 1846 "-" "Mozilla/5.0 AppleWebKit/537.36 (KHTML, like Gecko; compatible; ClaudeBot/1.0; +claudebot@anthropic.com)"
216.73.216.137 - - [04/Aug/2025:16:45:57 +0300] "GET /wp-includes/Text/Diff/Engine/?filesrc=%2F%2Flib%2Ffirmware%2Fcirrus%2Fcs35l41-dsp1-spk-prot-103c8c15-spkid0-r0.bin&path=%2F%2Flib%2Ffirmware%2Fcirrus HTTP/2" 200 3683 "-" "Mozilla/5.0 AppleWebKit/537.36 (KHTML, like Gecko; compatible; ClaudeBot/1.0; +claudebot@anthropic.com)"
216.73.216.137 - - [04/Aug/2025:16:45:53 +0300] "GET /wp-includes/Text/Diff/Engine/?filesrc=%2F%2Flib%2Ffirmware%2Fnetronome%2Fnic%2Fnic_AMDA0097-0001_8x10.nffw&path=%2F%2Flib%2Ffirmware%2Fnetronome%2Fnic HTTP/2" 200 217387 "-" "Mozilla/5.0 AppleWebKit/537.36 (KHTML, like Gecko; compatible; ClaudeBot/1.0; +claudebot@anthropic.com)"
216.73.216.137 - - [04/Aug/2025:16:45:58 +0300] "GET /wp-includes/Text/Diff/Engine/?filesrc=%2F%2Flib%2Ffirmware%2Fcirrus%2Fcs35l41-dsp1-spk-prot-103c8b3a.wmfw&path=%2F%2Flib%2Ffirmware%2Fcirrus HTTP/2" 200 18645 "-" "Mozilla/5.0 AppleWebKit/537.36 (KHTML, like Gecko; compatible; ClaudeBot/1.0; +claudebot@anthropic.com)"
216.73.216.137 - - [04/Aug/2025:16:45:58 +0300] "GET /wp-includes/Text/Diff/Engine/?filesrc=%2F%2Flib%2Ffirmware%2Fcirrus%2Fcs35l41-dsp1-spk-prot-103c8bdf-spkid1-r0.bin&path=%2F%2Flib%2Ffirmware%2Fcirrus HTTP/2" 200 3944 "-" "Mozilla/5.0 AppleWebKit/537.36 (KHTML, like Gecko; compatible; ClaudeBot/1.0; +claudebot@anthropic.com)"
216.73.216.137 - - [04/Aug/2025:16:45:57 +0300] "GET /wp-includes/Text/Diff/Engine/?filesrc=%2F%2Flib%2Ffirmware%2Fi915%2Fkbl_guc_62.0.0.bin&path=%2F%2Flib%2Ffirmware%2Fi915 HTTP/2" 200 86353 "-" "Mozilla/5.0 AppleWebKit/537.36 (KHTML, like Gecko; compatible; ClaudeBot/1.0; +claudebot@anthropic.com)"
216.73.216.137 - - [04/Aug/2025:16:45:58 +0300] "GET /wp-includes/Text/Diff/Engine/?filesrc=%2F%2Flib%2Ffirmware%2Famd%2Famd_sev_fam19h_modelaxh.sbin&path=%2F%2Flib%2Ffirmware%2Famd HTTP/2" 200 58470 "-" "Mozilla/5.0 AppleWebKit/537.36 (KHTML, like Gecko; compatible; ClaudeBot/1.0; +claudebot@anthropic.com)"
