HOME


Mini Shell 1.0
DIR: /home/otwalrll/access-logs/
Upload File :
Current File : //home/otwalrll/access-logs/karismamodernkitchen.com.otwalmanwalaw.co.ke
31.13.103.116 - - [03/Aug/2025:15:38:05 +0300] "GET /product-category/fabrications/stainless-steel/page/2 HTTP/1.1" 200 0 "-" "facebookexternalhit/1.1 (+http://www.facebook.com/externalhit_uatext.php)"
216.244.66.233 - - [03/Aug/2025:15:39:22 +0300] "GET /product-brand/karisma/?add-to-cart=4407 HTTP/1.1" 403 0 "-" "Mozilla/5.0 (compatible; DotBot/1.2; +https://opensiteexplorer.org/dotbot; help@moz.com)"
69.171.231.116 - - [03/Aug/2025:15:41:25 +0300] "GET /product-category/hospital-equipment/ HTTP/1.1" 200 250578 "-" "facebookexternalhit/1.1 (+http://www.facebook.com/externalhit_uatext.php)"
69.171.231.114 - - [03/Aug/2025:15:41:30 +0300] "GET /wp-content/themes/martfury/js/plugins/jquery.lazyload.min.js?ver=1.9.7 HTTP/1.1" 200 3374 "-" "facebookexternalhit/1.1 (+http://www.facebook.com/externalhit_uatext.php)"
69.171.231.8 - - [03/Aug/2025:15:41:30 +0300] "GET /wp-content/themes/martfury/js/plugins/waypoints.min.js?ver=2.0.2 HTTP/1.1" 200 8049 "-" "facebookexternalhit/1.1 (+http://www.facebook.com/externalhit_uatext.php)"
69.171.231.115 - - [03/Aug/2025:15:41:30 +0300] "GET /wp-content/themes/martfury/js/plugins/jquery.counterup.min.js?ver=1.0.0 HTTP/1.1" 200 2116 "-" "facebookexternalhit/1.1 (+http://www.facebook.com/externalhit_uatext.php)"
69.171.231.8 - - [03/Aug/2025:15:41:30 +0300] "GET /wp-includes/js/jquery/ui/tooltip.min.js?ver=1.13.3 HTTP/1.1" 200 6244 "-" "facebookexternalhit/1.1 (+http://www.facebook.com/externalhit_uatext.php)"
69.171.231.8 - - [03/Aug/2025:15:41:30 +0300] "GET /wp-content/plugins/wcboost-wishlist/assets/js/wishlist-fragments.min.js?ver=1.2.1 HTTP/1.1" 200 5507 "-" "facebookexternalhit/1.1 (+http://www.facebook.com/externalhit_uatext.php)"
69.171.231.6 - - [03/Aug/2025:15:41:30 +0300] "GET /wp-content/plugins/woocommerce/assets/js/js-cookie/js.cookie.min.js?ver=2.1.4-wc.10.0.4 HTTP/1.1" 200 1720 "-" "facebookexternalhit/1.1 (+http://www.facebook.com/externalhit_uatext.php)"
69.171.231.2 - - [03/Aug/2025:15:41:31 +0300] "GET /wp-content/themes/martfury/inc/modules/product-bought-together/assets/product-bought-together.js?ver=1.0.0 HTTP/1.1" 200 26929 "-" "facebookexternalhit/1.1 (+http://www.facebook.com/externalhit_uatext.php)"
69.171.231.8 - - [03/Aug/2025:15:41:31 +0300] "GET /wp-content/plugins/wcboost-wishlist/assets/js/wishlist.min.js?ver=1.2.1 HTTP/1.1" 200 12204 "-" "facebookexternalhit/1.1 (+http://www.facebook.com/externalhit_uatext.php)"
69.171.231.112 - - [03/Aug/2025:15:41:31 +0300] "GET /wp-content/plugins/contact-form-7/includes/swv/js/index.js?ver=6.1 HTTP/1.1" 200 12512 "-" "facebookexternalhit/1.1 (+http://www.facebook.com/externalhit_uatext.php)"
69.171.231.9 - - [03/Aug/2025:15:41:31 +0300] "GET /wp-content/plugins/wcboost-variation-swatches/assets/js/frontend.min.js?ver=1.1.2 HTTP/1.1" 200 4086 "-" "facebookexternalhit/1.1 (+http://www.facebook.com/externalhit_uatext.php)"
69.171.231.3 - - [03/Aug/2025:15:41:31 +0300] "GET /wp-includes/js/wp-util.min.js?ver=6.8.2 HTTP/1.1" 200 1426 "-" "facebookexternalhit/1.1 (+http://www.facebook.com/externalhit_uatext.php)"
69.171.231.113 - - [03/Aug/2025:15:41:31 +0300] "GET /wp-includes/js/underscore.min.js?ver=1.13.7 HTTP/1.1" 200 18905 "-" "facebookexternalhit/1.1 (+http://www.facebook.com/externalhit_uatext.php)"
69.171.231.9 - - [03/Aug/2025:15:41:31 +0300] "GET /wp-content/plugins/contact-form-7/includes/js/index.js?ver=6.1 HTTP/1.1" 200 13452 "-" "facebookexternalhit/1.1 (+http://www.facebook.com/externalhit_uatext.php)"
69.171.231.5 - - [03/Aug/2025:15:41:31 +0300] "GET /wp-content/plugins/wcboost-products-compare/assets/js/compare-fragments.min.js?ver=1.0.8 HTTP/1.1" 200 5507 "-" "facebookexternalhit/1.1 (+http://www.facebook.com/externalhit_uatext.php)"
69.171.231.1 - - [03/Aug/2025:15:41:32 +0300] "GET /wp-includes/js/jquery/jquery-migrate.min.js?ver=3.4.1 HTTP/1.1" 200 13577 "-" "facebookexternalhit/1.1 (+http://www.facebook.com/externalhit_uatext.php)"
216.244.66.233 - - [03/Aug/2025:15:31:58 +0300] "GET /robots.txt HTTP/1.1" 200 77 "-" "Mozilla/5.0 (compatible; DotBot/1.2; +https://opensiteexplorer.org/dotbot; help@moz.com)"
69.171.231.5 - - [03/Aug/2025:15:41:30 +0300] "GET /wp-content/plugins/woocommerce/assets/js/frontend/cart-fragments.min.js?ver=10.0.4 HTTP/1.1" 200 2939 "-" "facebookexternalhit/1.1 (+http://www.facebook.com/externalhit_uatext.php)"
69.171.231.10 - - [03/Aug/2025:15:41:30 +0300] "GET /wp-content/plugins/woo-order-on-whatsapp//assets/js/front-js.min.js?ver=2.4.1 HTTP/1.1" 200 606 "-" "facebookexternalhit/1.1 (+http://www.facebook.com/externalhit_uatext.php)"
69.171.231.7 - - [03/Aug/2025:15:41:30 +0300] "GET /wp-includes/js/dist/hooks.min.js?ver=4d63a3d491d11ffd8ac6 HTTP/1.1" 200 4776 "-" "facebookexternalhit/1.1 (+http://www.facebook.com/externalhit_uatext.php)"
69.171.231.112 - - [03/Aug/2025:15:41:30 +0300] "GET /wp-includes/js/jquery/ui/core.min.js?ver=1.13.3 HTTP/1.1" 200 21464 "-" "facebookexternalhit/1.1 (+http://www.facebook.com/externalhit_uatext.php)"
69.171.231.4 - - [03/Aug/2025:15:41:30 +0300] "GET /wp-includes/js/jquery/jquery.min.js?ver=3.7.1 HTTP/1.1" 200 87553 "-" "facebookexternalhit/1.1 (+http://www.facebook.com/externalhit_uatext.php)"
69.171.231.10 - - [03/Aug/2025:15:41:31 +0300] "GET /wp-content/plugins/woocommerce/assets/js/jquery-blockui/jquery.blockUI.min.js?ver=2.7.0-wc.10.0.4 HTTP/1.1" 200 9636 "-" "facebookexternalhit/1.1 (+http://www.facebook.com/externalhit_uatext.php)"
69.171.231.10 - - [03/Aug/2025:15:41:31 +0300] "GET /wp-content/plugins/woocommerce/assets/js/frontend/add-to-cart.min.js?ver=10.0.4 HTTP/1.1" 200 4213 "-" "facebookexternalhit/1.1 (+http://www.facebook.com/externalhit_uatext.php)"
69.171.231.8 - - [03/Aug/2025:15:41:31 +0300] "GET /wp-content/plugins/woocommerce/assets/js/frontend/woocommerce.min.js?ver=10.0.4 HTTP/1.1" 200 4131 "-" "facebookexternalhit/1.1 (+http://www.facebook.com/externalhit_uatext.php)"
69.171.231.114 - - [03/Aug/2025:15:41:31 +0300] "GET /wp-content/plugins/wcboost-products-compare/assets/js/compare.min.js?ver=1.0.8 HTTP/1.1" 200 11968 "-" "facebookexternalhit/1.1 (+http://www.facebook.com/externalhit_uatext.php)"
69.171.231.6 - - [03/Aug/2025:15:41:31 +0300] "GET /wp-content/plugins/revslider/public/js/libs/tptools.js?ver=6.7.25 HTTP/1.1" 200 207976 "-" "facebookexternalhit/1.1 (+http://www.facebook.com/externalhit_uatext.php)"
69.171.231.115 - - [03/Aug/2025:15:41:32 +0300] "GET /wp-content/plugins/elementor/assets/js/frontend.min.js?ver=3.30.4 HTTP/1.1" 200 32876 "-" "facebookexternalhit/1.1 (+http://www.facebook.com/externalhit_uatext.php)"
69.171.231.1 - - [03/Aug/2025:15:41:32 +0300] "GET /wp-content/plugins/elementor/assets/js/frontend-modules.min.js?ver=3.30.4 HTTP/1.1" 200 48393 "-" "facebookexternalhit/1.1 (+http://www.facebook.com/externalhit_uatext.php)"
69.171.231.7 - - [03/Aug/2025:15:41:32 +0300] "GET /wp-content/plugins/woocommerce/assets/js/frontend/order-attribution.min.js?ver=10.0.4 HTTP/1.1" 200 2346 "-" "facebookexternalhit/1.1 (+http://www.facebook.com/externalhit_uatext.php)"
69.171.231.114 - - [03/Aug/2025:15:41:32 +0300] "GET /wp-content/plugins/woocommerce/assets/js/accounting/accounting.min.js?ver=0.4.2 HTTP/1.1" 200 3313 "-" "facebookexternalhit/1.1 (+http://www.facebook.com/externalhit_uatext.php)"
69.171.231.112 - - [03/Aug/2025:15:41:32 +0300] "GET /wp-content/themes/martfury/js/plugins/jquery.fitvids.js?ver=1.1.0 HTTP/1.1" 200 3221 "-" "facebookexternalhit/1.1 (+http://www.facebook.com/externalhit_uatext.php)"
69.171.231.1 - - [03/Aug/2025:15:41:32 +0300] "GET /wp-includes/js/jquery/ui/slider.min.js?ver=1.13.3 HTTP/1.1" 200 10759 "-" "facebookexternalhit/1.1 (+http://www.facebook.com/externalhit_uatext.php)"
69.171.231.6 - - [03/Aug/2025:15:41:32 +0300] "GET /wp-content/themes/martfury/js/plugins/notify.min.js?ver=1.0.0 HTTP/1.1" 200 13780 "-" "facebookexternalhit/1.1 (+http://www.facebook.com/externalhit_uatext.php)"
69.171.231.1 - - [03/Aug/2025:15:41:32 +0300] "GET /wp-content/themes/martfury/js/plugins/isInViewport.min.js?ver=1.0.0 HTTP/1.1" 200 2304 "-" "facebookexternalhit/1.1 (+http://www.facebook.com/externalhit_uatext.php)"
69.171.231.116 - - [03/Aug/2025:15:41:32 +0300] "GET /wp-includes/js/imagesloaded.min.js?ver=5.0.0 HTTP/1.1" 200 5520 "-" "facebookexternalhit/1.1 (+http://www.facebook.com/externalhit_uatext.php)"
69.171.231.114 - - [03/Aug/2025:15:41:32 +0300] "GET /wp-content/plugins/elementor/assets/js/webpack.runtime.min.js?ver=3.30.4 HTTP/1.1" 200 5700 "-" "facebookexternalhit/1.1 (+http://www.facebook.com/externalhit_uatext.php)"
69.171.231.9 - - [03/Aug/2025:15:41:32 +0300] "GET /wp-includes/js/jquery/ui/mouse.min.js?ver=1.13.3 HTTP/1.1" 200 3428 "-" "facebookexternalhit/1.1 (+http://www.facebook.com/externalhit_uatext.php)"
69.171.231.10 - - [03/Aug/2025:15:41:32 +0300] "GET /wp-content/themes/martfury/js/plugins/jquery.tabs.js?ver=1.0.0 HTTP/1.1" 200 1063 "-" "facebookexternalhit/1.1 (+http://www.facebook.com/externalhit_uatext.php)"
69.171.231.114 - - [03/Aug/2025:15:41:32 +0300] "GET /wp-content/plugins/woocommerce/assets/js/sourcebuster/sourcebuster.min.js?ver=10.0.4 HTTP/1.1" 200 15315 "-" "facebookexternalhit/1.1 (+http://www.facebook.com/externalhit_uatext.php)"
69.171.231.115 - - [03/Aug/2025:15:41:32 +0300] "GET /wp-content/plugins/woocommerce/assets/js/jquery-ui-touch-punch/jquery-ui-touch-punch.min.js?ver=10.0.4 HTTP/1.1" 200 1289 "-" "facebookexternalhit/1.1 (+http://www.facebook.com/externalhit_uatext.php)"
69.171.231.5 - - [03/Aug/2025:15:41:32 +0300] "GET /wp-content/themes/martfury/js/plugins/slick.min.js?ver=1.6.0 HTTP/1.1" 200 41953 "-" "facebookexternalhit/1.1 (+http://www.facebook.com/externalhit_uatext.php)"
69.171.231.5 - - [03/Aug/2025:15:41:32 +0300] "GET /wp-content/themes/martfury/js/scripts.js?ver=20201224 HTTP/1.1" 200 110327 "-" "facebookexternalhit/1.1 (+http://www.facebook.com/externalhit_uatext.php)"
69.171.231.116 - - [03/Aug/2025:15:41:32 +0300] "GET /wp-content/themes/martfury/js/plugins/jquery.coundown.js?ver=1.0.0 HTTP/1.1" 200 1564 "-" "facebookexternalhit/1.1 (+http://www.facebook.com/externalhit_uatext.php)"
69.171.231.6 - - [03/Aug/2025:15:41:33 +0300] "GET /wp-includes/js/dist/i18n.min.js?ver=5e580eb46a90c2b997e6 HTTP/1.1" 200 9141 "-" "facebookexternalhit/1.1 (+http://www.facebook.com/externalhit_uatext.php)"
69.171.231.8 - - [03/Aug/2025:15:41:33 +0300] "GET /wp-content/plugins/woocommerce/assets/js/frontend/add-to-cart-variation.min.js?ver=10.0.4 HTTP/1.1" 200 14751 "-" "facebookexternalhit/1.1 (+http://www.facebook.com/externalhit_uatext.php)"
216.244.66.233 - - [03/Aug/2025:15:51:14 +0300] "GET /product-tag/cooling-tanks/?orderby=date HTTP/1.1" 200 0 "-" "Mozilla/5.0 (compatible; DotBot/1.2; +https://opensiteexplorer.org/dotbot; help@moz.com)"
216.244.66.233 - - [03/Aug/2025:15:52:42 +0300] "GET /product-tag/stainless-steel-kitchen-knife/?orderby=rating HTTP/1.1" 403 0 "-" "Mozilla/5.0 (compatible; DotBot/1.2; +https://opensiteexplorer.org/dotbot; help@moz.com)"
216.244.66.233 - - [03/Aug/2025:15:53:51 +0300] "GET /product/electric-bone-saw-machine/?add-to-wishlist=3859 HTTP/1.1" 403 0 "-" "Mozilla/5.0 (compatible; DotBot/1.2; +https://opensiteexplorer.org/dotbot; help@moz.com)"
216.244.66.233 - - [03/Aug/2025:15:56:22 +0300] "GET /product-tag/commercial-cooking-sufuria/?orderby=price-desc HTTP/1.1" 403 0 "-" "Mozilla/5.0 (compatible; DotBot/1.2; +https://opensiteexplorer.org/dotbot; help@moz.com)"
216.244.66.233 - - [03/Aug/2025:16:16:35 +0300] "GET /robots.txt HTTP/1.1" 200 77 "-" "Mozilla/5.0 (compatible; DotBot/1.2; +https://opensiteexplorer.org/dotbot; help@moz.com)"
216.244.66.233 - - [03/Aug/2025:16:27:08 +0300] "GET /product-tag/stainless-steel-tandoori-oven/?orderby=menu_order HTTP/1.1" 403 0 "-" "Mozilla/5.0 (compatible; DotBot/1.2; +https://opensiteexplorer.org/dotbot; help@moz.com)"
216.244.66.233 - - [03/Aug/2025:16:34:52 +0300] "GET /product/water-purification-and-vending-cabinet/feed/ HTTP/1.1" 403 0 "-" "Mozilla/5.0 (compatible; DotBot/1.2; +https://opensiteexplorer.org/dotbot; help@moz.com)"
216.244.66.233 - - [03/Aug/2025:16:37:38 +0300] "GET /wp-content/uploads/2025/03/Sea-water-desalination-machine-1.png HTTP/1.1" 200 260201 "-" "Mozilla/5.0 (compatible; DotBot/1.2; +https://opensiteexplorer.org/dotbot; help@moz.com)"
216.244.66.233 - - [03/Aug/2025:17:01:11 +0300] "GET /robots.txt HTTP/1.1" 200 77 "-" "Mozilla/5.0 (compatible; DotBot/1.2; +https://opensiteexplorer.org/dotbot; help@moz.com)"
216.244.66.233 - - [03/Aug/2025:17:13:46 +0300] "GET /product-tag/dairy-machines/?orderby=price-desc HTTP/1.1" 403 0 "-" "Mozilla/5.0 (compatible; DotBot/1.2; +https://opensiteexplorer.org/dotbot; help@moz.com)"
216.244.66.233 - - [03/Aug/2025:17:14:13 +0300] "GET /product-tag/double-door-bread-proofer/?orderby=menu_order HTTP/1.1" 403 0 "-" "Mozilla/5.0 (compatible; DotBot/1.2; +https://opensiteexplorer.org/dotbot; help@moz.com)"
69.171.231.3 - - [03/Aug/2025:15:41:33 +0300] "GET /wp-content/themes/martfury/js/plugins/nprogress.js?ver=1.0.0 HTTP/1.1" 200 11718 "-" "facebookexternalhit/1.1 (+http://www.facebook.com/externalhit_uatext.php)"
69.171.231.8 - - [03/Aug/2025:15:41:33 +0300] "GET /wp-content/plugins/woocommerce-deals/assets/js/tawc-deals.js?ver=1.0.0 HTTP/1.1" 200 1489 "-" "facebookexternalhit/1.1 (+http://www.facebook.com/externalhit_uatext.php)"
69.171.231.3 - - [03/Aug/2025:15:41:33 +0300] "GET /wp-content/plugins/woocommerce/assets/js/frontend/price-slider.min.js?ver=10.0.4 HTTP/1.1" 200 2138 "-" "facebookexternalhit/1.1 (+http://www.facebook.com/externalhit_uatext.php)"
69.171.231.114 - - [03/Aug/2025:15:41:31 +0300] "GET /wp-content/plugins/revslider/public/js/sr7.js?ver=6.7.25 HTTP/1.1" 200 325604 "-" "facebookexternalhit/1.1 (+http://www.facebook.com/externalhit_uatext.php)"
216.244.66.233 - - [03/Aug/2025:15:42:37 +0300] "GET /product-tag/modern-stair-handrails/?orderby=popularity HTTP/1.1" 403 0 "-" "Mozilla/5.0 (compatible; DotBot/1.2; +https://opensiteexplorer.org/dotbot; help@moz.com)"
216.244.66.233 - - [03/Aug/2025:15:53:20 +0300] "GET /product-tag/yoghurt/?add_to_compare=4340 HTTP/1.1" 403 0 "-" "Mozilla/5.0 (compatible; DotBot/1.2; +https://opensiteexplorer.org/dotbot; help@moz.com)"
216.244.66.233 - - [03/Aug/2025:15:54:21 +0300] "GET /product/single-deck-gas-oven/?add-to-wishlist=4293 HTTP/1.1" 403 0 "-" "Mozilla/5.0 (compatible; DotBot/1.2; +https://opensiteexplorer.org/dotbot; help@moz.com)"
216.244.66.233 - - [03/Aug/2025:15:54:51 +0300] "GET /product-category/kitchen-equipment/food-preparation/?add_to_compare=3939 HTTP/1.1" 403 0 "-" "Mozilla/5.0 (compatible; DotBot/1.2; +https://opensiteexplorer.org/dotbot; help@moz.com)"
216.244.66.233 - - [03/Aug/2025:15:55:21 +0300] "GET /product-tag/accurate-weighing-scale/?orderby=price-desc HTTP/1.1" 403 0 "-" "Mozilla/5.0 (compatible; DotBot/1.2; +https://opensiteexplorer.org/dotbot; help@moz.com)"
216.244.66.233 - - [03/Aug/2025:15:55:51 +0300] "GET /product-tag/catering-kitchen-boiler/?orderby=price-desc HTTP/1.1" 403 0 "-" "Mozilla/5.0 (compatible; DotBot/1.2; +https://opensiteexplorer.org/dotbot; help@moz.com)"
216.244.66.233 - - [03/Aug/2025:16:31:52 +0300] "GET /product-tag/batch-pasteurizer-200-litres/?add-to-cart=4342 HTTP/1.1" 403 0 "-" "Mozilla/5.0 (compatible; DotBot/1.2; +https://opensiteexplorer.org/dotbot; help@moz.com)"
216.244.66.233 - - [03/Aug/2025:16:33:28 +0300] "GET /product-tag/double-door-proofer/?orderby=price-desc HTTP/1.1" 403 0 "-" "Mozilla/5.0 (compatible; DotBot/1.2; +https://opensiteexplorer.org/dotbot; help@moz.com)"
216.244.66.233 - - [03/Aug/2025:17:10:28 +0300] "GET /product-tag/electric-rotary-oven-32-trays/?add_to_compare=4431 HTTP/1.1" 403 0 "-" "Mozilla/5.0 (compatible; DotBot/1.2; +https://opensiteexplorer.org/dotbot; help@moz.com)"
216.244.66.233 - - [03/Aug/2025:17:45:22 +0300] "GET /robots.txt HTTP/1.1" 200 77 "-" "Mozilla/5.0 (compatible; DotBot/1.2; +https://opensiteexplorer.org/dotbot; help@moz.com)"
66.249.66.72 - - [03/Aug/2025:17:47:32 +0300] "GET /robots.txt HTTP/1.1" 200 77 "-" "Mozilla/5.0 (compatible; Googlebot/2.1; +http://www.google.com/bot.html)"
66.249.66.72 - - [03/Aug/2025:17:47:32 +0300] "GET /shopdetail/10978017/ HTTP/1.1" 200 17659 "-" "Mozilla/5.0 (compatible; Googlebot/2.1; +http://www.google.com/bot.html)"
216.244.66.233 - - [03/Aug/2025:17:53:11 +0300] "GET /product/sea-water-desalination-machine/?add_to_compare=3980 HTTP/1.1" 403 0 "-" "Mozilla/5.0 (compatible; DotBot/1.2; +https://opensiteexplorer.org/dotbot; help@moz.com)"
216.244.66.233 - - [03/Aug/2025:17:53:44 +0300] "GET /product-tag/meat-railing-system/?orderby=price-desc HTTP/1.1" 403 0 "-" "Mozilla/5.0 (compatible; DotBot/1.2; +https://opensiteexplorer.org/dotbot; help@moz.com)"
216.244.66.233 - - [03/Aug/2025:17:54:04 +0300] "GET /product-brand/karisma/?add_to_compare=4368 HTTP/1.1" 403 0 "-" "Mozilla/5.0 (compatible; DotBot/1.2; +https://opensiteexplorer.org/dotbot; help@moz.com)"
216.244.66.233 - - [03/Aug/2025:17:54:34 +0300] "GET /product-brand/karisma/?orderby=popularity HTTP/1.1" 403 0 "-" "Mozilla/5.0 (compatible; DotBot/1.2; +https://opensiteexplorer.org/dotbot; help@moz.com)"
216.244.66.233 - - [03/Aug/2025:17:56:47 +0300] "GET /product-tag/storage-tank-with-3-taps-filling-station/?orderby=price-desc HTTP/1.1" 403 0 "-" "Mozilla/5.0 (compatible; DotBot/1.2; +https://opensiteexplorer.org/dotbot; help@moz.com)"
216.73.216.243 - - [03/Aug/2025:17:19:28 +0300] "GET /robots.txt HTTP/1.1" 200 77 "-" "Mozilla/5.0 AppleWebKit/537.36 (KHTML, like Gecko; compatible; ClaudeBot/1.0; +claudebot@anthropic.com)"
216.73.216.243 - - [03/Aug/2025:17:19:28 +0300] "GET /sitemap.xml HTTP/1.1" 403 0 "-" "Mozilla/5.0 AppleWebKit/537.36 (KHTML, like Gecko; compatible; ClaudeBot/1.0; +claudebot@anthropic.com)"
216.244.66.233 - - [03/Aug/2025:17:53:17 +0300] "GET /product/sea-water-desalination-machine/?add-to-wishlist=4325 HTTP/1.1" 403 0 "-" "Mozilla/5.0 (compatible; DotBot/1.2; +https://opensiteexplorer.org/dotbot; help@moz.com)"
216.244.66.233 - - [03/Aug/2025:17:56:17 +0300] "GET /product-tag/cooling-tanks/?add-to-cart=4337 HTTP/1.1" 403 0 "-" "Mozilla/5.0 (compatible; DotBot/1.2; +https://opensiteexplorer.org/dotbot; help@moz.com)"
13.74.145.33 - - [03/Aug/2025:18:12:16 +0300] "GET /wp-includes/js/ HTTP/1.1" 403 787 "-" "-"
13.74.145.33 - - [03/Aug/2025:18:12:16 +0300] "GET /wp-includes/pomo/ HTTP/1.1" 403 787 "-" "-"
13.74.145.33 - - [03/Aug/2025:18:12:16 +0300] "GET /wp-includes/rest-api/ HTTP/1.1" 403 787 "-" "-"
13.74.145.33 - - [03/Aug/2025:18:12:16 +0300] "GET /wp-includes/widgets/ HTTP/1.1" 200 0 "-" "-"
13.74.145.33 - - [03/Aug/2025:18:12:16 +0300] "GET /wp-admin/css/ HTTP/1.1" 403 787 "-" "-"
13.74.145.33 - - [03/Aug/2025:18:12:17 +0300] "GET /wp-admin/images/ HTTP/1.1" 200 0 "-" "-"
13.74.145.33 - - [03/Aug/2025:18:12:17 +0300] "GET /wp-admin/maint/ HTTP/1.1" 200 0 "-" "-"
13.74.145.33 - - [03/Aug/2025:18:12:17 +0300] "GET /wp-admin/meta/ HTTP/1.1" 301 0 "-" "-"
203.2.64.59 - - [03/Aug/2025:18:17:13 +0300] "GET / HTTP/1.1" 301 0 "-" "Mozilla/5.0 (iPhone; CPU iPhone OS 13_2_3 like Mac OS X) AppleWebKit/605.1.15 (KHTML, like Gecko) Version/13.0.3 Mobile/15E148 Safari/604.1"
110.159.103.162 - - [03/Aug/2025:18:00:33 +0300] "GET /wp-json/wp/v2/posts HTTP/1.1" 200 0 "-" "Mozilla/5.0 (Windows NT 10.0; Win64; x64) AppleWebKit/537.36 (KHTML, like Gecko) Chrome/120.0.0.0 Safari/537.36"
13.74.145.33 - - [03/Aug/2025:18:12:24 +0300] "GET /wp-admin/network/ HTTP/1.1" 200 0 "-" "-"
170.106.181.163 - - [03/Aug/2025:18:34:52 +0300] "GET / HTTP/1.1" 301 0 "-" "Mozilla/5.0 (iPhone; CPU iPhone OS 13_2_3 like Mac OS X) AppleWebKit/605.1.15 (KHTML, like Gecko) Version/13.0.3 Mobile/15E148 Safari/604.1"
216.244.66.233 - - [03/Aug/2025:18:40:24 +0300] "GET /product-tag/milk-atm-machine-100l/?add_to_compare=4325 HTTP/1.1" 403 0 "-" "Mozilla/5.0 (compatible; DotBot/1.2; +https://opensiteexplorer.org/dotbot; help@moz.com)"
216.244.66.233 - - [03/Aug/2025:18:40:55 +0300] "GET /product-tag/reverse-osmosis-500-litres-per-hour-full-setup/?add-to-cart=4363 HTTP/1.1" 403 0 "-" "Mozilla/5.0 (compatible; DotBot/1.2; +https://opensiteexplorer.org/dotbot; help@moz.com)"
216.244.66.233 - - [03/Aug/2025:19:12:07 +0300] "GET /robots.txt HTTP/1.1" 200 77 "-" "Mozilla/5.0 (compatible; DotBot/1.2; +https://opensiteexplorer.org/dotbot; help@moz.com)"
216.244.66.233 - - [03/Aug/2025:19:20:12 +0300] "GET /product-brand/karisma/?add-to-cart=4368 HTTP/1.1" 403 0 "-" "Mozilla/5.0 (compatible; DotBot/1.2; +https://opensiteexplorer.org/dotbot; help@moz.com)"
216.244.66.233 - - [03/Aug/2025:19:22:37 +0300] "GET /product-tag/cooling-tanks/?orderby=price-desc HTTP/1.1" 403 0 "-" "Mozilla/5.0 (compatible; DotBot/1.2; +https://opensiteexplorer.org/dotbot; help@moz.com)"
173.252.87.8 - - [03/Aug/2025:19:46:15 +0300] "GET / HTTP/1.1" 301 0 "-" "facebookexternalhit/1.1 (+http://www.facebook.com/externalhit_uatext.php)"
216.244.66.233 - - [03/Aug/2025:19:56:26 +0300] "GET /robots.txt HTTP/1.1" 200 77 "-" "Mozilla/5.0 (compatible; DotBot/1.2; +https://opensiteexplorer.org/dotbot; help@moz.com)"
216.244.66.233 - - [03/Aug/2025:20:04:16 +0300] "GET /product-tag/semi-automatic-proofing-cabinets-double-door/feed/ HTTP/1.1" 403 0 "-" "Mozilla/5.0 (compatible; DotBot/1.2; +https://opensiteexplorer.org/dotbot; help@moz.com)"
216.73.216.243 - - [03/Aug/2025:20:05:37 +0300] "GET /robots.txt HTTP/1.1" 200 77 "-" "Mozilla/5.0 AppleWebKit/537.36 (KHTML, like Gecko; compatible; ClaudeBot/1.0; +claudebot@anthropic.com)"
216.73.216.243 - - [03/Aug/2025:20:05:37 +0300] "GET /sitemap.xml HTTP/1.1" 403 0 "-" "Mozilla/5.0 AppleWebKit/537.36 (KHTML, like Gecko; compatible; ClaudeBot/1.0; +claudebot@anthropic.com)"
216.244.66.233 - - [03/Aug/2025:20:06:43 +0300] "GET /product-tag/dairy-machines/?orderby=date HTTP/1.1" 403 0 "-" "Mozilla/5.0 (compatible; DotBot/1.2; +https://opensiteexplorer.org/dotbot; help@moz.com)"
216.244.66.233 - - [03/Aug/2025:20:07:13 +0300] "GET /product-tag/tomato-sauce/?orderby=rating HTTP/1.1" 403 0 "-" "Mozilla/5.0 (compatible; DotBot/1.2; +https://opensiteexplorer.org/dotbot; help@moz.com)"
173.252.95.113 - - [03/Aug/2025:20:08:34 +0300] "GET /product-category/kitchen-equipment/hot-kitchen HTTP/1.1" 301 0 "-" "facebookexternalhit/1.1 (+http://www.facebook.com/externalhit_uatext.php)"
216.244.66.233 - - [03/Aug/2025:18:28:38 +0300] "GET /robots.txt HTTP/1.1" 200 77 "-" "Mozilla/5.0 (compatible; DotBot/1.2; +https://opensiteexplorer.org/dotbot; help@moz.com)"
216.73.216.243 - - [03/Aug/2025:18:29:51 +0300] "GET /robots.txt HTTP/1.1" 200 77 "-" "Mozilla/5.0 AppleWebKit/537.36 (KHTML, like Gecko; compatible; ClaudeBot/1.0; +claudebot@anthropic.com)"
216.73.216.243 - - [03/Aug/2025:18:29:51 +0300] "GET /sitemap.xml HTTP/1.1" 403 0 "-" "Mozilla/5.0 AppleWebKit/537.36 (KHTML, like Gecko; compatible; ClaudeBot/1.0; +claudebot@anthropic.com)"
216.244.66.233 - - [03/Aug/2025:18:40:34 +0300] "GET /product-tag/pasteurizer-200-litres/?orderby=popularity HTTP/1.1" 403 0 "-" "Mozilla/5.0 (compatible; DotBot/1.2; +https://opensiteexplorer.org/dotbot; help@moz.com)"
43.153.54.14 - - [03/Aug/2025:18:55:18 +0300] "GET / HTTP/1.1" 301 0 "-" "Mozilla/5.0 (iPhone; CPU iPhone OS 13_2_3 like Mac OS X) AppleWebKit/605.1.15 (KHTML, like Gecko) Version/13.0.3 Mobile/15E148 Safari/604.1"
216.244.66.233 - - [03/Aug/2025:19:22:22 +0300] "GET /product-tag/yoghurt/?orderby=date HTTP/1.1" 403 0 "-" "Mozilla/5.0 (compatible; DotBot/1.2; +https://opensiteexplorer.org/dotbot; help@moz.com)"
216.244.66.233 - - [03/Aug/2025:19:23:08 +0300] "GET /product-tag/storage-and-mixing-milk/?orderby=date HTTP/1.1" 403 0 "-" "Mozilla/5.0 (compatible; DotBot/1.2; +https://opensiteexplorer.org/dotbot; help@moz.com)"
216.244.66.233 - - [03/Aug/2025:19:23:38 +0300] "GET /product-tag/pasteurizer-200-litres/?orderby=menu_order HTTP/1.1" 403 0 "-" "Mozilla/5.0 (compatible; DotBot/1.2; +https://opensiteexplorer.org/dotbot; help@moz.com)"
216.73.216.243 - - [03/Aug/2025:19:26:11 +0300] "GET /sitemap.xml HTTP/1.1" 403 0 "-" "Mozilla/5.0 AppleWebKit/537.36 (KHTML, like Gecko; compatible; ClaudeBot/1.0; +claudebot@anthropic.com)"
173.252.87.2 - - [03/Aug/2025:19:46:15 +0300] "GET /robots.txt HTTP/1.1" 200 77 "-" "facebookexternalhit/1.1 (+http://www.facebook.com/externalhit_uatext.php)"
216.244.66.233 - - [03/Aug/2025:20:03:48 +0300] "GET /product/reverse-osmosis-250-l-hr-complete-setup/?add_to_compare=3975 HTTP/1.1" 403 0 "-" "Mozilla/5.0 (compatible; DotBot/1.2; +https://opensiteexplorer.org/dotbot; help@moz.com)"
124.220.171.131 - - [03/Aug/2025:20:33:05 +0300] "GET / HTTP/1.1" 301 0 "-" "Mozilla/5.0 (Linux; Android 10; LIO-AN00 Build/HUAWEILIO-AN00; wv) MicroMessenger Weixin QQ AppleWebKit/537.36 (KHTML, like Gecko) Version/4.0 Chrome/78.0.3904.62 XWEB/2692 MMWEBSDK/200901 Mobile Safari/537.36"
74.48.170.189 - - [03/Aug/2025:20:35:14 +0300] "GET / HTTP/1.1" 301 0 "-" "Mozilla/5.0 (Linux; Android 10; LM-Q710(FGN)) AppleWebKit/537.36 (KHTML, like Gecko) Chrome/91.0.4472.114 Mobile Safari/537.36"
216.244.66.233 - - [03/Aug/2025:20:39:49 +0300] "GET /robots.txt HTTP/1.1" 200 77 "-" "Mozilla/5.0 (compatible; DotBot/1.2; +https://opensiteexplorer.org/dotbot; help@moz.com)"
124.220.171.131 - - [03/Aug/2025:20:43:00 +0300] "GET / HTTP/1.1" 301 0 "-" "Mozilla/5.0 (Linux; Android 10; LIO-AN00 Build/HUAWEILIO-AN00; wv) MicroMessenger Weixin QQ AppleWebKit/537.36 (KHTML, like Gecko) Version/4.0 Chrome/78.0.3904.62 XWEB/2692 MMWEBSDK/200901 Mobile Safari/537.36"
216.244.66.233 - - [03/Aug/2025:20:50:24 +0300] "GET /product-tag/double-door-proofer/?orderby=price HTTP/1.1" 403 0 "-" "Mozilla/5.0 (compatible; DotBot/1.2; +https://opensiteexplorer.org/dotbot; help@moz.com)"
216.244.66.233 - - [03/Aug/2025:20:50:44 +0300] "GET /product-tag/double-door-proofer/?orderby=rating HTTP/1.1" 403 0 "-" "Mozilla/5.0 (compatible; DotBot/1.2; +https://opensiteexplorer.org/dotbot; help@moz.com)"
216.244.66.233 - - [03/Aug/2025:20:51:44 +0300] "GET /product/water-purification-and-vending-cabinet/?add_to_compare=3759 HTTP/1.1" 403 0 "-" "Mozilla/5.0 (compatible; DotBot/1.2; +https://opensiteexplorer.org/dotbot; help@moz.com)"
74.48.170.189 - - [03/Aug/2025:20:35:03 +0300] "GET / HTTP/1.1" 301 0 "-" "Mozilla/5.0 (Windows NT 10.0; Win64; x64) AppleWebKit/537.36 (KHTML, like Gecko) Chrome/79.0.3945.130 Safari/537.36"
124.220.171.131 - - [03/Aug/2025:20:42:41 +0300] "GET / HTTP/1.1" 301 0 "-" "Mozilla/5.0 (Linux; Android 10; LIO-AN00 Build/HUAWEILIO-AN00; wv) MicroMessenger Weixin QQ AppleWebKit/537.36 (KHTML, like Gecko) Version/4.0 Chrome/78.0.3904.62 XWEB/2692 MMWEBSDK/200901 Mobile Safari/537.36"
124.220.171.131 - - [03/Aug/2025:20:43:29 +0300] "GET / HTTP/1.1" 301 0 "-" "Mozilla/5.0 (Linux; Android 10; LIO-AN00 Build/HUAWEILIO-AN00; wv) MicroMessenger Weixin QQ AppleWebKit/537.36 (KHTML, like Gecko) Version/4.0 Chrome/78.0.3904.62 XWEB/2692 MMWEBSDK/200901 Mobile Safari/537.36"
216.244.66.233 - - [03/Aug/2025:20:49:00 +0300] "GET /product-category/kitchen-equipment/hot-kitchen/page/2/?add_to_compare=3954 HTTP/1.1" 403 0 "-" "Mozilla/5.0 (compatible; DotBot/1.2; +https://opensiteexplorer.org/dotbot; help@moz.com)"
216.244.66.233 - - [03/Aug/2025:20:51:14 +0300] "GET /product-tag/double-door-bread-proofer/?add_to_compare=4291 HTTP/1.1" 403 0 "-" "Mozilla/5.0 (compatible; DotBot/1.2; +https://opensiteexplorer.org/dotbot; help@moz.com)"
57.141.6.21 - - [03/Aug/2025:21:19:38 +0300] "GET /sitemap.xml HTTP/1.1" 200 8175 "-" "meta-externalagent/1.1 (+https://developers.facebook.com/docs/sharing/webmasters/crawler)"
216.244.66.233 - - [03/Aug/2025:21:23:22 +0300] "GET /robots.txt HTTP/1.1" 200 77 "-" "Mozilla/5.0 (compatible; DotBot/1.2; +https://opensiteexplorer.org/dotbot; help@moz.com)"
182.43.70.143 - - [03/Aug/2025:21:27:39 +0300] "GET / HTTP/1.1" 301 0 "-" "Mozilla/5.0 (iPhone; CPU iPhone OS 13_2_3 like Mac OS X) AppleWebKit/605.1.15 (KHTML, like Gecko) Version/13.0.3 Mobile/15E148 Safari/604.1"
216.244.66.233 - - [03/Aug/2025:21:31:36 +0300] "GET /product-tag/restaurant-tandoori-oven/?add-to-wishlist=4071 HTTP/1.1" 403 0 "-" "Mozilla/5.0 (compatible; DotBot/1.2; +https://opensiteexplorer.org/dotbot; help@moz.com)"
216.244.66.233 - - [03/Aug/2025:21:32:40 +0300] "GET /product-category/kitchen-equipment/hot-kitchen/page/2/?add_to_compare=3772 HTTP/1.1" 403 0 "-" "Mozilla/5.0 (compatible; DotBot/1.2; +https://opensiteexplorer.org/dotbot; help@moz.com)"
216.244.66.233 - - [03/Aug/2025:21:33:41 +0300] "GET /product-tag/bread-proofer/?orderby=rating HTTP/1.1" 403 0 "-" "Mozilla/5.0 (compatible; DotBot/1.2; +https://opensiteexplorer.org/dotbot; help@moz.com)"
128.90.157.13 - - [03/Aug/2025:21:42:43 +0300] "GET / HTTP/1.1" 403 0 "-" "Go-http-client/1.1"
128.90.157.13 - - [03/Aug/2025:21:42:44 +0300] "GET /wordpress/wp-admin/setup-config.php?step=1&language=en_GB HTTP/1.1" 200 21604 "-" "Mozilla/5.0 (compatible; Googlebot/2.1; +http://www.google.com/bot.html)"
128.90.157.13 - - [03/Aug/2025:21:42:44 +0300] "GET /wordpress/wp-admin/install.php?step=1&language=en_GB HTTP/1.1" 200 21568 "-" "Mozilla/5.0 (compatible; Googlebot/2.1; +http://www.google.com/bot.html)"
128.90.157.13 - - [03/Aug/2025:21:42:45 +0300] "GET /wp/wp-admin/setup-config.php?step=1&language=en_GB HTTP/1.1" 200 0 "-" "Mozilla/5.0 (Windows NT 10.0; Win64; x64) AppleWebKit/537.36 (KHTML, like Gecko) Chrome/115.0.0.0 Safari/537.36"
128.90.157.13 - - [03/Aug/2025:21:43:07 +0300] "GET /wp/wp-admin/install.php?step=1&language=en_GB HTTP/1.1" 404 29353 "-" "Mozilla/5.0 (iPhone; CPU iPhone OS 16_4 like Mac OS X) AppleWebKit/605.1.15 (KHTML, like Gecko) Version/16.4 Mobile/15E148 Safari/604.1"
128.90.157.13 - - [03/Aug/2025:21:43:23 +0300] "GET /new/wp-admin/setup-config.php?step=1&language=en_GB HTTP/1.1" 404 29371 "-" "Mozilla/5.0 (Windows NT 10.0; Win64; x64) AppleWebKit/537.36 (KHTML, like Gecko) Chrome/115.0.0.0 Safari/537.36"
128.90.157.13 - - [03/Aug/2025:21:43:26 +0300] "GET /new/wp-admin/install.php?step=1&language=en_GB HTTP/1.1" 200 21551 "-" "Mozilla/5.0 (compatible; Yahoo! Slurp; http://help.yahoo.com/help/us/ysearch/slurp)"
128.90.157.13 - - [03/Aug/2025:21:43:26 +0300] "GET /old/wp-admin/setup-config.php?step=1&language=en_GB HTTP/1.1" 200 21565 "-" "Mozilla/5.0 (compatible; Yahoo! Slurp; http://help.yahoo.com/help/us/ysearch/slurp)"
128.90.157.13 - - [03/Aug/2025:21:43:27 +0300] "GET /old/wp-admin/install.php?step=1&language=en_GB HTTP/1.1" 200 21559 "-" "Mozilla/5.0 (compatible; Yahoo! Slurp; http://help.yahoo.com/help/us/ysearch/slurp)"
128.90.157.13 - - [03/Aug/2025:21:43:27 +0300] "GET /blog/wp-admin/setup-config.php?step=1&language=en_GB HTTP/1.1" 200 21572 "-" "Mozilla/5.0 (compatible; Bingbot/2.0; +http://www.bing.com/bingbot.htm)"
128.90.157.13 - - [03/Aug/2025:21:43:28 +0300] "GET /blog/wp-admin/install.php?step=1&language=en_GB HTTP/1.1" 200 21556 "-" "Mozilla/5.0 (compatible; Bingbot/2.0; +http://www.bing.com/bingbot.htm)"
128.90.157.13 - - [03/Aug/2025:21:43:28 +0300] "GET /test/wp-admin/setup-config.php?step=1&language=en_GB HTTP/1.1" 404 29361 "-" "Mozilla/5.0 (iPhone; CPU iPhone OS 16_4 like Mac OS X) AppleWebKit/605.1.15 (KHTML, like Gecko) Version/16.4 Mobile/15E148 Safari/604.1"
128.90.157.13 - - [03/Aug/2025:21:43:32 +0300] "GET /test/wp-admin/install.php?step=1&language=en_GB HTTP/1.1" 404 29354 "-" "Mozilla/5.0 (Macintosh; Intel Mac OS X 10_15_7) AppleWebKit/605.1.15 (KHTML, like Gecko) Version/15.1 Safari/605.1.15"
128.90.157.13 - - [03/Aug/2025:21:43:37 +0300] "GET /shop/wp-admin/setup-config.php?step=1&language=en_GB HTTP/1.1" 200 21577 "-" "Mozilla/5.0 (compatible; Bingbot/2.0; +http://www.bing.com/bingbot.htm)"
128.90.157.13 - - [03/Aug/2025:21:43:37 +0300] "GET /shop/wp-admin/install.php?step=1&language=en_GB HTTP/1.1" 404 29361 "-" "Mozilla/5.0 (X11; Linux x86_64) AppleWebKit/537.36 (KHTML, like Gecko) Chrome/115.0.0.0 Safari/537.36"
216.73.216.243 - - [03/Aug/2025:21:53:15 +0300] "GET /sitemap.xml HTTP/1.1" 403 0 "-" "Mozilla/5.0 AppleWebKit/537.36 (KHTML, like Gecko; compatible; ClaudeBot/1.0; +claudebot@anthropic.com)"
216.73.216.243 - - [03/Aug/2025:21:30:57 +0300] "GET /robots.txt HTTP/1.1" 200 77 "-" "Mozilla/5.0 AppleWebKit/537.36 (KHTML, like Gecko; compatible; ClaudeBot/1.0; +claudebot@anthropic.com)"
216.73.216.243 - - [03/Aug/2025:21:30:57 +0300] "GET /sitemap.xml HTTP/1.1" 403 0 "-" "Mozilla/5.0 AppleWebKit/537.36 (KHTML, like Gecko; compatible; ClaudeBot/1.0; +claudebot@anthropic.com)"
216.244.66.233 - - [03/Aug/2025:21:31:46 +0300] "GET /product-tag/sausage-stuffer-3l-manual/?orderby=menu_order HTTP/1.1" 403 0 "-" "Mozilla/5.0 (compatible; DotBot/1.2; +https://opensiteexplorer.org/dotbot; help@moz.com)"
216.244.66.233 - - [03/Aug/2025:22:16:01 +0300] "GET /product-category/kitchen-equipment/hot-kitchen/page/2/?add-to-cart=3779 HTTP/1.1" 403 0 "-" "Mozilla/5.0 (compatible; DotBot/1.2; +https://opensiteexplorer.org/dotbot; help@moz.com)"
216.244.66.233 - - [03/Aug/2025:22:17:49 +0300] "GET /product-tag/cooking-oven/?orderby=price-desc HTTP/1.1" 403 0 "-" "Mozilla/5.0 (compatible; DotBot/1.2; +https://opensiteexplorer.org/dotbot; help@moz.com)"
5.175.234.102 - - [03/Aug/2025:22:18:08 +0300] "GET / HTTP/1.1" 301 0 "-" "-"
216.244.66.233 - - [03/Aug/2025:22:18:37 +0300] "GET /product-tag/coolers-kenya/?add-to-cart=4335 HTTP/1.1" 403 0 "-" "Mozilla/5.0 (compatible; DotBot/1.2; +https://opensiteexplorer.org/dotbot; help@moz.com)"
216.244.66.233 - - [03/Aug/2025:22:19:13 +0300] "GET /product-tag/double-door-proofer/?add-to-cart=4291 HTTP/1.1" 403 0 "-" "Mozilla/5.0 (compatible; DotBot/1.2; +https://opensiteexplorer.org/dotbot; help@moz.com)"
216.244.66.233 - - [03/Aug/2025:22:19:43 +0300] "GET /product-tag/reverse-osmosis-500-litres-per-hour-full-setup/?orderby=popularity HTTP/1.1" 403 0 "-" "Mozilla/5.0 (compatible; DotBot/1.2; +https://opensiteexplorer.org/dotbot; help@moz.com)"
216.244.66.233 - - [03/Aug/2025:22:06:29 +0300] "GET /robots.txt HTTP/1.1" 200 77 "-" "Mozilla/5.0 (compatible; DotBot/1.2; +https://opensiteexplorer.org/dotbot; help@moz.com)"
5.175.234.102 - - [03/Aug/2025:22:17:55 +0300] "GET / HTTP/1.1" 301 0 "-" "-"
5.175.234.102 - - [03/Aug/2025:22:17:56 +0300] "GET / HTTP/1.1" 301 0 "-" "-"
5.175.234.102 - - [03/Aug/2025:22:17:57 +0300] "GET / HTTP/1.1" 301 0 "-" "-"
5.175.234.102 - - [03/Aug/2025:22:17:57 +0300] "GET / HTTP/1.1" 301 0 "-" "-"
5.175.234.102 - - [03/Aug/2025:22:17:59 +0300] "GET / HTTP/1.1" 301 0 "-" "-"
216.244.66.233 - - [03/Aug/2025:22:18:56 +0300] "GET /product-tag/double-door-bread-proofer/?orderby=date HTTP/1.1" 403 0 "-" "Mozilla/5.0 (compatible; DotBot/1.2; +https://opensiteexplorer.org/dotbot; help@moz.com)"
173.252.107.113 - - [03/Aug/2025:22:36:42 +0300] "GET / HTTP/1.1" 301 0 "-" "facebookexternalhit/1.1 (+http://www.facebook.com/externalhit_uatext.php)"
216.244.66.233 - - [03/Aug/2025:22:50:02 +0300] "GET /robots.txt HTTP/1.1" 200 77 "-" "Mozilla/5.0 (compatible; DotBot/1.2; +https://opensiteexplorer.org/dotbot; help@moz.com)"
216.244.66.233 - - [03/Aug/2025:22:58:01 +0300] "GET /product/reverse-osmosis-250-l-hr-complete-setup/?add-to-cart=3980 HTTP/1.1" 403 0 "-" "Mozilla/5.0 (compatible; DotBot/1.2; +https://opensiteexplorer.org/dotbot; help@moz.com)"
216.244.66.233 - - [03/Aug/2025:22:58:58 +0300] "GET /product-brand/karisma/?add_to_compare=3776 HTTP/1.1" 403 0 "-" "Mozilla/5.0 (compatible; DotBot/1.2; +https://opensiteexplorer.org/dotbot; help@moz.com)"
216.244.66.233 - - [03/Aug/2025:23:01:23 +0300] "GET /product-tag/reverse-osmosis-500-litres-per-hour-full-setup/?orderby=price HTTP/1.1" 403 0 "-" "Mozilla/5.0 (compatible; DotBot/1.2; +https://opensiteexplorer.org/dotbot; help@moz.com)"
216.244.66.233 - - [03/Aug/2025:23:02:01 +0300] "GET /product-tag/reverse-osmosis-250l-hr-complete-setup/feed/ HTTP/1.1" 403 0 "-" "Mozilla/5.0 (compatible; DotBot/1.2; +https://opensiteexplorer.org/dotbot; help@moz.com)"
216.73.216.243 - - [03/Aug/2025:23:31:18 +0300] "GET /robots.txt HTTP/1.1" 200 77 "-" "Mozilla/5.0 AppleWebKit/537.36 (KHTML, like Gecko; compatible; ClaudeBot/1.0; +claudebot@anthropic.com)"
216.73.216.243 - - [03/Aug/2025:23:31:18 +0300] "GET /sitemap.xml HTTP/1.1" 403 0 "-" "Mozilla/5.0 AppleWebKit/537.36 (KHTML, like Gecko; compatible; ClaudeBot/1.0; +claudebot@anthropic.com)"
216.244.66.233 - - [03/Aug/2025:23:35:06 +0300] "GET /robots.txt HTTP/1.1" 200 77 "-" "Mozilla/5.0 (compatible; DotBot/1.2; +https://opensiteexplorer.org/dotbot; help@moz.com)"
216.244.66.233 - - [03/Aug/2025:23:43:39 +0300] "GET /product-tag/restaurant-tandoori-oven/?orderby=price HTTP/1.1" 403 0 "-" "Mozilla/5.0 (compatible; DotBot/1.2; +https://opensiteexplorer.org/dotbot; help@moz.com)"
216.244.66.233 - - [03/Aug/2025:23:47:14 +0300] "GET /product-tag/cooling-tanks/?orderby=popularity HTTP/1.1" 403 0 "-" "Mozilla/5.0 (compatible; DotBot/1.2; +https://opensiteexplorer.org/dotbot; help@moz.com)"
216.244.66.233 - - [03/Aug/2025:23:47:44 +0300] "GET /product-tag/gas-cooker/?orderby=price-desc HTTP/1.1" 403 0 "-" "Mozilla/5.0 (compatible; DotBot/1.2; +https://opensiteexplorer.org/dotbot; help@moz.com)"
216.244.66.233 - - [03/Aug/2025:23:48:46 +0300] "GET /product-tag/storage-and-mixing-milk/?orderby=price-desc HTTP/1.1" 403 0 "-" "Mozilla/5.0 (compatible; DotBot/1.2; +https://opensiteexplorer.org/dotbot; help@moz.com)"
216.244.66.233 - - [03/Aug/2025:23:49:17 +0300] "GET /product-tag/cooling-tank-200-litres-for-cooling/?add-to-wishlist=4340 HTTP/1.1" 403 0 "-" "Mozilla/5.0 (compatible; DotBot/1.2; +https://opensiteexplorer.org/dotbot; help@moz.com)"
216.244.66.233 - - [03/Aug/2025:23:43:50 +0300] "GET /product-tag/sausage-stuffer-3l-manual/?orderby=date HTTP/1.1" 403 0 "-" "Mozilla/5.0 (compatible; DotBot/1.2; +https://opensiteexplorer.org/dotbot; help@moz.com)"
216.244.66.233 - - [03/Aug/2025:23:48:14 +0300] "GET /product-tag/bread-proofer/?add_to_compare=4291 HTTP/1.1" 403 0 "-" "Mozilla/5.0 (compatible; DotBot/1.2; +https://opensiteexplorer.org/dotbot; help@moz.com)"
216.244.66.233 - - [04/Aug/2025:00:33:06 +0300] "GET /product-tag/tomato-sauce/?orderby=date HTTP/1.1" 403 0 "-" "Mozilla/5.0 (compatible; DotBot/1.2; +https://opensiteexplorer.org/dotbot; help@moz.com)"
216.244.66.233 - - [04/Aug/2025:00:35:44 +0300] "GET /product-tag/reverse-osmosis-1000-litres-per-hour-complete-setup/?orderby=popularity HTTP/1.1" 403 0 "-" "Mozilla/5.0 (compatible; DotBot/1.2; +https://opensiteexplorer.org/dotbot; help@moz.com)"
216.244.66.233 - - [04/Aug/2025:00:18:56 +0300] "GET /robots.txt HTTP/1.1" 200 77 "-" "Mozilla/5.0 (compatible; DotBot/1.2; +https://opensiteexplorer.org/dotbot; help@moz.com)"
110.166.71.39 - - [04/Aug/2025:00:28:07 +0300] "GET / HTTP/1.1" 301 0 "-" "Mozilla/5.0 (iPhone; CPU iPhone OS 13_2_3 like Mac OS X) AppleWebKit/605.1.15 (KHTML, like Gecko) Version/13.0.3 Mobile/15E148 Safari/604.1"
216.244.66.233 - - [04/Aug/2025:00:28:38 +0300] "GET /product-brand/karisma/?add-to-cart=4363 HTTP/1.1" 403 0 "-" "Mozilla/5.0 (compatible; DotBot/1.2; +https://opensiteexplorer.org/dotbot; help@moz.com)"
216.244.66.233 - - [04/Aug/2025:00:34:30 +0300] "GET /product-tag/single-burner-oven/?add_to_compare=3868 HTTP/1.1" 403 0 "-" "Mozilla/5.0 (compatible; DotBot/1.2; +https://opensiteexplorer.org/dotbot; help@moz.com)"
216.244.66.233 - - [04/Aug/2025:00:35:14 +0300] "GET /product-tag/juakali-deep-fryer-double-1717l/?add-to-wishlist=4165 HTTP/1.1" 403 0 "-" "Mozilla/5.0 (compatible; DotBot/1.2; +https://opensiteexplorer.org/dotbot; help@moz.com)"
216.73.216.243 - - [04/Aug/2025:00:55:10 +0300] "GET /robots.txt HTTP/1.1" 200 77 "-" "Mozilla/5.0 AppleWebKit/537.36 (KHTML, like Gecko; compatible; ClaudeBot/1.0; +claudebot@anthropic.com)"
216.73.216.243 - - [04/Aug/2025:00:55:10 +0300] "GET /sitemap.xml HTTP/1.1" 403 0 "-" "Mozilla/5.0 AppleWebKit/537.36 (KHTML, like Gecko; compatible; ClaudeBot/1.0; +claudebot@anthropic.com)"
216.244.66.233 - - [04/Aug/2025:01:02:58 +0300] "GET /robots.txt HTTP/1.1" 200 77 "-" "Mozilla/5.0 (compatible; DotBot/1.2; +https://opensiteexplorer.org/dotbot; help@moz.com)"
216.244.66.233 - - [04/Aug/2025:01:12:21 +0300] "GET /product/reverse-osmosis-500-litres-per-hour-full-setup/?add_to_compare=4201 HTTP/1.1" 403 0 "-" "Mozilla/5.0 (compatible; DotBot/1.2; +https://opensiteexplorer.org/dotbot; help@moz.com)"
216.244.66.233 - - [04/Aug/2025:01:19:49 +0300] "GET /product-tag/cooling-tank-200-litres-for-cooling/?orderby=price HTTP/1.1" 403 0 "-" "Mozilla/5.0 (compatible; DotBot/1.2; +https://opensiteexplorer.org/dotbot; help@moz.com)"
216.244.66.233 - - [04/Aug/2025:01:10:37 +0300] "GET /product-category/kitchen-equipment/hot-kitchen/feed/ HTTP/1.1" 403 0 "-" "Mozilla/5.0 (compatible; DotBot/1.2; +https://opensiteexplorer.org/dotbot; help@moz.com)"
216.244.66.233 - - [04/Aug/2025:01:11:51 +0300] "GET /product-category/kitchen-equipment/hot-kitchen/?rating_filter=5 HTTP/1.1" 403 0 "-" "Mozilla/5.0 (compatible; DotBot/1.2; +https://opensiteexplorer.org/dotbot; help@moz.com)"
216.244.66.233 - - [04/Aug/2025:01:21:48 +0300] "GET /product-tag/cooling-tanks/?add_to_compare=4337 HTTP/1.1" 403 0 "-" "Mozilla/5.0 (compatible; DotBot/1.2; +https://opensiteexplorer.org/dotbot; help@moz.com)"
216.244.66.233 - - [04/Aug/2025:01:46:34 +0300] "GET /robots.txt HTTP/1.1" 200 77 "-" "Mozilla/5.0 (compatible; DotBot/1.2; +https://opensiteexplorer.org/dotbot; help@moz.com)"
216.73.216.243 - - [04/Aug/2025:01:54:17 +0300] "GET /sitemap.xml HTTP/1.1" 403 0 "-" "Mozilla/5.0 AppleWebKit/537.36 (KHTML, like Gecko; compatible; ClaudeBot/1.0; +claudebot@anthropic.com)"
216.244.66.233 - - [04/Aug/2025:02:01:11 +0300] "GET /product-brand/karisma/?add-to-wishlist=4372 HTTP/1.1" 403 0 "-" "Mozilla/5.0 (compatible; DotBot/1.2; +https://opensiteexplorer.org/dotbot; help@moz.com)"
216.244.66.233 - - [04/Aug/2025:02:01:39 +0300] "GET /product-category/kitchen-equipment/hot-kitchen/?add-to-cart=3907 HTTP/1.1" 403 0 "-" "Mozilla/5.0 (compatible; DotBot/1.2; +https://opensiteexplorer.org/dotbot; help@moz.com)"
216.244.66.233 - - [04/Aug/2025:02:09:19 +0300] "GET /product-tag/gas-cooker/?orderby=menu_order HTTP/1.1" 403 0 "-" "Mozilla/5.0 (compatible; DotBot/1.2; +https://opensiteexplorer.org/dotbot; help@moz.com)"
216.244.66.233 - - [04/Aug/2025:02:30:21 +0300] "GET /robots.txt HTTP/1.1" 200 77 "-" "Mozilla/5.0 (compatible; DotBot/1.2; +https://opensiteexplorer.org/dotbot; help@moz.com)"
216.244.66.233 - - [04/Aug/2025:02:09:49 +0300] "GET /product/reverse-osmosis-1000-litres-per-hour-complete-setup/?add-to-wishlist=4037 HTTP/1.1" 403 0 "-" "Mozilla/5.0 (compatible; DotBot/1.2; +https://opensiteexplorer.org/dotbot; help@moz.com)"
216.244.66.233 - - [04/Aug/2025:02:10:19 +0300] "GET /product-tag/cold-room-masters-kenya/feed/ HTTP/1.1" 403 0 "-" "Mozilla/5.0 (compatible; DotBot/1.2; +https://opensiteexplorer.org/dotbot; help@moz.com)"
216.244.66.233 - - [04/Aug/2025:02:10:49 +0300] "GET /product-tag/stainless-steel-hospital-food-trolley/?add-to-wishlist=4079 HTTP/1.1" 403 0 "-" "Mozilla/5.0 (compatible; DotBot/1.2; +https://opensiteexplorer.org/dotbot; help@moz.com)"
216.244.66.233 - - [04/Aug/2025:02:11:19 +0300] "GET /product-tag/storage-tank-with-3-taps-filling-station/?add-to-wishlist=4358 HTTP/1.1" 403 0 "-" "Mozilla/5.0 (compatible; DotBot/1.2; +https://opensiteexplorer.org/dotbot; help@moz.com)"
43.166.242.189 - - [04/Aug/2025:02:12:00 +0300] "GET / HTTP/1.1" 301 0 "-" "Mozilla/5.0 (iPhone; CPU iPhone OS 13_2_3 like Mac OS X) AppleWebKit/605.1.15 (KHTML, like Gecko) Version/13.0.3 Mobile/15E148 Safari/604.1"
216.73.216.243 - - [04/Aug/2025:02:36:20 +0300] "GET /robots.txt HTTP/1.1" 200 77 "-" "Mozilla/5.0 AppleWebKit/537.36 (KHTML, like Gecko; compatible; ClaudeBot/1.0; +claudebot@anthropic.com)"
216.73.216.243 - - [04/Aug/2025:02:36:21 +0300] "GET /sitemap.xml HTTP/1.1" 403 0 "-" "Mozilla/5.0 AppleWebKit/537.36 (KHTML, like Gecko; compatible; ClaudeBot/1.0; +claudebot@anthropic.com)"
124.156.226.179 - - [04/Aug/2025:02:38:25 +0300] "GET / HTTP/1.1" 301 0 "-" "Mozilla/5.0 (iPhone; CPU iPhone OS 13_2_3 like Mac OS X) AppleWebKit/605.1.15 (KHTML, like Gecko) Version/13.0.3 Mobile/15E148 Safari/604.1"
216.244.66.233 - - [04/Aug/2025:02:44:37 +0300] "GET /product-tag/multi-fuel-tandoori-oven/?orderby=rating HTTP/1.1" 403 0 "-" "Mozilla/5.0 (compatible; DotBot/1.2; +https://opensiteexplorer.org/dotbot; help@moz.com)"
216.244.66.233 - - [04/Aug/2025:02:54:43 +0300] "GET /product-tag/detergents-and-other-liquid-forms-at-4-degrees-centigrade/?orderby=rating HTTP/1.1" 403 0 "-" "Mozilla/5.0 (compatible; DotBot/1.2; +https://opensiteexplorer.org/dotbot; help@moz.com)"
216.244.66.233 - - [04/Aug/2025:02:55:13 +0300] "GET /product-tag/storage-tank-with-3-taps-filling-station/?orderby=menu_order HTTP/1.1" 403 0 "-" "Mozilla/5.0 (compatible; DotBot/1.2; +https://opensiteexplorer.org/dotbot; help@moz.com)"
216.73.216.243 - - [04/Aug/2025:03:01:27 +0300] "GET /sitemap.xml HTTP/1.1" 403 0 "-" "Mozilla/5.0 AppleWebKit/537.36 (KHTML, like Gecko; compatible; ClaudeBot/1.0; +claudebot@anthropic.com)"
216.244.66.233 - - [04/Aug/2025:02:41:54 +0300] "GET /product-tag/stainless-steel-tandoori-oven/feed/ HTTP/1.1" 403 0 "-" "Mozilla/5.0 (compatible; DotBot/1.2; +https://opensiteexplorer.org/dotbot; help@moz.com)"
216.244.66.233 - - [04/Aug/2025:02:45:15 +0300] "GET /product-brand/karisma/?add-to-cart=4376 HTTP/1.1" 403 0 "-" "Mozilla/5.0 (compatible; DotBot/1.2; +https://opensiteexplorer.org/dotbot; help@moz.com)"
216.244.66.233 - - [04/Aug/2025:03:14:19 +0300] "GET /robots.txt HTTP/1.1" 200 77 "-" "Mozilla/5.0 (compatible; DotBot/1.2; +https://opensiteexplorer.org/dotbot; help@moz.com)"
57.141.6.8 - - [04/Aug/2025:03:24:09 +0300] "GET /product/grade-2-posho-mills/ HTTP/1.1" 200 169023 "-" "meta-externalagent/1.1 (+https://developers.facebook.com/docs/sharing/webmasters/crawler)"
216.244.66.233 - - [04/Aug/2025:03:24:34 +0300] "GET /product-tag/heavy-duty-stair-handrails/feed/ HTTP/1.1" 403 0 "-" "Mozilla/5.0 (compatible; DotBot/1.2; +https://opensiteexplorer.org/dotbot; help@moz.com)"
216.244.66.233 - - [04/Aug/2025:03:25:55 +0300] "GET /product-tag/hvac-refrigeration-unit/?orderby=price-desc HTTP/1.1" 403 0 "-" "Mozilla/5.0 (compatible; DotBot/1.2; +https://opensiteexplorer.org/dotbot; help@moz.com)"
216.244.66.233 - - [04/Aug/2025:03:24:51 +0300] "GET /product-tag/deck-oven/feed/ HTTP/1.1" 403 0 "-" "Mozilla/5.0 (compatible; DotBot/1.2; +https://opensiteexplorer.org/dotbot; help@moz.com)"
57.141.6.20 - - [04/Aug/2025:03:24:51 +0300] "GET /product/ice-pop-machine/ HTTP/1.1" 200 162845 "-" "meta-externalagent/1.1 (+https://developers.facebook.com/docs/sharing/webmasters/crawler)"
103.152.248.191 - - [04/Aug/2025:03:26:02 +0300] "GET / HTTP/1.1" 301 0 "-" "Mozilla/5.0 (Windows NT 10.0; Win64; x64) AppleWebKit/537.36 (KHTML, like Gecko) Chrome/113.0.5672.126 Safari/537.36 Edg/113.0.1774.50"
216.244.66.233 - - [04/Aug/2025:03:27:52 +0300] "GET /product-tag/electric-oven-2-deck-4-trays/?orderby=date HTTP/1.1" 403 0 "-" "Mozilla/5.0 (compatible; DotBot/1.2; +https://opensiteexplorer.org/dotbot; help@moz.com)"
216.244.66.233 - - [04/Aug/2025:03:29:10 +0300] "GET /product-tag/industrial-tandoori-oven/?orderby=popularity HTTP/1.1" 403 0 "-" "Mozilla/5.0 (compatible; DotBot/1.2; +https://opensiteexplorer.org/dotbot; help@moz.com)"
216.244.66.233 - - [04/Aug/2025:03:29:48 +0300] "GET /product-tag/wood-fired-tandoori-oven/?orderby=popularity HTTP/1.1" 403 0 "-" "Mozilla/5.0 (compatible; DotBot/1.2; +https://opensiteexplorer.org/dotbot; help@moz.com)"
124.221.245.78 - - [04/Aug/2025:03:30:01 +0300] "GET / HTTP/1.1" 301 0 "-" "Mozilla/5.0 (iPhone; CPU iPhone OS 13_2_3 like Mac OS X) AppleWebKit/605.1.15 (KHTML, like Gecko) Version/13.0.3 Mobile/15E148 Safari/604.1"
216.244.66.233 - - [04/Aug/2025:03:40:51 +0300] "GET /product-tag/freezer-compressor-zone/?orderby=rating HTTP/1.1" 403 0 "-" "Mozilla/5.0 (compatible; DotBot/1.2; +https://opensiteexplorer.org/dotbot; help@moz.com)"
216.244.66.233 - - [04/Aug/2025:03:41:52 +0300] "GET /product-tag/high-performance-coffee-grinder/?orderby=price HTTP/1.1" 403 0 "-" "Mozilla/5.0 (compatible; DotBot/1.2; +https://opensiteexplorer.org/dotbot; help@moz.com)"
216.244.66.233 - - [04/Aug/2025:03:27:19 +0300] "GET /product-tag/contemporary-handrails/?orderby=price HTTP/1.1" 403 0 "-" "Mozilla/5.0 (compatible; DotBot/1.2; +https://opensiteexplorer.org/dotbot; help@moz.com)"
216.244.66.233 - - [04/Aug/2025:03:28:21 +0300] "GET /product-tag/modern-railing-solutions/?orderby=rating HTTP/1.1" 403 0 "-" "Mozilla/5.0 (compatible; DotBot/1.2; +https://opensiteexplorer.org/dotbot; help@moz.com)"
216.244.66.233 - - [04/Aug/2025:03:30:14 +0300] "GET /product-brand/karisma/?add-to-wishlist=4368 HTTP/1.1" 403 0 "-" "Mozilla/5.0 (compatible; DotBot/1.2; +https://opensiteexplorer.org/dotbot; help@moz.com)"
216.244.66.233 - - [04/Aug/2025:03:31:16 +0300] "GET /product-tag/adjustable-temperature-soup-tureen/?add-to-wishlist=3902 HTTP/1.1" 403 0 "-" "Mozilla/5.0 (compatible; DotBot/1.2; +https://opensiteexplorer.org/dotbot; help@moz.com)"
216.244.66.233 - - [04/Aug/2025:03:39:51 +0300] "GET /product-tag/closed-morgue-trolley/?add-to-cart=3963 HTTP/1.1" 403 0 "-" "Mozilla/5.0 (compatible; DotBot/1.2; +https://opensiteexplorer.org/dotbot; help@moz.com)"
216.244.66.233 - - [04/Aug/2025:03:40:21 +0300] "GET /product-tag/cold-rooms-kenya/?orderby=popularity HTTP/1.1" 403 0 "-" "Mozilla/5.0 (compatible; DotBot/1.2; +https://opensiteexplorer.org/dotbot; help@moz.com)"
216.244.66.233 - - [04/Aug/2025:03:41:21 +0300] "GET /product-tag/heavy-duty-spiral-mixer/?orderby=date HTTP/1.1" 403 0 "-" "Mozilla/5.0 (compatible; DotBot/1.2; +https://opensiteexplorer.org/dotbot; help@moz.com)"
216.244.66.233 - - [04/Aug/2025:03:42:53 +0300] "GET /product-tag/rectangular-pizza-stone-for-oven/?orderby=price HTTP/1.1" 403 0 "-" "Mozilla/5.0 (compatible; DotBot/1.2; +https://opensiteexplorer.org/dotbot; help@moz.com)"
